[INFO] fetching crate rubullet 0.1.0-alpha-3...
[INFO] testing rubullet-0.1.0-alpha-3 against 1.69.0 for beta-1.70-1
[INFO] extracting crate rubullet 0.1.0-alpha-3 into /workspace/builds/worker-5-tc1/source
[INFO] validating manifest of crates.io crate rubullet 0.1.0-alpha-3 on toolchain 1.69.0
[INFO] running `Command { std: CARGO_HOME="/workspace/cargo-home" RUSTUP_HOME="/workspace/rustup-home" "/workspace/cargo-home/bin/cargo" "+1.69.0" "metadata" "--manifest-path" "Cargo.toml" "--no-deps", kill_on_drop: false }`
[INFO] started tweaking crates.io crate rubullet 0.1.0-alpha-3
[INFO] removed 0 missing examples
[INFO] finished tweaking crates.io crate rubullet 0.1.0-alpha-3
[INFO] tweaked toml for crates.io crate rubullet 0.1.0-alpha-3 written to /workspace/builds/worker-5-tc1/source/Cargo.toml
[INFO] crate crates.io crate rubullet 0.1.0-alpha-3 already has a lockfile, it will not be regenerated
[INFO] running `Command { std: CARGO_HOME="/workspace/cargo-home" RUSTUP_HOME="/workspace/rustup-home" "/workspace/cargo-home/bin/cargo" "+1.69.0" "fetch" "--manifest-path" "Cargo.toml", kill_on_drop: false }`
[INFO] [stderr]  Downloading crates ...
[INFO] [stderr]   Downloaded rand_distr v0.3.0
[INFO] [stderr]   Downloaded simba v0.3.1
[INFO] [stderr]   Downloaded paste v1.0.5
[INFO] [stderr]   Downloaded nalgebra v0.23.2
[INFO] [stderr]   Downloaded rubullet-sys v0.1.0-alpha-2
[INFO] running `Command { std: "docker" "create" "-v" "/var/lib/crater-agent-workspace/builds/worker-5-tc1/target:/opt/rustwide/target:rw,Z" "-v" "/var/lib/crater-agent-workspace/builds/worker-5-tc1/source:/opt/rustwide/workdir:ro,Z" "-v" "/var/lib/crater-agent-workspace/cargo-home:/opt/rustwide/cargo-home:ro,Z" "-v" "/var/lib/crater-agent-workspace/rustup-home:/opt/rustwide/rustup-home:ro,Z" "-e" "SOURCE_DIR=/opt/rustwide/workdir" "-e" "CARGO_TARGET_DIR=/opt/rustwide/target" "-e" "CARGO_HOME=/opt/rustwide/cargo-home" "-e" "RUSTUP_HOME=/opt/rustwide/rustup-home" "-w" "/opt/rustwide/workdir" "-m" "1610612736" "--user" "0:0" "--network" "none" "ghcr.io/rust-lang/crates-build-env/linux@sha256:5ff2268d62e97bff2cde7d5815dd6ed5b47097566f13b8d0ca110b04b60e07ed" "/opt/rustwide/cargo-home/bin/cargo" "+1.69.0" "metadata" "--no-deps" "--format-version=1", kill_on_drop: false }`
[INFO] [stdout] f64d445faabdfaf6890cb3b04cbc83992735396c46d2c524be264789e12c4ea5
[INFO] running `Command { std: "docker" "start" "-a" "f64d445faabdfaf6890cb3b04cbc83992735396c46d2c524be264789e12c4ea5", kill_on_drop: false }`
[INFO] running `Command { std: "docker" "inspect" "f64d445faabdfaf6890cb3b04cbc83992735396c46d2c524be264789e12c4ea5", kill_on_drop: false }`
[INFO] running `Command { std: "docker" "rm" "-f" "f64d445faabdfaf6890cb3b04cbc83992735396c46d2c524be264789e12c4ea5", kill_on_drop: false }`
[INFO] [stdout] f64d445faabdfaf6890cb3b04cbc83992735396c46d2c524be264789e12c4ea5
[INFO] running `Command { std: "docker" "create" "-v" "/var/lib/crater-agent-workspace/builds/worker-5-tc1/target:/opt/rustwide/target:rw,Z" "-v" "/var/lib/crater-agent-workspace/builds/worker-5-tc1/source:/opt/rustwide/workdir:ro,Z" "-v" "/var/lib/crater-agent-workspace/cargo-home:/opt/rustwide/cargo-home:ro,Z" "-v" "/var/lib/crater-agent-workspace/rustup-home:/opt/rustwide/rustup-home:ro,Z" "-e" "SOURCE_DIR=/opt/rustwide/workdir" "-e" "CARGO_TARGET_DIR=/opt/rustwide/target" "-e" "CARGO_INCREMENTAL=0" "-e" "RUST_BACKTRACE=full" "-e" "RUSTFLAGS=--cap-lints=warn" "-e" "RUSTDOCFLAGS=--cap-lints=warn" "-e" "CARGO_HOME=/opt/rustwide/cargo-home" "-e" "RUSTUP_HOME=/opt/rustwide/rustup-home" "-w" "/opt/rustwide/workdir" "-m" "1610612736" "--user" "0:0" "--network" "none" "ghcr.io/rust-lang/crates-build-env/linux@sha256:5ff2268d62e97bff2cde7d5815dd6ed5b47097566f13b8d0ca110b04b60e07ed" "/opt/rustwide/cargo-home/bin/cargo" "+1.69.0" "build" "--frozen" "--message-format=json", kill_on_drop: false }`
[INFO] [stdout] 7febd26eadf22d23a1bdf800dc57c07eead08ba434a67af94c08a6c9c6d4177b
[INFO] running `Command { std: "docker" "start" "-a" "7febd26eadf22d23a1bdf800dc57c07eead08ba434a67af94c08a6c9c6d4177b", kill_on_drop: false }`
[INFO] [stderr]    Compiling autocfg v1.0.1
[INFO] [stderr]    Compiling libc v0.2.96
[INFO] [stderr]    Compiling libm v0.2.1
[INFO] [stderr]    Compiling crossbeam-utils v0.8.5
[INFO] [stderr]    Compiling crossbeam-epoch v0.9.5
[INFO] [stderr]    Compiling getrandom v0.1.16
[INFO] [stderr]    Compiling rayon-core v1.9.1
[INFO] [stderr]    Compiling version_check v0.9.3
[INFO] [stderr]    Compiling either v1.6.1
[INFO] [stderr]    Compiling bitflags v1.2.1
[INFO] [stderr]    Compiling ppv-lite86 v0.2.10
[INFO] [stderr]    Compiling crc32fast v1.2.1
[INFO] [stderr]    Compiling cc v1.0.68
[INFO] [stderr]    Compiling typenum v1.13.0
[INFO] [stderr]    Compiling weezl v0.1.5
[INFO] [stderr]    Compiling adler v1.0.2
[INFO] [stderr]    Compiling deflate v0.8.6
[INFO] [stderr]    Compiling miniz_oxide v0.3.7
[INFO] [stderr]    Compiling paste v1.0.5
[INFO] [stderr]    Compiling matrixmultiply v0.2.4
[INFO] [stderr]    Compiling bytemuck v1.5.1
[INFO] [stderr]    Compiling generic-array v0.14.4
[INFO] [stderr]    Compiling cmake v0.1.45
[INFO] [stderr]    Compiling num-traits v0.2.14
[INFO] [stderr]    Compiling memoffset v0.6.4
[INFO] [stderr]    Compiling num-integer v0.1.44
[INFO] [stderr]    Compiling rayon v1.5.1
[INFO] [stderr]    Compiling crossbeam-channel v0.5.1
[INFO] [stderr]    Compiling miniz_oxide v0.4.4
[INFO] [stderr]    Compiling num-rational v0.3.2
[INFO] [stderr]    Compiling num-iter v0.1.42
[INFO] [stderr]    Compiling png v0.16.8
[INFO] [stderr]    Compiling gif v0.11.2
[INFO] [stderr]    Compiling num_cpus v1.13.0
[INFO] [stderr]    Compiling rand_core v0.5.1
[INFO] [stderr]    Compiling rubullet-sys v0.1.0-alpha-2
[INFO] [stderr]    Compiling crossbeam-deque v0.8.0
[INFO] [stderr]    Compiling rand_chacha v0.2.2
[INFO] [stderr]    Compiling rand v0.7.3
[INFO] [stderr]    Compiling num-complex v0.3.1
[INFO] [stderr]    Compiling approx v0.4.0
[INFO] [stderr]    Compiling simba v0.3.1
[INFO] [stderr]    Compiling rand_distr v0.3.0
[INFO] [stderr]    Compiling jpeg-decoder v0.1.22
[INFO] [stderr] error: could not compile `simba`
[INFO] [stderr] 
[INFO] [stderr] Caused by:
[INFO] [stderr]   process didn't exit successfully: `rustc --crate-name simba --edition=2018 /opt/rustwide/cargo-home/registry/src/github.com-1ecc6299db9ec823/simba-0.3.1/src/lib.rs --error-format=json --json=diagnostic-rendered-ansi,artifacts,future-incompat --crate-type lib --emit=dep-info,metadata,link -C embed-bitcode=no -C debuginfo=2 --cfg 'feature="std"' -C metadata=f0e7889dba314ab4 -C extra-filename=-f0e7889dba314ab4 --out-dir /opt/rustwide/target/debug/deps -L dependency=/opt/rustwide/target/debug/deps --extern approx=/opt/rustwide/target/debug/deps/libapprox-3d2ee2513f1af3c4.rmeta --extern num_complex=/opt/rustwide/target/debug/deps/libnum_complex-1e0f8077bdf7236a.rmeta --extern num_traits=/opt/rustwide/target/debug/deps/libnum_traits-94bcdccd1d532540.rmeta --extern paste=/opt/rustwide/target/debug/deps/libpaste-210c5d9bf406db7c.so --cap-lints allow --cap-lints=warn` (signal: 9, SIGKILL: kill)
[INFO] [stderr] warning: build failed, waiting for other jobs to finish...
[INFO] [stderr] error: failed to run custom build command for `rubullet-sys v0.1.0-alpha-2`
[INFO] [stderr] note: To improve backtraces for build dependencies, set the CARGO_PROFILE_DEV_BUILD_OVERRIDE_DEBUG=true environment variable to enable debug information generation.
[INFO] [stderr] 
[INFO] [stderr] Caused by:
[INFO] [stderr]   process didn't exit successfully: `/opt/rustwide/target/debug/build/rubullet-sys-39905de94e63353e/build-script-build` (exit status: 101)
[INFO] [stderr]   --- stdout
[INFO] [stderr]   running: cd "/opt/rustwide/target/debug/build/rubullet-sys-523167a9670415ec/out/build" && CMAKE_PREFIX_PATH="" "cmake" "/opt/rustwide/cargo-home/registry/src/github.com-1ecc6299db9ec823/rubullet-sys-0.1.0-alpha-2/bullet3" "-DCMAKE_INSTALL_PREFIX=/opt/rustwide/target/debug/build/rubullet-sys-523167a9670415ec/out" "-DCMAKE_C_FLAGS= -ffunction-sections -fdata-sections -fPIC -m64" "-DCMAKE_C_COMPILER=/usr/bin/cc" "-DCMAKE_CXX_FLAGS= -ffunction-sections -fdata-sections -fPIC -m64" "-DCMAKE_CXX_COMPILER=/usr/bin/c++" "-DCMAKE_ASM_FLAGS= -ffunction-sections -fdata-sections -fPIC -m64" "-DCMAKE_ASM_COMPILER=/usr/bin/cc" "-DCMAKE_BUILD_TYPE=RelWithDebInfo"
[INFO] [stderr]   -- The CXX compiler identification is GNU 11.3.0
[INFO] [stderr]   -- Detecting CXX compiler ABI info
[INFO] [stderr]   -- Detecting CXX compiler ABI info - done
[INFO] [stderr]   -- Check for working CXX compiler: /usr/bin/c++ - skipped
[INFO] [stderr]   -- Detecting CXX compile features
[INFO] [stderr]   -- Detecting CXX compile features - done
[INFO] [stderr]   -- The C compiler identification is GNU 11.3.0
[INFO] [stderr]   -- Detecting C compiler ABI info
[INFO] [stderr]   -- Detecting C compiler ABI info - done
[INFO] [stderr]   -- Check for working C compiler: /usr/bin/cc - skipped
[INFO] [stderr]   -- Detecting C compile features
[INFO] [stderr]   -- Detecting C compile features - done
[INFO] [stderr]   -- Found OpenGL: /usr/lib/x86_64-linux-gnu/libOpenGL.so   
[INFO] [stderr]   -- Configuring done
[INFO] [stderr]   -- Generating done
[INFO] [stderr]   -- Build files have been written to: /opt/rustwide/target/debug/build/rubullet-sys-523167a9670415ec/out/build
[INFO] [stderr]   running: cd "/opt/rustwide/target/debug/build/rubullet-sys-523167a9670415ec/out/build" && MAKEFLAGS="-j --jobserver-fds=6,7 --jobserver-auth=6,7" "cmake" "--build" "." "--target" "install" "--config" "RelWithDebInfo" "--"
[INFO] [stderr]   [  0%] Building CXX object libbullet3/src/Bullet3Common/CMakeFiles/Bullet3Common.dir/b3AlignedAllocator.o
[INFO] [stderr]   [  0%] Building CXX object libbullet3/examples/ExampleBrowser/CMakeFiles/BulletExampleBrowserLib.dir/OpenGLExampleBrowser.o
[INFO] [stderr]   [  0%] Building CXX object libbullet3/src/Bullet3Common/CMakeFiles/Bullet3Common.dir/b3Vector3.o
[INFO] [stderr]   [  0%] Building CXX object libbullet3/examples/ExampleBrowser/CMakeFiles/BulletExampleBrowserLib.dir/OpenGLGuiHelper.o
[INFO] [stderr]   [  0%] Building CXX object libbullet3/src/Bullet3Common/CMakeFiles/Bullet3Common.dir/b3Logging.o
[INFO] [stderr]   [  0%] Building CXX object libbullet3/examples/ExampleBrowser/CMakeFiles/BulletExampleBrowserLib.dir/GL_ShapeDrawer.o
[INFO] [stderr]   [  0%] Building CXX object libbullet3/examples/ThirdPartyLibs/Gwen/CMakeFiles/gwen.dir/Anim.o
[INFO] [stderr]   [  0%] Building CXX object libbullet3/examples/OpenGLWindow/CMakeFiles/OpenGLWindow.dir/X11OpenGLWindow.o
[INFO] [stderr]   [  0%] Building CXX object libbullet3/examples/ThirdPartyLibs/BussIK/CMakeFiles/BussIK.dir/Jacobian.o
[INFO] [stderr]   [  0%] Building CXX object libbullet3/Extras/BulletRoboticsGUI/CMakeFiles/BulletRoboticsGUI.dir/__/__/examples/SharedMemory/plugins/stablePDPlugin/SpAlg.o
[INFO] [stderr]   [  1%] Building CXX object libbullet3/examples/ThirdPartyLibs/Gwen/CMakeFiles/gwen.dir/BaseRender.o
[INFO] [stderr]   [  1%] Building CXX object libbullet3/Extras/InverseDynamics/CMakeFiles/BulletInverseDynamicsUtils.dir/CloneTreeCreator.o
[INFO] [stderr]   [  2%] Building CXX object libbullet3/Extras/InverseDynamics/CMakeFiles/BulletInverseDynamicsUtils.dir/CoilCreator.o
[INFO] [stderr]   [  2%] Building CXX object libbullet3/examples/ThirdPartyLibs/BussIK/CMakeFiles/BussIK.dir/LinearR2.o
[INFO] [stderr]   [  2%] Building CXX object libbullet3/Extras/InverseDynamics/CMakeFiles/BulletInverseDynamicsUtils.dir/MultiBodyTreeCreator.o
[INFO] [stderr]   [  2%] Linking CXX static library libBullet3Common.a
[INFO] [stderr]   [  2%] Built target Bullet3Common
[INFO] [stderr]   [  2%] Building CXX object libbullet3/Extras/InverseDynamics/CMakeFiles/BulletInverseDynamicsUtils.dir/btMultiBodyTreeCreator.o
[INFO] [stderr]   [  2%] Building CXX object libbullet3/Extras/InverseDynamics/CMakeFiles/BulletInverseDynamicsUtils.dir/DillCreator.o
[INFO] [stderr]   [  3%] Building C object libbullet3/examples/OpenGLWindow/CMakeFiles/OpenGLWindow.dir/__/ThirdPartyLibs/glad/glx.o
[INFO] [stderr]   [  3%] Building CXX object libbullet3/Extras/InverseDynamics/CMakeFiles/BulletInverseDynamicsUtils.dir/MultiBodyTreeDebugGraph.o
[INFO] [stderr]   [  3%] Building C object libbullet3/examples/OpenGLWindow/CMakeFiles/OpenGLWindow.dir/__/ThirdPartyLibs/glad/gl.o
[INFO] [stderr]   [  3%] Building CXX object libbullet3/examples/ThirdPartyLibs/BussIK/CMakeFiles/BussIK.dir/LinearR3.o
[INFO] [stderr]   [  3%] Building CXX object libbullet3/Extras/InverseDynamics/CMakeFiles/BulletInverseDynamicsUtils.dir/invdyn_bullet_comparison.o
[INFO] [stderr]   [  3%] Building CXX object libbullet3/examples/OpenGLWindow/CMakeFiles/OpenGLWindow.dir/EGLOpenGLWindow.o
[INFO] [stderr]   [  4%] Building CXX object libbullet3/examples/ThirdPartyLibs/BussIK/CMakeFiles/BussIK.dir/LinearR4.o
[INFO] [stderr]   [  4%] Building CXX object libbullet3/examples/ExampleBrowser/CMakeFiles/BulletExampleBrowserLib.dir/CollisionShape2TriangleMesh.o
[INFO] [stderr]   [  4%] Building CXX object libbullet3/examples/ThirdPartyLibs/Gwen/CMakeFiles/gwen.dir/Controls/Base.o
[INFO] [stderr]   [  4%] Building CXX object libbullet3/examples/ExampleBrowser/CMakeFiles/BulletExampleBrowserLib.dir/__/Utils/b3Clock.o
[INFO] [stderr]   [  4%] Building CXX object libbullet3/examples/OpenGLWindow/CMakeFiles/OpenGLWindow.dir/GLFWOpenGLWindow.o
[INFO] [stderr]   [  4%] Building CXX object libbullet3/Extras/InverseDynamics/CMakeFiles/BulletInverseDynamicsUtils.dir/IDRandomUtil.o
[INFO] [stderr]   [  4%] Building CXX object libbullet3/examples/OpenGLWindow/CMakeFiles/OpenGLWindow.dir/GLInstancingRenderer.o
[INFO] [stderr]   [  4%] Building CXX object libbullet3/Extras/InverseDynamics/CMakeFiles/BulletInverseDynamicsUtils.dir/RandomTreeCreator.o
[INFO] [stderr]   [  4%] Building CXX object libbullet3/examples/ExampleBrowser/CMakeFiles/BulletExampleBrowserLib.dir/__/Utils/ChromeTraceUtil.o
[INFO] [stderr]   [  4%] Building CXX object libbullet3/Extras/InverseDynamics/CMakeFiles/BulletInverseDynamicsUtils.dir/SimpleTreeCreator.o
[INFO] [stderr]   [  4%] Building CXX object libbullet3/examples/OpenGLWindow/CMakeFiles/OpenGLWindow.dir/GLPrimitiveRenderer.o
[INFO] [stderr]   [  5%] Building CXX object libbullet3/examples/ExampleBrowser/CMakeFiles/BulletExampleBrowserLib.dir/__/Utils/b3ResourcePath.o
[INFO] [stderr]   [  5%] Building CXX object libbullet3/examples/OpenGLWindow/CMakeFiles/OpenGLWindow.dir/GLRenderToTexture.o
[INFO] [stderr]   [  5%] Building CXX object libbullet3/examples/ExampleBrowser/CMakeFiles/BulletExampleBrowserLib.dir/GwenGUISupport/GraphingTexture.o
[INFO] [stderr]   [  5%] Building CXX object libbullet3/examples/ThirdPartyLibs/BussIK/CMakeFiles/BussIK.dir/MatrixRmn.o
[INFO] [stderr]   [  5%] Building CXX object libbullet3/examples/OpenGLWindow/CMakeFiles/OpenGLWindow.dir/LoadShader.o
[INFO] [stderr]   [  6%] Building CXX object libbullet3/Extras/InverseDynamics/CMakeFiles/BulletInverseDynamicsUtils.dir/MultiBodyNameMap.o
[INFO] [stderr]   [  6%] Building CXX object libbullet3/examples/OpenGLWindow/CMakeFiles/OpenGLWindow.dir/OpenSans.o
[INFO] [stderr]   [  6%] Building CXX object libbullet3/examples/OpenGLWindow/CMakeFiles/OpenGLWindow.dir/SimpleCamera.o
[INFO] [stderr]   [  6%] Building CXX object libbullet3/examples/ExampleBrowser/CMakeFiles/BulletExampleBrowserLib.dir/GwenGUISupport/GwenParameterInterface.o
[INFO] [stderr]   [  6%] Building CXX object libbullet3/examples/ExampleBrowser/CMakeFiles/BulletExampleBrowserLib.dir/GwenGUISupport/GwenProfileWindow.o
[INFO] [stderr]   [  7%] Building CXX object libbullet3/examples/OpenGLWindow/CMakeFiles/OpenGLWindow.dir/SimpleOpenGL2App.o
[INFO] [stderr]   [  7%] Building CXX object libbullet3/Extras/InverseDynamics/CMakeFiles/BulletInverseDynamicsUtils.dir/User2InternalIndex.o
[INFO] [stderr]   [  7%] Building CXX object libbullet3/examples/OpenGLWindow/CMakeFiles/OpenGLWindow.dir/SimpleOpenGL2Renderer.o
[INFO] [stderr]   [  7%] Building CXX object libbullet3/examples/ExampleBrowser/CMakeFiles/BulletExampleBrowserLib.dir/GwenGUISupport/GwenTextureWindow.o
[INFO] [stderr]   [  7%] Building CXX object libbullet3/Extras/BulletRobotics/CMakeFiles/BulletRobotics.dir/__/__/examples/OpenGLWindow/SimpleCamera.o
[INFO] [stderr]   [  7%] Building CXX object libbullet3/Extras/BulletRoboticsGUI/CMakeFiles/BulletRoboticsGUI.dir/__/__/examples/SharedMemory/plugins/stablePDPlugin/Shape.o
[INFO] [stderr]   [  7%] Building CXX object libbullet3/examples/OpenGLWindow/CMakeFiles/OpenGLWindow.dir/SimpleOpenGL3App.o
[INFO] [stderr]   [  7%] Building CXX object libbullet3/Extras/BulletRoboticsGUI/CMakeFiles/BulletRoboticsGUI.dir/__/__/examples/SharedMemory/plugins/stablePDPlugin/RBDUtil.o
[INFO] [stderr]   [  7%] Building CXX object libbullet3/Extras/BulletRoboticsGUI/CMakeFiles/BulletRoboticsGUI.dir/__/__/examples/SharedMemory/plugins/stablePDPlugin/RBDModel.o
[INFO] [stderr]   [  7%] Building CXX object libbullet3/examples/OpenGLWindow/CMakeFiles/OpenGLWindow.dir/TwFonts.o
[INFO] [stderr]   [  7%] Linking CXX static library libBulletInverseDynamicsUtils.a
[INFO] [stderr]   [  7%] Building CXX object libbullet3/examples/ThirdPartyLibs/Gwen/CMakeFiles/gwen.dir/Controls/Button.o
[INFO] [stderr]   [  7%] Building CXX object libbullet3/examples/OpenGLWindow/CMakeFiles/OpenGLWindow.dir/fontstash.o
[INFO] [stderr]   [  7%] Building CXX object libbullet3/Extras/BulletRobotics/CMakeFiles/BulletRobotics.dir/__/__/examples/TinyRenderer/geometry.o
[INFO] [stderr]   [  7%] Building CXX object libbullet3/examples/ThirdPartyLibs/BussIK/CMakeFiles/BussIK.dir/Misc.o
[INFO] [stderr]   [  7%] Building CXX object libbullet3/examples/ExampleBrowser/CMakeFiles/BulletExampleBrowserLib.dir/GwenGUISupport/gwenUserInterface.o
[INFO] [stderr]   [  7%] Building CXX object libbullet3/examples/OpenGLWindow/CMakeFiles/OpenGLWindow.dir/opengl_fontstashcallbacks.o
[INFO] [stderr]   [  7%] Built target BulletInverseDynamicsUtils
[INFO] [stderr]   [  7%] Building CXX object libbullet3/Extras/Serialize/BulletFileLoader/CMakeFiles/BulletFileLoader.dir/bChunk.o
[INFO] [stderr]   [  7%] Building CXX object libbullet3/Extras/BulletRobotics/CMakeFiles/BulletRobotics.dir/__/__/examples/TinyRenderer/model.o
[INFO] [stderr]   [  7%] Building C object libbullet3/examples/OpenGLWindow/CMakeFiles/OpenGLWindow.dir/__/ThirdPartyLibs/glad/egl.o
[INFO] [stderr]   [  7%] Building CXX object libbullet3/Extras/Serialize/BulletWorldImporter/CMakeFiles/BulletWorldImporter.dir/btMultiBodyWorldImporter.o
[INFO] [stderr]   [  7%] Building CXX object libbullet3/examples/OpenGLWindow/CMakeFiles/OpenGLWindow.dir/__/ThirdPartyLibs/stb_image/stb_image_write.o
[INFO] [stderr]   [  8%] Building CXX object libbullet3/Extras/Serialize/BulletWorldImporter/CMakeFiles/BulletWorldImporter.dir/btWorldImporter.o
[INFO] [stderr]   [  8%] Building CXX object libbullet3/Extras/Serialize/BulletWorldImporter/CMakeFiles/BulletWorldImporter.dir/btBulletWorldImporter.o
[INFO] [stderr]   [  8%] Building CXX object libbullet3/Extras/Serialize/BulletFileLoader/CMakeFiles/BulletFileLoader.dir/bDNA.o
[INFO] [stderr]   [  8%] Building CXX object libbullet3/examples/ThirdPartyLibs/BussIK/CMakeFiles/BussIK.dir/Node.o
[INFO] [stderr]   [  8%] Building CXX object libbullet3/src/BulletInverseDynamics/CMakeFiles/BulletInverseDynamics.dir/IDMath.o
[INFO] [stderr]   [  9%] Building CXX object libbullet3/src/BulletSoftBody/CMakeFiles/BulletSoftBody.dir/btSoftBody.o
[INFO] [stderr]   [  9%] Building CXX object libbullet3/src/BulletSoftBody/CMakeFiles/BulletSoftBody.dir/btSoftBodyConcaveCollisionAlgorithm.o
[INFO] [stderr]   [  9%] Building CXX object libbullet3/src/BulletSoftBody/CMakeFiles/BulletSoftBody.dir/btSoftBodyHelpers.o
[INFO] [stderr]   [  9%] Building CXX object libbullet3/examples/ThirdPartyLibs/Gwen/CMakeFiles/gwen.dir/Controls/Canvas.o
[INFO] [stderr]   [  9%] Building CXX object libbullet3/Extras/Serialize/BulletFileLoader/CMakeFiles/BulletFileLoader.dir/btBulletFile.o
[INFO] [stderr]   [ 10%] Building CXX object libbullet3/Extras/Serialize/BulletFileLoader/CMakeFiles/BulletFileLoader.dir/bFile.o
[INFO] [stderr]   [ 10%] Building CXX object libbullet3/src/BulletInverseDynamics/CMakeFiles/BulletInverseDynamics.dir/MultiBodyTree.o
[INFO] [stderr]   [ 10%] Building CXX object libbullet3/examples/ThirdPartyLibs/BussIK/CMakeFiles/BussIK.dir/Tree.o
[INFO] [stderr]   [ 10%] Building CXX object libbullet3/examples/ThirdPartyLibs/Gwen/CMakeFiles/gwen.dir/Controls/CheckBox.o
[INFO] [stderr]   [ 10%] Building CXX object libbullet3/src/BulletInverseDynamics/CMakeFiles/BulletInverseDynamics.dir/details/MultiBodyTreeInitCache.o
[INFO] [stderr]   [ 10%] Building CXX object libbullet3/Extras/BulletRobotics/CMakeFiles/BulletRobotics.dir/__/__/examples/TinyRenderer/tgaimage.o
[INFO] [stderr]   [ 10%] Building CXX object libbullet3/src/BulletInverseDynamics/CMakeFiles/BulletInverseDynamics.dir/details/MultiBodyTreeImpl.o
[INFO] [stderr]   [ 10%] Linking CXX static library libOpenGLWindow.a
[INFO] [stderr]   [ 10%] Building CXX object libbullet3/Extras/BulletRobotics/CMakeFiles/BulletRobotics.dir/__/__/examples/TinyRenderer/our_gl.o
[INFO] [stderr]   [ 10%] Built target OpenGLWindow
[INFO] [stderr]   [ 10%] Building CXX object libbullet3/Extras/BulletRobotics/CMakeFiles/BulletRobotics.dir/__/__/examples/TinyRenderer/TinyRenderer.o
[INFO] [stderr]   [ 10%] Building CXX object libbullet3/examples/ThirdPartyLibs/Gwen/CMakeFiles/gwen.dir/Controls/ColorControls.o
[INFO] [stderr]   [ 10%] Building CXX object libbullet3/examples/ThirdPartyLibs/BussIK/CMakeFiles/BussIK.dir/VectorRn.o
[INFO] [stderr]   [ 10%] Building CXX object libbullet3/src/BulletSoftBody/CMakeFiles/BulletSoftBody.dir/btSoftBodyRigidBodyCollisionConfiguration.o
[INFO] [stderr]   [ 10%] Building CXX object libbullet3/examples/ThirdPartyLibs/Gwen/CMakeFiles/gwen.dir/Controls/ColorPicker.o
[INFO] [stderr]   [ 10%] Linking CXX static library libBulletExampleBrowserLib.a
[INFO] [stderr]   [ 10%] Building CXX object libbullet3/examples/ThirdPartyLibs/Gwen/CMakeFiles/gwen.dir/Controls/ComboBox.o
[INFO] [stderr]   [ 10%] Built target BulletExampleBrowserLib
[INFO] [stderr]   [ 10%] Building CXX object libbullet3/examples/ThirdPartyLibs/Gwen/CMakeFiles/gwen.dir/Controls/CrossSplitter.o
[INFO] [stderr]   [ 10%] Linking CXX static library libBussIK.a
[INFO] [stderr]   [ 10%] Linking CXX static library libBulletFileLoader.a
[INFO] [stderr]   [ 11%] Building CXX object libbullet3/examples/ThirdPartyLibs/Gwen/CMakeFiles/gwen.dir/Controls/Dialog/FileOpen.o
[INFO] [stderr]   [ 12%] Building CXX object libbullet3/Extras/BulletRobotics/CMakeFiles/BulletRobotics.dir/__/__/examples/SharedMemory/plugins/collisionFilterPlugin/collisionFilterPlugin.o
[INFO] [stderr]   [ 12%] Building CXX object libbullet3/examples/ThirdPartyLibs/Gwen/CMakeFiles/gwen.dir/Controls/Dialog/FileSave.o
[INFO] [stderr]   [ 12%] Built target BulletFileLoader
[INFO] [stderr]   [ 12%] Built target BussIK
[INFO] [stderr]   [ 12%] Building CXX object libbullet3/examples/ThirdPartyLibs/Gwen/CMakeFiles/gwen.dir/Controls/Dialog/Query.o
[INFO] [stderr]   [ 12%] Building CXX object libbullet3/Extras/BulletRobotics/CMakeFiles/BulletRobotics.dir/__/__/examples/SharedMemory/plugins/pdControlPlugin/pdControlPlugin.o
[INFO] [stderr]   [ 12%] Building CXX object libbullet3/src/BulletSoftBody/CMakeFiles/BulletSoftBody.dir/btSoftRigidCollisionAlgorithm.o
[INFO] [stderr]   [ 12%] Building CXX object libbullet3/examples/ThirdPartyLibs/Gwen/CMakeFiles/gwen.dir/Controls/DockBase.o
[INFO] [stderr]   [ 12%] Building CXX object libbullet3/Extras/BulletRobotics/CMakeFiles/BulletRobotics.dir/__/__/examples/SharedMemory/b3RobotSimulatorClientAPI_NoGUI.o
[INFO] [stderr]   [ 12%] Building CXX object libbullet3/examples/ThirdPartyLibs/Gwen/CMakeFiles/gwen.dir/Controls/DockedTabControl.o
[INFO] [stderr]   [ 12%] Building CXX object libbullet3/examples/ThirdPartyLibs/Gwen/CMakeFiles/gwen.dir/Controls/Dragger.o
[INFO] [stderr]   [ 12%] Building CXX object libbullet3/Extras/BulletRobotics/CMakeFiles/BulletRobotics.dir/__/__/examples/SharedMemory/b3RobotSimulatorClientAPI_NoDirect.o
[INFO] [stderr]   [ 12%] Building CXX object libbullet3/Extras/BulletRobotics/CMakeFiles/BulletRobotics.dir/__/__/examples/SharedMemory/IKTrajectoryHelper.o
[INFO] [stderr]   [ 12%] Building CXX object libbullet3/Extras/BulletRobotics/CMakeFiles/BulletRobotics.dir/__/__/examples/SharedMemory/plugins/tinyRendererPlugin/tinyRendererPlugin.o
[INFO] [stderr]   [ 12%] Building CXX object libbullet3/examples/ThirdPartyLibs/Gwen/CMakeFiles/gwen.dir/Controls/GroupBox.o
[INFO] [stderr]   [ 12%] Building CXX object libbullet3/Extras/BulletRobotics/CMakeFiles/BulletRobotics.dir/__/__/examples/SharedMemory/plugins/tinyRendererPlugin/TinyRendererVisualShapeConverter.o
[INFO] [stderr]   [ 12%] Building CXX object libbullet3/examples/ThirdPartyLibs/Gwen/CMakeFiles/gwen.dir/Controls/HSVColorPicker.o
[INFO] [stderr]   [ 12%] Building CXX object libbullet3/examples/ThirdPartyLibs/Gwen/CMakeFiles/gwen.dir/Controls/HorizontalScrollBar.o
[INFO] [stderr]   [ 13%] Building CXX object libbullet3/examples/ThirdPartyLibs/Gwen/CMakeFiles/gwen.dir/Controls/HorizontalSlider.o
[INFO] [stderr]   [ 13%] Building CXX object libbullet3/src/BulletSoftBody/CMakeFiles/BulletSoftBody.dir/btSoftRigidDynamicsWorld.o
[INFO] [stderr]   [ 13%] Building CXX object libbullet3/examples/ThirdPartyLibs/Gwen/CMakeFiles/gwen.dir/Controls/ImagePanel.o
[INFO] [stderr]   [ 13%] Linking CXX static library libBulletInverseDynamics.a
[INFO] [stderr]   [ 13%] Building CXX object libbullet3/Extras/BulletRobotics/CMakeFiles/BulletRobotics.dir/__/__/examples/SharedMemory/InProcessMemory.o
[INFO] [stderr]   [ 13%] Built target BulletInverseDynamics
[INFO] [stderr]   [ 13%] Building CXX object libbullet3/src/BulletSoftBody/CMakeFiles/BulletSoftBody.dir/btSoftMultiBodyDynamicsWorld.o
[INFO] [stderr]   [ 13%] Building CXX object libbullet3/src/BulletSoftBody/CMakeFiles/BulletSoftBody.dir/btSoftSoftCollisionAlgorithm.o
[INFO] [stderr]   [ 13%] Building CXX object libbullet3/Extras/BulletRobotics/CMakeFiles/BulletRobotics.dir/__/__/examples/SharedMemory/PhysicsClient.o
[INFO] [stderr]   [ 13%] Building CXX object libbullet3/examples/ThirdPartyLibs/Gwen/CMakeFiles/gwen.dir/Controls/Label.o
[INFO] [stderr]   [ 13%] Building CXX object libbullet3/examples/ThirdPartyLibs/Gwen/CMakeFiles/gwen.dir/Controls/LabelClickable.o
[INFO] [stderr]   [ 13%] Building CXX object libbullet3/examples/ThirdPartyLibs/Gwen/CMakeFiles/gwen.dir/Controls/ListBox.o
[INFO] [stderr]   [ 13%] Linking CXX static library libBulletWorldImporter.a
[INFO] [stderr]   [ 13%] Building CXX object libbullet3/examples/ThirdPartyLibs/Gwen/CMakeFiles/gwen.dir/Controls/Menu.o
[INFO] [stderr]   [ 13%] Building CXX object libbullet3/Extras/BulletRobotics/CMakeFiles/BulletRobotics.dir/__/__/examples/SharedMemory/PhysicsServerSharedMemory.o
[INFO] [stderr]   [ 14%] Building CXX object libbullet3/Extras/BulletRobotics/CMakeFiles/BulletRobotics.dir/__/__/examples/SharedMemory/PhysicsServer.o
[INFO] [stderr]   [ 14%] Building CXX object libbullet3/examples/ThirdPartyLibs/Gwen/CMakeFiles/gwen.dir/Controls/MenuItem.o
[INFO] [stderr]   [ 14%] Built target BulletWorldImporter
[INFO] [stderr]   [ 14%] Building CXX object libbullet3/examples/ThirdPartyLibs/Gwen/CMakeFiles/gwen.dir/Controls/MenuStrip.o
[INFO] [stderr]   [ 14%] Building CXX object libbullet3/Extras/BulletRobotics/CMakeFiles/BulletRobotics.dir/__/__/examples/SharedMemory/PhysicsDirect.o
[INFO] [stderr]   [ 14%] Building CXX object libbullet3/examples/ThirdPartyLibs/Gwen/CMakeFiles/gwen.dir/Controls/NumericUpDown.o
[INFO] [stderr]   [ 14%] Building CXX object libbullet3/src/BulletSoftBody/CMakeFiles/BulletSoftBody.dir/btDefaultSoftBodySolver.o
[INFO] [stderr]   [ 14%] Building CXX object libbullet3/Extras/BulletRobotics/CMakeFiles/BulletRobotics.dir/__/__/examples/SharedMemory/PhysicsDirectC_API.o
[INFO] [stderr]   [ 14%] Building CXX object libbullet3/src/BulletSoftBody/CMakeFiles/BulletSoftBody.dir/btDeformableBackwardEulerObjective.o
[INFO] [stderr]   [ 15%] Building CXX object libbullet3/examples/ThirdPartyLibs/Gwen/CMakeFiles/gwen.dir/Controls/PanelListPanel.o
[INFO] [stderr]   [ 16%] Building CXX object libbullet3/src/BulletSoftBody/CMakeFiles/BulletSoftBody.dir/btDeformableBodySolver.o
[INFO] [stderr]   [ 16%] Building CXX object libbullet3/examples/ThirdPartyLibs/Gwen/CMakeFiles/gwen.dir/Controls/ProgressBar.o
[INFO] [stderr]   [ 16%] Building CXX object libbullet3/Extras/BulletRobotics/CMakeFiles/BulletRobotics.dir/__/__/examples/SharedMemory/PhysicsServerCommandProcessor.o
[INFO] [stderr]   [ 16%] Building CXX object libbullet3/Extras/BulletRobotics/CMakeFiles/BulletRobotics.dir/__/__/examples/SharedMemory/b3PluginManager.o
[INFO] [stderr]   [ 16%] Building CXX object libbullet3/examples/ThirdPartyLibs/Gwen/CMakeFiles/gwen.dir/Controls/Properties.o
[INFO] [stderr]   [ 16%] Building CXX object libbullet3/examples/ThirdPartyLibs/Gwen/CMakeFiles/gwen.dir/Controls/RadioButtonController.o
[INFO] [stderr]   [ 16%] Building CXX object libbullet3/examples/ThirdPartyLibs/Gwen/CMakeFiles/gwen.dir/Controls/RadioButton.o
[INFO] [stderr]   [ 16%] Building CXX object libbullet3/examples/ThirdPartyLibs/Gwen/CMakeFiles/gwen.dir/Controls/Resizer.o
[INFO] [stderr]   [ 16%] Building CXX object libbullet3/examples/ThirdPartyLibs/Gwen/CMakeFiles/gwen.dir/Controls/ResizableControl.o
[INFO] [stderr]   [ 16%] Building CXX object libbullet3/src/BulletSoftBody/CMakeFiles/BulletSoftBody.dir/btDeformableMultiBodyConstraintSolver.o
[INFO] [stderr]   [ 16%] Building CXX object libbullet3/examples/ThirdPartyLibs/Gwen/CMakeFiles/gwen.dir/Controls/RichLabel.o
[INFO] [stderr]   [ 16%] Building CXX object libbullet3/examples/ThirdPartyLibs/Gwen/CMakeFiles/gwen.dir/Controls/ScrollBar.o
[INFO] [stderr]   [ 17%] Building CXX object libbullet3/examples/ThirdPartyLibs/Gwen/CMakeFiles/gwen.dir/Controls/ScrollBarBar.o
[INFO] [stderr]   [ 17%] Building CXX object libbullet3/examples/ThirdPartyLibs/Gwen/CMakeFiles/gwen.dir/Controls/ScrollBarButton.o
[INFO] [stderr]   [ 17%] Building CXX object libbullet3/examples/ThirdPartyLibs/Gwen/CMakeFiles/gwen.dir/Controls/ScrollControl.o
[INFO] [stderr]   [ 17%] Building CXX object libbullet3/examples/ThirdPartyLibs/Gwen/CMakeFiles/gwen.dir/Controls/Slider.o
[INFO] [stderr]   [ 17%] Building CXX object libbullet3/examples/ThirdPartyLibs/Gwen/CMakeFiles/gwen.dir/Controls/SplitterBar.o
[INFO] [stderr]   [ 17%] Building CXX object libbullet3/examples/ThirdPartyLibs/Gwen/CMakeFiles/gwen.dir/Controls/TabButton.o
[INFO] [stderr]   [ 17%] Building CXX object libbullet3/examples/ThirdPartyLibs/Gwen/CMakeFiles/gwen.dir/Controls/TabControl.o
[INFO] [stderr]   [ 17%] Building CXX object libbullet3/examples/ThirdPartyLibs/Gwen/CMakeFiles/gwen.dir/Controls/TabStrip.o
[INFO] [stderr]   [ 17%] Building CXX object libbullet3/examples/ThirdPartyLibs/Gwen/CMakeFiles/gwen.dir/Controls/Text.o
[INFO] [stderr]   [ 18%] Building CXX object libbullet3/examples/ThirdPartyLibs/Gwen/CMakeFiles/gwen.dir/Controls/TextBox.o
[INFO] [stderr]   [ 18%] Building CXX object libbullet3/examples/ThirdPartyLibs/Gwen/CMakeFiles/gwen.dir/Controls/TextBoxNumeric.o
[INFO] [stderr]   [ 18%] Building CXX object libbullet3/examples/ThirdPartyLibs/Gwen/CMakeFiles/gwen.dir/Controls/TreeControl.o
[INFO] [stderr]   [ 18%] Building CXX object libbullet3/examples/ThirdPartyLibs/Gwen/CMakeFiles/gwen.dir/Controls/TreeNode.o
[INFO] [stderr]   [ 18%] Building CXX object libbullet3/examples/ThirdPartyLibs/Gwen/CMakeFiles/gwen.dir/Controls/VerticalScrollBar.o
[INFO] [stderr]   [ 18%] Building CXX object libbullet3/examples/ThirdPartyLibs/Gwen/CMakeFiles/gwen.dir/Controls/VerticalSlider.o
[INFO] [stderr]   [ 18%] Building CXX object libbullet3/examples/ThirdPartyLibs/Gwen/CMakeFiles/gwen.dir/Controls/WindowControl.o
[INFO] [stderr]   [ 18%] Building CXX object libbullet3/examples/ThirdPartyLibs/Gwen/CMakeFiles/gwen.dir/DragAndDrop.o
[INFO] [stderr]   [ 18%] Building CXX object libbullet3/examples/ThirdPartyLibs/Gwen/CMakeFiles/gwen.dir/Gwen.o
[INFO] [stderr]   [ 19%] Building CXX object libbullet3/examples/ThirdPartyLibs/Gwen/CMakeFiles/gwen.dir/Hook.o
[INFO] [stderr]   [ 19%] Building CXX object libbullet3/examples/ThirdPartyLibs/Gwen/CMakeFiles/gwen.dir/Platforms/Null.o
[INFO] [stderr]   [ 19%] Building CXX object libbullet3/examples/ThirdPartyLibs/Gwen/CMakeFiles/gwen.dir/Platforms/Windows.o
[INFO] [stderr]   [ 19%] Building CXX object libbullet3/examples/ThirdPartyLibs/Gwen/CMakeFiles/gwen.dir/Renderers/OpenGL_DebugFont.o
[INFO] [stderr]   [ 19%] Building CXX object libbullet3/examples/ThirdPartyLibs/Gwen/CMakeFiles/gwen.dir/Skin.o
[INFO] [stderr]   [ 19%] Building CXX object libbullet3/examples/ThirdPartyLibs/Gwen/CMakeFiles/gwen.dir/ToolTip.o
[INFO] [stderr]   [ 19%] Building CXX object libbullet3/examples/ThirdPartyLibs/Gwen/CMakeFiles/gwen.dir/Utility.o
[INFO] [stderr]   [ 19%] Building CXX object libbullet3/examples/ThirdPartyLibs/Gwen/CMakeFiles/gwen.dir/events.o
[INFO] [stderr]   [ 19%] Building CXX object libbullet3/examples/ThirdPartyLibs/Gwen/CMakeFiles/gwen.dir/inputhandler.o
[INFO] [stderr]   [ 20%] Linking CXX static library libgwen.a
[INFO] [stderr]   [ 20%] Built target gwen
[INFO] [stderr] 
[INFO] [stderr]   --- stderr
[INFO] [stderr]   CMake Deprecation Warning at libbullet3/CMakeLists.txt:1 (cmake_minimum_required):
[INFO] [stderr]     Compatibility with CMake < 2.8.12 will be removed from a future version of
[INFO] [stderr]     CMake.
[INFO] [stderr] 
[INFO] [stderr]     Update the VERSION argument <min> value or use a ...<max> suffix to tell
[INFO] [stderr]     CMake that the project does not need compatibility with older versions.
[INFO] [stderr] 
[INFO] [stderr] 
[INFO] [stderr]   Linux
[INFO] [stderr]   CMake Warning (dev) at /usr/share/cmake-3.22/Modules/FindOpenGL.cmake:315 (message):
[INFO] [stderr]     Policy CMP0072 is not set: FindOpenGL prefers GLVND by default when
[INFO] [stderr]     available.  Run "cmake --help-policy CMP0072" for policy details.  Use the
[INFO] [stderr]     cmake_policy command to set the policy and suppress this warning.
[INFO] [stderr] 
[INFO] [stderr]     FindOpenGL found both a legacy GL library:
[INFO] [stderr] 
[INFO] [stderr]       OPENGL_gl_LIBRARY: /usr/lib/x86_64-linux-gnu/libGL.so
[INFO] [stderr] 
[INFO] [stderr]     and GLVND libraries for OpenGL and GLX:
[INFO] [stderr] 
[INFO] [stderr]       OPENGL_opengl_LIBRARY: /usr/lib/x86_64-linux-gnu/libOpenGL.so
[INFO] [stderr]       OPENGL_glx_LIBRARY: /usr/lib/x86_64-linux-gnu/libGLX.so
[INFO] [stderr] 
[INFO] [stderr]     OpenGL_GL_PREFERENCE has not been set to "GLVND" or "LEGACY", so for
[INFO] [stderr]     compatibility with CMake 3.10 and below the legacy GL library will be used.
[INFO] [stderr]   Call Stack (most recent call first):
[INFO] [stderr]     libbullet3/CMakeLists.txt:309 (FIND_PACKAGE)
[INFO] [stderr]   This warning is for project developers.  Use -Wno-dev to suppress it.
[INFO] [stderr] 
[INFO] [stderr]   OPENGL FOUND
[INFO] [stderr]   /usr/lib/x86_64-linux-gnu/libGL.so/usr/lib/x86_64-linux-gnu/libGLU.so
[INFO] [stderr]   CMake Warning (dev) at libbullet3/examples/ExampleBrowser/CMakeLists.txt:411 (ADD_EXECUTABLE):
[INFO] [stderr]     Policy CMP0115 is not set: Source file extensions must be explicit.  Run
[INFO] [stderr]     "cmake --help-policy CMP0115" for policy details.  Use the cmake_policy
[INFO] [stderr]     command to set the policy and suppress this warning.
[INFO] [stderr] 
[INFO] [stderr]     File:
[INFO] [stderr] 
[INFO] [stderr]       /opt/rustwide/cargo-home/registry/src/github.com-1ecc6299db9ec823/rubullet-sys-0.1.0-alpha-2/bullet3/libbullet3/examples/Benchmarks/TaruData.h
[INFO] [stderr]   This warning is for project developers.  Use -Wno-dev to suppress it.
[INFO] [stderr] 
[INFO] [stderr]   CMake Warning (dev) at libbullet3/src/Bullet3Common/CMakeLists.txt:37 (ADD_LIBRARY):
[INFO] [stderr]     Policy CMP0115 is not set: Source file extensions must be explicit.  Run
[INFO] [stderr]     "cmake --help-policy CMP0115" for policy details.  Use the cmake_policy
[INFO] [stderr]     command to set the policy and suppress this warning.
[INFO] [stderr] 
[INFO] [stderr]     File:
[INFO] [stderr] 
[INFO] [stderr]       /opt/rustwide/cargo-home/registry/src/github.com-1ecc6299db9ec823/rubullet-sys-0.1.0-alpha-2/bullet3/libbullet3/src/Bullet3Common/shared/b3Float4.h
[INFO] [stderr]   This warning is for project developers.  Use -Wno-dev to suppress it.
[INFO] [stderr] 
[INFO] [stderr]   CMake Warning (dev) at libbullet3/src/Bullet3Common/CMakeLists.txt:37 (ADD_LIBRARY):
[INFO] [stderr]     Policy CMP0115 is not set: Source file extensions must be explicit.  Run
[INFO] [stderr]     "cmake --help-policy CMP0115" for policy details.  Use the cmake_policy
[INFO] [stderr]     command to set the policy and suppress this warning.
[INFO] [stderr] 
[INFO] [stderr]     File:
[INFO] [stderr] 
[INFO] [stderr]       /opt/rustwide/cargo-home/registry/src/github.com-1ecc6299db9ec823/rubullet-sys-0.1.0-alpha-2/bullet3/libbullet3/src/Bullet3Common/shared/b3PlatformDefinitions.h
[INFO] [stderr]   This warning is for project developers.  Use -Wno-dev to suppress it.
[INFO] [stderr] 
[INFO] [stderr]   CMake Warning:
[INFO] [stderr]     Manually-specified variables were not used by the project:
[INFO] [stderr] 
[INFO] [stderr]       CMAKE_ASM_COMPILER
[INFO] [stderr]       CMAKE_ASM_FLAGS
[INFO] [stderr] 
[INFO] [stderr] 
[INFO] [stderr]   /opt/rustwide/cargo-home/registry/src/github.com-1ecc6299db9ec823/rubullet-sys-0.1.0-alpha-2/bullet3/libbullet3/examples/ExampleBrowser/GwenGUISupport/GwenParameterInterface.cpp: In member function 'virtual void GwenParameterInterface::registerSliderFloatParameter(SliderParams&)':
[INFO] [stderr]   /opt/rustwide/cargo-home/registry/src/github.com-1ecc6299db9ec823/rubullet-sys-0.1.0-alpha-2/bullet3/libbullet3/examples/ExampleBrowser/GwenGUISupport/GwenParameterInterface.cpp:88:55: warning: ' : ' directive output may be truncated writing 3 bytes into a region of size between 1 and 1024 [-Wformat-truncation=]
[INFO] [stderr]      88 |                         snprintf(txt, sizeof(txt), "%s : %.3f", m_variableName, val);
[INFO] [stderr]         |                                                       ^~~
[INFO] [stderr]   /opt/rustwide/cargo-home/registry/src/github.com-1ecc6299db9ec823/rubullet-sys-0.1.0-alpha-2/bullet3/libbullet3/examples/ExampleBrowser/GwenGUISupport/GwenParameterInterface.cpp:88:52: note: assuming directive output of 5 bytes
[INFO] [stderr]      88 |                         snprintf(txt, sizeof(txt), "%s : %.3f", m_variableName, val);
[INFO] [stderr]         |                                                    ^~~~~~~~~~~
[INFO] [stderr]   In file included from /usr/include/stdio.h:894,
[INFO] [stderr]                    from /opt/rustwide/cargo-home/registry/src/github.com-1ecc6299db9ec823/rubullet-sys-0.1.0-alpha-2/bullet3/libbullet3/examples/ThirdPartyLibs/Gwen/Macros.h:7,
[INFO] [stderr]                    from /opt/rustwide/cargo-home/registry/src/github.com-1ecc6299db9ec823/rubullet-sys-0.1.0-alpha-2/bullet3/libbullet3/examples/ThirdPartyLibs/Gwen/Gwen.h:20,
[INFO] [stderr]                    from /opt/rustwide/cargo-home/registry/src/github.com-1ecc6299db9ec823/rubullet-sys-0.1.0-alpha-2/bullet3/libbullet3/examples/ExampleBrowser/./../OpenGLWindow/GwenOpenGL3CoreRenderer.h:5,
[INFO] [stderr]                    from /opt/rustwide/cargo-home/registry/src/github.com-1ecc6299db9ec823/rubullet-sys-0.1.0-alpha-2/bullet3/libbullet3/examples/ExampleBrowser/GwenGUISupport/gwenInternalData.h:4,
[INFO] [stderr]                    from /opt/rustwide/cargo-home/registry/src/github.com-1ecc6299db9ec823/rubullet-sys-0.1.0-alpha-2/bullet3/libbullet3/examples/ExampleBrowser/GwenGUISupport/GwenParameterInterface.cpp:2:
[INFO] [stderr]   /usr/include/x86_64-linux-gnu/bits/stdio2.h:71:35: note: '__builtin___snprintf_chk' output between 7 and 1341 bytes into a destination of size 1024
[INFO] [stderr]      71 |   return __builtin___snprintf_chk (__s, __n, __USE_FORTIFY_LEVEL - 1,
[INFO] [stderr]         |          ~~~~~~~~~~~~~~~~~~~~~~~~~^~~~~~~~~~~~~~~~~~~~~~~~~~~~~~~~~~~
[INFO] [stderr]      72 |                                    __glibc_objsize (__s), __fmt,
[INFO] [stderr]         |                                    ~~~~~~~~~~~~~~~~~~~~~~~~~~~~~
[INFO] [stderr]      73 |                                    __va_arg_pack ());
[INFO] [stderr]         |                                    ~~~~~~~~~~~~~~~~~
[INFO] [stderr]   /opt/rustwide/cargo-home/registry/src/github.com-1ecc6299db9ec823/rubullet-sys-0.1.0-alpha-2/bullet3/libbullet3/examples/ExampleBrowser/GwenGUISupport/GwenParameterInterface.cpp: In member function 'void MySliderEventHandler<T>::SetValue(T) [with T = double]':
[INFO] [stderr]   /opt/rustwide/cargo-home/registry/src/github.com-1ecc6299db9ec823/rubullet-sys-0.1.0-alpha-2/bullet3/libbullet3/examples/ExampleBrowser/GwenGUISupport/GwenParameterInterface.cpp:88:55: warning: ' : ' directive output may be truncated writing 3 bytes into a region of size between 1 and 1024 [-Wformat-truncation=]
[INFO] [stderr]      88 |                         snprintf(txt, sizeof(txt), "%s : %.3f", m_variableName, val);
[INFO] [stderr]         |                                                       ^~~
[INFO] [stderr]   /opt/rustwide/cargo-home/registry/src/github.com-1ecc6299db9ec823/rubullet-sys-0.1.0-alpha-2/bullet3/libbullet3/examples/ExampleBrowser/GwenGUISupport/GwenParameterInterface.cpp:88:52: note: assuming directive output of 5 bytes
[INFO] [stderr]      88 |                         snprintf(txt, sizeof(txt), "%s : %.3f", m_variableName, val);
[INFO] [stderr]         |                                                    ^~~~~~~~~~~
[INFO] [stderr]   In file included from /usr/include/stdio.h:894,
[INFO] [stderr]                    from /opt/rustwide/cargo-home/registry/src/github.com-1ecc6299db9ec823/rubullet-sys-0.1.0-alpha-2/bullet3/libbullet3/examples/ThirdPartyLibs/Gwen/Macros.h:7,
[INFO] [stderr]                    from /opt/rustwide/cargo-home/registry/src/github.com-1ecc6299db9ec823/rubullet-sys-0.1.0-alpha-2/bullet3/libbullet3/examples/ThirdPartyLibs/Gwen/Gwen.h:20,
[INFO] [stderr]                    from /opt/rustwide/cargo-home/registry/src/github.com-1ecc6299db9ec823/rubullet-sys-0.1.0-alpha-2/bullet3/libbullet3/examples/ExampleBrowser/./../OpenGLWindow/GwenOpenGL3CoreRenderer.h:5,
[INFO] [stderr]                    from /opt/rustwide/cargo-home/registry/src/github.com-1ecc6299db9ec823/rubullet-sys-0.1.0-alpha-2/bullet3/libbullet3/examples/ExampleBrowser/GwenGUISupport/gwenInternalData.h:4,
[INFO] [stderr]                    from /opt/rustwide/cargo-home/registry/src/github.com-1ecc6299db9ec823/rubullet-sys-0.1.0-alpha-2/bullet3/libbullet3/examples/ExampleBrowser/GwenGUISupport/GwenParameterInterface.cpp:2:
[INFO] [stderr]   /usr/include/x86_64-linux-gnu/bits/stdio2.h:71:35: note: '__builtin___snprintf_chk' output between 7 and 1341 bytes into a destination of size 1024
[INFO] [stderr]      71 |   return __builtin___snprintf_chk (__s, __n, __USE_FORTIFY_LEVEL - 1,
[INFO] [stderr]         |          ~~~~~~~~~~~~~~~~~~~~~~~~~^~~~~~~~~~~~~~~~~~~~~~~~~~~~~~~~~~~
[INFO] [stderr]      72 |                                    __glibc_objsize (__s), __fmt,
[INFO] [stderr]         |                                    ~~~~~~~~~~~~~~~~~~~~~~~~~~~~~
[INFO] [stderr]      73 |                                    __va_arg_pack ());
[INFO] [stderr]         |                                    ~~~~~~~~~~~~~~~~~
[INFO] [stderr]   c++: fatal error: Killed signal terminated program cc1plus
[INFO] [stderr]   compilation terminated.
[INFO] [stderr]   gmake[2]: *** [libbullet3/Extras/BulletRoboticsGUI/CMakeFiles/BulletRoboticsGUI.dir/build.make:76: libbullet3/Extras/BulletRoboticsGUI/CMakeFiles/BulletRoboticsGUI.dir/__/__/examples/SharedMemory/plugins/stablePDPlugin/SpAlg.o] Error 1
[INFO] [stderr]   gmake[2]: *** Waiting for unfinished jobs....
[INFO] [stderr]   c++: fatal error: Killed signal terminated program cc1plus
[INFO] [stderr]   compilation terminated.
[INFO] [stderr]   gmake[2]: *** [libbullet3/Extras/BulletRoboticsGUI/CMakeFiles/BulletRoboticsGUI.dir/build.make:104: libbullet3/Extras/BulletRoboticsGUI/CMakeFiles/BulletRoboticsGUI.dir/__/__/examples/SharedMemory/plugins/stablePDPlugin/RBDUtil.o] Error 1
[INFO] [stderr]   gmake[1]: *** [CMakeFiles/Makefile2:1260: libbullet3/Extras/BulletRoboticsGUI/CMakeFiles/BulletRoboticsGUI.dir/all] Error 2
[INFO] [stderr]   gmake[1]: *** Waiting for unfinished jobs....
[INFO] [stderr]   In file included from /opt/rustwide/cargo-home/registry/src/github.com-1ecc6299db9ec823/rubullet-sys-0.1.0-alpha-2/bullet3/libbullet3/src/BulletSoftBody/btSoftBody.h:20,
[INFO] [stderr]                    from /opt/rustwide/cargo-home/registry/src/github.com-1ecc6299db9ec823/rubullet-sys-0.1.0-alpha-2/bullet3/libbullet3/src/BulletSoftBody/btSoftBodyInternals.h:20,
[INFO] [stderr]                    from /opt/rustwide/cargo-home/registry/src/github.com-1ecc6299db9ec823/rubullet-sys-0.1.0-alpha-2/bullet3/libbullet3/src/BulletSoftBody/btSoftBodyHelpers.cpp:17:
[INFO] [stderr]   In member function 'void btAlignedObjectArray<T>::resize(int, const T&) [with T = double]',
[INFO] [stderr]       inlined from 'static void btSoftBodyHelpers::interpolateBarycentricWeights(btSoftBody*)' at /opt/rustwide/cargo-home/registry/src/github.com-1ecc6299db9ec823/rubullet-sys-0.1.0-alpha-2/bullet3/libbullet3/src/BulletSoftBody/btSoftBodyHelpers.cpp:1573:17:
[INFO] [stderr]   /opt/rustwide/cargo-home/registry/src/github.com-1ecc6299db9ec823/rubullet-sys-0.1.0-alpha-2/bullet3/libbullet3/src/LinearMath/btAlignedObjectArray.h:223:33: warning: 'void* __builtin_memset(void*, int, long unsigned int)' writing between 8 and 17179869184 bytes into a region of size 0 overflows the destination [-Wstringop-overflow=]
[INFO] [stderr]     223 |                                 new (&m_data[i]) T(fillData);
[INFO] [stderr]         |                                 ^~~~~~~~~~~~~~~~~~~~~~~~~~~~
[INFO] [stderr]   In file included from /opt/rustwide/cargo-home/registry/src/github.com-1ecc6299db9ec823/rubullet-sys-0.1.0-alpha-2/bullet3/libbullet3/src/BulletSoftBody/btSoftBody.h:20,
[INFO] [stderr]                    from /opt/rustwide/cargo-home/registry/src/github.com-1ecc6299db9ec823/rubullet-sys-0.1.0-alpha-2/bullet3/libbullet3/src/BulletSoftBody/btSoftBodyInternals.h:20,
[INFO] [stderr]                    from /opt/rustwide/cargo-home/registry/src/github.com-1ecc6299db9ec823/rubullet-sys-0.1.0-alpha-2/bullet3/libbullet3/src/BulletSoftBody/btSoftBodyHelpers.cpp:17:
[INFO] [stderr]   /opt/rustwide/cargo-home/registry/src/github.com-1ecc6299db9ec823/rubullet-sys-0.1.0-alpha-2/bullet3/libbullet3/src/LinearMath/btAlignedObjectArray.h: In static member function 'static void btSoftBodyHelpers::interpolateBarycentricWeights(btSoftBody*)':
[INFO] [stderr]   /opt/rustwide/cargo-home/registry/src/github.com-1ecc6299db9ec823/rubullet-sys-0.1.0-alpha-2/bullet3/libbullet3/src/LinearMath/btAlignedObjectArray.h:109:21: note: at offset [-17179869184, -8] into destination object '((btAlignedObjectArray<double>*)((char*)psb + 24))[77].btAlignedObjectArray<double>::m_data' of size [0, 9223372036854775807]
[INFO] [stderr]     109 |                 if (m_data)
[INFO] [stderr]         |                     ^~~~~~
[INFO] [stderr]   c++: fatal error: Killed signal terminated program cc1plus
[INFO] [stderr]   compilation terminated.
[INFO] [stderr]   gmake[2]: *** [libbullet3/src/BulletSoftBody/CMakeFiles/BulletSoftBody.dir/build.make:76: libbullet3/src/BulletSoftBody/CMakeFiles/BulletSoftBody.dir/btSoftBody.o] Error 1
[INFO] [stderr]   gmake[2]: *** Waiting for unfinished jobs....
[INFO] [stderr]   c++: fatal error: Killed signal terminated program cc1plus
[INFO] [stderr]   compilation terminated.
[INFO] [stderr]   gmake[2]: *** [libbullet3/Extras/BulletRobotics/CMakeFiles/BulletRobotics.dir/build.make:244: libbullet3/Extras/BulletRobotics/CMakeFiles/BulletRobotics.dir/__/__/examples/SharedMemory/plugins/tinyRendererPlugin/TinyRendererVisualShapeConverter.o] Error 1
[INFO] [stderr]   gmake[2]: *** Waiting for unfinished jobs....
[INFO] [stderr]   In file included from /opt/rustwide/cargo-home/registry/src/github.com-1ecc6299db9ec823/rubullet-sys-0.1.0-alpha-2/bullet3/libbullet3/src/BulletCollision/CollisionShapes/btTriangleIndexVertexArray.h:20,
[INFO] [stderr]                    from /opt/rustwide/cargo-home/registry/src/github.com-1ecc6299db9ec823/rubullet-sys-0.1.0-alpha-2/bullet3/libbullet3/src/BulletSoftBody/btSoftBodySolvers.h:19,
[INFO] [stderr]                    from /opt/rustwide/cargo-home/registry/src/github.com-1ecc6299db9ec823/rubullet-sys-0.1.0-alpha-2/bullet3/libbullet3/src/BulletSoftBody/btDeformableBodySolver.h:19,
[INFO] [stderr]                    from /opt/rustwide/cargo-home/registry/src/github.com-1ecc6299db9ec823/rubullet-sys-0.1.0-alpha-2/bullet3/libbullet3/src/BulletSoftBody/btDeformableMultiBodyConstraintSolver.h:19,
[INFO] [stderr]                    from /opt/rustwide/cargo-home/registry/src/github.com-1ecc6299db9ec823/rubullet-sys-0.1.0-alpha-2/bullet3/libbullet3/src/BulletSoftBody/btDeformableMultiBodyConstraintSolver.cpp:16:
[INFO] [stderr]   In member function 'void btAlignedObjectArray<T>::resize(int, const T&) [with T = int]',
[INFO] [stderr]       inlined from 'void btReducedVector::simplify()' at /opt/rustwide/cargo-home/registry/src/github.com-1ecc6299db9ec823/rubullet-sys-0.1.0-alpha-2/bullet3/libbullet3/src/LinearMath/btReducedVector.h:57:25:
[INFO] [stderr]   /opt/rustwide/cargo-home/registry/src/github.com-1ecc6299db9ec823/rubullet-sys-0.1.0-alpha-2/bullet3/libbullet3/src/LinearMath/btAlignedObjectArray.h:223:33: warning: 'void* __builtin_memset(void*, int, long unsigned int)' writing between 4 and 8589934592 bytes into a region of size 0 overflows the destination [-Wstringop-overflow=]
[INFO] [stderr]     223 |                                 new (&m_data[i]) T(fillData);
[INFO] [stderr]         |                                 ^~~~~~~~~~~~~~~~~~~~~~~~~~~~
[INFO] [stderr]   In file included from /opt/rustwide/cargo-home/registry/src/github.com-1ecc6299db9ec823/rubullet-sys-0.1.0-alpha-2/bullet3/libbullet3/src/BulletCollision/CollisionShapes/btTriangleIndexVertexArray.h:20,
[INFO] [stderr]                    from /opt/rustwide/cargo-home/registry/src/github.com-1ecc6299db9ec823/rubullet-sys-0.1.0-alpha-2/bullet3/libbullet3/src/BulletSoftBody/btSoftBodySolvers.h:19,
[INFO] [stderr]                    from /opt/rustwide/cargo-home/registry/src/github.com-1ecc6299db9ec823/rubullet-sys-0.1.0-alpha-2/bullet3/libbullet3/src/BulletSoftBody/btDeformableBodySolver.h:19,
[INFO] [stderr]                    from /opt/rustwide/cargo-home/registry/src/github.com-1ecc6299db9ec823/rubullet-sys-0.1.0-alpha-2/bullet3/libbullet3/src/BulletSoftBody/btDeformableMultiBodyConstraintSolver.h:19,
[INFO] [stderr]                    from /opt/rustwide/cargo-home/registry/src/github.com-1ecc6299db9ec823/rubullet-sys-0.1.0-alpha-2/bullet3/libbullet3/src/BulletSoftBody/btDeformableMultiBodyConstraintSolver.cpp:16:
[INFO] [stderr]   /opt/rustwide/cargo-home/registry/src/github.com-1ecc6299db9ec823/rubullet-sys-0.1.0-alpha-2/bullet3/libbullet3/src/LinearMath/btAlignedObjectArray.h: In member function 'void btReducedVector::simplify()':
[INFO] [stderr]   /opt/rustwide/cargo-home/registry/src/github.com-1ecc6299db9ec823/rubullet-sys-0.1.0-alpha-2/bullet3/libbullet3/src/LinearMath/btAlignedObjectArray.h:109:21: note: at offset [-8589934592, -4] into destination object '*(btAlignedObjectArray<int>*)this.btAlignedObjectArray<int>::m_data' of size [0, 9223372036854775807]
[INFO] [stderr]     109 |                 if (m_data)
[INFO] [stderr]         |                     ^~~~~~
[INFO] [stderr]   c++: fatal error: Killed signal terminated program cc1plus
[INFO] [stderr]   compilation terminated.
[INFO] [stderr]   gmake[2]: *** [libbullet3/Extras/BulletRobotics/CMakeFiles/BulletRobotics.dir/build.make:342: libbullet3/Extras/BulletRobotics/CMakeFiles/BulletRobotics.dir/__/__/examples/SharedMemory/PhysicsServerCommandProcessor.o] Error 1
[INFO] [stderr]   In file included from /opt/rustwide/cargo-home/registry/src/github.com-1ecc6299db9ec823/rubullet-sys-0.1.0-alpha-2/bullet3/libbullet3/src/BulletCollision/CollisionShapes/btTriangleIndexVertexArray.h:20,
[INFO] [stderr]                    from /opt/rustwide/cargo-home/registry/src/github.com-1ecc6299db9ec823/rubullet-sys-0.1.0-alpha-2/bullet3/libbullet3/src/BulletSoftBody/btSoftBodySolvers.h:19,
[INFO] [stderr]                    from /opt/rustwide/cargo-home/registry/src/github.com-1ecc6299db9ec823/rubullet-sys-0.1.0-alpha-2/bullet3/libbullet3/src/BulletSoftBody/btDeformableBodySolver.h:19,
[INFO] [stderr]                    from /opt/rustwide/cargo-home/registry/src/github.com-1ecc6299db9ec823/rubullet-sys-0.1.0-alpha-2/bullet3/libbullet3/src/BulletSoftBody/btDeformableBodySolver.cpp:18:
[INFO] [stderr]   In member function 'void btAlignedObjectArray<T>::resize(int, const T&) [with T = int]',
[INFO] [stderr]       inlined from 'void btReducedVector::simplify()' at /opt/rustwide/cargo-home/registry/src/github.com-1ecc6299db9ec823/rubullet-sys-0.1.0-alpha-2/bullet3/libbullet3/src/LinearMath/btReducedVector.h:57:25:
[INFO] [stderr]   /opt/rustwide/cargo-home/registry/src/github.com-1ecc6299db9ec823/rubullet-sys-0.1.0-alpha-2/bullet3/libbullet3/src/LinearMath/btAlignedObjectArray.h:223:33: warning: 'void* __builtin_memset(void*, int, long unsigned int)' writing between 4 and 8589934592 bytes into a region of size 0 overflows the destination [-Wstringop-overflow=]
[INFO] [stderr]     223 |                                 new (&m_data[i]) T(fillData);
[INFO] [stderr]         |                                 ^~~~~~~~~~~~~~~~~~~~~~~~~~~~
[INFO] [stderr]   In file included from /opt/rustwide/cargo-home/registry/src/github.com-1ecc6299db9ec823/rubullet-sys-0.1.0-alpha-2/bullet3/libbullet3/src/BulletCollision/CollisionShapes/btTriangleIndexVertexArray.h:20,
[INFO] [stderr]                    from /opt/rustwide/cargo-home/registry/src/github.com-1ecc6299db9ec823/rubullet-sys-0.1.0-alpha-2/bullet3/libbullet3/src/BulletSoftBody/btSoftBodySolvers.h:19,
[INFO] [stderr]                    from /opt/rustwide/cargo-home/registry/src/github.com-1ecc6299db9ec823/rubullet-sys-0.1.0-alpha-2/bullet3/libbullet3/src/BulletSoftBody/btDeformableBodySolver.h:19,
[INFO] [stderr]                    from /opt/rustwide/cargo-home/registry/src/github.com-1ecc6299db9ec823/rubullet-sys-0.1.0-alpha-2/bullet3/libbullet3/src/BulletSoftBody/btDeformableBodySolver.cpp:18:
[INFO] [stderr]   /opt/rustwide/cargo-home/registry/src/github.com-1ecc6299db9ec823/rubullet-sys-0.1.0-alpha-2/bullet3/libbullet3/src/LinearMath/btAlignedObjectArray.h: In member function 'void btReducedVector::simplify()':
[INFO] [stderr]   /opt/rustwide/cargo-home/registry/src/github.com-1ecc6299db9ec823/rubullet-sys-0.1.0-alpha-2/bullet3/libbullet3/src/LinearMath/btAlignedObjectArray.h:109:21: note: at offset [-8589934592, -4] into destination object '*(btAlignedObjectArray<int>*)this.btAlignedObjectArray<int>::m_data' of size [0, 9223372036854775807]
[INFO] [stderr]     109 |                 if (m_data)
[INFO] [stderr]         |                     ^~~~~~
[INFO] [stderr]   In file included from /opt/rustwide/cargo-home/registry/src/github.com-1ecc6299db9ec823/rubullet-sys-0.1.0-alpha-2/bullet3/libbullet3/src/BulletSoftBody/btSoftBody.h:20,
[INFO] [stderr]                    from /opt/rustwide/cargo-home/registry/src/github.com-1ecc6299db9ec823/rubullet-sys-0.1.0-alpha-2/bullet3/libbullet3/src/BulletSoftBody/btDeformableLagrangianForce.h:19,
[INFO] [stderr]                    from /opt/rustwide/cargo-home/registry/src/github.com-1ecc6299db9ec823/rubullet-sys-0.1.0-alpha-2/bullet3/libbullet3/src/BulletSoftBody/btDeformableBackwardEulerObjective.h:19,
[INFO] [stderr]                    from /opt/rustwide/cargo-home/registry/src/github.com-1ecc6299db9ec823/rubullet-sys-0.1.0-alpha-2/bullet3/libbullet3/src/BulletSoftBody/btDeformableBackwardEulerObjective.cpp:16:
[INFO] [stderr]   In member function 'void btAlignedObjectArray<T>::resize(int, const T&) [with T = int]',
[INFO] [stderr]       inlined from 'void btReducedVector::simplify()' at /opt/rustwide/cargo-home/registry/src/github.com-1ecc6299db9ec823/rubullet-sys-0.1.0-alpha-2/bullet3/libbullet3/src/LinearMath/btReducedVector.h:57:25:
[INFO] [stderr]   /opt/rustwide/cargo-home/registry/src/github.com-1ecc6299db9ec823/rubullet-sys-0.1.0-alpha-2/bullet3/libbullet3/src/LinearMath/btAlignedObjectArray.h:223:33: warning: 'void* __builtin_memset(void*, int, long unsigned int)' writing between 4 and 8589934592 bytes into a region of size 0 overflows the destination [-Wstringop-overflow=]
[INFO] [stderr]     223 |                                 new (&m_data[i]) T(fillData);
[INFO] [stderr]         |                                 ^~~~~~~~~~~~~~~~~~~~~~~~~~~~
[INFO] [stderr]   In file included from /opt/rustwide/cargo-home/registry/src/github.com-1ecc6299db9ec823/rubullet-sys-0.1.0-alpha-2/bullet3/libbullet3/src/BulletSoftBody/btSoftBody.h:20,
[INFO] [stderr]                    from /opt/rustwide/cargo-home/registry/src/github.com-1ecc6299db9ec823/rubullet-sys-0.1.0-alpha-2/bullet3/libbullet3/src/BulletSoftBody/btDeformableLagrangianForce.h:19,
[INFO] [stderr]                    from /opt/rustwide/cargo-home/registry/src/github.com-1ecc6299db9ec823/rubullet-sys-0.1.0-alpha-2/bullet3/libbullet3/src/BulletSoftBody/btDeformableBackwardEulerObjective.h:19,
[INFO] [stderr]                    from /opt/rustwide/cargo-home/registry/src/github.com-1ecc6299db9ec823/rubullet-sys-0.1.0-alpha-2/bullet3/libbullet3/src/BulletSoftBody/btDeformableBackwardEulerObjective.cpp:16:
[INFO] [stderr]   /opt/rustwide/cargo-home/registry/src/github.com-1ecc6299db9ec823/rubullet-sys-0.1.0-alpha-2/bullet3/libbullet3/src/LinearMath/btAlignedObjectArray.h: In member function 'void btReducedVector::simplify()':
[INFO] [stderr]   /opt/rustwide/cargo-home/registry/src/github.com-1ecc6299db9ec823/rubullet-sys-0.1.0-alpha-2/bullet3/libbullet3/src/LinearMath/btAlignedObjectArray.h:109:21: note: at offset [-8589934592, -4] into destination object '*(btAlignedObjectArray<int>*)this.btAlignedObjectArray<int>::m_data' of size [0, 9223372036854775807]
[INFO] [stderr]     109 |                 if (m_data)
[INFO] [stderr]         |                     ^~~~~~
[INFO] [stderr]   c++: fatal error: Killed signal terminated program cc1plus
[INFO] [stderr]   compilation terminated.
[INFO] [stderr]   gmake[2]: *** [libbullet3/src/BulletSoftBody/CMakeFiles/BulletSoftBody.dir/build.make:202: libbullet3/src/BulletSoftBody/CMakeFiles/BulletSoftBody.dir/btDeformableBackwardEulerObjective.o] Error 1
[INFO] [stderr]   gmake[1]: *** [CMakeFiles/Makefile2:1286: libbullet3/Extras/BulletRobotics/CMakeFiles/BulletRobotics.dir/all] Error 2
[INFO] [stderr]   gmake[1]: *** [CMakeFiles/Makefile2:1650: libbullet3/src/BulletSoftBody/CMakeFiles/BulletSoftBody.dir/all] Error 2
[INFO] [stderr]   gmake: *** [Makefile:136: all] Error 2
[INFO] [stderr]   thread 'main' panicked at '
[INFO] [stderr]   command did not execute successfully, got: exit status: 2
[INFO] [stderr] 
[INFO] [stderr]   build script failed, must exit now', /opt/rustwide/cargo-home/registry/src/github.com-1ecc6299db9ec823/cmake-0.1.45/src/lib.rs:894:5
[INFO] [stderr]   stack backtrace:
[INFO] [stderr]      0:     0x5590d81ce3aa - std::backtrace_rs::backtrace::libunwind::trace::ha9053a9a07ca49cb
[INFO] [stderr]                                  at /rustc/84c898d65adf2f39a5a98507f1fe0ce10a2b8dbc/library/std/src/../../backtrace/src/backtrace/libunwind.rs:93:5
[INFO] [stderr]      1:     0x5590d81ce3aa - std::backtrace_rs::backtrace::trace_unsynchronized::h9c2852a457ad564e
[INFO] [stderr]                                  at /rustc/84c898d65adf2f39a5a98507f1fe0ce10a2b8dbc/library/std/src/../../backtrace/src/backtrace/mod.rs:66:5
[INFO] [stderr]      2:     0x5590d81ce3aa - std::sys_common::backtrace::_print_fmt::h457936fbfaa0070f
[INFO] [stderr]                                  at /rustc/84c898d65adf2f39a5a98507f1fe0ce10a2b8dbc/library/std/src/sys_common/backtrace.rs:65:5
[INFO] [stderr]      3:     0x5590d81ce3aa - <std::sys_common::backtrace::_print::DisplayBacktrace as core::fmt::Display>::fmt::h5779d7bf7f70cb0c
[INFO] [stderr]                                  at /rustc/84c898d65adf2f39a5a98507f1fe0ce10a2b8dbc/library/std/src/sys_common/backtrace.rs:44:22
[INFO] [stderr]      4:     0x5590d81ee6be - core::fmt::write::h5a4baaff1bcd3eb5
[INFO] [stderr]                                  at /rustc/84c898d65adf2f39a5a98507f1fe0ce10a2b8dbc/library/core/src/fmt/mod.rs:1232:17
[INFO] [stderr]      5:     0x5590d81cb475 - std::io::Write::write_fmt::h4bc1f301cb9e9cce
[INFO] [stderr]                                  at /rustc/84c898d65adf2f39a5a98507f1fe0ce10a2b8dbc/library/std/src/io/mod.rs:1684:15
[INFO] [stderr]      6:     0x5590d81ce175 - std::sys_common::backtrace::_print::h5fcdc36060f177e8
[INFO] [stderr]                                  at /rustc/84c898d65adf2f39a5a98507f1fe0ce10a2b8dbc/library/std/src/sys_common/backtrace.rs:47:5
[INFO] [stderr]      7:     0x5590d81ce175 - std::sys_common::backtrace::print::h54ca9458b876c8bf
[INFO] [stderr]                                  at /rustc/84c898d65adf2f39a5a98507f1fe0ce10a2b8dbc/library/std/src/sys_common/backtrace.rs:34:9
[INFO] [stderr]      8:     0x5590d81cfb4f - std::panicking::default_hook::{{closure}}::hbe471161c7664ed6
[INFO] [stderr]                                  at /rustc/84c898d65adf2f39a5a98507f1fe0ce10a2b8dbc/library/std/src/panicking.rs:271:22
[INFO] [stderr]      9:     0x5590d81cf88b - std::panicking::default_hook::ha3500da57aa4ac4f
[INFO] [stderr]                                  at /rustc/84c898d65adf2f39a5a98507f1fe0ce10a2b8dbc/library/std/src/panicking.rs:290:9
[INFO] [stderr]     10:     0x5590d81d00f8 - std::panicking::rust_panic_with_hook::h50c09d000dc561d2
[INFO] [stderr]                                  at /rustc/84c898d65adf2f39a5a98507f1fe0ce10a2b8dbc/library/std/src/panicking.rs:692:13
[INFO] [stderr]     11:     0x5590d81cfff9 - std::panicking::begin_panic_handler::{{closure}}::h9e2b2176e00e0d9c
[INFO] [stderr]                                  at /rustc/84c898d65adf2f39a5a98507f1fe0ce10a2b8dbc/library/std/src/panicking.rs:583:13
[INFO] [stderr]     12:     0x5590d81ce816 - std::sys_common::backtrace::__rust_end_short_backtrace::h5739b8e512c09d02
[INFO] [stderr]                                  at /rustc/84c898d65adf2f39a5a98507f1fe0ce10a2b8dbc/library/std/src/sys_common/backtrace.rs:150:18
[INFO] [stderr]     13:     0x5590d81cfd02 - rust_begin_unwind
[INFO] [stderr]                                  at /rustc/84c898d65adf2f39a5a98507f1fe0ce10a2b8dbc/library/std/src/panicking.rs:579:5
[INFO] [stderr]     14:     0x5590d815c7a3 - core::panicking::panic_fmt::hf33a1475b4dc5c3e
[INFO] [stderr]                                  at /rustc/84c898d65adf2f39a5a98507f1fe0ce10a2b8dbc/library/core/src/panicking.rs:64:14
[INFO] [stderr]     15:     0x5590d8164f3f - cmake::fail::h8bcb0c80c4121ed1
[INFO] [stderr]     16:     0x5590d81649a3 - cmake::run::h1d563cb7f7b4c413
[INFO] [stderr]     17:     0x5590d8162856 - cmake::Config::build::h89680b7574247a4a
[INFO] [stderr]     18:     0x5590d815cf83 - build_script_build::main::h9cf6564670a0b7e0
[INFO] [stderr]     19:     0x5590d815d593 - core::ops::function::FnOnce::call_once::h989a114d2b3585e1
[INFO] [stderr]     20:     0x5590d815ceb9 - std::sys_common::backtrace::__rust_begin_short_backtrace::h7b0545a15fa02418
[INFO] [stderr]     21:     0x5590d815d529 - std::rt::lang_start::{{closure}}::h644b264de0af4cfe
[INFO] [stderr]     22:     0x5590d81c754c - core::ops::function::impls::<impl core::ops::function::FnOnce<A> for &F>::call_once::hd6efcd3bec896f2c
[INFO] [stderr]                                  at /rustc/84c898d65adf2f39a5a98507f1fe0ce10a2b8dbc/library/core/src/ops/function.rs:287:13
[INFO] [stderr]     23:     0x5590d81c754c - std::panicking::try::do_call::hce04e543bb1f4cbb
[INFO] [stderr]                                  at /rustc/84c898d65adf2f39a5a98507f1fe0ce10a2b8dbc/library/std/src/panicking.rs:487:40
[INFO] [stderr]     24:     0x5590d81c754c - std::panicking::try::h3342dd4e1f680968
[INFO] [stderr]                                  at /rustc/84c898d65adf2f39a5a98507f1fe0ce10a2b8dbc/library/std/src/panicking.rs:451:19
[INFO] [stderr]     25:     0x5590d81c754c - std::panic::catch_unwind::h148ce1e59ac0cee7
[INFO] [stderr]                                  at /rustc/84c898d65adf2f39a5a98507f1fe0ce10a2b8dbc/library/std/src/panic.rs:140:14
[INFO] [stderr]     26:     0x5590d81c754c - std::rt::lang_start_internal::{{closure}}::h25f9dda2057a67fe
[INFO] [stderr]                                  at /rustc/84c898d65adf2f39a5a98507f1fe0ce10a2b8dbc/library/std/src/rt.rs:148:48
[INFO] [stderr]     27:     0x5590d81c754c - std::panicking::try::do_call::h7caaaeaf9401650b
[INFO] [stderr]                                  at /rustc/84c898d65adf2f39a5a98507f1fe0ce10a2b8dbc/library/std/src/panicking.rs:487:40
[INFO] [stderr]     28:     0x5590d81c754c - std::panicking::try::he7d15285746cbbc2
[INFO] [stderr]                                  at /rustc/84c898d65adf2f39a5a98507f1fe0ce10a2b8dbc/library/std/src/panicking.rs:451:19
[INFO] [stderr]     29:     0x5590d81c754c - std::panic::catch_unwind::h89fb4f50c0301fe0
[INFO] [stderr]                                  at /rustc/84c898d65adf2f39a5a98507f1fe0ce10a2b8dbc/library/std/src/panic.rs:140:14
[INFO] [stderr]     30:     0x5590d81c754c - std::rt::lang_start_internal::h078acd489417d3c1
[INFO] [stderr]                                  at /rustc/84c898d65adf2f39a5a98507f1fe0ce10a2b8dbc/library/std/src/rt.rs:148:20
[INFO] [stderr]     31:     0x5590d815d507 - std::rt::lang_start::h3c7949a05ab8f8d6
[INFO] [stderr]     32:     0x5590d815d4d5 - main
[INFO] [stderr]     33:     0x7f436efd3d90 - <unknown>
[INFO] [stderr]     34:     0x7f436efd3e40 - __libc_start_main
[INFO] [stderr]     35:     0x5590d815cd25 - _start
[INFO] [stderr]     36:                0x0 - <unknown>
[INFO] running `Command { std: "docker" "inspect" "7febd26eadf22d23a1bdf800dc57c07eead08ba434a67af94c08a6c9c6d4177b", kill_on_drop: false }`
[INFO] running `Command { std: "docker" "rm" "-f" "7febd26eadf22d23a1bdf800dc57c07eead08ba434a67af94c08a6c9c6d4177b", kill_on_drop: false }`
[INFO] [stdout] 7febd26eadf22d23a1bdf800dc57c07eead08ba434a67af94c08a6c9c6d4177b
