[INFO] fetching crate rtic-macros 2.0.0-alpha.0...
[INFO] testing rtic-macros-2.0.0-alpha.0 against 1.69.0 for beta-1.70-1
[INFO] extracting crate rtic-macros 2.0.0-alpha.0 into /workspace/builds/worker-6-tc1/source
[INFO] validating manifest of crates.io crate rtic-macros 2.0.0-alpha.0 on toolchain 1.69.0
[INFO] running `Command { std: CARGO_HOME="/workspace/cargo-home" RUSTUP_HOME="/workspace/rustup-home" "/workspace/cargo-home/bin/cargo" "+1.69.0" "metadata" "--manifest-path" "Cargo.toml" "--no-deps", kill_on_drop: false }`
[INFO] started tweaking crates.io crate rtic-macros 2.0.0-alpha.0
[INFO] finished tweaking crates.io crate rtic-macros 2.0.0-alpha.0
[INFO] tweaked toml for crates.io crate rtic-macros 2.0.0-alpha.0 written to /workspace/builds/worker-6-tc1/source/Cargo.toml
[INFO] running `Command { std: CARGO_HOME="/workspace/cargo-home" RUSTUP_HOME="/workspace/rustup-home" __CARGO_TEST_CHANNEL_OVERRIDE_DO_NOT_USE_THIS="nightly" "/workspace/cargo-home/bin/cargo" "+1.69.0" "generate-lockfile" "--manifest-path" "Cargo.toml" "-Zno-index-update", kill_on_drop: false }`
[INFO] running `Command { std: CARGO_HOME="/workspace/cargo-home" RUSTUP_HOME="/workspace/rustup-home" "/workspace/cargo-home/bin/cargo" "+1.69.0" "fetch" "--manifest-path" "Cargo.toml", kill_on_drop: false }`
[INFO] running `Command { std: "docker" "create" "-v" "/var/lib/crater-agent-workspace/builds/worker-6-tc1/target:/opt/rustwide/target:rw,Z" "-v" "/var/lib/crater-agent-workspace/builds/worker-6-tc1/source:/opt/rustwide/workdir:ro,Z" "-v" "/var/lib/crater-agent-workspace/cargo-home:/opt/rustwide/cargo-home:ro,Z" "-v" "/var/lib/crater-agent-workspace/rustup-home:/opt/rustwide/rustup-home:ro,Z" "-e" "SOURCE_DIR=/opt/rustwide/workdir" "-e" "CARGO_TARGET_DIR=/opt/rustwide/target" "-e" "CARGO_HOME=/opt/rustwide/cargo-home" "-e" "RUSTUP_HOME=/opt/rustwide/rustup-home" "-w" "/opt/rustwide/workdir" "-m" "1610612736" "--user" "0:0" "--network" "none" "ghcr.io/rust-lang/crates-build-env/linux@sha256:5ff2268d62e97bff2cde7d5815dd6ed5b47097566f13b8d0ca110b04b60e07ed" "/opt/rustwide/cargo-home/bin/cargo" "+1.69.0" "metadata" "--no-deps" "--format-version=1", kill_on_drop: false }`
[INFO] [stdout] 21f3740d7188e978040bbc3bfbd067378ddffc971b4430894a2a8d1ba76070a7
[INFO] running `Command { std: "docker" "start" "-a" "21f3740d7188e978040bbc3bfbd067378ddffc971b4430894a2a8d1ba76070a7", kill_on_drop: false }`
[INFO] running `Command { std: "docker" "inspect" "21f3740d7188e978040bbc3bfbd067378ddffc971b4430894a2a8d1ba76070a7", kill_on_drop: false }`
[INFO] running `Command { std: "docker" "rm" "-f" "21f3740d7188e978040bbc3bfbd067378ddffc971b4430894a2a8d1ba76070a7", kill_on_drop: false }`
[INFO] [stdout] 21f3740d7188e978040bbc3bfbd067378ddffc971b4430894a2a8d1ba76070a7
[INFO] running `Command { std: "docker" "create" "-v" "/var/lib/crater-agent-workspace/builds/worker-6-tc1/target:/opt/rustwide/target:rw,Z" "-v" "/var/lib/crater-agent-workspace/builds/worker-6-tc1/source:/opt/rustwide/workdir:ro,Z" "-v" "/var/lib/crater-agent-workspace/cargo-home:/opt/rustwide/cargo-home:ro,Z" "-v" "/var/lib/crater-agent-workspace/rustup-home:/opt/rustwide/rustup-home:ro,Z" "-e" "SOURCE_DIR=/opt/rustwide/workdir" "-e" "CARGO_TARGET_DIR=/opt/rustwide/target" "-e" "CARGO_INCREMENTAL=0" "-e" "RUST_BACKTRACE=full" "-e" "RUSTFLAGS=--cap-lints=warn" "-e" "RUSTDOCFLAGS=--cap-lints=warn" "-e" "CARGO_HOME=/opt/rustwide/cargo-home" "-e" "RUSTUP_HOME=/opt/rustwide/rustup-home" "-w" "/opt/rustwide/workdir" "-m" "1610612736" "--user" "0:0" "--network" "none" "ghcr.io/rust-lang/crates-build-env/linux@sha256:5ff2268d62e97bff2cde7d5815dd6ed5b47097566f13b8d0ca110b04b60e07ed" "/opt/rustwide/cargo-home/bin/cargo" "+1.69.0" "build" "--frozen" "--message-format=json", kill_on_drop: false }`
[INFO] [stdout] 0fcc8021d5b96e0b732d3cd1ef0dc75e575e8b1512545d6e46b9ea7f24ebf1ee
[INFO] running `Command { std: "docker" "start" "-a" "0fcc8021d5b96e0b732d3cd1ef0dc75e575e8b1512545d6e46b9ea7f24ebf1ee", kill_on_drop: false }`
[INFO] [stderr]    Compiling version_check v0.9.4
[INFO] [stderr]    Compiling syn v1.0.109
[INFO] [stderr]    Compiling hashbrown v0.12.3
[INFO] [stderr]    Compiling indexmap v1.9.3
[INFO] [stderr]    Compiling proc-macro-error-attr v1.0.4
[INFO] [stderr]    Compiling proc-macro-error v1.0.4
[INFO] [stderr]    Compiling rtic-macros v2.0.0-alpha.0 (/opt/rustwide/workdir)
[INFO] [stdout] error: No backend selected
[INFO] [stdout]  --> src/codegen/bindings.rs:6:1
[INFO] [stdout]   |
[INFO] [stdout] 6 | compile_error!("No backend selected");
[INFO] [stdout]   | ^^^^^^^^^^^^^^^^^^^^^^^^^^^^^^^^^^^^^
[INFO] [stdout] 
[INFO] [stdout] 
[INFO] [stdout] error[E0432]: unresolved import `crate::codegen::bindings::architecture_specific_analysis`
[INFO] [stdout]  --> src/check.rs:1:5
[INFO] [stdout]   |
[INFO] [stdout] 1 | use crate::codegen::bindings::architecture_specific_analysis;
[INFO] [stdout]   |     ^^^^^^^^^^^^^^^^^^^^^^^^^^^^^^^^^^^^^^^^^^^^^^^^^^^^^^^^ no `architecture_specific_analysis` in `codegen::bindings`
[INFO] [stdout] 
[INFO] [stdout] 
[INFO] [stdout] error[E0432]: unresolved import `super::bindings::extra_assertions`
[INFO] [stdout]  --> src/codegen/assertions.rs:4:5
[INFO] [stdout]   |
[INFO] [stdout] 4 | use super::bindings::extra_assertions;
[INFO] [stdout]   |     ^^^^^^^^^^^^^^^^^^^^^^^^^^^^^^^^^ no `extra_assertions` in `codegen::bindings`
[INFO] [stdout] 
[INFO] [stdout] 
[INFO] [stdout] error[E0432]: unresolved imports `crate::codegen::bindings::interrupt_entry`, `crate::codegen::bindings::interrupt_exit`
[INFO] [stdout]  --> src/codegen/async_dispatchers.rs:5:20
[INFO] [stdout]   |
[INFO] [stdout] 5 |         bindings::{interrupt_entry, interrupt_exit},
[INFO] [stdout]   |                    ^^^^^^^^^^^^^^^  ^^^^^^^^^^^^^^ no `interrupt_exit` in `codegen::bindings`
[INFO] [stdout]   |                    |
[INFO] [stdout]   |                    no `interrupt_entry` in `codegen::bindings`
[INFO] [stdout] 
[INFO] [stdout] 
[INFO] [stdout] error[E0432]: unresolved imports `crate::codegen::bindings::interrupt_entry`, `crate::codegen::bindings::interrupt_exit`
[INFO] [stdout]  --> src/codegen/hardware_tasks.rs:5:20
[INFO] [stdout]   |
[INFO] [stdout] 5 |         bindings::{interrupt_entry, interrupt_exit},
[INFO] [stdout]   |                    ^^^^^^^^^^^^^^^  ^^^^^^^^^^^^^^ no `interrupt_exit` in `codegen::bindings`
[INFO] [stdout]   |                    |
[INFO] [stdout]   |                    no `interrupt_entry` in `codegen::bindings`
[INFO] [stdout] 
[INFO] [stdout] 
[INFO] [stdout] error[E0432]: unresolved imports `super::bindings::pre_init_checks`, `super::bindings::pre_init_enable_interrupts`
[INFO] [stdout]  --> src/codegen/pre_init.rs:1:23
[INFO] [stdout]   |
[INFO] [stdout] 1 | use super::bindings::{pre_init_checks, pre_init_enable_interrupts};
[INFO] [stdout]   |                       ^^^^^^^^^^^^^^^  ^^^^^^^^^^^^^^^^^^^^^^^^^^ no `pre_init_enable_interrupts` in `codegen::bindings`
[INFO] [stdout]   |                       |
[INFO] [stdout]   |                       no `pre_init_checks` in `codegen::bindings`
[INFO] [stdout] 
[INFO] [stdout] 
[INFO] [stdout] error[E0432]: unresolved import `super::bindings::impl_mutex`
[INFO] [stdout]  --> src/codegen/shared_resources.rs:6:5
[INFO] [stdout]   |
[INFO] [stdout] 6 | use super::bindings::impl_mutex;
[INFO] [stdout]   |     ^^^^^^^^^^^^^^^^^^^^^^^^^^^ no `impl_mutex` in `codegen::bindings`
[INFO] [stdout] 
[INFO] [stdout] 
[INFO] [stdout] error[E0425]: cannot find function `async_prio_limit` in module `bindings`
[INFO] [stdout]   --> src/codegen.rs:48:33
[INFO] [stdout]    |
[INFO] [stdout] 48 |     let async_limit = bindings::async_prio_limit(app, analysis);
[INFO] [stdout]    |                                 ^^^^^^^^^^^^^^^^ not found in `bindings`
[INFO] [stdout] 
[INFO] [stdout] 
[INFO] [stdout] error: aborting due to 8 previous errors
[INFO] [stdout] 
[INFO] [stdout] 
[INFO] [stdout] Some errors have detailed explanations: E0425, E0432.
[INFO] [stdout] 
[INFO] [stdout] For more information about an error, try `rustc --explain E0425`.
[INFO] [stdout] 
[INFO] [stderr] error: could not compile `rtic-macros` due to 9 previous errors
[INFO] running `Command { std: "docker" "inspect" "0fcc8021d5b96e0b732d3cd1ef0dc75e575e8b1512545d6e46b9ea7f24ebf1ee", kill_on_drop: false }`
[INFO] running `Command { std: "docker" "rm" "-f" "0fcc8021d5b96e0b732d3cd1ef0dc75e575e8b1512545d6e46b9ea7f24ebf1ee", kill_on_drop: false }`
[INFO] [stdout] 0fcc8021d5b96e0b732d3cd1ef0dc75e575e8b1512545d6e46b9ea7f24ebf1ee
