[INFO] fetching crate rs-odbc 0.2.0...
[INFO] testing rs-odbc-0.2.0 against 1.69.0 for beta-1.70-1
[INFO] extracting crate rs-odbc 0.2.0 into /workspace/builds/worker-5-tc1/source
[INFO] validating manifest of crates.io crate rs-odbc 0.2.0 on toolchain 1.69.0
[INFO] running `Command { std: CARGO_HOME="/workspace/cargo-home" RUSTUP_HOME="/workspace/rustup-home" "/workspace/cargo-home/bin/cargo" "+1.69.0" "metadata" "--manifest-path" "Cargo.toml" "--no-deps", kill_on_drop: false }`
[INFO] started tweaking crates.io crate rs-odbc 0.2.0
[INFO] finished tweaking crates.io crate rs-odbc 0.2.0
[INFO] tweaked toml for crates.io crate rs-odbc 0.2.0 written to /workspace/builds/worker-5-tc1/source/Cargo.toml
[INFO] crate crates.io crate rs-odbc 0.2.0 already has a lockfile, it will not be regenerated
[INFO] running `Command { std: CARGO_HOME="/workspace/cargo-home" RUSTUP_HOME="/workspace/rustup-home" "/workspace/cargo-home/bin/cargo" "+1.69.0" "fetch" "--manifest-path" "Cargo.toml", kill_on_drop: false }`
[INFO] [stderr]  Downloading crates ...
[INFO] [stderr]   Downloaded fragile v1.2.1
[INFO] [stderr]   Downloaded trybuild v1.0.71
[INFO] [stderr]   Downloaded mockall_double v0.3.0
[INFO] [stderr]   Downloaded mockall_derive v0.11.2
[INFO] [stderr]   Downloaded mockall v0.11.2
[INFO] [stderr]   Downloaded rs-odbc_derive v0.1.0
[INFO] running `Command { std: "docker" "create" "-v" "/var/lib/crater-agent-workspace/builds/worker-5-tc1/target:/opt/rustwide/target:rw,Z" "-v" "/var/lib/crater-agent-workspace/builds/worker-5-tc1/source:/opt/rustwide/workdir:ro,Z" "-v" "/var/lib/crater-agent-workspace/cargo-home:/opt/rustwide/cargo-home:ro,Z" "-v" "/var/lib/crater-agent-workspace/rustup-home:/opt/rustwide/rustup-home:ro,Z" "-e" "SOURCE_DIR=/opt/rustwide/workdir" "-e" "CARGO_TARGET_DIR=/opt/rustwide/target" "-e" "CARGO_HOME=/opt/rustwide/cargo-home" "-e" "RUSTUP_HOME=/opt/rustwide/rustup-home" "-w" "/opt/rustwide/workdir" "-m" "1610612736" "--user" "0:0" "--network" "none" "ghcr.io/rust-lang/crates-build-env/linux@sha256:5ff2268d62e97bff2cde7d5815dd6ed5b47097566f13b8d0ca110b04b60e07ed" "/opt/rustwide/cargo-home/bin/cargo" "+1.69.0" "metadata" "--no-deps" "--format-version=1", kill_on_drop: false }`
[INFO] [stdout] 0841bd8684e2bc0cd064b90869b4c37b6706d5bdcc007c5de3c1821db1b2b1f4
[INFO] running `Command { std: "docker" "start" "-a" "0841bd8684e2bc0cd064b90869b4c37b6706d5bdcc007c5de3c1821db1b2b1f4", kill_on_drop: false }`
[INFO] running `Command { std: "docker" "inspect" "0841bd8684e2bc0cd064b90869b4c37b6706d5bdcc007c5de3c1821db1b2b1f4", kill_on_drop: false }`
[INFO] running `Command { std: "docker" "rm" "-f" "0841bd8684e2bc0cd064b90869b4c37b6706d5bdcc007c5de3c1821db1b2b1f4", kill_on_drop: false }`
[INFO] [stdout] 0841bd8684e2bc0cd064b90869b4c37b6706d5bdcc007c5de3c1821db1b2b1f4
[INFO] running `Command { std: "docker" "create" "-v" "/var/lib/crater-agent-workspace/builds/worker-5-tc1/target:/opt/rustwide/target:rw,Z" "-v" "/var/lib/crater-agent-workspace/builds/worker-5-tc1/source:/opt/rustwide/workdir:ro,Z" "-v" "/var/lib/crater-agent-workspace/cargo-home:/opt/rustwide/cargo-home:ro,Z" "-v" "/var/lib/crater-agent-workspace/rustup-home:/opt/rustwide/rustup-home:ro,Z" "-e" "SOURCE_DIR=/opt/rustwide/workdir" "-e" "CARGO_TARGET_DIR=/opt/rustwide/target" "-e" "CARGO_INCREMENTAL=0" "-e" "RUST_BACKTRACE=full" "-e" "RUSTFLAGS=--cap-lints=warn" "-e" "RUSTDOCFLAGS=--cap-lints=warn" "-e" "CARGO_HOME=/opt/rustwide/cargo-home" "-e" "RUSTUP_HOME=/opt/rustwide/rustup-home" "-w" "/opt/rustwide/workdir" "-m" "1610612736" "--user" "0:0" "--network" "none" "ghcr.io/rust-lang/crates-build-env/linux@sha256:5ff2268d62e97bff2cde7d5815dd6ed5b47097566f13b8d0ca110b04b60e07ed" "/opt/rustwide/cargo-home/bin/cargo" "+1.69.0" "build" "--frozen" "--message-format=json", kill_on_drop: false }`
[INFO] [stdout] 43a6e2521ec9432abe86ba271ed9285abb9468b437667494d5e3940ca2b1bcd9
[INFO] running `Command { std: "docker" "start" "-a" "43a6e2521ec9432abe86ba271ed9285abb9468b437667494d5e3940ca2b1bcd9", kill_on_drop: false }`
[INFO] [stderr]    Compiling proc-macro2 v1.0.46
[INFO] [stderr]    Compiling unicode-ident v1.0.5
[INFO] [stderr]    Compiling quote v1.0.21
[INFO] [stderr]    Compiling syn v1.0.102
[INFO] [stderr]    Compiling rs-odbc v0.2.0 (/opt/rustwide/workdir)
[INFO] [stderr]    Compiling cfg-if v1.0.0
[INFO] [stderr]    Compiling rs-odbc_derive v0.1.0
[INFO] [stderr]    Compiling mockall_double v0.3.0
[INFO] [stdout] warning: unused import: `SQL_OV_ODBC3`
[INFO] [stdout]  --> src/col.rs:2:31
[INFO] [stdout]   |
[INFO] [stdout] 2 | use crate::env::{OdbcVersion, SQL_OV_ODBC3, SQL_OV_ODBC3_80, SQL_OV_ODBC4};
[INFO] [stdout]   |                               ^^^^^^^^^^^^
[INFO] [stdout]   |
[INFO] [stdout]   = note: `#[warn(unused_imports)]` on by default
[INFO] [stdout] 
[INFO] [stdout] 
[INFO] [stdout] warning: zero-sized fields in `repr(transparent)` cannot contain external non-exhaustive types
[INFO] [stdout]    --> src/handle.rs:290:5
[INFO] [stdout]     |
[INFO] [stdout] 290 |     pub(crate) explicit_ard: Cell<PhantomData<&'desc UnsafeSQLHDESC<'desc, AppDesc<'buf>, V>>>,
[INFO] [stdout]     |     ^^^^^^^^^^^^^^^^^^^^^^^^^^^^^^^^^^^^^^^^^^^^^^^^^^^^^^^^^^^^^^^^^^^^^^^^^^^^^^^^^^^^^^^^^^
[INFO] [stdout]     |
[INFO] [stdout]     = warning: this was previously accepted by the compiler but is being phased out; it will become a hard error in a future release!
[INFO] [stdout]     = note: for more information, see issue #78586 <https://github.com/rust-lang/rust/issues/78586>
[INFO] [stdout]     = note: this struct contains `Cell<PhantomData<&'desc handle::UnsafeSQLHDESC<'desc, AppDesc<'buf>, V>>>`, which contains private fields, and makes it not a breaking change to become non-zero-sized in the future.
[INFO] [stdout]     = note: `#[warn(repr_transparent_external_private_fields)]` on by default
[INFO] [stdout] 
[INFO] [stdout] 
[INFO] [stdout] warning: zero-sized fields in `repr(transparent)` cannot contain external non-exhaustive types
[INFO] [stdout]    --> src/handle.rs:292:5
[INFO] [stdout]     |
[INFO] [stdout] 292 |     pub(crate) explicit_apd: Cell<PhantomData<&'desc UnsafeSQLHDESC<'desc, AppDesc<'buf>, V>>>,
[INFO] [stdout]     |     ^^^^^^^^^^^^^^^^^^^^^^^^^^^^^^^^^^^^^^^^^^^^^^^^^^^^^^^^^^^^^^^^^^^^^^^^^^^^^^^^^^^^^^^^^^
[INFO] [stdout]     |
[INFO] [stdout]     = warning: this was previously accepted by the compiler but is being phased out; it will become a hard error in a future release!
[INFO] [stdout]     = note: for more information, see issue #78586 <https://github.com/rust-lang/rust/issues/78586>
[INFO] [stdout]     = note: this struct contains `Cell<PhantomData<&'desc handle::UnsafeSQLHDESC<'desc, AppDesc<'buf>, V>>>`, which contains private fields, and makes it not a breaking change to become non-zero-sized in the future.
[INFO] [stdout] 
[INFO] [stdout] 
[INFO] [stdout] warning: fields `explicit_ard` and `explicit_apd` are never read
[INFO] [stdout]    --> src/handle.rs:290:16
[INFO] [stdout]     |
[INFO] [stdout] 269 | pub struct UnsafeSQLHSTMT<'conn, 'desc, 'buf, V: OdbcVersion = SQL_OV_ODBC3_80> {
[INFO] [stdout]     |            -------------- fields in this struct
[INFO] [stdout] ...
[INFO] [stdout] 290 |     pub(crate) explicit_ard: Cell<PhantomData<&'desc UnsafeSQLHDESC<'desc, AppDesc<'buf>, V>>>,
[INFO] [stdout]     |                ^^^^^^^^^^^^
[INFO] [stdout] 291 |     #[cfg(not(feature = "odbc_debug"))]
[INFO] [stdout] 292 |     pub(crate) explicit_apd: Cell<PhantomData<&'desc UnsafeSQLHDESC<'desc, AppDesc<'buf>, V>>>,
[INFO] [stdout]     |                ^^^^^^^^^^^^
[INFO] [stdout]     |
[INFO] [stdout]     = note: `UnsafeSQLHSTMT` has a derived impl for the trait `Debug`, but this is intentionally ignored during dead code analysis
[INFO] [stdout]     = note: `#[warn(dead_code)]` on by default
[INFO] [stdout] 
[INFO] [stdout] 
[INFO] [stdout] warning: 4 warnings emitted
[INFO] [stdout] 
[INFO] [stdout] 
[INFO] [stderr]     Finished dev [unoptimized + debuginfo] target(s) in 10.51s
[INFO] running `Command { std: "docker" "inspect" "43a6e2521ec9432abe86ba271ed9285abb9468b437667494d5e3940ca2b1bcd9", kill_on_drop: false }`
[INFO] running `Command { std: "docker" "rm" "-f" "43a6e2521ec9432abe86ba271ed9285abb9468b437667494d5e3940ca2b1bcd9", kill_on_drop: false }`
[INFO] [stdout] 43a6e2521ec9432abe86ba271ed9285abb9468b437667494d5e3940ca2b1bcd9
[INFO] running `Command { std: "docker" "create" "-v" "/var/lib/crater-agent-workspace/builds/worker-5-tc1/target:/opt/rustwide/target:rw,Z" "-v" "/var/lib/crater-agent-workspace/builds/worker-5-tc1/source:/opt/rustwide/workdir:ro,Z" "-v" "/var/lib/crater-agent-workspace/cargo-home:/opt/rustwide/cargo-home:ro,Z" "-v" "/var/lib/crater-agent-workspace/rustup-home:/opt/rustwide/rustup-home:ro,Z" "-e" "SOURCE_DIR=/opt/rustwide/workdir" "-e" "CARGO_TARGET_DIR=/opt/rustwide/target" "-e" "CARGO_INCREMENTAL=0" "-e" "RUST_BACKTRACE=full" "-e" "RUSTFLAGS=--cap-lints=warn" "-e" "RUSTDOCFLAGS=--cap-lints=warn" "-e" "CARGO_HOME=/opt/rustwide/cargo-home" "-e" "RUSTUP_HOME=/opt/rustwide/rustup-home" "-w" "/opt/rustwide/workdir" "-m" "1610612736" "--user" "0:0" "--network" "none" "ghcr.io/rust-lang/crates-build-env/linux@sha256:5ff2268d62e97bff2cde7d5815dd6ed5b47097566f13b8d0ca110b04b60e07ed" "/opt/rustwide/cargo-home/bin/cargo" "+1.69.0" "test" "--frozen" "--no-run" "--message-format=json", kill_on_drop: false }`
[INFO] [stdout] 8d2365c05b4c7e90d805a0ea8da23ac68ab9a3edbf89545df4509973234de5fe
[INFO] running `Command { std: "docker" "start" "-a" "8d2365c05b4c7e90d805a0ea8da23ac68ab9a3edbf89545df4509973234de5fe", kill_on_drop: false }`
[INFO] [stderr]    Compiling syn v1.0.102
[INFO] [stderr]    Compiling serde v1.0.145
[INFO] [stderr]    Compiling num-traits v0.2.15
[INFO] [stderr]    Compiling predicates-core v1.0.3
[INFO] [stderr]    Compiling either v1.8.0
[INFO] [stderr]    Compiling serde_derive v1.0.145
[INFO] [stderr]    Compiling aho-corasick v0.7.19
[INFO] [stderr]    Compiling regex-syntax v0.6.27
[INFO] [stderr]    Compiling serde_json v1.0.86
[INFO] [stderr]    Compiling itertools v0.10.5
[INFO] [stderr]    Compiling normalize-line-endings v0.3.0
[INFO] [stderr]    Compiling ryu v1.0.11
[INFO] [stderr]    Compiling trybuild v1.0.71
[INFO] [stderr]    Compiling difflib v0.4.0
[INFO] [stderr]    Compiling itoa v1.0.4
[INFO] [stderr]    Compiling termtree v0.2.4
[INFO] [stderr]    Compiling predicates-tree v1.0.5
[INFO] [stderr]    Compiling once_cell v1.15.0
[INFO] [stderr]    Compiling fragile v1.2.1
[INFO] [stderr]    Compiling glob v0.3.0
[INFO] [stderr]    Compiling float-cmp v0.9.0
[INFO] [stderr]    Compiling downcast v0.11.0
[INFO] [stderr]    Compiling termcolor v1.1.3
[INFO] [stderr]    Compiling regex v1.6.0
[INFO] [stderr]    Compiling predicates v2.1.1
[INFO] [stderr]    Compiling toml v0.5.9
[INFO] [stderr]    Compiling rs-odbc_derive v0.1.0
[INFO] [stderr]    Compiling mockall_double v0.3.0
[INFO] [stderr]    Compiling mockall_derive v0.11.2
[INFO] [stderr]    Compiling rs-odbc v0.2.0 (/opt/rustwide/workdir)
[INFO] [stdout] warning: unused import: `SQL_OV_ODBC3`
[INFO] [stdout]  --> src/col.rs:2:31
[INFO] [stdout]   |
[INFO] [stdout] 2 | use crate::env::{OdbcVersion, SQL_OV_ODBC3, SQL_OV_ODBC3_80, SQL_OV_ODBC4};
[INFO] [stdout]   |                               ^^^^^^^^^^^^
[INFO] [stdout]   |
[INFO] [stdout]   = note: `#[warn(unused_imports)]` on by default
[INFO] [stdout] 
[INFO] [stdout] 
[INFO] [stdout] warning: zero-sized fields in `repr(transparent)` cannot contain external non-exhaustive types
[INFO] [stdout]    --> src/handle.rs:290:5
[INFO] [stdout]     |
[INFO] [stdout] 290 |     pub(crate) explicit_ard: Cell<PhantomData<&'desc UnsafeSQLHDESC<'desc, AppDesc<'buf>, V>>>,
[INFO] [stdout]     |     ^^^^^^^^^^^^^^^^^^^^^^^^^^^^^^^^^^^^^^^^^^^^^^^^^^^^^^^^^^^^^^^^^^^^^^^^^^^^^^^^^^^^^^^^^^
[INFO] [stdout]     |
[INFO] [stdout]     = warning: this was previously accepted by the compiler but is being phased out; it will become a hard error in a future release!
[INFO] [stdout]     = note: for more information, see issue #78586 <https://github.com/rust-lang/rust/issues/78586>
[INFO] [stdout]     = note: this struct contains `Cell<PhantomData<&'desc handle::UnsafeSQLHDESC<'desc, AppDesc<'buf>, V>>>`, which contains private fields, and makes it not a breaking change to become non-zero-sized in the future.
[INFO] [stdout]     = note: `#[warn(repr_transparent_external_private_fields)]` on by default
[INFO] [stdout] 
[INFO] [stdout] 
[INFO] [stdout] warning: zero-sized fields in `repr(transparent)` cannot contain external non-exhaustive types
[INFO] [stdout]    --> src/handle.rs:292:5
[INFO] [stdout]     |
[INFO] [stdout] 292 |     pub(crate) explicit_apd: Cell<PhantomData<&'desc UnsafeSQLHDESC<'desc, AppDesc<'buf>, V>>>,
[INFO] [stdout]     |     ^^^^^^^^^^^^^^^^^^^^^^^^^^^^^^^^^^^^^^^^^^^^^^^^^^^^^^^^^^^^^^^^^^^^^^^^^^^^^^^^^^^^^^^^^^
[INFO] [stdout]     |
[INFO] [stdout]     = warning: this was previously accepted by the compiler but is being phased out; it will become a hard error in a future release!
[INFO] [stdout]     = note: for more information, see issue #78586 <https://github.com/rust-lang/rust/issues/78586>
[INFO] [stdout]     = note: this struct contains `Cell<PhantomData<&'desc handle::UnsafeSQLHDESC<'desc, AppDesc<'buf>, V>>>`, which contains private fields, and makes it not a breaking change to become non-zero-sized in the future.
[INFO] [stdout] 
[INFO] [stdout] 
[INFO] [stdout] warning: fields `explicit_ard` and `explicit_apd` are never read
[INFO] [stdout]    --> src/handle.rs:290:16
[INFO] [stdout]     |
[INFO] [stdout] 269 | pub struct UnsafeSQLHSTMT<'conn, 'desc, 'buf, V: OdbcVersion = SQL_OV_ODBC3_80> {
[INFO] [stdout]     |            -------------- fields in this struct
[INFO] [stdout] ...
[INFO] [stdout] 290 |     pub(crate) explicit_ard: Cell<PhantomData<&'desc UnsafeSQLHDESC<'desc, AppDesc<'buf>, V>>>,
[INFO] [stdout]     |                ^^^^^^^^^^^^
[INFO] [stdout] 291 |     #[cfg(not(feature = "odbc_debug"))]
[INFO] [stdout] 292 |     pub(crate) explicit_apd: Cell<PhantomData<&'desc UnsafeSQLHDESC<'desc, AppDesc<'buf>, V>>>,
[INFO] [stdout]     |                ^^^^^^^^^^^^
[INFO] [stdout]     |
[INFO] [stdout]     = note: `UnsafeSQLHSTMT` has a derived impl for the trait `Debug`, but this is intentionally ignored during dead code analysis
[INFO] [stdout]     = note: `#[warn(dead_code)]` on by default
[INFO] [stdout] 
[INFO] [stdout] 
[INFO] [stdout] warning: 4 warnings emitted
[INFO] [stdout] 
[INFO] [stdout] 
[INFO] [stderr]    Compiling mockall v0.11.2
[INFO] [stdout] error: linking with `cc` failed: exit status: 1
[INFO] [stdout]   |
[INFO] [stdout]   = note: LC_ALL="C" PATH="/opt/rustwide/rustup-home/toolchains/1.69.0-x86_64-unknown-linux-gnu/lib/rustlib/x86_64-unknown-linux-gnu/bin:/opt/rustwide/cargo-home/bin:/usr/local/sbin:/usr/local/bin:/usr/sbin:/usr/bin:/sbin:/bin" VSLANG="1033" "cc" "-m64" "/tmp/rustcXnhBYn/symbols.o" "/opt/rustwide/target/debug/examples/read_from_table-c297e56dc82b61bc.read_from_table.ffebde48-cgu.0.rcgu.o" "/opt/rustwide/target/debug/examples/read_from_table-c297e56dc82b61bc.read_from_table.ffebde48-cgu.1.rcgu.o" "/opt/rustwide/target/debug/examples/read_from_table-c297e56dc82b61bc.read_from_table.ffebde48-cgu.10.rcgu.o" "/opt/rustwide/target/debug/examples/read_from_table-c297e56dc82b61bc.read_from_table.ffebde48-cgu.11.rcgu.o" "/opt/rustwide/target/debug/examples/read_from_table-c297e56dc82b61bc.read_from_table.ffebde48-cgu.12.rcgu.o" "/opt/rustwide/target/debug/examples/read_from_table-c297e56dc82b61bc.read_from_table.ffebde48-cgu.13.rcgu.o" "/opt/rustwide/target/debug/examples/read_from_table-c297e56dc82b61bc.read_from_table.ffebde48-cgu.14.rcgu.o" "/opt/rustwide/target/debug/examples/read_from_table-c297e56dc82b61bc.read_from_table.ffebde48-cgu.15.rcgu.o" "/opt/rustwide/target/debug/examples/read_from_table-c297e56dc82b61bc.read_from_table.ffebde48-cgu.2.rcgu.o" "/opt/rustwide/target/debug/examples/read_from_table-c297e56dc82b61bc.read_from_table.ffebde48-cgu.3.rcgu.o" "/opt/rustwide/target/debug/examples/read_from_table-c297e56dc82b61bc.read_from_table.ffebde48-cgu.4.rcgu.o" "/opt/rustwide/target/debug/examples/read_from_table-c297e56dc82b61bc.read_from_table.ffebde48-cgu.5.rcgu.o" "/opt/rustwide/target/debug/examples/read_from_table-c297e56dc82b61bc.read_from_table.ffebde48-cgu.6.rcgu.o" "/opt/rustwide/target/debug/examples/read_from_table-c297e56dc82b61bc.read_from_table.ffebde48-cgu.7.rcgu.o" "/opt/rustwide/target/debug/examples/read_from_table-c297e56dc82b61bc.read_from_table.ffebde48-cgu.8.rcgu.o" "/opt/rustwide/target/debug/examples/read_from_table-c297e56dc82b61bc.read_from_table.ffebde48-cgu.9.rcgu.o" "/opt/rustwide/target/debug/examples/read_from_table-c297e56dc82b61bc.10auxbunverb4epk.rcgu.o" "-Wl,--as-needed" "-L" "/opt/rustwide/target/debug/deps" "-L" "/opt/rustwide/rustup-home/toolchains/1.69.0-x86_64-unknown-linux-gnu/lib/rustlib/x86_64-unknown-linux-gnu/lib" "-Wl,-Bstatic" "/opt/rustwide/target/debug/deps/librs_odbc-e45831b63803e001.rlib" "/opt/rustwide/rustup-home/toolchains/1.69.0-x86_64-unknown-linux-gnu/lib/rustlib/x86_64-unknown-linux-gnu/lib/libstd-89bc084783fdc439.rlib" "/opt/rustwide/rustup-home/toolchains/1.69.0-x86_64-unknown-linux-gnu/lib/rustlib/x86_64-unknown-linux-gnu/lib/libpanic_unwind-8bee4b287d4367c1.rlib" "/opt/rustwide/rustup-home/toolchains/1.69.0-x86_64-unknown-linux-gnu/lib/rustlib/x86_64-unknown-linux-gnu/lib/libobject-d61707aed80694c0.rlib" "/opt/rustwide/rustup-home/toolchains/1.69.0-x86_64-unknown-linux-gnu/lib/rustlib/x86_64-unknown-linux-gnu/lib/libmemchr-d85366256f22345b.rlib" "/opt/rustwide/rustup-home/toolchains/1.69.0-x86_64-unknown-linux-gnu/lib/rustlib/x86_64-unknown-linux-gnu/lib/libaddr2line-96069b86b8a8cae9.rlib" "/opt/rustwide/rustup-home/toolchains/1.69.0-x86_64-unknown-linux-gnu/lib/rustlib/x86_64-unknown-linux-gnu/lib/libgimli-d19d53abf68dfa6c.rlib" "/opt/rustwide/rustup-home/toolchains/1.69.0-x86_64-unknown-linux-gnu/lib/rustlib/x86_64-unknown-linux-gnu/lib/librustc_demangle-787cbccd19d64ac6.rlib" "/opt/rustwide/rustup-home/toolchains/1.69.0-x86_64-unknown-linux-gnu/lib/rustlib/x86_64-unknown-linux-gnu/lib/libstd_detect-b3837a36b830e0d0.rlib" "/opt/rustwide/rustup-home/toolchains/1.69.0-x86_64-unknown-linux-gnu/lib/rustlib/x86_64-unknown-linux-gnu/lib/libhashbrown-e3deb0e7e3f04966.rlib" "/opt/rustwide/rustup-home/toolchains/1.69.0-x86_64-unknown-linux-gnu/lib/rustlib/x86_64-unknown-linux-gnu/lib/libminiz_oxide-dabbb79c9815def4.rlib" "/opt/rustwide/rustup-home/toolchains/1.69.0-x86_64-unknown-linux-gnu/lib/rustlib/x86_64-unknown-linux-gnu/lib/libadler-305b01f34c9409f2.rlib" "/opt/rustwide/rustup-home/toolchains/1.69.0-x86_64-unknown-linux-gnu/lib/rustlib/x86_64-unknown-linux-gnu/lib/librustc_std_workspace_alloc-f833521df6074e73.rlib" "/opt/rustwide/rustup-home/toolchains/1.69.0-x86_64-unknown-linux-gnu/lib/rustlib/x86_64-unknown-linux-gnu/lib/libunwind-9ac333113350d171.rlib" "/opt/rustwide/rustup-home/toolchains/1.69.0-x86_64-unknown-linux-gnu/lib/rustlib/x86_64-unknown-linux-gnu/lib/libcfg_if-1c126114322d0eee.rlib" "/opt/rustwide/rustup-home/toolchains/1.69.0-x86_64-unknown-linux-gnu/lib/rustlib/x86_64-unknown-linux-gnu/lib/liblibc-bad9164fdeeecf92.rlib" "/opt/rustwide/rustup-home/toolchains/1.69.0-x86_64-unknown-linux-gnu/lib/rustlib/x86_64-unknown-linux-gnu/lib/liballoc-f9374b1e480fa681.rlib" "/opt/rustwide/rustup-home/toolchains/1.69.0-x86_64-unknown-linux-gnu/lib/rustlib/x86_64-unknown-linux-gnu/lib/librustc_std_workspace_core-207f06e41d9603af.rlib" "/opt/rustwide/rustup-home/toolchains/1.69.0-x86_64-unknown-linux-gnu/lib/rustlib/x86_64-unknown-linux-gnu/lib/libcore-7e2768e66e984e85.rlib" "/opt/rustwide/rustup-home/toolchains/1.69.0-x86_64-unknown-linux-gnu/lib/rustlib/x86_64-unknown-linux-gnu/lib/libcompiler_builtins-957b4aff41f8cd46.rlib" "-Wl,-Bdynamic" "-lodbc" "-lgcc_s" "-lutil" "-lrt" "-lpthread" "-lm" "-ldl" "-lc" "-Wl,--eh-frame-hdr" "-Wl,-z,noexecstack" "-L" "/opt/rustwide/rustup-home/toolchains/1.69.0-x86_64-unknown-linux-gnu/lib/rustlib/x86_64-unknown-linux-gnu/lib" "-o" "/opt/rustwide/target/debug/examples/read_from_table-c297e56dc82b61bc" "-Wl,--gc-sections" "-pie" "-Wl,-z,relro,-z,now" "-nodefaultlibs"
[INFO] [stdout]   = note: /usr/bin/ld: cannot find -lodbc: No such file or directory
[INFO] [stdout]           collect2: error: ld returned 1 exit status
[INFO] [stdout]           
[INFO] [stdout] 
[INFO] [stdout] 
[INFO] [stdout] error: linking with `cc` failed: exit status: 1
[INFO] [stdout]   |
[INFO] [stdout]   = note: LC_ALL="C" PATH="/opt/rustwide/rustup-home/toolchains/1.69.0-x86_64-unknown-linux-gnu/lib/rustlib/x86_64-unknown-linux-gnu/bin:/opt/rustwide/cargo-home/bin:/usr/local/sbin:/usr/local/bin:/usr/sbin:/usr/bin:/sbin:/bin" VSLANG="1033" "cc" "-m64" "/tmp/rustcktBqEJ/symbols.o" "/opt/rustwide/target/debug/examples/num_cols-2a523822eeb30886.num_cols.1a094342-cgu.0.rcgu.o" "/opt/rustwide/target/debug/examples/num_cols-2a523822eeb30886.num_cols.1a094342-cgu.1.rcgu.o" "/opt/rustwide/target/debug/examples/num_cols-2a523822eeb30886.num_cols.1a094342-cgu.10.rcgu.o" "/opt/rustwide/target/debug/examples/num_cols-2a523822eeb30886.num_cols.1a094342-cgu.11.rcgu.o" "/opt/rustwide/target/debug/examples/num_cols-2a523822eeb30886.num_cols.1a094342-cgu.12.rcgu.o" "/opt/rustwide/target/debug/examples/num_cols-2a523822eeb30886.num_cols.1a094342-cgu.13.rcgu.o" "/opt/rustwide/target/debug/examples/num_cols-2a523822eeb30886.num_cols.1a094342-cgu.14.rcgu.o" "/opt/rustwide/target/debug/examples/num_cols-2a523822eeb30886.num_cols.1a094342-cgu.15.rcgu.o" "/opt/rustwide/target/debug/examples/num_cols-2a523822eeb30886.num_cols.1a094342-cgu.2.rcgu.o" "/opt/rustwide/target/debug/examples/num_cols-2a523822eeb30886.num_cols.1a094342-cgu.3.rcgu.o" "/opt/rustwide/target/debug/examples/num_cols-2a523822eeb30886.num_cols.1a094342-cgu.4.rcgu.o" "/opt/rustwide/target/debug/examples/num_cols-2a523822eeb30886.num_cols.1a094342-cgu.5.rcgu.o" "/opt/rustwide/target/debug/examples/num_cols-2a523822eeb30886.num_cols.1a094342-cgu.6.rcgu.o" "/opt/rustwide/target/debug/examples/num_cols-2a523822eeb30886.num_cols.1a094342-cgu.7.rcgu.o" "/opt/rustwide/target/debug/examples/num_cols-2a523822eeb30886.num_cols.1a094342-cgu.8.rcgu.o" "/opt/rustwide/target/debug/examples/num_cols-2a523822eeb30886.num_cols.1a094342-cgu.9.rcgu.o" "/opt/rustwide/target/debug/examples/num_cols-2a523822eeb30886.3g22gog5ihdbttvq.rcgu.o" "-Wl,--as-needed" "-L" "/opt/rustwide/target/debug/deps" "-L" "/opt/rustwide/rustup-home/toolchains/1.69.0-x86_64-unknown-linux-gnu/lib/rustlib/x86_64-unknown-linux-gnu/lib" "-Wl,-Bstatic" "/opt/rustwide/target/debug/deps/librs_odbc-e45831b63803e001.rlib" "/opt/rustwide/rustup-home/toolchains/1.69.0-x86_64-unknown-linux-gnu/lib/rustlib/x86_64-unknown-linux-gnu/lib/libstd-89bc084783fdc439.rlib" "/opt/rustwide/rustup-home/toolchains/1.69.0-x86_64-unknown-linux-gnu/lib/rustlib/x86_64-unknown-linux-gnu/lib/libpanic_unwind-8bee4b287d4367c1.rlib" "/opt/rustwide/rustup-home/toolchains/1.69.0-x86_64-unknown-linux-gnu/lib/rustlib/x86_64-unknown-linux-gnu/lib/libobject-d61707aed80694c0.rlib" "/opt/rustwide/rustup-home/toolchains/1.69.0-x86_64-unknown-linux-gnu/lib/rustlib/x86_64-unknown-linux-gnu/lib/libmemchr-d85366256f22345b.rlib" "/opt/rustwide/rustup-home/toolchains/1.69.0-x86_64-unknown-linux-gnu/lib/rustlib/x86_64-unknown-linux-gnu/lib/libaddr2line-96069b86b8a8cae9.rlib" "/opt/rustwide/rustup-home/toolchains/1.69.0-x86_64-unknown-linux-gnu/lib/rustlib/x86_64-unknown-linux-gnu/lib/libgimli-d19d53abf68dfa6c.rlib" "/opt/rustwide/rustup-home/toolchains/1.69.0-x86_64-unknown-linux-gnu/lib/rustlib/x86_64-unknown-linux-gnu/lib/librustc_demangle-787cbccd19d64ac6.rlib" "/opt/rustwide/rustup-home/toolchains/1.69.0-x86_64-unknown-linux-gnu/lib/rustlib/x86_64-unknown-linux-gnu/lib/libstd_detect-b3837a36b830e0d0.rlib" "/opt/rustwide/rustup-home/toolchains/1.69.0-x86_64-unknown-linux-gnu/lib/rustlib/x86_64-unknown-linux-gnu/lib/libhashbrown-e3deb0e7e3f04966.rlib" "/opt/rustwide/rustup-home/toolchains/1.69.0-x86_64-unknown-linux-gnu/lib/rustlib/x86_64-unknown-linux-gnu/lib/libminiz_oxide-dabbb79c9815def4.rlib" "/opt/rustwide/rustup-home/toolchains/1.69.0-x86_64-unknown-linux-gnu/lib/rustlib/x86_64-unknown-linux-gnu/lib/libadler-305b01f34c9409f2.rlib" "/opt/rustwide/rustup-home/toolchains/1.69.0-x86_64-unknown-linux-gnu/lib/rustlib/x86_64-unknown-linux-gnu/lib/librustc_std_workspace_alloc-f833521df6074e73.rlib" "/opt/rustwide/rustup-home/toolchains/1.69.0-x86_64-unknown-linux-gnu/lib/rustlib/x86_64-unknown-linux-gnu/lib/libunwind-9ac333113350d171.rlib" "/opt/rustwide/rustup-home/toolchains/1.69.0-x86_64-unknown-linux-gnu/lib/rustlib/x86_64-unknown-linux-gnu/lib/libcfg_if-1c126114322d0eee.rlib" "/opt/rustwide/rustup-home/toolchains/1.69.0-x86_64-unknown-linux-gnu/lib/rustlib/x86_64-unknown-linux-gnu/lib/liblibc-bad9164fdeeecf92.rlib" "/opt/rustwide/rustup-home/toolchains/1.69.0-x86_64-unknown-linux-gnu/lib/rustlib/x86_64-unknown-linux-gnu/lib/liballoc-f9374b1e480fa681.rlib" "/opt/rustwide/rustup-home/toolchains/1.69.0-x86_64-unknown-linux-gnu/lib/rustlib/x86_64-unknown-linux-gnu/lib/librustc_std_workspace_core-207f06e41d9603af.rlib" "/opt/rustwide/rustup-home/toolchains/1.69.0-x86_64-unknown-linux-gnu/lib/rustlib/x86_64-unknown-linux-gnu/lib/libcore-7e2768e66e984e85.rlib" "/opt/rustwide/rustup-home/toolchains/1.69.0-x86_64-unknown-linux-gnu/lib/rustlib/x86_64-unknown-linux-gnu/lib/libcompiler_builtins-957b4aff41f8cd46.rlib" "-Wl,-Bdynamic" "-lodbc" "-lgcc_s" "-lutil" "-lrt" "-lpthread" "-lm" "-ldl" "-lc" "-Wl,--eh-frame-hdr" "-Wl,-z,noexecstack" "-L" "/opt/rustwide/rustup-home/toolchains/1.69.0-x86_64-unknown-linux-gnu/lib/rustlib/x86_64-unknown-linux-gnu/lib" "-o" "/opt/rustwide/target/debug/examples/num_cols-2a523822eeb30886" "-Wl,--gc-sections" "-pie" "-Wl,-z,relro,-z,now" "-nodefaultlibs"
[INFO] [stdout]   = note: /usr/bin/ld: cannot find -lodbc: No such file or directory
[INFO] [stdout]           collect2: error: ld returned 1 exit status
[INFO] [stdout]           
[INFO] [stdout] 
[INFO] [stdout] 
[INFO] [stdout] error: aborting due to previous error
[INFO] [stdout] 
[INFO] [stdout] 
[INFO] [stderr] error: could not compile `rs-odbc` due to 2 previous errors
[INFO] [stdout] error: aborting due to previous error
[INFO] [stdout] 
[INFO] [stdout] 
[INFO] [stderr] warning: build failed, waiting for other jobs to finish...
[INFO] [stderr] error: could not compile `rs-odbc` due to 2 previous errors
[INFO] [stdout] error: linking with `cc` failed: exit status: 1
[INFO] [stdout]   |
[INFO] [stdout]   = note: LC_ALL="C" PATH="/opt/rustwide/rustup-home/toolchains/1.69.0-x86_64-unknown-linux-gnu/lib/rustlib/x86_64-unknown-linux-gnu/bin:/opt/rustwide/cargo-home/bin:/usr/local/sbin:/usr/local/bin:/usr/sbin:/usr/bin:/sbin:/bin" VSLANG="1033" "cc" "-m64" "/tmp/rustcBLByn2/symbols.o" "/opt/rustwide/target/debug/deps/integration-af5f6cf3534b9f7a.integration.2d273d8e-cgu.0.rcgu.o" "/opt/rustwide/target/debug/deps/integration-af5f6cf3534b9f7a.integration.2d273d8e-cgu.1.rcgu.o" "/opt/rustwide/target/debug/deps/integration-af5f6cf3534b9f7a.integration.2d273d8e-cgu.10.rcgu.o" "/opt/rustwide/target/debug/deps/integration-af5f6cf3534b9f7a.integration.2d273d8e-cgu.11.rcgu.o" "/opt/rustwide/target/debug/deps/integration-af5f6cf3534b9f7a.integration.2d273d8e-cgu.12.rcgu.o" "/opt/rustwide/target/debug/deps/integration-af5f6cf3534b9f7a.integration.2d273d8e-cgu.13.rcgu.o" "/opt/rustwide/target/debug/deps/integration-af5f6cf3534b9f7a.integration.2d273d8e-cgu.14.rcgu.o" "/opt/rustwide/target/debug/deps/integration-af5f6cf3534b9f7a.integration.2d273d8e-cgu.15.rcgu.o" "/opt/rustwide/target/debug/deps/integration-af5f6cf3534b9f7a.integration.2d273d8e-cgu.2.rcgu.o" "/opt/rustwide/target/debug/deps/integration-af5f6cf3534b9f7a.integration.2d273d8e-cgu.3.rcgu.o" "/opt/rustwide/target/debug/deps/integration-af5f6cf3534b9f7a.integration.2d273d8e-cgu.4.rcgu.o" "/opt/rustwide/target/debug/deps/integration-af5f6cf3534b9f7a.integration.2d273d8e-cgu.5.rcgu.o" "/opt/rustwide/target/debug/deps/integration-af5f6cf3534b9f7a.integration.2d273d8e-cgu.6.rcgu.o" "/opt/rustwide/target/debug/deps/integration-af5f6cf3534b9f7a.integration.2d273d8e-cgu.7.rcgu.o" "/opt/rustwide/target/debug/deps/integration-af5f6cf3534b9f7a.integration.2d273d8e-cgu.8.rcgu.o" "/opt/rustwide/target/debug/deps/integration-af5f6cf3534b9f7a.integration.2d273d8e-cgu.9.rcgu.o" "/opt/rustwide/target/debug/deps/integration-af5f6cf3534b9f7a.2cbset39naih3db5.rcgu.o" "-Wl,--as-needed" "-L" "/opt/rustwide/target/debug/deps" "-L" "/opt/rustwide/rustup-home/toolchains/1.69.0-x86_64-unknown-linux-gnu/lib/rustlib/x86_64-unknown-linux-gnu/lib" "-Wl,-Bstatic" "/opt/rustwide/rustup-home/toolchains/1.69.0-x86_64-unknown-linux-gnu/lib/rustlib/x86_64-unknown-linux-gnu/lib/libtest-7791a6353d4a7929.rlib" "/opt/rustwide/rustup-home/toolchains/1.69.0-x86_64-unknown-linux-gnu/lib/rustlib/x86_64-unknown-linux-gnu/lib/libgetopts-7b17724e9ce90a72.rlib" "/opt/rustwide/rustup-home/toolchains/1.69.0-x86_64-unknown-linux-gnu/lib/rustlib/x86_64-unknown-linux-gnu/lib/libunicode_width-596f8ce9d30a755e.rlib" "/opt/rustwide/rustup-home/toolchains/1.69.0-x86_64-unknown-linux-gnu/lib/rustlib/x86_64-unknown-linux-gnu/lib/librustc_std_workspace_std-da04f86254de594f.rlib" "/opt/rustwide/target/debug/deps/librs_odbc-e45831b63803e001.rlib" "/opt/rustwide/rustup-home/toolchains/1.69.0-x86_64-unknown-linux-gnu/lib/rustlib/x86_64-unknown-linux-gnu/lib/libstd-89bc084783fdc439.rlib" "/opt/rustwide/rustup-home/toolchains/1.69.0-x86_64-unknown-linux-gnu/lib/rustlib/x86_64-unknown-linux-gnu/lib/libpanic_unwind-8bee4b287d4367c1.rlib" "/opt/rustwide/rustup-home/toolchains/1.69.0-x86_64-unknown-linux-gnu/lib/rustlib/x86_64-unknown-linux-gnu/lib/libobject-d61707aed80694c0.rlib" "/opt/rustwide/rustup-home/toolchains/1.69.0-x86_64-unknown-linux-gnu/lib/rustlib/x86_64-unknown-linux-gnu/lib/libmemchr-d85366256f22345b.rlib" "/opt/rustwide/rustup-home/toolchains/1.69.0-x86_64-unknown-linux-gnu/lib/rustlib/x86_64-unknown-linux-gnu/lib/libaddr2line-96069b86b8a8cae9.rlib" "/opt/rustwide/rustup-home/toolchains/1.69.0-x86_64-unknown-linux-gnu/lib/rustlib/x86_64-unknown-linux-gnu/lib/libgimli-d19d53abf68dfa6c.rlib" "/opt/rustwide/rustup-home/toolchains/1.69.0-x86_64-unknown-linux-gnu/lib/rustlib/x86_64-unknown-linux-gnu/lib/librustc_demangle-787cbccd19d64ac6.rlib" "/opt/rustwide/rustup-home/toolchains/1.69.0-x86_64-unknown-linux-gnu/lib/rustlib/x86_64-unknown-linux-gnu/lib/libstd_detect-b3837a36b830e0d0.rlib" "/opt/rustwide/rustup-home/toolchains/1.69.0-x86_64-unknown-linux-gnu/lib/rustlib/x86_64-unknown-linux-gnu/lib/libhashbrown-e3deb0e7e3f04966.rlib" "/opt/rustwide/rustup-home/toolchains/1.69.0-x86_64-unknown-linux-gnu/lib/rustlib/x86_64-unknown-linux-gnu/lib/libminiz_oxide-dabbb79c9815def4.rlib" "/opt/rustwide/rustup-home/toolchains/1.69.0-x86_64-unknown-linux-gnu/lib/rustlib/x86_64-unknown-linux-gnu/lib/libadler-305b01f34c9409f2.rlib" "/opt/rustwide/rustup-home/toolchains/1.69.0-x86_64-unknown-linux-gnu/lib/rustlib/x86_64-unknown-linux-gnu/lib/librustc_std_workspace_alloc-f833521df6074e73.rlib" "/opt/rustwide/rustup-home/toolchains/1.69.0-x86_64-unknown-linux-gnu/lib/rustlib/x86_64-unknown-linux-gnu/lib/libunwind-9ac333113350d171.rlib" "/opt/rustwide/rustup-home/toolchains/1.69.0-x86_64-unknown-linux-gnu/lib/rustlib/x86_64-unknown-linux-gnu/lib/libcfg_if-1c126114322d0eee.rlib" "/opt/rustwide/rustup-home/toolchains/1.69.0-x86_64-unknown-linux-gnu/lib/rustlib/x86_64-unknown-linux-gnu/lib/liblibc-bad9164fdeeecf92.rlib" "/opt/rustwide/rustup-home/toolchains/1.69.0-x86_64-unknown-linux-gnu/lib/rustlib/x86_64-unknown-linux-gnu/lib/liballoc-f9374b1e480fa681.rlib" "/opt/rustwide/rustup-home/toolchains/1.69.0-x86_64-unknown-linux-gnu/lib/rustlib/x86_64-unknown-linux-gnu/lib/librustc_std_workspace_core-207f06e41d9603af.rlib" "/opt/rustwide/rustup-home/toolchains/1.69.0-x86_64-unknown-linux-gnu/lib/rustlib/x86_64-unknown-linux-gnu/lib/libcore-7e2768e66e984e85.rlib" "/opt/rustwide/rustup-home/toolchains/1.69.0-x86_64-unknown-linux-gnu/lib/rustlib/x86_64-unknown-linux-gnu/lib/libcompiler_builtins-957b4aff41f8cd46.rlib" "-Wl,-Bdynamic" "-lodbc" "-lgcc_s" "-lutil" "-lrt" "-lpthread" "-lm" "-ldl" "-lc" "-Wl,--eh-frame-hdr" "-Wl,-z,noexecstack" "-L" "/opt/rustwide/rustup-home/toolchains/1.69.0-x86_64-unknown-linux-gnu/lib/rustlib/x86_64-unknown-linux-gnu/lib" "-o" "/opt/rustwide/target/debug/deps/integration-af5f6cf3534b9f7a" "-Wl,--gc-sections" "-pie" "-Wl,-z,relro,-z,now" "-nodefaultlibs"
[INFO] [stdout]   = note: /usr/bin/ld: cannot find -lodbc: No such file or directory
[INFO] [stdout]           collect2: error: ld returned 1 exit status
[INFO] [stdout]           
[INFO] [stdout] 
[INFO] [stdout] 
[INFO] [stdout] error: aborting due to previous error
[INFO] [stdout] 
[INFO] [stdout] 
[INFO] [stderr] error: could not compile `rs-odbc` due to 2 previous errors
[INFO] [stdout] warning: unused import: `SQL_OV_ODBC3`
[INFO] [stdout]  --> src/col.rs:2:31
[INFO] [stdout]   |
[INFO] [stdout] 2 | use crate::env::{OdbcVersion, SQL_OV_ODBC3, SQL_OV_ODBC3_80, SQL_OV_ODBC4};
[INFO] [stdout]   |                               ^^^^^^^^^^^^
[INFO] [stdout]   |
[INFO] [stdout]   = note: `#[warn(unused_imports)]` on by default
[INFO] [stdout] 
[INFO] [stdout] 
[INFO] [stdout] warning: unused import: `super::*`
[INFO] [stdout]    --> src/conn.rs:487:9
[INFO] [stdout]     |
[INFO] [stdout] 487 |     use super::*;
[INFO] [stdout]     |         ^^^^^^^^
[INFO] [stdout] 
[INFO] [stdout] 
[INFO] [stdout] warning: unused import: `crate::api::mock_ffi as ffi`
[INFO] [stdout]    --> src/conn.rs:488:9
[INFO] [stdout]     |
[INFO] [stdout] 488 |     use crate::api::mock_ffi as ffi;
[INFO] [stdout]     |         ^^^^^^^^^^^^^^^^^^^^^^^^^^^
[INFO] [stdout] 
[INFO] [stdout] 
[INFO] [stdout] warning: unused import: `crate::api::Allocate`
[INFO] [stdout]    --> src/conn.rs:489:9
[INFO] [stdout]     |
[INFO] [stdout] 489 |     use crate::api::Allocate;
[INFO] [stdout]     |         ^^^^^^^^^^^^^^^^^^^^
[INFO] [stdout] 
[INFO] [stdout] 
[INFO] [stdout] warning: unused import: `crate::env::SQL_OV_ODBC3_80`
[INFO] [stdout]    --> src/conn.rs:490:9
[INFO] [stdout]     |
[INFO] [stdout] 490 |     use crate::env::SQL_OV_ODBC3_80;
[INFO] [stdout]     |         ^^^^^^^^^^^^^^^^^^^^^^^^^^^
[INFO] [stdout] 
[INFO] [stdout] 
[INFO] [stdout] warning: unused import: `crate::handle::SQLHANDLE`
[INFO] [stdout]    --> src/conn.rs:491:9
[INFO] [stdout]     |
[INFO] [stdout] 491 |     use crate::handle::SQLHANDLE;
[INFO] [stdout]     |         ^^^^^^^^^^^^^^^^^^^^^^^^
[INFO] [stdout] 
[INFO] [stdout] 
[INFO] [stdout] warning: unused import: `crate::sqlreturn::SQL_SUCCESS`
[INFO] [stdout]    --> src/conn.rs:492:9
[INFO] [stdout]     |
[INFO] [stdout] 492 |     use crate::sqlreturn::SQL_SUCCESS;
[INFO] [stdout]     |         ^^^^^^^^^^^^^^^^^^^^^^^^^^^^^
[INFO] [stdout] 
[INFO] [stdout] 
[INFO] [stdout] warning: unused import: `crate::stmt::SQL_ASYNC_ENABLE_OFF`
[INFO] [stdout]    --> src/conn.rs:493:9
[INFO] [stdout]     |
[INFO] [stdout] 493 |     use crate::stmt::SQL_ASYNC_ENABLE_OFF;
[INFO] [stdout]     |         ^^^^^^^^^^^^^^^^^^^^^^^^^^^^^^^^^
[INFO] [stdout] 
[INFO] [stdout] 
[INFO] [stdout] warning: unused import: `crate::SQL_TRUE`
[INFO] [stdout]    --> src/conn.rs:494:9
[INFO] [stdout]     |
[INFO] [stdout] 494 |     use crate::SQL_TRUE;
[INFO] [stdout]     |         ^^^^^^^^^^^^^^^
[INFO] [stdout] 
[INFO] [stdout] 
[INFO] [stdout] warning: zero-sized fields in `repr(transparent)` cannot contain external non-exhaustive types
[INFO] [stdout]    --> src/handle.rs:290:5
[INFO] [stdout]     |
[INFO] [stdout] 290 |     pub(crate) explicit_ard: Cell<PhantomData<&'desc UnsafeSQLHDESC<'desc, AppDesc<'buf>, V>>>,
[INFO] [stdout]     |     ^^^^^^^^^^^^^^^^^^^^^^^^^^^^^^^^^^^^^^^^^^^^^^^^^^^^^^^^^^^^^^^^^^^^^^^^^^^^^^^^^^^^^^^^^^
[INFO] [stdout]     |
[INFO] [stdout]     = warning: this was previously accepted by the compiler but is being phased out; it will become a hard error in a future release!
[INFO] [stdout]     = note: for more information, see issue #78586 <https://github.com/rust-lang/rust/issues/78586>
[INFO] [stdout]     = note: this struct contains `Cell<std::marker::PhantomData<&'desc handle::UnsafeSQLHDESC<'desc, AppDesc<'buf>, V>>>`, which contains private fields, and makes it not a breaking change to become non-zero-sized in the future.
[INFO] [stdout]     = note: `#[warn(repr_transparent_external_private_fields)]` on by default
[INFO] [stdout] 
[INFO] [stdout] 
[INFO] [stdout] warning: zero-sized fields in `repr(transparent)` cannot contain external non-exhaustive types
[INFO] [stdout]    --> src/handle.rs:292:5
[INFO] [stdout]     |
[INFO] [stdout] 292 |     pub(crate) explicit_apd: Cell<PhantomData<&'desc UnsafeSQLHDESC<'desc, AppDesc<'buf>, V>>>,
[INFO] [stdout]     |     ^^^^^^^^^^^^^^^^^^^^^^^^^^^^^^^^^^^^^^^^^^^^^^^^^^^^^^^^^^^^^^^^^^^^^^^^^^^^^^^^^^^^^^^^^^
[INFO] [stdout]     |
[INFO] [stdout]     = warning: this was previously accepted by the compiler but is being phased out; it will become a hard error in a future release!
[INFO] [stdout]     = note: for more information, see issue #78586 <https://github.com/rust-lang/rust/issues/78586>
[INFO] [stdout]     = note: this struct contains `Cell<std::marker::PhantomData<&'desc handle::UnsafeSQLHDESC<'desc, AppDesc<'buf>, V>>>`, which contains private fields, and makes it not a breaking change to become non-zero-sized in the future.
[INFO] [stdout] 
[INFO] [stdout] 
[INFO] [stdout] warning: function `SQLFreeHandle` is never used
[INFO] [stdout]     --> src/api.rs:3496:16
[INFO] [stdout]      |
[INFO] [stdout] 3496 |         pub fn SQLFreeHandle(HandleType: SQLSMALLINT, Handle: SQLHANDLE) -> SQLRETURN;
[INFO] [stdout]      |                ^^^^^^^^^^^^^
[INFO] [stdout]      |
[INFO] [stdout]      = note: `#[warn(dead_code)]` on by default
[INFO] [stdout] 
[INFO] [stdout] 
[INFO] [stdout] warning: fields `explicit_ard` and `explicit_apd` are never read
[INFO] [stdout]    --> src/handle.rs:290:16
[INFO] [stdout]     |
[INFO] [stdout] 269 | pub struct UnsafeSQLHSTMT<'conn, 'desc, 'buf, V: OdbcVersion = SQL_OV_ODBC3_80> {
[INFO] [stdout]     |            -------------- fields in this struct
[INFO] [stdout] ...
[INFO] [stdout] 290 |     pub(crate) explicit_ard: Cell<PhantomData<&'desc UnsafeSQLHDESC<'desc, AppDesc<'buf>, V>>>,
[INFO] [stdout]     |                ^^^^^^^^^^^^
[INFO] [stdout] 291 |     #[cfg(not(feature = "odbc_debug"))]
[INFO] [stdout] 292 |     pub(crate) explicit_apd: Cell<PhantomData<&'desc UnsafeSQLHDESC<'desc, AppDesc<'buf>, V>>>,
[INFO] [stdout]     |                ^^^^^^^^^^^^
[INFO] [stdout]     |
[INFO] [stdout]     = note: `UnsafeSQLHSTMT` has a derived impl for the trait `Debug`, but this is intentionally ignored during dead code analysis
[INFO] [stdout] 
[INFO] [stdout] 
[INFO] [stdout] error: linking with `cc` failed: exit status: 1
[INFO] [stdout]   |
[INFO] [stdout]   = note: LC_ALL="C" PATH="/opt/rustwide/rustup-home/toolchains/1.69.0-x86_64-unknown-linux-gnu/lib/rustlib/x86_64-unknown-linux-gnu/bin:/opt/rustwide/cargo-home/bin:/usr/local/sbin:/usr/local/bin:/usr/sbin:/usr/bin:/sbin:/bin" VSLANG="1033" "cc" "-m64" "/tmp/rustcztLQdz/symbols.o" "/opt/rustwide/target/debug/deps/rs_odbc-db2e29079bdcdb91.rs_odbc.5674e4a2-cgu.0.rcgu.o" "/opt/rustwide/target/debug/deps/rs_odbc-db2e29079bdcdb91.rs_odbc.5674e4a2-cgu.1.rcgu.o" "/opt/rustwide/target/debug/deps/rs_odbc-db2e29079bdcdb91.rs_odbc.5674e4a2-cgu.10.rcgu.o" "/opt/rustwide/target/debug/deps/rs_odbc-db2e29079bdcdb91.rs_odbc.5674e4a2-cgu.11.rcgu.o" "/opt/rustwide/target/debug/deps/rs_odbc-db2e29079bdcdb91.rs_odbc.5674e4a2-cgu.12.rcgu.o" "/opt/rustwide/target/debug/deps/rs_odbc-db2e29079bdcdb91.rs_odbc.5674e4a2-cgu.13.rcgu.o" "/opt/rustwide/target/debug/deps/rs_odbc-db2e29079bdcdb91.rs_odbc.5674e4a2-cgu.14.rcgu.o" "/opt/rustwide/target/debug/deps/rs_odbc-db2e29079bdcdb91.rs_odbc.5674e4a2-cgu.15.rcgu.o" "/opt/rustwide/target/debug/deps/rs_odbc-db2e29079bdcdb91.rs_odbc.5674e4a2-cgu.2.rcgu.o" "/opt/rustwide/target/debug/deps/rs_odbc-db2e29079bdcdb91.rs_odbc.5674e4a2-cgu.3.rcgu.o" "/opt/rustwide/target/debug/deps/rs_odbc-db2e29079bdcdb91.rs_odbc.5674e4a2-cgu.4.rcgu.o" "/opt/rustwide/target/debug/deps/rs_odbc-db2e29079bdcdb91.rs_odbc.5674e4a2-cgu.5.rcgu.o" "/opt/rustwide/target/debug/deps/rs_odbc-db2e29079bdcdb91.rs_odbc.5674e4a2-cgu.6.rcgu.o" "/opt/rustwide/target/debug/deps/rs_odbc-db2e29079bdcdb91.rs_odbc.5674e4a2-cgu.7.rcgu.o" "/opt/rustwide/target/debug/deps/rs_odbc-db2e29079bdcdb91.rs_odbc.5674e4a2-cgu.8.rcgu.o" "/opt/rustwide/target/debug/deps/rs_odbc-db2e29079bdcdb91.rs_odbc.5674e4a2-cgu.9.rcgu.o" "/opt/rustwide/target/debug/deps/rs_odbc-db2e29079bdcdb91.3r1zlcd3ekyqvoip.rcgu.o" "-Wl,--as-needed" "-L" "/opt/rustwide/target/debug/deps" "-L" "/opt/rustwide/rustup-home/toolchains/1.69.0-x86_64-unknown-linux-gnu/lib/rustlib/x86_64-unknown-linux-gnu/lib" "-lodbc" "-Wl,-Bstatic" "/opt/rustwide/rustup-home/toolchains/1.69.0-x86_64-unknown-linux-gnu/lib/rustlib/x86_64-unknown-linux-gnu/lib/libtest-7791a6353d4a7929.rlib" "/opt/rustwide/rustup-home/toolchains/1.69.0-x86_64-unknown-linux-gnu/lib/rustlib/x86_64-unknown-linux-gnu/lib/libgetopts-7b17724e9ce90a72.rlib" "/opt/rustwide/rustup-home/toolchains/1.69.0-x86_64-unknown-linux-gnu/lib/rustlib/x86_64-unknown-linux-gnu/lib/libunicode_width-596f8ce9d30a755e.rlib" "/opt/rustwide/rustup-home/toolchains/1.69.0-x86_64-unknown-linux-gnu/lib/rustlib/x86_64-unknown-linux-gnu/lib/librustc_std_workspace_std-da04f86254de594f.rlib" "/opt/rustwide/target/debug/deps/libmockall-be552d091e507ac1.rlib" "/opt/rustwide/target/debug/deps/libcfg_if-e5e118dd7d121aaa.rlib" "/opt/rustwide/target/debug/deps/libpredicates_tree-b9b8523b168ae4b0.rlib" "/opt/rustwide/target/debug/deps/libtermtree-088139b5f97220b8.rlib" "/opt/rustwide/target/debug/deps/libpredicates-4688206f87212799.rlib" "/opt/rustwide/target/debug/deps/libregex-9591a05aacbdc1a8.rlib" "/opt/rustwide/target/debug/deps/libaho_corasick-ba4dd6b6e56d3703.rlib" "/opt/rustwide/target/debug/deps/libmemchr-b18e4aa3c7a38625.rlib" "/opt/rustwide/target/debug/deps/libregex_syntax-4fe5184ebc0b68f9.rlib" "/opt/rustwide/target/debug/deps/libitertools-cf505b792f3e7137.rlib" "/opt/rustwide/target/debug/deps/libeither-0c8949d963283322.rlib" "/opt/rustwide/target/debug/deps/libdifflib-f87d29855f55a619.rlib" "/opt/rustwide/target/debug/deps/libnormalize_line_endings-8637ecfc9aee7e09.rlib" "/opt/rustwide/target/debug/deps/libfloat_cmp-f6fd65239d1a86fa.rlib" "/opt/rustwide/target/debug/deps/libnum_traits-11c9b029deaf19dd.rlib" "/opt/rustwide/target/debug/deps/libpredicates_core-47613169c6e62a6d.rlib" "/opt/rustwide/target/debug/deps/liblazy_static-a15e1ed0a3c31761.rlib" "/opt/rustwide/target/debug/deps/libfragile-3bf1ec26f089012e.rlib" "/opt/rustwide/target/debug/deps/libdowncast-6dc5f97fdf9615a9.rlib" "/opt/rustwide/rustup-home/toolchains/1.69.0-x86_64-unknown-linux-gnu/lib/rustlib/x86_64-unknown-linux-gnu/lib/libstd-89bc084783fdc439.rlib" "/opt/rustwide/rustup-home/toolchains/1.69.0-x86_64-unknown-linux-gnu/lib/rustlib/x86_64-unknown-linux-gnu/lib/libpanic_unwind-8bee4b287d4367c1.rlib" "/opt/rustwide/rustup-home/toolchains/1.69.0-x86_64-unknown-linux-gnu/lib/rustlib/x86_64-unknown-linux-gnu/lib/libobject-d61707aed80694c0.rlib" "/opt/rustwide/rustup-home/toolchains/1.69.0-x86_64-unknown-linux-gnu/lib/rustlib/x86_64-unknown-linux-gnu/lib/libmemchr-d85366256f22345b.rlib" "/opt/rustwide/rustup-home/toolchains/1.69.0-x86_64-unknown-linux-gnu/lib/rustlib/x86_64-unknown-linux-gnu/lib/libaddr2line-96069b86b8a8cae9.rlib" "/opt/rustwide/rustup-home/toolchains/1.69.0-x86_64-unknown-linux-gnu/lib/rustlib/x86_64-unknown-linux-gnu/lib/libgimli-d19d53abf68dfa6c.rlib" "/opt/rustwide/rustup-home/toolchains/1.69.0-x86_64-unknown-linux-gnu/lib/rustlib/x86_64-unknown-linux-gnu/lib/librustc_demangle-787cbccd19d64ac6.rlib" "/opt/rustwide/rustup-home/toolchains/1.69.0-x86_64-unknown-linux-gnu/lib/rustlib/x86_64-unknown-linux-gnu/lib/libstd_detect-b3837a36b830e0d0.rlib" "/opt/rustwide/rustup-home/toolchains/1.69.0-x86_64-unknown-linux-gnu/lib/rustlib/x86_64-unknown-linux-gnu/lib/libhashbrown-e3deb0e7e3f04966.rlib" "/opt/rustwide/rustup-home/toolchains/1.69.0-x86_64-unknown-linux-gnu/lib/rustlib/x86_64-unknown-linux-gnu/lib/libminiz_oxide-dabbb79c9815def4.rlib" "/opt/rustwide/rustup-home/toolchains/1.69.0-x86_64-unknown-linux-gnu/lib/rustlib/x86_64-unknown-linux-gnu/lib/libadler-305b01f34c9409f2.rlib" "/opt/rustwide/rustup-home/toolchains/1.69.0-x86_64-unknown-linux-gnu/lib/rustlib/x86_64-unknown-linux-gnu/lib/librustc_std_workspace_alloc-f833521df6074e73.rlib" "/opt/rustwide/rustup-home/toolchains/1.69.0-x86_64-unknown-linux-gnu/lib/rustlib/x86_64-unknown-linux-gnu/lib/libunwind-9ac333113350d171.rlib" "/opt/rustwide/rustup-home/toolchains/1.69.0-x86_64-unknown-linux-gnu/lib/rustlib/x86_64-unknown-linux-gnu/lib/libcfg_if-1c126114322d0eee.rlib" "/opt/rustwide/rustup-home/toolchains/1.69.0-x86_64-unknown-linux-gnu/lib/rustlib/x86_64-unknown-linux-gnu/lib/liblibc-bad9164fdeeecf92.rlib" "/opt/rustwide/rustup-home/toolchains/1.69.0-x86_64-unknown-linux-gnu/lib/rustlib/x86_64-unknown-linux-gnu/lib/liballoc-f9374b1e480fa681.rlib" "/opt/rustwide/rustup-home/toolchains/1.69.0-x86_64-unknown-linux-gnu/lib/rustlib/x86_64-unknown-linux-gnu/lib/librustc_std_workspace_core-207f06e41d9603af.rlib" "/opt/rustwide/rustup-home/toolchains/1.69.0-x86_64-unknown-linux-gnu/lib/rustlib/x86_64-unknown-linux-gnu/lib/libcore-7e2768e66e984e85.rlib" "/opt/rustwide/rustup-home/toolchains/1.69.0-x86_64-unknown-linux-gnu/lib/rustlib/x86_64-unknown-linux-gnu/lib/libcompiler_builtins-957b4aff41f8cd46.rlib" "-Wl,-Bdynamic" "-lgcc_s" "-lutil" "-lrt" "-lpthread" "-lm" "-ldl" "-lc" "-Wl,--eh-frame-hdr" "-Wl,-z,noexecstack" "-L" "/opt/rustwide/rustup-home/toolchains/1.69.0-x86_64-unknown-linux-gnu/lib/rustlib/x86_64-unknown-linux-gnu/lib" "-o" "/opt/rustwide/target/debug/deps/rs_odbc-db2e29079bdcdb91" "-Wl,--gc-sections" "-pie" "-Wl,-z,relro,-z,now" "-nodefaultlibs"
[INFO] [stdout]   = note: /usr/bin/ld: cannot find -lodbc: No such file or directory
[INFO] [stdout]           collect2: error: ld returned 1 exit status
[INFO] [stdout]           
[INFO] [stdout] 
[INFO] [stdout] 
[INFO] [stdout] error: aborting due to previous error; 13 warnings emitted
[INFO] [stdout] 
[INFO] [stdout] 
[INFO] [stderr] error: could not compile `rs-odbc` due to 2 previous errors; 13 warnings emitted
[INFO] running `Command { std: "docker" "inspect" "8d2365c05b4c7e90d805a0ea8da23ac68ab9a3edbf89545df4509973234de5fe", kill_on_drop: false }`
[INFO] running `Command { std: "docker" "rm" "-f" "8d2365c05b4c7e90d805a0ea8da23ac68ab9a3edbf89545df4509973234de5fe", kill_on_drop: false }`
[INFO] [stdout] 8d2365c05b4c7e90d805a0ea8da23ac68ab9a3edbf89545df4509973234de5fe
