[INFO] fetching crate routerify 3.0.0...
[INFO] testing routerify-3.0.0 against 1.69.0 for beta-1.70-1
[INFO] extracting crate routerify 3.0.0 into /workspace/builds/worker-4-tc1/source
[INFO] validating manifest of crates.io crate routerify 3.0.0 on toolchain 1.69.0
[INFO] running `Command { std: CARGO_HOME="/workspace/cargo-home" RUSTUP_HOME="/workspace/rustup-home" "/workspace/cargo-home/bin/cargo" "+1.69.0" "metadata" "--manifest-path" "Cargo.toml" "--no-deps", kill_on_drop: false }`
[INFO] started tweaking crates.io crate routerify 3.0.0
[INFO] finished tweaking crates.io crate routerify 3.0.0
[INFO] tweaked toml for crates.io crate routerify 3.0.0 written to /workspace/builds/worker-4-tc1/source/Cargo.toml
[INFO] crate crates.io crate routerify 3.0.0 already has a lockfile, it will not be regenerated
[INFO] running `Command { std: CARGO_HOME="/workspace/cargo-home" RUSTUP_HOME="/workspace/rustup-home" "/workspace/cargo-home/bin/cargo" "+1.69.0" "fetch" "--manifest-path" "Cargo.toml", kill_on_drop: false }`
[INFO] [stderr]  Downloading crates ...
[INFO] [stderr]   Downloaded netlify_lambda_attributes v0.2.0
[INFO] [stderr]   Downloaded libflate v1.1.1
[INFO] [stderr]   Downloaded netlify_lambda v0.2.0
[INFO] [stderr]   Downloaded aws_lambda_events v0.4.0
[INFO] [stderr]   Downloaded http-serde v1.0.3
[INFO] [stderr]   Downloaded slog-kvfilter v0.7.0
[INFO] [stderr]   Downloaded netlify_lambda_http v0.2.0
[INFO] [stderr]   Downloaded sloggers v1.0.1
[INFO] running `Command { std: "docker" "create" "-v" "/var/lib/crater-agent-workspace/builds/worker-4-tc1/target:/opt/rustwide/target:rw,Z" "-v" "/var/lib/crater-agent-workspace/builds/worker-4-tc1/source:/opt/rustwide/workdir:ro,Z" "-v" "/var/lib/crater-agent-workspace/cargo-home:/opt/rustwide/cargo-home:ro,Z" "-v" "/var/lib/crater-agent-workspace/rustup-home:/opt/rustwide/rustup-home:ro,Z" "-e" "SOURCE_DIR=/opt/rustwide/workdir" "-e" "CARGO_TARGET_DIR=/opt/rustwide/target" "-e" "CARGO_HOME=/opt/rustwide/cargo-home" "-e" "RUSTUP_HOME=/opt/rustwide/rustup-home" "-w" "/opt/rustwide/workdir" "-m" "1610612736" "--user" "0:0" "--network" "none" "ghcr.io/rust-lang/crates-build-env/linux@sha256:5ff2268d62e97bff2cde7d5815dd6ed5b47097566f13b8d0ca110b04b60e07ed" "/opt/rustwide/cargo-home/bin/cargo" "+1.69.0" "metadata" "--no-deps" "--format-version=1", kill_on_drop: false }`
[INFO] [stdout] 7d714774382678184d37c657b99384b47c0ced46880678b082b5668c84b1f91f
[INFO] running `Command { std: "docker" "start" "-a" "7d714774382678184d37c657b99384b47c0ced46880678b082b5668c84b1f91f", kill_on_drop: false }`
[INFO] running `Command { std: "docker" "inspect" "7d714774382678184d37c657b99384b47c0ced46880678b082b5668c84b1f91f", kill_on_drop: false }`
[INFO] running `Command { std: "docker" "rm" "-f" "7d714774382678184d37c657b99384b47c0ced46880678b082b5668c84b1f91f", kill_on_drop: false }`
[INFO] [stdout] 7d714774382678184d37c657b99384b47c0ced46880678b082b5668c84b1f91f
[INFO] running `Command { std: "docker" "create" "-v" "/var/lib/crater-agent-workspace/builds/worker-4-tc1/target:/opt/rustwide/target:rw,Z" "-v" "/var/lib/crater-agent-workspace/builds/worker-4-tc1/source:/opt/rustwide/workdir:ro,Z" "-v" "/var/lib/crater-agent-workspace/cargo-home:/opt/rustwide/cargo-home:ro,Z" "-v" "/var/lib/crater-agent-workspace/rustup-home:/opt/rustwide/rustup-home:ro,Z" "-e" "SOURCE_DIR=/opt/rustwide/workdir" "-e" "CARGO_TARGET_DIR=/opt/rustwide/target" "-e" "CARGO_INCREMENTAL=0" "-e" "RUST_BACKTRACE=full" "-e" "RUSTFLAGS=--cap-lints=warn" "-e" "RUSTDOCFLAGS=--cap-lints=warn" "-e" "CARGO_HOME=/opt/rustwide/cargo-home" "-e" "RUSTUP_HOME=/opt/rustwide/rustup-home" "-w" "/opt/rustwide/workdir" "-m" "1610612736" "--user" "0:0" "--network" "none" "ghcr.io/rust-lang/crates-build-env/linux@sha256:5ff2268d62e97bff2cde7d5815dd6ed5b47097566f13b8d0ca110b04b60e07ed" "/opt/rustwide/cargo-home/bin/cargo" "+1.69.0" "build" "--frozen" "--message-format=json", kill_on_drop: false }`
[INFO] [stdout] d1eea3f278ca302e9515a657e7d830186f580cc8f16ecd48834f532a3bcf1739
[INFO] running `Command { std: "docker" "start" "-a" "d1eea3f278ca302e9515a657e7d830186f580cc8f16ecd48834f532a3bcf1739", kill_on_drop: false }`
[INFO] [stderr]    Compiling proc-macro2 v1.0.34
[INFO] [stderr]    Compiling unicode-xid v0.2.2
[INFO] [stderr]    Compiling libc v0.2.112
[INFO] [stderr]    Compiling syn v1.0.83
[INFO] [stderr]    Compiling cfg-if v1.0.0
[INFO] [stderr]    Compiling log v0.4.14
[INFO] [stderr]    Compiling memchr v2.4.1
[INFO] [stderr]    Compiling pin-project-lite v0.2.7
[INFO] [stderr]    Compiling parking_lot_core v0.8.5
[INFO] [stderr]    Compiling futures-core v0.3.19
[INFO] [stderr]    Compiling scopeguard v1.1.0
[INFO] [stderr]    Compiling smallvec v1.7.0
[INFO] [stderr]    Compiling bytes v1.1.0
[INFO] [stderr]    Compiling futures-channel v0.3.19
[INFO] [stderr]    Compiling futures-sink v0.3.19
[INFO] [stderr]    Compiling autocfg v1.0.1
[INFO] [stderr]    Compiling instant v0.1.12
[INFO] [stderr]    Compiling futures-task v0.3.19
[INFO] [stderr]    Compiling lock_api v0.4.5
[INFO] [stderr]    Compiling once_cell v1.9.0
[INFO] [stderr]    Compiling futures-util v0.3.19
[INFO] [stderr]    Compiling itoa v0.4.8
[INFO] [stderr]    Compiling fnv v1.0.7
[INFO] [stderr]    Compiling lazy_static v1.4.0
[INFO] [stderr]    Compiling pin-utils v0.1.0
[INFO] [stderr]    Compiling httparse v1.5.1
[INFO] [stderr]    Compiling futures-io v0.3.19
[INFO] [stderr]    Compiling hashbrown v0.11.2
[INFO] [stderr]    Compiling tracing-core v0.1.21
[INFO] [stderr]    Compiling slab v0.4.5
[INFO] [stderr]    Compiling indexmap v1.7.0
[INFO] [stderr]    Compiling try-lock v0.2.3
[INFO] [stderr]    Compiling tower-service v0.3.1
[INFO] [stderr]    Compiling regex-syntax v0.6.25
[INFO] [stderr]    Compiling http v0.2.5
[INFO] [stderr]    Compiling want v0.3.0
[INFO] [stderr]    Compiling httpdate v1.0.2
[INFO] [stderr]    Compiling percent-encoding v2.1.0
[INFO] [stderr]    Compiling aho-corasick v0.7.18
[INFO] [stderr]    Compiling quote v1.0.10
[INFO] [stderr]    Compiling mio v0.7.14
[INFO] [stderr]    Compiling signal-hook-registry v1.4.0
[INFO] [stderr]    Compiling num_cpus v1.13.1
[INFO] [stderr]    Compiling socket2 v0.4.2
[INFO] [stderr]    Compiling parking_lot v0.11.2
[INFO] [stderr]    Compiling http-body v0.4.4
[INFO] [stderr]    Compiling regex v1.5.4
[INFO] [stderr]    Compiling tokio-macros v1.7.0
[INFO] [stderr]    Compiling futures-macro v0.3.19
[INFO] [stderr]    Compiling tracing-attributes v0.1.18
[INFO] [stderr]    Compiling tokio v1.15.0
[INFO] [stderr]    Compiling tracing v0.1.29
[INFO] [stderr]    Compiling tokio-util v0.6.9
[INFO] [stderr]    Compiling h2 v0.3.9
[INFO] [stderr]    Compiling hyper v0.14.16
[INFO] [stderr]    Compiling routerify v3.0.0 (/opt/rustwide/workdir)
[INFO] [stderr]     Finished dev [unoptimized + debuginfo] target(s) in 18.42s
[INFO] running `Command { std: "docker" "inspect" "d1eea3f278ca302e9515a657e7d830186f580cc8f16ecd48834f532a3bcf1739", kill_on_drop: false }`
[INFO] running `Command { std: "docker" "rm" "-f" "d1eea3f278ca302e9515a657e7d830186f580cc8f16ecd48834f532a3bcf1739", kill_on_drop: false }`
[INFO] [stdout] d1eea3f278ca302e9515a657e7d830186f580cc8f16ecd48834f532a3bcf1739
[INFO] running `Command { std: "docker" "create" "-v" "/var/lib/crater-agent-workspace/builds/worker-4-tc1/target:/opt/rustwide/target:rw,Z" "-v" "/var/lib/crater-agent-workspace/builds/worker-4-tc1/source:/opt/rustwide/workdir:ro,Z" "-v" "/var/lib/crater-agent-workspace/cargo-home:/opt/rustwide/cargo-home:ro,Z" "-v" "/var/lib/crater-agent-workspace/rustup-home:/opt/rustwide/rustup-home:ro,Z" "-e" "SOURCE_DIR=/opt/rustwide/workdir" "-e" "CARGO_TARGET_DIR=/opt/rustwide/target" "-e" "CARGO_INCREMENTAL=0" "-e" "RUST_BACKTRACE=full" "-e" "RUSTFLAGS=--cap-lints=warn" "-e" "RUSTDOCFLAGS=--cap-lints=warn" "-e" "CARGO_HOME=/opt/rustwide/cargo-home" "-e" "RUSTUP_HOME=/opt/rustwide/rustup-home" "-w" "/opt/rustwide/workdir" "-m" "1610612736" "--user" "0:0" "--network" "none" "ghcr.io/rust-lang/crates-build-env/linux@sha256:5ff2268d62e97bff2cde7d5815dd6ed5b47097566f13b8d0ca110b04b60e07ed" "/opt/rustwide/cargo-home/bin/cargo" "+1.69.0" "test" "--frozen" "--no-run" "--message-format=json", kill_on_drop: false }`
[INFO] [stdout] 32a9e2cf72c4c30f946c294976b83d3de6de97e860593cea2ebe748702d57c4a
[INFO] running `Command { std: "docker" "start" "-a" "32a9e2cf72c4c30f946c294976b83d3de6de97e860593cea2ebe748702d57c4a", kill_on_drop: false }`
[INFO] [stderr]    Compiling serde_derive v1.0.132
[INFO] [stderr]    Compiling serde v1.0.132
[INFO] [stderr]    Compiling num-traits v0.2.14
[INFO] [stderr]    Compiling slog v2.7.0
[INFO] [stderr]    Compiling num-integer v0.1.44
[INFO] [stderr]    Compiling time v0.1.44
[INFO] [stderr]    Compiling serde_json v1.0.73
[INFO] [stderr]    Compiling matches v0.1.9
[INFO] [stderr]    Compiling ryu v1.0.9
[INFO] [stderr]    Compiling crossbeam-utils v0.8.5
[INFO] [stderr]    Compiling pin-project-internal v1.0.8
[INFO] [stderr]    Compiling dirs-sys-next v0.1.2
[INFO] [stderr]    Compiling crc32fast v1.3.0
[INFO] [stderr]    Compiling tinyvec_macros v0.1.0
[INFO] [stderr]    Compiling itoa v1.0.1
[INFO] [stderr]    Compiling async-stream-impl v0.3.2
[INFO] [stderr]    Compiling tinyvec v1.5.1
[INFO] [stderr]    Compiling form_urlencoded v1.0.1
[INFO] [stderr]    Compiling dirs-next v2.0.0
[INFO] [stderr]    Compiling thread_local v1.1.3
[INFO] [stderr]    Compiling slog-async v2.7.0
[INFO] [stderr]    Compiling arc-swap v1.5.0
[INFO] [stderr]    Compiling rle-decode-fast v1.0.1
[INFO] [stderr]    Compiling term v0.7.0
[INFO] [stderr]    Compiling netlify_lambda_attributes v0.2.0
[INFO] [stderr]    Compiling trackable_derive v1.0.0
[INFO] [stderr]    Compiling libflate_lz77 v1.1.0
[INFO] [stderr]    Compiling crossbeam-channel v0.5.1
[INFO] [stderr]    Compiling atty v0.2.14
[INFO] [stderr]    Compiling slog-scope v4.4.0
[INFO] [stderr]    Compiling either v1.6.1
[INFO] [stderr]    Compiling unicode-bidi v0.3.7
[INFO] [stderr]    Compiling adler32 v1.2.0
[INFO] [stderr]    Compiling take_mut v0.2.2
[INFO] [stderr]    Compiling base64 v0.12.3
[INFO] [stderr]    Compiling async-stream v0.3.2
[INFO] [stderr]    Compiling libflate v1.1.1
[INFO] [stderr]    Compiling itertools v0.9.0
[INFO] [stderr]    Compiling unicode-normalization v0.1.19
[INFO] [stderr]    Compiling slog-stdlog v4.1.0
[INFO] [stderr]    Compiling slog-kvfilter v0.7.0
[INFO] [stderr]    Compiling futures-executor v0.3.19
[INFO] [stderr]    Compiling base64 v0.13.0
[INFO] [stderr]    Compiling trackable v1.2.0
[INFO] [stderr]    Compiling futures v0.3.19
[INFO] [stderr]    Compiling idna v0.2.3
[INFO] [stderr]    Compiling pin-project v1.0.8
[INFO] [stderr]    Compiling tracing-futures v0.2.5
[INFO] [stderr]    Compiling url v2.2.2
[INFO] [stderr]    Compiling chrono v0.4.19
[INFO] [stderr]    Compiling bytes v0.5.6
[INFO] [stderr]    Compiling http-serde v1.0.3
[INFO] [stderr]    Compiling serde_urlencoded v0.7.0
[INFO] [stderr]    Compiling slog-term v2.8.0
[INFO] [stderr]    Compiling netlify_lambda v0.2.0
[INFO] [stderr]    Compiling aws_lambda_events v0.4.0
[INFO] [stderr]    Compiling sloggers v1.0.1
[INFO] [stderr]    Compiling netlify_lambda_http v0.2.0
[INFO] [stderr]    Compiling routerify v3.0.0 (/opt/rustwide/workdir)
[INFO] [stderr] error: could not compile `routerify`
[INFO] [stderr] 
[INFO] [stderr] Caused by:
[INFO] [stderr]   process didn't exit successfully: `rustc --crate-name integration --edition=2018 tests/integration.rs --error-format=json --json=diagnostic-rendered-ansi,artifacts,future-incompat --emit=dep-info,link -C embed-bitcode=no -C debuginfo=2 --test --cfg 'feature="default"' --cfg 'feature="hyper-http1"' -C metadata=b5c0da9a16ca2f43 -C extra-filename=-b5c0da9a16ca2f43 --out-dir /opt/rustwide/target/debug/deps -L dependency=/opt/rustwide/target/debug/deps --extern aws_lambda_events=/opt/rustwide/target/debug/deps/libaws_lambda_events-edeb4237203df4f4.rlib --extern futures=/opt/rustwide/target/debug/deps/libfutures-5a5d3262c35406f5.rlib --extern http=/opt/rustwide/target/debug/deps/libhttp-7ff35520f1138e3e.rlib --extern hyper=/opt/rustwide/target/debug/deps/libhyper-9fd22c9b2b8a2480.rlib --extern lazy_static=/opt/rustwide/target/debug/deps/liblazy_static-a15e1ed0a3c31761.rlib --extern lambda_http=/opt/rustwide/target/debug/deps/libnetlify_lambda_http-3c5e88fd01b40fb8.rlib --extern percent_encoding=/opt/rustwide/target/debug/deps/libpercent_encoding-5186c2668f567217.rlib --extern regex=/opt/rustwide/target/debug/deps/libregex-ec1a535928100f69.rlib --extern routerify=/opt/rustwide/target/debug/deps/librouterify-d1728c5fe7bccb72.rlib --extern slog=/opt/rustwide/target/debug/deps/libslog-467ea1234f815444.rlib --extern sloggers=/opt/rustwide/target/debug/deps/libsloggers-f59770b436066cfe.rlib --extern tokio=/opt/rustwide/target/debug/deps/libtokio-174f011439196709.rlib --extern url=/opt/rustwide/target/debug/deps/liburl-b1155ae290215edc.rlib --cap-lints=warn` (signal: 9, SIGKILL: kill)
[INFO] [stderr] warning: build failed, waiting for other jobs to finish...
[INFO] [stderr] error: could not compile `routerify`
[INFO] [stderr] 
[INFO] [stderr] Caused by:
[INFO] [stderr]   process didn't exit successfully: `rustc --crate-name aws_lambda --edition=2018 examples/aws_lambda.rs --error-format=json --json=diagnostic-rendered-ansi,artifacts,future-incompat --crate-type bin --emit=dep-info,link -C embed-bitcode=no -C debuginfo=2 --cfg 'feature="default"' --cfg 'feature="hyper-http1"' -C metadata=013f40cd2197ca21 -C extra-filename=-013f40cd2197ca21 --out-dir /opt/rustwide/target/debug/examples -L dependency=/opt/rustwide/target/debug/deps --extern aws_lambda_events=/opt/rustwide/target/debug/deps/libaws_lambda_events-edeb4237203df4f4.rlib --extern futures=/opt/rustwide/target/debug/deps/libfutures-5a5d3262c35406f5.rlib --extern http=/opt/rustwide/target/debug/deps/libhttp-7ff35520f1138e3e.rlib --extern hyper=/opt/rustwide/target/debug/deps/libhyper-9fd22c9b2b8a2480.rlib --extern lazy_static=/opt/rustwide/target/debug/deps/liblazy_static-a15e1ed0a3c31761.rlib --extern lambda_http=/opt/rustwide/target/debug/deps/libnetlify_lambda_http-3c5e88fd01b40fb8.rlib --extern percent_encoding=/opt/rustwide/target/debug/deps/libpercent_encoding-5186c2668f567217.rlib --extern regex=/opt/rustwide/target/debug/deps/libregex-ec1a535928100f69.rlib --extern routerify=/opt/rustwide/target/debug/deps/librouterify-d1728c5fe7bccb72.rlib --extern slog=/opt/rustwide/target/debug/deps/libslog-467ea1234f815444.rlib --extern sloggers=/opt/rustwide/target/debug/deps/libsloggers-f59770b436066cfe.rlib --extern tokio=/opt/rustwide/target/debug/deps/libtokio-174f011439196709.rlib --extern url=/opt/rustwide/target/debug/deps/liburl-b1155ae290215edc.rlib --cap-lints=warn` (signal: 9, SIGKILL: kill)
[INFO] [stderr] error: could not compile `routerify`
[INFO] [stderr] 
[INFO] [stderr] Caused by:
[INFO] [stderr]   process didn't exit successfully: `rustc --crate-name test --edition=2018 examples/test.rs --error-format=json --json=diagnostic-rendered-ansi,artifacts,future-incompat --crate-type bin --emit=dep-info,link -C embed-bitcode=no -C debuginfo=2 --cfg 'feature="default"' --cfg 'feature="hyper-http1"' -C metadata=1e20232167153ece -C extra-filename=-1e20232167153ece --out-dir /opt/rustwide/target/debug/examples -L dependency=/opt/rustwide/target/debug/deps --extern aws_lambda_events=/opt/rustwide/target/debug/deps/libaws_lambda_events-edeb4237203df4f4.rlib --extern futures=/opt/rustwide/target/debug/deps/libfutures-5a5d3262c35406f5.rlib --extern http=/opt/rustwide/target/debug/deps/libhttp-7ff35520f1138e3e.rlib --extern hyper=/opt/rustwide/target/debug/deps/libhyper-9fd22c9b2b8a2480.rlib --extern lazy_static=/opt/rustwide/target/debug/deps/liblazy_static-a15e1ed0a3c31761.rlib --extern lambda_http=/opt/rustwide/target/debug/deps/libnetlify_lambda_http-3c5e88fd01b40fb8.rlib --extern percent_encoding=/opt/rustwide/target/debug/deps/libpercent_encoding-5186c2668f567217.rlib --extern regex=/opt/rustwide/target/debug/deps/libregex-ec1a535928100f69.rlib --extern routerify=/opt/rustwide/target/debug/deps/librouterify-d1728c5fe7bccb72.rlib --extern slog=/opt/rustwide/target/debug/deps/libslog-467ea1234f815444.rlib --extern sloggers=/opt/rustwide/target/debug/deps/libsloggers-f59770b436066cfe.rlib --extern tokio=/opt/rustwide/target/debug/deps/libtokio-174f011439196709.rlib --extern url=/opt/rustwide/target/debug/deps/liburl-b1155ae290215edc.rlib --cap-lints=warn` (signal: 9, SIGKILL: kill)
[INFO] [stdout] error: linking with `cc` failed: exit status: 1
[INFO] [stdout]   |
[INFO] [stdout]   = note: LC_ALL="C" PATH="/opt/rustwide/rustup-home/toolchains/1.69.0-x86_64-unknown-linux-gnu/lib/rustlib/x86_64-unknown-linux-gnu/bin:/opt/rustwide/cargo-home/bin:/usr/local/sbin:/usr/local/bin:/usr/sbin:/usr/bin:/sbin:/bin" VSLANG="1033" "cc" "-m64" "/tmp/rustc6i9LNJ/symbols.o" "/opt/rustwide/target/debug/examples/route_parameters-0679e578e09b0ad4.route_parameters.85cb69da-cgu.0.rcgu.o" "/opt/rustwide/target/debug/examples/route_parameters-0679e578e09b0ad4.route_parameters.85cb69da-cgu.1.rcgu.o" "/opt/rustwide/target/debug/examples/route_parameters-0679e578e09b0ad4.route_parameters.85cb69da-cgu.10.rcgu.o" "/opt/rustwide/target/debug/examples/route_parameters-0679e578e09b0ad4.route_parameters.85cb69da-cgu.11.rcgu.o" "/opt/rustwide/target/debug/examples/route_parameters-0679e578e09b0ad4.route_parameters.85cb69da-cgu.12.rcgu.o" "/opt/rustwide/target/debug/examples/route_parameters-0679e578e09b0ad4.route_parameters.85cb69da-cgu.13.rcgu.o" "/opt/rustwide/target/debug/examples/route_parameters-0679e578e09b0ad4.route_parameters.85cb69da-cgu.14.rcgu.o" "/opt/rustwide/target/debug/examples/route_parameters-0679e578e09b0ad4.route_parameters.85cb69da-cgu.15.rcgu.o" "/opt/rustwide/target/debug/examples/route_parameters-0679e578e09b0ad4.route_parameters.85cb69da-cgu.2.rcgu.o" "/opt/rustwide/target/debug/examples/route_parameters-0679e578e09b0ad4.route_parameters.85cb69da-cgu.3.rcgu.o" "/opt/rustwide/target/debug/examples/route_parameters-0679e578e09b0ad4.route_parameters.85cb69da-cgu.4.rcgu.o" "/opt/rustwide/target/debug/examples/route_parameters-0679e578e09b0ad4.route_parameters.85cb69da-cgu.5.rcgu.o" "/opt/rustwide/target/debug/examples/route_parameters-0679e578e09b0ad4.route_parameters.85cb69da-cgu.6.rcgu.o" "/opt/rustwide/target/debug/examples/route_parameters-0679e578e09b0ad4.route_parameters.85cb69da-cgu.7.rcgu.o" "/opt/rustwide/target/debug/examples/route_parameters-0679e578e09b0ad4.route_parameters.85cb69da-cgu.8.rcgu.o" "/opt/rustwide/target/debug/examples/route_parameters-0679e578e09b0ad4.route_parameters.85cb69da-cgu.9.rcgu.o" "/opt/rustwide/target/debug/examples/route_parameters-0679e578e09b0ad4.1yx82au9pfjog0tp.rcgu.o" "-Wl,--as-needed" "-L" "/opt/rustwide/target/debug/deps" "-L" "/opt/rustwide/rustup-home/toolchains/1.69.0-x86_64-unknown-linux-gnu/lib/rustlib/x86_64-unknown-linux-gnu/lib" "-Wl,-Bstatic" "/opt/rustwide/target/debug/deps/librouterify-d1728c5fe7bccb72.rlib" "/opt/rustwide/target/debug/deps/libpercent_encoding-5186c2668f567217.rlib" "/opt/rustwide/target/debug/deps/libregex-ec1a535928100f69.rlib" "/opt/rustwide/target/debug/deps/libaho_corasick-d997a831bf3838c4.rlib" "/opt/rustwide/target/debug/deps/libregex_syntax-26ab266b6768fe31.rlib" "/opt/rustwide/target/debug/deps/libhyper-9fd22c9b2b8a2480.rlib" "/opt/rustwide/target/debug/deps/libwant-2ad1c760a04a1567.rlib" "/opt/rustwide/target/debug/deps/libtry_lock-372cab8856e9ce9d.rlib" "/opt/rustwide/target/debug/deps/libsocket2-5969c72e2714f8b3.rlib" "/opt/rustwide/target/debug/deps/libhttparse-a5be8df91e0d2236.rlib" "/opt/rustwide/target/debug/deps/libh2-4421a91652609785.rlib" "/opt/rustwide/target/debug/deps/libindexmap-5a80c63f851c5148.rlib" "/opt/rustwide/target/debug/deps/libhashbrown-9a1f5d949d76c1be.rlib" "/opt/rustwide/target/debug/deps/libtokio_util-59c3a90358f00912.rlib" "/opt/rustwide/target/debug/deps/libtower_service-02f10e9ce1ef867f.rlib" "/opt/rustwide/target/debug/deps/libtracing-8fe06c61dd9c1aa9.rlib" "/opt/rustwide/target/debug/deps/libtracing_core-a51512d011f07753.rlib" "/opt/rustwide/target/debug/deps/liblazy_static-a15e1ed0a3c31761.rlib" "/opt/rustwide/target/debug/deps/libhttp_body-82b757cf4b4e3dd1.rlib" "/opt/rustwide/target/debug/deps/libfutures_util-e6d87713d3acab04.rlib" "/opt/rustwide/target/debug/deps/libfutures_io-44ce32c4c60b64da.rlib" "/opt/rustwide/target/debug/deps/libslab-12e6a36b9d82f440.rlib" "/opt/rustwide/target/debug/deps/libfutures_channel-761d0d731ab7b584.rlib" "/opt/rustwide/target/debug/deps/libfutures_sink-7722105d42bc94f4.rlib" "/opt/rustwide/target/debug/deps/libfutures_task-f07d4461073ee7cc.rlib" "/opt/rustwide/target/debug/deps/libpin_utils-0d8eaf4ac0fcb221.rlib" "/opt/rustwide/target/debug/deps/libfutures_core-62f994d3721bb0e3.rlib" "/opt/rustwide/target/debug/deps/libtokio-174f011439196709.rlib" "/opt/rustwide/target/debug/deps/libsignal_hook_registry-705e137271d5c7e0.rlib" "/opt/rustwide/target/debug/deps/libnum_cpus-df642bcade4c36b6.rlib" "/opt/rustwide/target/debug/deps/libmemchr-e30a17317ff1667e.rlib" "/opt/rustwide/target/debug/deps/libonce_cell-695bc870d798ec64.rlib" "/opt/rustwide/target/debug/deps/libmio-d73cd30977cc3699.rlib" "/opt/rustwide/target/debug/deps/liblog-50c946da9511fc97.rlib" "/opt/rustwide/target/debug/deps/libparking_lot-762335bd6d79d118.rlib" "/opt/rustwide/target/debug/deps/libparking_lot_core-8b981d8d2e352f94.rlib" "/opt/rustwide/target/debug/deps/liblibc-331a655c88778974.rlib" "/opt/rustwide/target/debug/deps/libsmallvec-c9c12de244d0b753.rlib" "/opt/rustwide/target/debug/deps/liblock_api-f14a8142d92b1256.rlib" "/opt/rustwide/target/debug/deps/libscopeguard-f471875f675163b5.rlib" "/opt/rustwide/target/debug/deps/libinstant-1bfa666718b38be4.rlib" "/opt/rustwide/target/debug/deps/libcfg_if-e5e118dd7d121aaa.rlib" "/opt/rustwide/target/debug/deps/libpin_project_lite-7f3fd9ea3370cd20.rlib" "/opt/rustwide/target/debug/deps/libhttpdate-fbb447b85a38529c.rlib" "/opt/rustwide/target/debug/deps/libhttp-7ff35520f1138e3e.rlib" "/opt/rustwide/target/debug/deps/libitoa-56a8428bad7458b8.rlib" "/opt/rustwide/target/debug/deps/libbytes-0b539a5c776b0476.rlib" "/opt/rustwide/target/debug/deps/libfnv-41a559218f992797.rlib" "/opt/rustwide/rustup-home/toolchains/1.69.0-x86_64-unknown-linux-gnu/lib/rustlib/x86_64-unknown-linux-gnu/lib/libstd-89bc084783fdc439.rlib" "/opt/rustwide/rustup-home/toolchains/1.69.0-x86_64-unknown-linux-gnu/lib/rustlib/x86_64-unknown-linux-gnu/lib/libpanic_unwind-8bee4b287d4367c1.rlib" "/opt/rustwide/rustup-home/toolchains/1.69.0-x86_64-unknown-linux-gnu/lib/rustlib/x86_64-unknown-linux-gnu/lib/libobject-d61707aed80694c0.rlib" "/opt/rustwide/rustup-home/toolchains/1.69.0-x86_64-unknown-linux-gnu/lib/rustlib/x86_64-unknown-linux-gnu/lib/libmemchr-d85366256f22345b.rlib" "/opt/rustwide/rustup-home/toolchains/1.69.0-x86_64-unknown-linux-gnu/lib/rustlib/x86_64-unknown-linux-gnu/lib/libaddr2line-96069b86b8a8cae9.rlib" "/opt/rustwide/rustup-home/toolchains/1.69.0-x86_64-unknown-linux-gnu/lib/rustlib/x86_64-unknown-linux-gnu/lib/libgimli-d19d53abf68dfa6c.rlib" "/opt/rustwide/rustup-home/toolchains/1.69.0-x86_64-unknown-linux-gnu/lib/rustlib/x86_64-unknown-linux-gnu/lib/librustc_demangle-787cbccd19d64ac6.rlib" "/opt/rustwide/rustup-home/toolchains/1.69.0-x86_64-unknown-linux-gnu/lib/rustlib/x86_64-unknown-linux-gnu/lib/libstd_detect-b3837a36b830e0d0.rlib" "/opt/rustwide/rustup-home/toolchains/1.69.0-x86_64-unknown-linux-gnu/lib/rustlib/x86_64-unknown-linux-gnu/lib/libhashbrown-e3deb0e7e3f04966.rlib" "/opt/rustwide/rustup-home/toolchains/1.69.0-x86_64-unknown-linux-gnu/lib/rustlib/x86_64-unknown-linux-gnu/lib/libminiz_oxide-dabbb79c9815def4.rlib" "/opt/rustwide/rustup-home/toolchains/1.69.0-x86_64-unknown-linux-gnu/lib/rustlib/x86_64-unknown-linux-gnu/lib/libadler-305b01f34c9409f2.rlib" "/opt/rustwide/rustup-home/toolchains/1.69.0-x86_64-unknown-linux-gnu/lib/rustlib/x86_64-unknown-linux-gnu/lib/librustc_std_workspace_alloc-f833521df6074e73.rlib" "/opt/rustwide/rustup-home/toolchains/1.69.0-x86_64-unknown-linux-gnu/lib/rustlib/x86_64-unknown-linux-gnu/lib/libunwind-9ac333113350d171.rlib" "/opt/rustwide/rustup-home/toolchains/1.69.0-x86_64-unknown-linux-gnu/lib/rustlib/x86_64-unknown-linux-gnu/lib/libcfg_if-1c126114322d0eee.rlib" "/opt/rustwide/rustup-home/toolchains/1.69.0-x86_64-unknown-linux-gnu/lib/rustlib/x86_64-unknown-linux-gnu/lib/liblibc-bad9164fdeeecf92.rlib" "/opt/rustwide/rustup-home/toolchains/1.69.0-x86_64-unknown-linux-gnu/lib/rustlib/x86_64-unknown-linux-gnu/lib/liballoc-f9374b1e480fa681.rlib" "/opt/rustwide/rustup-home/toolchains/1.69.0-x86_64-unknown-linux-gnu/lib/rustlib/x86_64-unknown-linux-gnu/lib/librustc_std_workspace_core-207f06e41d9603af.rlib" "/opt/rustwide/rustup-home/toolchains/1.69.0-x86_64-unknown-linux-gnu/lib/rustlib/x86_64-unknown-linux-gnu/lib/libcore-7e2768e66e984e85.rlib" "/opt/rustwide/rustup-home/toolchains/1.69.0-x86_64-unknown-linux-gnu/lib/rustlib/x86_64-unknown-linux-gnu/lib/libcompiler_builtins-957b4aff41f8cd46.rlib" "-Wl,-Bdynamic" "-lgcc_s" "-lutil" "-lrt" "-lpthread" "-lm" "-ldl" "-lc" "-Wl,--eh-frame-hdr" "-Wl,-z,noexecstack" "-L" "/opt/rustwide/rustup-home/toolchains/1.69.0-x86_64-unknown-linux-gnu/lib/rustlib/x86_64-unknown-linux-gnu/lib" "-o" "/opt/rustwide/target/debug/examples/route_parameters-0679e578e09b0ad4" "-Wl,--gc-sections" "-pie" "-Wl,-z,relro,-z,now" "-nodefaultlibs"
[INFO] [stdout]   = note: collect2: fatal error: ld terminated with signal 9 [Killed]
[INFO] [stdout]           compilation terminated.
[INFO] [stdout]           
[INFO] [stdout] 
[INFO] [stdout] 
[INFO] [stdout] error: aborting due to previous error
[INFO] [stdout] 
[INFO] [stdout] 
[INFO] [stderr] error: could not compile `routerify` due to 2 previous errors
[INFO] [stdout] error: linking with `cc` failed: exit status: 1
[INFO] [stdout]   |
[INFO] [stdout]   = note: LC_ALL="C" PATH="/opt/rustwide/rustup-home/toolchains/1.69.0-x86_64-unknown-linux-gnu/lib/rustlib/x86_64-unknown-linux-gnu/bin:/opt/rustwide/cargo-home/bin:/usr/local/sbin:/usr/local/bin:/usr/sbin:/usr/bin:/sbin:/bin" VSLANG="1033" "cc" "-m64" "/tmp/rustczbmIs8/symbols.o" "/opt/rustwide/target/debug/examples/handle_404_pages-8973639e99d70336.handle_404_pages.4c0f303d-cgu.0.rcgu.o" "/opt/rustwide/target/debug/examples/handle_404_pages-8973639e99d70336.handle_404_pages.4c0f303d-cgu.1.rcgu.o" "/opt/rustwide/target/debug/examples/handle_404_pages-8973639e99d70336.handle_404_pages.4c0f303d-cgu.10.rcgu.o" "/opt/rustwide/target/debug/examples/handle_404_pages-8973639e99d70336.handle_404_pages.4c0f303d-cgu.11.rcgu.o" "/opt/rustwide/target/debug/examples/handle_404_pages-8973639e99d70336.handle_404_pages.4c0f303d-cgu.12.rcgu.o" "/opt/rustwide/target/debug/examples/handle_404_pages-8973639e99d70336.handle_404_pages.4c0f303d-cgu.13.rcgu.o" "/opt/rustwide/target/debug/examples/handle_404_pages-8973639e99d70336.handle_404_pages.4c0f303d-cgu.14.rcgu.o" "/opt/rustwide/target/debug/examples/handle_404_pages-8973639e99d70336.handle_404_pages.4c0f303d-cgu.15.rcgu.o" "/opt/rustwide/target/debug/examples/handle_404_pages-8973639e99d70336.handle_404_pages.4c0f303d-cgu.2.rcgu.o" "/opt/rustwide/target/debug/examples/handle_404_pages-8973639e99d70336.handle_404_pages.4c0f303d-cgu.3.rcgu.o" "/opt/rustwide/target/debug/examples/handle_404_pages-8973639e99d70336.handle_404_pages.4c0f303d-cgu.4.rcgu.o" "/opt/rustwide/target/debug/examples/handle_404_pages-8973639e99d70336.handle_404_pages.4c0f303d-cgu.5.rcgu.o" "/opt/rustwide/target/debug/examples/handle_404_pages-8973639e99d70336.handle_404_pages.4c0f303d-cgu.6.rcgu.o" "/opt/rustwide/target/debug/examples/handle_404_pages-8973639e99d70336.handle_404_pages.4c0f303d-cgu.7.rcgu.o" "/opt/rustwide/target/debug/examples/handle_404_pages-8973639e99d70336.handle_404_pages.4c0f303d-cgu.8.rcgu.o" "/opt/rustwide/target/debug/examples/handle_404_pages-8973639e99d70336.handle_404_pages.4c0f303d-cgu.9.rcgu.o" "/opt/rustwide/target/debug/examples/handle_404_pages-8973639e99d70336.19pngjug7mst4sta.rcgu.o" "-Wl,--as-needed" "-L" "/opt/rustwide/target/debug/deps" "-L" "/opt/rustwide/rustup-home/toolchains/1.69.0-x86_64-unknown-linux-gnu/lib/rustlib/x86_64-unknown-linux-gnu/lib" "-Wl,-Bstatic" "/opt/rustwide/target/debug/deps/librouterify-d1728c5fe7bccb72.rlib" "/opt/rustwide/target/debug/deps/libpercent_encoding-5186c2668f567217.rlib" "/opt/rustwide/target/debug/deps/libregex-ec1a535928100f69.rlib" "/opt/rustwide/target/debug/deps/libaho_corasick-d997a831bf3838c4.rlib" "/opt/rustwide/target/debug/deps/libregex_syntax-26ab266b6768fe31.rlib" "/opt/rustwide/target/debug/deps/libhyper-9fd22c9b2b8a2480.rlib" "/opt/rustwide/target/debug/deps/libwant-2ad1c760a04a1567.rlib" "/opt/rustwide/target/debug/deps/libtry_lock-372cab8856e9ce9d.rlib" "/opt/rustwide/target/debug/deps/libsocket2-5969c72e2714f8b3.rlib" "/opt/rustwide/target/debug/deps/libhttparse-a5be8df91e0d2236.rlib" "/opt/rustwide/target/debug/deps/libh2-4421a91652609785.rlib" "/opt/rustwide/target/debug/deps/libindexmap-5a80c63f851c5148.rlib" "/opt/rustwide/target/debug/deps/libhashbrown-9a1f5d949d76c1be.rlib" "/opt/rustwide/target/debug/deps/libtokio_util-59c3a90358f00912.rlib" "/opt/rustwide/target/debug/deps/libtower_service-02f10e9ce1ef867f.rlib" "/opt/rustwide/target/debug/deps/libtracing-8fe06c61dd9c1aa9.rlib" "/opt/rustwide/target/debug/deps/libtracing_core-a51512d011f07753.rlib" "/opt/rustwide/target/debug/deps/liblazy_static-a15e1ed0a3c31761.rlib" "/opt/rustwide/target/debug/deps/libhttp_body-82b757cf4b4e3dd1.rlib" "/opt/rustwide/target/debug/deps/libfutures_util-e6d87713d3acab04.rlib" "/opt/rustwide/target/debug/deps/libfutures_io-44ce32c4c60b64da.rlib" "/opt/rustwide/target/debug/deps/libslab-12e6a36b9d82f440.rlib" "/opt/rustwide/target/debug/deps/libfutures_channel-761d0d731ab7b584.rlib" "/opt/rustwide/target/debug/deps/libfutures_sink-7722105d42bc94f4.rlib" "/opt/rustwide/target/debug/deps/libfutures_task-f07d4461073ee7cc.rlib" "/opt/rustwide/target/debug/deps/libpin_utils-0d8eaf4ac0fcb221.rlib" "/opt/rustwide/target/debug/deps/libfutures_core-62f994d3721bb0e3.rlib" "/opt/rustwide/target/debug/deps/libtokio-174f011439196709.rlib" "/opt/rustwide/target/debug/deps/libsignal_hook_registry-705e137271d5c7e0.rlib" "/opt/rustwide/target/debug/deps/libnum_cpus-df642bcade4c36b6.rlib" "/opt/rustwide/target/debug/deps/libmemchr-e30a17317ff1667e.rlib" "/opt/rustwide/target/debug/deps/libonce_cell-695bc870d798ec64.rlib" "/opt/rustwide/target/debug/deps/libmio-d73cd30977cc3699.rlib" "/opt/rustwide/target/debug/deps/liblog-50c946da9511fc97.rlib" "/opt/rustwide/target/debug/deps/libparking_lot-762335bd6d79d118.rlib" "/opt/rustwide/target/debug/deps/libparking_lot_core-8b981d8d2e352f94.rlib" "/opt/rustwide/target/debug/deps/liblibc-331a655c88778974.rlib" "/opt/rustwide/target/debug/deps/libsmallvec-c9c12de244d0b753.rlib" "/opt/rustwide/target/debug/deps/liblock_api-f14a8142d92b1256.rlib" "/opt/rustwide/target/debug/deps/libscopeguard-f471875f675163b5.rlib" "/opt/rustwide/target/debug/deps/libinstant-1bfa666718b38be4.rlib" "/opt/rustwide/target/debug/deps/libcfg_if-e5e118dd7d121aaa.rlib" "/opt/rustwide/target/debug/deps/libpin_project_lite-7f3fd9ea3370cd20.rlib" "/opt/rustwide/target/debug/deps/libhttpdate-fbb447b85a38529c.rlib" "/opt/rustwide/target/debug/deps/libhttp-7ff35520f1138e3e.rlib" "/opt/rustwide/target/debug/deps/libitoa-56a8428bad7458b8.rlib" "/opt/rustwide/target/debug/deps/libbytes-0b539a5c776b0476.rlib" "/opt/rustwide/target/debug/deps/libfnv-41a559218f992797.rlib" "/opt/rustwide/rustup-home/toolchains/1.69.0-x86_64-unknown-linux-gnu/lib/rustlib/x86_64-unknown-linux-gnu/lib/libstd-89bc084783fdc439.rlib" "/opt/rustwide/rustup-home/toolchains/1.69.0-x86_64-unknown-linux-gnu/lib/rustlib/x86_64-unknown-linux-gnu/lib/libpanic_unwind-8bee4b287d4367c1.rlib" "/opt/rustwide/rustup-home/toolchains/1.69.0-x86_64-unknown-linux-gnu/lib/rustlib/x86_64-unknown-linux-gnu/lib/libobject-d61707aed80694c0.rlib" "/opt/rustwide/rustup-home/toolchains/1.69.0-x86_64-unknown-linux-gnu/lib/rustlib/x86_64-unknown-linux-gnu/lib/libmemchr-d85366256f22345b.rlib" "/opt/rustwide/rustup-home/toolchains/1.69.0-x86_64-unknown-linux-gnu/lib/rustlib/x86_64-unknown-linux-gnu/lib/libaddr2line-96069b86b8a8cae9.rlib" "/opt/rustwide/rustup-home/toolchains/1.69.0-x86_64-unknown-linux-gnu/lib/rustlib/x86_64-unknown-linux-gnu/lib/libgimli-d19d53abf68dfa6c.rlib" "/opt/rustwide/rustup-home/toolchains/1.69.0-x86_64-unknown-linux-gnu/lib/rustlib/x86_64-unknown-linux-gnu/lib/librustc_demangle-787cbccd19d64ac6.rlib" "/opt/rustwide/rustup-home/toolchains/1.69.0-x86_64-unknown-linux-gnu/lib/rustlib/x86_64-unknown-linux-gnu/lib/libstd_detect-b3837a36b830e0d0.rlib" "/opt/rustwide/rustup-home/toolchains/1.69.0-x86_64-unknown-linux-gnu/lib/rustlib/x86_64-unknown-linux-gnu/lib/libhashbrown-e3deb0e7e3f04966.rlib" "/opt/rustwide/rustup-home/toolchains/1.69.0-x86_64-unknown-linux-gnu/lib/rustlib/x86_64-unknown-linux-gnu/lib/libminiz_oxide-dabbb79c9815def4.rlib" "/opt/rustwide/rustup-home/toolchains/1.69.0-x86_64-unknown-linux-gnu/lib/rustlib/x86_64-unknown-linux-gnu/lib/libadler-305b01f34c9409f2.rlib" "/opt/rustwide/rustup-home/toolchains/1.69.0-x86_64-unknown-linux-gnu/lib/rustlib/x86_64-unknown-linux-gnu/lib/librustc_std_workspace_alloc-f833521df6074e73.rlib" "/opt/rustwide/rustup-home/toolchains/1.69.0-x86_64-unknown-linux-gnu/lib/rustlib/x86_64-unknown-linux-gnu/lib/libunwind-9ac333113350d171.rlib" "/opt/rustwide/rustup-home/toolchains/1.69.0-x86_64-unknown-linux-gnu/lib/rustlib/x86_64-unknown-linux-gnu/lib/libcfg_if-1c126114322d0eee.rlib" "/opt/rustwide/rustup-home/toolchains/1.69.0-x86_64-unknown-linux-gnu/lib/rustlib/x86_64-unknown-linux-gnu/lib/liblibc-bad9164fdeeecf92.rlib" "/opt/rustwide/rustup-home/toolchains/1.69.0-x86_64-unknown-linux-gnu/lib/rustlib/x86_64-unknown-linux-gnu/lib/liballoc-f9374b1e480fa681.rlib" "/opt/rustwide/rustup-home/toolchains/1.69.0-x86_64-unknown-linux-gnu/lib/rustlib/x86_64-unknown-linux-gnu/lib/librustc_std_workspace_core-207f06e41d9603af.rlib" "/opt/rustwide/rustup-home/toolchains/1.69.0-x86_64-unknown-linux-gnu/lib/rustlib/x86_64-unknown-linux-gnu/lib/libcore-7e2768e66e984e85.rlib" "/opt/rustwide/rustup-home/toolchains/1.69.0-x86_64-unknown-linux-gnu/lib/rustlib/x86_64-unknown-linux-gnu/lib/libcompiler_builtins-957b4aff41f8cd46.rlib" "-Wl,-Bdynamic" "-lgcc_s" "-lutil" "-lrt" "-lpthread" "-lm" "-ldl" "-lc" "-Wl,--eh-frame-hdr" "-Wl,-z,noexecstack" "-L" "/opt/rustwide/rustup-home/toolchains/1.69.0-x86_64-unknown-linux-gnu/lib/rustlib/x86_64-unknown-linux-gnu/lib" "-o" "/opt/rustwide/target/debug/examples/handle_404_pages-8973639e99d70336" "-Wl,--gc-sections" "-pie" "-Wl,-z,relro,-z,now" "-nodefaultlibs"
[INFO] [stdout]   = note: collect2: fatal error: ld terminated with signal 9 [Killed]
[INFO] [stdout]           compilation terminated.
[INFO] [stdout]           
[INFO] [stdout] 
[INFO] [stdout] 
[INFO] [stdout] error: aborting due to previous error
[INFO] [stdout] 
[INFO] [stdout] 
[INFO] [stderr] error: could not compile `routerify` due to 2 previous errors
[INFO] [stdout] error: linking with `cc` failed: exit status: 1
[INFO] [stdout]   |
[INFO] [stdout]   = note: LC_ALL="C" PATH="/opt/rustwide/rustup-home/toolchains/1.69.0-x86_64-unknown-linux-gnu/lib/rustlib/x86_64-unknown-linux-gnu/bin:/opt/rustwide/cargo-home/bin:/usr/local/sbin:/usr/local/bin:/usr/sbin:/usr/bin:/sbin:/bin" VSLANG="1033" "cc" "-m64" "/tmp/rustclv7yrn/symbols.o" "/opt/rustwide/target/debug/examples/request_duration-8d6cce895822a75f.request_duration.5b7c6876-cgu.0.rcgu.o" "/opt/rustwide/target/debug/examples/request_duration-8d6cce895822a75f.request_duration.5b7c6876-cgu.1.rcgu.o" "/opt/rustwide/target/debug/examples/request_duration-8d6cce895822a75f.request_duration.5b7c6876-cgu.10.rcgu.o" "/opt/rustwide/target/debug/examples/request_duration-8d6cce895822a75f.request_duration.5b7c6876-cgu.11.rcgu.o" "/opt/rustwide/target/debug/examples/request_duration-8d6cce895822a75f.request_duration.5b7c6876-cgu.12.rcgu.o" "/opt/rustwide/target/debug/examples/request_duration-8d6cce895822a75f.request_duration.5b7c6876-cgu.13.rcgu.o" "/opt/rustwide/target/debug/examples/request_duration-8d6cce895822a75f.request_duration.5b7c6876-cgu.14.rcgu.o" "/opt/rustwide/target/debug/examples/request_duration-8d6cce895822a75f.request_duration.5b7c6876-cgu.15.rcgu.o" "/opt/rustwide/target/debug/examples/request_duration-8d6cce895822a75f.request_duration.5b7c6876-cgu.2.rcgu.o" "/opt/rustwide/target/debug/examples/request_duration-8d6cce895822a75f.request_duration.5b7c6876-cgu.3.rcgu.o" "/opt/rustwide/target/debug/examples/request_duration-8d6cce895822a75f.request_duration.5b7c6876-cgu.4.rcgu.o" "/opt/rustwide/target/debug/examples/request_duration-8d6cce895822a75f.request_duration.5b7c6876-cgu.5.rcgu.o" "/opt/rustwide/target/debug/examples/request_duration-8d6cce895822a75f.request_duration.5b7c6876-cgu.6.rcgu.o" "/opt/rustwide/target/debug/examples/request_duration-8d6cce895822a75f.request_duration.5b7c6876-cgu.7.rcgu.o" "/opt/rustwide/target/debug/examples/request_duration-8d6cce895822a75f.request_duration.5b7c6876-cgu.8.rcgu.o" "/opt/rustwide/target/debug/examples/request_duration-8d6cce895822a75f.request_duration.5b7c6876-cgu.9.rcgu.o" "/opt/rustwide/target/debug/examples/request_duration-8d6cce895822a75f.uaj9l11d3ckxtrr.rcgu.o" "-Wl,--as-needed" "-L" "/opt/rustwide/target/debug/deps" "-L" "/opt/rustwide/rustup-home/toolchains/1.69.0-x86_64-unknown-linux-gnu/lib/rustlib/x86_64-unknown-linux-gnu/lib" "-Wl,-Bstatic" "/opt/rustwide/target/debug/deps/librouterify-d1728c5fe7bccb72.rlib" "/opt/rustwide/target/debug/deps/libpercent_encoding-5186c2668f567217.rlib" "/opt/rustwide/target/debug/deps/libregex-ec1a535928100f69.rlib" "/opt/rustwide/target/debug/deps/libaho_corasick-d997a831bf3838c4.rlib" "/opt/rustwide/target/debug/deps/libregex_syntax-26ab266b6768fe31.rlib" "/opt/rustwide/target/debug/deps/libhyper-9fd22c9b2b8a2480.rlib" "/opt/rustwide/target/debug/deps/libwant-2ad1c760a04a1567.rlib" "/opt/rustwide/target/debug/deps/libtry_lock-372cab8856e9ce9d.rlib" "/opt/rustwide/target/debug/deps/libsocket2-5969c72e2714f8b3.rlib" "/opt/rustwide/target/debug/deps/libhttparse-a5be8df91e0d2236.rlib" "/opt/rustwide/target/debug/deps/libh2-4421a91652609785.rlib" "/opt/rustwide/target/debug/deps/libindexmap-5a80c63f851c5148.rlib" "/opt/rustwide/target/debug/deps/libhashbrown-9a1f5d949d76c1be.rlib" "/opt/rustwide/target/debug/deps/libtokio_util-59c3a90358f00912.rlib" "/opt/rustwide/target/debug/deps/libtower_service-02f10e9ce1ef867f.rlib" "/opt/rustwide/target/debug/deps/libtracing-8fe06c61dd9c1aa9.rlib" "/opt/rustwide/target/debug/deps/libtracing_core-a51512d011f07753.rlib" "/opt/rustwide/target/debug/deps/liblazy_static-a15e1ed0a3c31761.rlib" "/opt/rustwide/target/debug/deps/libhttp_body-82b757cf4b4e3dd1.rlib" "/opt/rustwide/target/debug/deps/libfutures_util-e6d87713d3acab04.rlib" "/opt/rustwide/target/debug/deps/libfutures_io-44ce32c4c60b64da.rlib" "/opt/rustwide/target/debug/deps/libslab-12e6a36b9d82f440.rlib" "/opt/rustwide/target/debug/deps/libfutures_channel-761d0d731ab7b584.rlib" "/opt/rustwide/target/debug/deps/libfutures_sink-7722105d42bc94f4.rlib" "/opt/rustwide/target/debug/deps/libfutures_task-f07d4461073ee7cc.rlib" "/opt/rustwide/target/debug/deps/libpin_utils-0d8eaf4ac0fcb221.rlib" "/opt/rustwide/target/debug/deps/libfutures_core-62f994d3721bb0e3.rlib" "/opt/rustwide/target/debug/deps/libtokio-174f011439196709.rlib" "/opt/rustwide/target/debug/deps/libsignal_hook_registry-705e137271d5c7e0.rlib" "/opt/rustwide/target/debug/deps/libnum_cpus-df642bcade4c36b6.rlib" "/opt/rustwide/target/debug/deps/libmemchr-e30a17317ff1667e.rlib" "/opt/rustwide/target/debug/deps/libonce_cell-695bc870d798ec64.rlib" "/opt/rustwide/target/debug/deps/libmio-d73cd30977cc3699.rlib" "/opt/rustwide/target/debug/deps/liblog-50c946da9511fc97.rlib" "/opt/rustwide/target/debug/deps/libparking_lot-762335bd6d79d118.rlib" "/opt/rustwide/target/debug/deps/libparking_lot_core-8b981d8d2e352f94.rlib" "/opt/rustwide/target/debug/deps/liblibc-331a655c88778974.rlib" "/opt/rustwide/target/debug/deps/libsmallvec-c9c12de244d0b753.rlib" "/opt/rustwide/target/debug/deps/liblock_api-f14a8142d92b1256.rlib" "/opt/rustwide/target/debug/deps/libscopeguard-f471875f675163b5.rlib" "/opt/rustwide/target/debug/deps/libinstant-1bfa666718b38be4.rlib" "/opt/rustwide/target/debug/deps/libcfg_if-e5e118dd7d121aaa.rlib" "/opt/rustwide/target/debug/deps/libpin_project_lite-7f3fd9ea3370cd20.rlib" "/opt/rustwide/target/debug/deps/libhttpdate-fbb447b85a38529c.rlib" "/opt/rustwide/target/debug/deps/libhttp-7ff35520f1138e3e.rlib" "/opt/rustwide/target/debug/deps/libitoa-56a8428bad7458b8.rlib" "/opt/rustwide/target/debug/deps/libbytes-0b539a5c776b0476.rlib" "/opt/rustwide/target/debug/deps/libfnv-41a559218f992797.rlib" "/opt/rustwide/rustup-home/toolchains/1.69.0-x86_64-unknown-linux-gnu/lib/rustlib/x86_64-unknown-linux-gnu/lib/libstd-89bc084783fdc439.rlib" "/opt/rustwide/rustup-home/toolchains/1.69.0-x86_64-unknown-linux-gnu/lib/rustlib/x86_64-unknown-linux-gnu/lib/libpanic_unwind-8bee4b287d4367c1.rlib" "/opt/rustwide/rustup-home/toolchains/1.69.0-x86_64-unknown-linux-gnu/lib/rustlib/x86_64-unknown-linux-gnu/lib/libobject-d61707aed80694c0.rlib" "/opt/rustwide/rustup-home/toolchains/1.69.0-x86_64-unknown-linux-gnu/lib/rustlib/x86_64-unknown-linux-gnu/lib/libmemchr-d85366256f22345b.rlib" "/opt/rustwide/rustup-home/toolchains/1.69.0-x86_64-unknown-linux-gnu/lib/rustlib/x86_64-unknown-linux-gnu/lib/libaddr2line-96069b86b8a8cae9.rlib" "/opt/rustwide/rustup-home/toolchains/1.69.0-x86_64-unknown-linux-gnu/lib/rustlib/x86_64-unknown-linux-gnu/lib/libgimli-d19d53abf68dfa6c.rlib" "/opt/rustwide/rustup-home/toolchains/1.69.0-x86_64-unknown-linux-gnu/lib/rustlib/x86_64-unknown-linux-gnu/lib/librustc_demangle-787cbccd19d64ac6.rlib" "/opt/rustwide/rustup-home/toolchains/1.69.0-x86_64-unknown-linux-gnu/lib/rustlib/x86_64-unknown-linux-gnu/lib/libstd_detect-b3837a36b830e0d0.rlib" "/opt/rustwide/rustup-home/toolchains/1.69.0-x86_64-unknown-linux-gnu/lib/rustlib/x86_64-unknown-linux-gnu/lib/libhashbrown-e3deb0e7e3f04966.rlib" "/opt/rustwide/rustup-home/toolchains/1.69.0-x86_64-unknown-linux-gnu/lib/rustlib/x86_64-unknown-linux-gnu/lib/libminiz_oxide-dabbb79c9815def4.rlib" "/opt/rustwide/rustup-home/toolchains/1.69.0-x86_64-unknown-linux-gnu/lib/rustlib/x86_64-unknown-linux-gnu/lib/libadler-305b01f34c9409f2.rlib" "/opt/rustwide/rustup-home/toolchains/1.69.0-x86_64-unknown-linux-gnu/lib/rustlib/x86_64-unknown-linux-gnu/lib/librustc_std_workspace_alloc-f833521df6074e73.rlib" "/opt/rustwide/rustup-home/toolchains/1.69.0-x86_64-unknown-linux-gnu/lib/rustlib/x86_64-unknown-linux-gnu/lib/libunwind-9ac333113350d171.rlib" "/opt/rustwide/rustup-home/toolchains/1.69.0-x86_64-unknown-linux-gnu/lib/rustlib/x86_64-unknown-linux-gnu/lib/libcfg_if-1c126114322d0eee.rlib" "/opt/rustwide/rustup-home/toolchains/1.69.0-x86_64-unknown-linux-gnu/lib/rustlib/x86_64-unknown-linux-gnu/lib/liblibc-bad9164fdeeecf92.rlib" "/opt/rustwide/rustup-home/toolchains/1.69.0-x86_64-unknown-linux-gnu/lib/rustlib/x86_64-unknown-linux-gnu/lib/liballoc-f9374b1e480fa681.rlib" "/opt/rustwide/rustup-home/toolchains/1.69.0-x86_64-unknown-linux-gnu/lib/rustlib/x86_64-unknown-linux-gnu/lib/librustc_std_workspace_core-207f06e41d9603af.rlib" "/opt/rustwide/rustup-home/toolchains/1.69.0-x86_64-unknown-linux-gnu/lib/rustlib/x86_64-unknown-linux-gnu/lib/libcore-7e2768e66e984e85.rlib" "/opt/rustwide/rustup-home/toolchains/1.69.0-x86_64-unknown-linux-gnu/lib/rustlib/x86_64-unknown-linux-gnu/lib/libcompiler_builtins-957b4aff41f8cd46.rlib" "-Wl,-Bdynamic" "-lgcc_s" "-lutil" "-lrt" "-lpthread" "-lm" "-ldl" "-lc" "-Wl,--eh-frame-hdr" "-Wl,-z,noexecstack" "-L" "/opt/rustwide/rustup-home/toolchains/1.69.0-x86_64-unknown-linux-gnu/lib/rustlib/x86_64-unknown-linux-gnu/lib" "-o" "/opt/rustwide/target/debug/examples/request_duration-8d6cce895822a75f" "-Wl,--gc-sections" "-pie" "-Wl,-z,relro,-z,now" "-nodefaultlibs"
[INFO] [stdout]   = note: collect2: fatal error: ld terminated with signal 9 [Killed]
[INFO] [stdout]           compilation terminated.
[INFO] [stdout]           
[INFO] [stdout] 
[INFO] [stdout] 
[INFO] [stdout] error: aborting due to previous error
[INFO] [stdout] 
[INFO] [stdout] 
[INFO] [stderr] error: could not compile `routerify` due to 2 previous errors
[INFO] [stdout] error: linking with `cc` failed: exit status: 1
[INFO] [stdout]   |
[INFO] [stdout]   = note: LC_ALL="C" PATH="/opt/rustwide/rustup-home/toolchains/1.69.0-x86_64-unknown-linux-gnu/lib/rustlib/x86_64-unknown-linux-gnu/bin:/opt/rustwide/cargo-home/bin:/usr/local/sbin:/usr/local/bin:/usr/sbin:/usr/bin:/sbin:/bin" VSLANG="1033" "cc" "-m64" "/tmp/rustcdu5tkR/symbols.o" "/opt/rustwide/target/debug/examples/error_handling-d8a502b6ef1e073c.error_handling.59dd829f-cgu.0.rcgu.o" "/opt/rustwide/target/debug/examples/error_handling-d8a502b6ef1e073c.error_handling.59dd829f-cgu.1.rcgu.o" "/opt/rustwide/target/debug/examples/error_handling-d8a502b6ef1e073c.error_handling.59dd829f-cgu.10.rcgu.o" "/opt/rustwide/target/debug/examples/error_handling-d8a502b6ef1e073c.error_handling.59dd829f-cgu.11.rcgu.o" "/opt/rustwide/target/debug/examples/error_handling-d8a502b6ef1e073c.error_handling.59dd829f-cgu.12.rcgu.o" "/opt/rustwide/target/debug/examples/error_handling-d8a502b6ef1e073c.error_handling.59dd829f-cgu.13.rcgu.o" "/opt/rustwide/target/debug/examples/error_handling-d8a502b6ef1e073c.error_handling.59dd829f-cgu.14.rcgu.o" "/opt/rustwide/target/debug/examples/error_handling-d8a502b6ef1e073c.error_handling.59dd829f-cgu.15.rcgu.o" "/opt/rustwide/target/debug/examples/error_handling-d8a502b6ef1e073c.error_handling.59dd829f-cgu.2.rcgu.o" "/opt/rustwide/target/debug/examples/error_handling-d8a502b6ef1e073c.error_handling.59dd829f-cgu.3.rcgu.o" "/opt/rustwide/target/debug/examples/error_handling-d8a502b6ef1e073c.error_handling.59dd829f-cgu.4.rcgu.o" "/opt/rustwide/target/debug/examples/error_handling-d8a502b6ef1e073c.error_handling.59dd829f-cgu.5.rcgu.o" "/opt/rustwide/target/debug/examples/error_handling-d8a502b6ef1e073c.error_handling.59dd829f-cgu.6.rcgu.o" "/opt/rustwide/target/debug/examples/error_handling-d8a502b6ef1e073c.error_handling.59dd829f-cgu.7.rcgu.o" "/opt/rustwide/target/debug/examples/error_handling-d8a502b6ef1e073c.error_handling.59dd829f-cgu.8.rcgu.o" "/opt/rustwide/target/debug/examples/error_handling-d8a502b6ef1e073c.error_handling.59dd829f-cgu.9.rcgu.o" "/opt/rustwide/target/debug/examples/error_handling-d8a502b6ef1e073c.3qhkw2dvvp6ng96n.rcgu.o" "-Wl,--as-needed" "-L" "/opt/rustwide/target/debug/deps" "-L" "/opt/rustwide/rustup-home/toolchains/1.69.0-x86_64-unknown-linux-gnu/lib/rustlib/x86_64-unknown-linux-gnu/lib" "-Wl,-Bstatic" "/opt/rustwide/target/debug/deps/librouterify-d1728c5fe7bccb72.rlib" "/opt/rustwide/target/debug/deps/libpercent_encoding-5186c2668f567217.rlib" "/opt/rustwide/target/debug/deps/libregex-ec1a535928100f69.rlib" "/opt/rustwide/target/debug/deps/libaho_corasick-d997a831bf3838c4.rlib" "/opt/rustwide/target/debug/deps/libregex_syntax-26ab266b6768fe31.rlib" "/opt/rustwide/target/debug/deps/libhyper-9fd22c9b2b8a2480.rlib" "/opt/rustwide/target/debug/deps/libwant-2ad1c760a04a1567.rlib" "/opt/rustwide/target/debug/deps/libtry_lock-372cab8856e9ce9d.rlib" "/opt/rustwide/target/debug/deps/libsocket2-5969c72e2714f8b3.rlib" "/opt/rustwide/target/debug/deps/libhttparse-a5be8df91e0d2236.rlib" "/opt/rustwide/target/debug/deps/libh2-4421a91652609785.rlib" "/opt/rustwide/target/debug/deps/libindexmap-5a80c63f851c5148.rlib" "/opt/rustwide/target/debug/deps/libhashbrown-9a1f5d949d76c1be.rlib" "/opt/rustwide/target/debug/deps/libtokio_util-59c3a90358f00912.rlib" "/opt/rustwide/target/debug/deps/libtower_service-02f10e9ce1ef867f.rlib" "/opt/rustwide/target/debug/deps/libtracing-8fe06c61dd9c1aa9.rlib" "/opt/rustwide/target/debug/deps/libtracing_core-a51512d011f07753.rlib" "/opt/rustwide/target/debug/deps/liblazy_static-a15e1ed0a3c31761.rlib" "/opt/rustwide/target/debug/deps/libhttp_body-82b757cf4b4e3dd1.rlib" "/opt/rustwide/target/debug/deps/libfutures_util-e6d87713d3acab04.rlib" "/opt/rustwide/target/debug/deps/libfutures_io-44ce32c4c60b64da.rlib" "/opt/rustwide/target/debug/deps/libslab-12e6a36b9d82f440.rlib" "/opt/rustwide/target/debug/deps/libfutures_channel-761d0d731ab7b584.rlib" "/opt/rustwide/target/debug/deps/libfutures_sink-7722105d42bc94f4.rlib" "/opt/rustwide/target/debug/deps/libfutures_task-f07d4461073ee7cc.rlib" "/opt/rustwide/target/debug/deps/libpin_utils-0d8eaf4ac0fcb221.rlib" "/opt/rustwide/target/debug/deps/libfutures_core-62f994d3721bb0e3.rlib" "/opt/rustwide/target/debug/deps/libtokio-174f011439196709.rlib" "/opt/rustwide/target/debug/deps/libsignal_hook_registry-705e137271d5c7e0.rlib" "/opt/rustwide/target/debug/deps/libnum_cpus-df642bcade4c36b6.rlib" "/opt/rustwide/target/debug/deps/libmemchr-e30a17317ff1667e.rlib" "/opt/rustwide/target/debug/deps/libonce_cell-695bc870d798ec64.rlib" "/opt/rustwide/target/debug/deps/libmio-d73cd30977cc3699.rlib" "/opt/rustwide/target/debug/deps/liblog-50c946da9511fc97.rlib" "/opt/rustwide/target/debug/deps/libparking_lot-762335bd6d79d118.rlib" "/opt/rustwide/target/debug/deps/libparking_lot_core-8b981d8d2e352f94.rlib" "/opt/rustwide/target/debug/deps/liblibc-331a655c88778974.rlib" "/opt/rustwide/target/debug/deps/libsmallvec-c9c12de244d0b753.rlib" "/opt/rustwide/target/debug/deps/liblock_api-f14a8142d92b1256.rlib" "/opt/rustwide/target/debug/deps/libscopeguard-f471875f675163b5.rlib" "/opt/rustwide/target/debug/deps/libinstant-1bfa666718b38be4.rlib" "/opt/rustwide/target/debug/deps/libcfg_if-e5e118dd7d121aaa.rlib" "/opt/rustwide/target/debug/deps/libpin_project_lite-7f3fd9ea3370cd20.rlib" "/opt/rustwide/target/debug/deps/libhttpdate-fbb447b85a38529c.rlib" "/opt/rustwide/target/debug/deps/libhttp-7ff35520f1138e3e.rlib" "/opt/rustwide/target/debug/deps/libitoa-56a8428bad7458b8.rlib" "/opt/rustwide/target/debug/deps/libbytes-0b539a5c776b0476.rlib" "/opt/rustwide/target/debug/deps/libfnv-41a559218f992797.rlib" "/opt/rustwide/rustup-home/toolchains/1.69.0-x86_64-unknown-linux-gnu/lib/rustlib/x86_64-unknown-linux-gnu/lib/libstd-89bc084783fdc439.rlib" "/opt/rustwide/rustup-home/toolchains/1.69.0-x86_64-unknown-linux-gnu/lib/rustlib/x86_64-unknown-linux-gnu/lib/libpanic_unwind-8bee4b287d4367c1.rlib" "/opt/rustwide/rustup-home/toolchains/1.69.0-x86_64-unknown-linux-gnu/lib/rustlib/x86_64-unknown-linux-gnu/lib/libobject-d61707aed80694c0.rlib" "/opt/rustwide/rustup-home/toolchains/1.69.0-x86_64-unknown-linux-gnu/lib/rustlib/x86_64-unknown-linux-gnu/lib/libmemchr-d85366256f22345b.rlib" "/opt/rustwide/rustup-home/toolchains/1.69.0-x86_64-unknown-linux-gnu/lib/rustlib/x86_64-unknown-linux-gnu/lib/libaddr2line-96069b86b8a8cae9.rlib" "/opt/rustwide/rustup-home/toolchains/1.69.0-x86_64-unknown-linux-gnu/lib/rustlib/x86_64-unknown-linux-gnu/lib/libgimli-d19d53abf68dfa6c.rlib" "/opt/rustwide/rustup-home/toolchains/1.69.0-x86_64-unknown-linux-gnu/lib/rustlib/x86_64-unknown-linux-gnu/lib/librustc_demangle-787cbccd19d64ac6.rlib" "/opt/rustwide/rustup-home/toolchains/1.69.0-x86_64-unknown-linux-gnu/lib/rustlib/x86_64-unknown-linux-gnu/lib/libstd_detect-b3837a36b830e0d0.rlib" "/opt/rustwide/rustup-home/toolchains/1.69.0-x86_64-unknown-linux-gnu/lib/rustlib/x86_64-unknown-linux-gnu/lib/libhashbrown-e3deb0e7e3f04966.rlib" "/opt/rustwide/rustup-home/toolchains/1.69.0-x86_64-unknown-linux-gnu/lib/rustlib/x86_64-unknown-linux-gnu/lib/libminiz_oxide-dabbb79c9815def4.rlib" "/opt/rustwide/rustup-home/toolchains/1.69.0-x86_64-unknown-linux-gnu/lib/rustlib/x86_64-unknown-linux-gnu/lib/libadler-305b01f34c9409f2.rlib" "/opt/rustwide/rustup-home/toolchains/1.69.0-x86_64-unknown-linux-gnu/lib/rustlib/x86_64-unknown-linux-gnu/lib/librustc_std_workspace_alloc-f833521df6074e73.rlib" "/opt/rustwide/rustup-home/toolchains/1.69.0-x86_64-unknown-linux-gnu/lib/rustlib/x86_64-unknown-linux-gnu/lib/libunwind-9ac333113350d171.rlib" "/opt/rustwide/rustup-home/toolchains/1.69.0-x86_64-unknown-linux-gnu/lib/rustlib/x86_64-unknown-linux-gnu/lib/libcfg_if-1c126114322d0eee.rlib" "/opt/rustwide/rustup-home/toolchains/1.69.0-x86_64-unknown-linux-gnu/lib/rustlib/x86_64-unknown-linux-gnu/lib/liblibc-bad9164fdeeecf92.rlib" "/opt/rustwide/rustup-home/toolchains/1.69.0-x86_64-unknown-linux-gnu/lib/rustlib/x86_64-unknown-linux-gnu/lib/liballoc-f9374b1e480fa681.rlib" "/opt/rustwide/rustup-home/toolchains/1.69.0-x86_64-unknown-linux-gnu/lib/rustlib/x86_64-unknown-linux-gnu/lib/librustc_std_workspace_core-207f06e41d9603af.rlib" "/opt/rustwide/rustup-home/toolchains/1.69.0-x86_64-unknown-linux-gnu/lib/rustlib/x86_64-unknown-linux-gnu/lib/libcore-7e2768e66e984e85.rlib" "/opt/rustwide/rustup-home/toolchains/1.69.0-x86_64-unknown-linux-gnu/lib/rustlib/x86_64-unknown-linux-gnu/lib/libcompiler_builtins-957b4aff41f8cd46.rlib" "-Wl,-Bdynamic" "-lgcc_s" "-lutil" "-lrt" "-lpthread" "-lm" "-ldl" "-lc" "-Wl,--eh-frame-hdr" "-Wl,-z,noexecstack" "-L" "/opt/rustwide/rustup-home/toolchains/1.69.0-x86_64-unknown-linux-gnu/lib/rustlib/x86_64-unknown-linux-gnu/lib" "-o" "/opt/rustwide/target/debug/examples/error_handling-d8a502b6ef1e073c" "-Wl,--gc-sections" "-pie" "-Wl,-z,relro,-z,now" "-nodefaultlibs"
[INFO] [stdout]   = note: collect2: fatal error: ld terminated with signal 9 [Killed]
[INFO] [stdout]           compilation terminated.
[INFO] [stdout]           
[INFO] [stdout] 
[INFO] [stdout] 
[INFO] [stdout] error: aborting due to previous error
[INFO] [stdout] 
[INFO] [stdout] 
[INFO] [stderr] error: could not compile `routerify` due to 2 previous errors
[INFO] [stderr] error: could not compile `routerify`
[INFO] [stderr] 
[INFO] [stderr] Caused by:
[INFO] [stderr]   process didn't exit successfully: `rustc --crate-name middleware --edition=2018 examples/middleware.rs --error-format=json --json=diagnostic-rendered-ansi,artifacts,future-incompat --crate-type bin --emit=dep-info,link -C embed-bitcode=no -C debuginfo=2 --cfg 'feature="default"' --cfg 'feature="hyper-http1"' -C metadata=d5f49d26edc2b16f -C extra-filename=-d5f49d26edc2b16f --out-dir /opt/rustwide/target/debug/examples -L dependency=/opt/rustwide/target/debug/deps --extern aws_lambda_events=/opt/rustwide/target/debug/deps/libaws_lambda_events-edeb4237203df4f4.rlib --extern futures=/opt/rustwide/target/debug/deps/libfutures-5a5d3262c35406f5.rlib --extern http=/opt/rustwide/target/debug/deps/libhttp-7ff35520f1138e3e.rlib --extern hyper=/opt/rustwide/target/debug/deps/libhyper-9fd22c9b2b8a2480.rlib --extern lazy_static=/opt/rustwide/target/debug/deps/liblazy_static-a15e1ed0a3c31761.rlib --extern lambda_http=/opt/rustwide/target/debug/deps/libnetlify_lambda_http-3c5e88fd01b40fb8.rlib --extern percent_encoding=/opt/rustwide/target/debug/deps/libpercent_encoding-5186c2668f567217.rlib --extern regex=/opt/rustwide/target/debug/deps/libregex-ec1a535928100f69.rlib --extern routerify=/opt/rustwide/target/debug/deps/librouterify-d1728c5fe7bccb72.rlib --extern slog=/opt/rustwide/target/debug/deps/libslog-467ea1234f815444.rlib --extern sloggers=/opt/rustwide/target/debug/deps/libsloggers-f59770b436066cfe.rlib --extern tokio=/opt/rustwide/target/debug/deps/libtokio-174f011439196709.rlib --extern url=/opt/rustwide/target/debug/deps/liburl-b1155ae290215edc.rlib --cap-lints=warn` (signal: 9, SIGKILL: kill)
[INFO] [stderr] error: could not compile `routerify`
[INFO] [stderr] 
[INFO] [stderr] Caused by:
[INFO] [stderr]   process didn't exit successfully: `rustc --crate-name error_handling_with_request_info --edition=2018 examples/error_handling_with_request_info.rs --error-format=json --json=diagnostic-rendered-ansi,artifacts,future-incompat --crate-type bin --emit=dep-info,link -C embed-bitcode=no -C debuginfo=2 --cfg 'feature="default"' --cfg 'feature="hyper-http1"' -C metadata=38e4bd9ce29adc66 -C extra-filename=-38e4bd9ce29adc66 --out-dir /opt/rustwide/target/debug/examples -L dependency=/opt/rustwide/target/debug/deps --extern aws_lambda_events=/opt/rustwide/target/debug/deps/libaws_lambda_events-edeb4237203df4f4.rlib --extern futures=/opt/rustwide/target/debug/deps/libfutures-5a5d3262c35406f5.rlib --extern http=/opt/rustwide/target/debug/deps/libhttp-7ff35520f1138e3e.rlib --extern hyper=/opt/rustwide/target/debug/deps/libhyper-9fd22c9b2b8a2480.rlib --extern lazy_static=/opt/rustwide/target/debug/deps/liblazy_static-a15e1ed0a3c31761.rlib --extern lambda_http=/opt/rustwide/target/debug/deps/libnetlify_lambda_http-3c5e88fd01b40fb8.rlib --extern percent_encoding=/opt/rustwide/target/debug/deps/libpercent_encoding-5186c2668f567217.rlib --extern regex=/opt/rustwide/target/debug/deps/libregex-ec1a535928100f69.rlib --extern routerify=/opt/rustwide/target/debug/deps/librouterify-d1728c5fe7bccb72.rlib --extern slog=/opt/rustwide/target/debug/deps/libslog-467ea1234f815444.rlib --extern sloggers=/opt/rustwide/target/debug/deps/libsloggers-f59770b436066cfe.rlib --extern tokio=/opt/rustwide/target/debug/deps/libtokio-174f011439196709.rlib --extern url=/opt/rustwide/target/debug/deps/liburl-b1155ae290215edc.rlib --cap-lints=warn` (signal: 9, SIGKILL: kill)
[INFO] [stderr] error: could not compile `routerify`
[INFO] [stderr] 
[INFO] [stderr] Caused by:
[INFO] [stderr]   process didn't exit successfully: `rustc --crate-name test2 --edition=2018 examples/test2.rs --error-format=json --json=diagnostic-rendered-ansi,artifacts,future-incompat --crate-type bin --emit=dep-info,link -C embed-bitcode=no -C debuginfo=2 --cfg 'feature="default"' --cfg 'feature="hyper-http1"' -C metadata=e34d8d44bb6744c8 -C extra-filename=-e34d8d44bb6744c8 --out-dir /opt/rustwide/target/debug/examples -L dependency=/opt/rustwide/target/debug/deps --extern aws_lambda_events=/opt/rustwide/target/debug/deps/libaws_lambda_events-edeb4237203df4f4.rlib --extern futures=/opt/rustwide/target/debug/deps/libfutures-5a5d3262c35406f5.rlib --extern http=/opt/rustwide/target/debug/deps/libhttp-7ff35520f1138e3e.rlib --extern hyper=/opt/rustwide/target/debug/deps/libhyper-9fd22c9b2b8a2480.rlib --extern lazy_static=/opt/rustwide/target/debug/deps/liblazy_static-a15e1ed0a3c31761.rlib --extern lambda_http=/opt/rustwide/target/debug/deps/libnetlify_lambda_http-3c5e88fd01b40fb8.rlib --extern percent_encoding=/opt/rustwide/target/debug/deps/libpercent_encoding-5186c2668f567217.rlib --extern regex=/opt/rustwide/target/debug/deps/libregex-ec1a535928100f69.rlib --extern routerify=/opt/rustwide/target/debug/deps/librouterify-d1728c5fe7bccb72.rlib --extern slog=/opt/rustwide/target/debug/deps/libslog-467ea1234f815444.rlib --extern sloggers=/opt/rustwide/target/debug/deps/libsloggers-f59770b436066cfe.rlib --extern tokio=/opt/rustwide/target/debug/deps/libtokio-174f011439196709.rlib --extern url=/opt/rustwide/target/debug/deps/liburl-b1155ae290215edc.rlib --cap-lints=warn` (signal: 9, SIGKILL: kill)
[INFO] running `Command { std: "docker" "inspect" "32a9e2cf72c4c30f946c294976b83d3de6de97e860593cea2ebe748702d57c4a", kill_on_drop: false }`
[INFO] running `Command { std: "docker" "rm" "-f" "32a9e2cf72c4c30f946c294976b83d3de6de97e860593cea2ebe748702d57c4a", kill_on_drop: false }`
[INFO] [stdout] 32a9e2cf72c4c30f946c294976b83d3de6de97e860593cea2ebe748702d57c4a
