[INFO] fetching crate rmw_ttlmap 0.2.2...
[INFO] testing rmw_ttlmap-0.2.2 against beta-2023-04-20 for beta-1.70-1
[INFO] extracting crate rmw_ttlmap 0.2.2 into /workspace/builds/worker-3-tc2/source
[INFO] validating manifest of crates.io crate rmw_ttlmap 0.2.2 on toolchain beta-2023-04-20
[INFO] running `Command { std: CARGO_HOME="/workspace/cargo-home" RUSTUP_HOME="/workspace/rustup-home" "/workspace/cargo-home/bin/cargo" "+beta-2023-04-20" "metadata" "--manifest-path" "Cargo.toml" "--no-deps", kill_on_drop: false }`
[INFO] started tweaking crates.io crate rmw_ttlmap 0.2.2
[INFO] finished tweaking crates.io crate rmw_ttlmap 0.2.2
[INFO] tweaked toml for crates.io crate rmw_ttlmap 0.2.2 written to /workspace/builds/worker-3-tc2/source/Cargo.toml
[INFO] crate crates.io crate rmw_ttlmap 0.2.2 already has a lockfile, it will not be regenerated
[INFO] running `Command { std: CARGO_HOME="/workspace/cargo-home" RUSTUP_HOME="/workspace/rustup-home" "/workspace/cargo-home/bin/cargo" "+beta-2023-04-20" "fetch" "--manifest-path" "Cargo.toml", kill_on_drop: false }`
[INFO] [stderr]  Downloading crates ...
[INFO] [stderr]   Downloaded async-timer v0.7.4
[INFO] [stderr]   Downloaded simple_logger v1.13.0
[INFO] [stderr]   Downloaded async-net v1.6.1
[INFO] running `Command { std: "docker" "create" "-v" "/var/lib/crater-agent-workspace/builds/worker-3-tc2/target:/opt/rustwide/target:rw,Z" "-v" "/var/lib/crater-agent-workspace/builds/worker-3-tc2/source:/opt/rustwide/workdir:ro,Z" "-v" "/var/lib/crater-agent-workspace/cargo-home:/opt/rustwide/cargo-home:ro,Z" "-v" "/var/lib/crater-agent-workspace/rustup-home:/opt/rustwide/rustup-home:ro,Z" "-e" "SOURCE_DIR=/opt/rustwide/workdir" "-e" "CARGO_TARGET_DIR=/opt/rustwide/target" "-e" "CARGO_HOME=/opt/rustwide/cargo-home" "-e" "RUSTUP_HOME=/opt/rustwide/rustup-home" "-w" "/opt/rustwide/workdir" "-m" "1610612736" "--user" "0:0" "--network" "none" "ghcr.io/rust-lang/crates-build-env/linux@sha256:5ff2268d62e97bff2cde7d5815dd6ed5b47097566f13b8d0ca110b04b60e07ed" "/opt/rustwide/cargo-home/bin/cargo" "+beta-2023-04-20" "metadata" "--no-deps" "--format-version=1", kill_on_drop: false }`
[INFO] [stdout] c5bd105b9dca8c0d3c27654afb8af77302e131def83920473736ee6f50a0c504
[INFO] running `Command { std: "docker" "start" "-a" "c5bd105b9dca8c0d3c27654afb8af77302e131def83920473736ee6f50a0c504", kill_on_drop: false }`
[INFO] running `Command { std: "docker" "inspect" "c5bd105b9dca8c0d3c27654afb8af77302e131def83920473736ee6f50a0c504", kill_on_drop: false }`
[INFO] running `Command { std: "docker" "rm" "-f" "c5bd105b9dca8c0d3c27654afb8af77302e131def83920473736ee6f50a0c504", kill_on_drop: false }`
[INFO] [stdout] c5bd105b9dca8c0d3c27654afb8af77302e131def83920473736ee6f50a0c504
[INFO] running `Command { std: "docker" "create" "-v" "/var/lib/crater-agent-workspace/builds/worker-3-tc2/target:/opt/rustwide/target:rw,Z" "-v" "/var/lib/crater-agent-workspace/builds/worker-3-tc2/source:/opt/rustwide/workdir:ro,Z" "-v" "/var/lib/crater-agent-workspace/cargo-home:/opt/rustwide/cargo-home:ro,Z" "-v" "/var/lib/crater-agent-workspace/rustup-home:/opt/rustwide/rustup-home:ro,Z" "-e" "SOURCE_DIR=/opt/rustwide/workdir" "-e" "CARGO_TARGET_DIR=/opt/rustwide/target" "-e" "CARGO_INCREMENTAL=0" "-e" "RUST_BACKTRACE=full" "-e" "RUSTFLAGS=--cap-lints=warn" "-e" "RUSTDOCFLAGS=--cap-lints=warn" "-e" "CARGO_HOME=/opt/rustwide/cargo-home" "-e" "RUSTUP_HOME=/opt/rustwide/rustup-home" "-w" "/opt/rustwide/workdir" "-m" "1610612736" "--user" "0:0" "--network" "none" "ghcr.io/rust-lang/crates-build-env/linux@sha256:5ff2268d62e97bff2cde7d5815dd6ed5b47097566f13b8d0ca110b04b60e07ed" "/opt/rustwide/cargo-home/bin/cargo" "+beta-2023-04-20" "build" "--frozen" "--message-format=json", kill_on_drop: false }`
[INFO] [stdout] 14117d7d455e1017a4ebd8a22d6ab5035256b26867d6f107f35e5397599642cb
[INFO] running `Command { std: "docker" "start" "-a" "14117d7d455e1017a4ebd8a22d6ab5035256b26867d6f107f35e5397599642cb", kill_on_drop: false }`
[INFO] [stderr]    Compiling libc v0.2.108
[INFO] [stderr]    Compiling log v0.4.14
[INFO] [stderr]    Compiling ppv-lite86 v0.2.15
[INFO] [stderr]    Compiling getrandom v0.2.3
[INFO] [stderr]    Compiling async-timer v0.7.4
[INFO] [stderr]    Compiling rand_core v0.6.3
[INFO] [stderr]    Compiling rand_chacha v0.3.1
[INFO] [stderr]    Compiling rand v0.8.4
[INFO] [stderr]    Compiling rmw_ttlmap v0.2.2 (/opt/rustwide/workdir)
[INFO] [stderr]     Finished dev [unoptimized + debuginfo] target(s) in 1.88s
[INFO] running `Command { std: "docker" "inspect" "14117d7d455e1017a4ebd8a22d6ab5035256b26867d6f107f35e5397599642cb", kill_on_drop: false }`
[INFO] running `Command { std: "docker" "rm" "-f" "14117d7d455e1017a4ebd8a22d6ab5035256b26867d6f107f35e5397599642cb", kill_on_drop: false }`
[INFO] [stdout] 14117d7d455e1017a4ebd8a22d6ab5035256b26867d6f107f35e5397599642cb
[INFO] running `Command { std: "docker" "create" "-v" "/var/lib/crater-agent-workspace/builds/worker-3-tc2/target:/opt/rustwide/target:rw,Z" "-v" "/var/lib/crater-agent-workspace/builds/worker-3-tc2/source:/opt/rustwide/workdir:ro,Z" "-v" "/var/lib/crater-agent-workspace/cargo-home:/opt/rustwide/cargo-home:ro,Z" "-v" "/var/lib/crater-agent-workspace/rustup-home:/opt/rustwide/rustup-home:ro,Z" "-e" "SOURCE_DIR=/opt/rustwide/workdir" "-e" "CARGO_TARGET_DIR=/opt/rustwide/target" "-e" "CARGO_INCREMENTAL=0" "-e" "RUST_BACKTRACE=full" "-e" "RUSTFLAGS=--cap-lints=warn" "-e" "RUSTDOCFLAGS=--cap-lints=warn" "-e" "CARGO_HOME=/opt/rustwide/cargo-home" "-e" "RUSTUP_HOME=/opt/rustwide/rustup-home" "-w" "/opt/rustwide/workdir" "-m" "1610612736" "--user" "0:0" "--network" "none" "ghcr.io/rust-lang/crates-build-env/linux@sha256:5ff2268d62e97bff2cde7d5815dd6ed5b47097566f13b8d0ca110b04b60e07ed" "/opt/rustwide/cargo-home/bin/cargo" "+beta-2023-04-20" "test" "--frozen" "--no-run" "--message-format=json", kill_on_drop: false }`
[INFO] [stdout] f78fc4530bf36b502fb75e9ac63e2f320be78e2be87aa6287788a7fe4231a111
[INFO] running `Command { std: "docker" "start" "-a" "f78fc4530bf36b502fb75e9ac63e2f320be78e2be87aa6287788a7fe4231a111", kill_on_drop: false }`
[INFO] [stderr]    Compiling libc v0.2.108
[INFO] [stderr]    Compiling proc-macro2 v1.0.32
[INFO] [stderr]    Compiling syn v1.0.81
[INFO] [stderr]    Compiling version_check v0.9.3
[INFO] [stderr]    Compiling log v0.4.14
[INFO] [stderr]    Compiling futures-core v0.3.17
[INFO] [stderr]    Compiling pin-project-lite v0.2.7
[INFO] [stderr]    Compiling cache-padded v1.1.1
[INFO] [stderr]    Compiling fastrand v1.5.0
[INFO] [stderr]    Compiling futures-io v0.3.17
[INFO] [stderr]    Compiling once_cell v1.8.0
[INFO] [stderr]    Compiling signal-hook v0.3.10
[INFO] [stderr]    Compiling parking_lot_core v0.8.5
[INFO] [stderr]    Compiling instant v0.1.12
[INFO] [stderr]    Compiling smallvec v1.7.0
[INFO] [stderr]    Compiling scopeguard v1.1.0
[INFO] [stderr]    Compiling concurrent-queue v1.2.2
[INFO] [stderr]    Compiling tokio v1.14.0
[INFO] [stderr]    Compiling lock_api v0.4.5
[INFO] [stderr]    Compiling value-bag v1.0.0-alpha.8
[INFO] [stderr]    Compiling futures-lite v1.12.0
[INFO] [stderr]    Compiling async-channel v1.6.1
[INFO] [stderr]    Compiling socket2 v0.4.2
[INFO] [stderr]    Compiling signal-hook-registry v1.4.0
[INFO] [stderr]    Compiling getrandom v0.2.3
[INFO] [stderr]    Compiling num_cpus v1.13.0
[INFO] [stderr]    Compiling atty v0.2.14
[INFO] [stderr]    Compiling time v0.1.43
[INFO] [stderr]    Compiling async-timer v0.7.4
[INFO] [stderr]    Compiling quote v1.0.10
[INFO] [stderr]    Compiling colored v1.9.3
[INFO] [stderr]    Compiling rand_core v0.6.3
[INFO] [stderr]    Compiling parking_lot v0.11.2
[INFO] [stderr]    Compiling blocking v1.1.0
[INFO] [stderr]    Compiling async-executor v1.4.1
[INFO] [stderr]    Compiling rand_chacha v0.3.1
[INFO] [stderr]    Compiling chrono v0.4.19
[INFO] [stderr]    Compiling async-fs v1.5.0
[INFO] [stderr]    Compiling rand v0.8.4
[INFO] [stderr]    Compiling ctor v0.1.21
[INFO] [stderr]    Compiling async-attributes v1.1.2
[INFO] [stderr]    Compiling tokio-macros v1.6.0
[INFO] [stderr]    Compiling polling v2.2.0
[INFO] [stderr]    Compiling mio v0.7.14
[INFO] [stderr]    Compiling kv-log-macro v1.0.7
[INFO] [stderr]    Compiling simple_logger v1.13.0
[INFO] [stderr]    Compiling rmw_ttlmap v0.2.2 (/opt/rustwide/workdir)
[INFO] [stderr]    Compiling async-io v1.6.0
[INFO] [stderr]    Compiling async-global-executor v2.0.2
[INFO] [stderr]    Compiling async-process v1.3.0
[INFO] [stderr]    Compiling async-net v1.6.1
[INFO] [stderr]    Compiling async-std v1.10.0
[INFO] [stderr]    Compiling smol v1.2.5
[INFO] [stdout] error[E0432]: unresolved import `retainer`
[INFO] [stdout]  --> tests/runtimes.rs:2:5
[INFO] [stdout]   |
[INFO] [stdout] 2 | use retainer::Cache;
[INFO] [stdout]   |     ^^^^^^^^ use of undeclared crate or module `retainer`
[INFO] [stdout] 
[INFO] [stdout] 
[INFO] [stdout] error[E0432]: unresolved import `retainer`
[INFO] [stdout]  --> examples/basic.rs:1:5
[INFO] [stdout]   |
[INFO] [stdout] 1 | use retainer::Cache;
[INFO] [stdout]   |     ^^^^^^^^ use of undeclared crate or module `retainer`
[INFO] [stdout] 
[INFO] [stdout] 
[INFO] [stdout] error[E0581]: return type references an anonymous lifetime, which is not constrained by the fn input types
[INFO] [stdout]   --> tests/runtimes.rs:64:60
[INFO] [stdout]    |
[INFO] [stdout] 64 | async fn execute_base_test(cache: Arc<Cache<&str, usize>>) {
[INFO] [stdout]    |                                                            ^
[INFO] [stdout]    |
[INFO] [stdout]    = note: lifetimes appearing in an associated or opaque type are not considered constrained
[INFO] [stdout]    = note: consider introducing a named lifetime parameter
[INFO] [stdout] 
[INFO] [stdout] 
[INFO] [stdout] error[E0432]: unresolved import `retainer`
[INFO] [stdout]  --> tests/basic.rs:1:5
[INFO] [stdout]   |
[INFO] [stdout] 1 | use retainer::Cache;
[INFO] [stdout]   |     ^^^^^^^^ use of undeclared crate or module `retainer`
[INFO] [stdout] 
[INFO] [stdout] 
[INFO] [stdout] error: aborting due to 2 previous errors
[INFO] [stdout] 
[INFO] [stdout] 
[INFO] [stdout] Some errors have detailed explanations: E0432, E0581.
[INFO] [stdout] 
[INFO] [stdout] For more information about an error, try `rustc --explain E0432`.
[INFO] [stdout] 
[INFO] [stderr] error: could not compile `rmw_ttlmap` (test "runtimes") due to 3 previous errors
[INFO] [stderr] warning: build failed, waiting for other jobs to finish...
[INFO] [stdout] error: aborting due to previous error
[INFO] [stdout] 
[INFO] [stdout] 
[INFO] [stdout] For more information about this error, try `rustc --explain E0432`.
[INFO] [stdout] 
[INFO] [stdout] error: aborting due to previous error
[INFO] [stdout] 
[INFO] [stdout] 
[INFO] [stdout] For more information about this error, try `rustc --explain E0432`.
[INFO] [stdout] 
[INFO] [stderr] error: could not compile `rmw_ttlmap` (test "basic") due to 2 previous errors
[INFO] [stderr] error: could not compile `rmw_ttlmap` (example "basic") due to 2 previous errors
[INFO] running `Command { std: "docker" "inspect" "f78fc4530bf36b502fb75e9ac63e2f320be78e2be87aa6287788a7fe4231a111", kill_on_drop: false }`
[INFO] running `Command { std: "docker" "rm" "-f" "f78fc4530bf36b502fb75e9ac63e2f320be78e2be87aa6287788a7fe4231a111", kill_on_drop: false }`
[INFO] [stdout] f78fc4530bf36b502fb75e9ac63e2f320be78e2be87aa6287788a7fe4231a111
