[INFO] fetching crate rify 0.7.1...
[INFO] testing rify-0.7.1 against 1.69.0 for beta-1.70-1
[INFO] extracting crate rify 0.7.1 into /workspace/builds/worker-2-tc1/source
[INFO] validating manifest of crates.io crate rify 0.7.1 on toolchain 1.69.0
[INFO] running `Command { std: CARGO_HOME="/workspace/cargo-home" RUSTUP_HOME="/workspace/rustup-home" "/workspace/cargo-home/bin/cargo" "+1.69.0" "metadata" "--manifest-path" "Cargo.toml" "--no-deps", kill_on_drop: false }`
[INFO] started tweaking crates.io crate rify 0.7.1
[INFO] finished tweaking crates.io crate rify 0.7.1
[INFO] tweaked toml for crates.io crate rify 0.7.1 written to /workspace/builds/worker-2-tc1/source/Cargo.toml
[INFO] running `Command { std: CARGO_HOME="/workspace/cargo-home" RUSTUP_HOME="/workspace/rustup-home" __CARGO_TEST_CHANNEL_OVERRIDE_DO_NOT_USE_THIS="nightly" "/workspace/cargo-home/bin/cargo" "+1.69.0" "generate-lockfile" "--manifest-path" "Cargo.toml" "-Zno-index-update", kill_on_drop: false }`
[INFO] running `Command { std: CARGO_HOME="/workspace/cargo-home" RUSTUP_HOME="/workspace/rustup-home" "/workspace/cargo-home/bin/cargo" "+1.69.0" "fetch" "--manifest-path" "Cargo.toml", kill_on_drop: false }`
[INFO] running `Command { std: "docker" "create" "-v" "/var/lib/crater-agent-workspace/builds/worker-2-tc1/target:/opt/rustwide/target:rw,Z" "-v" "/var/lib/crater-agent-workspace/builds/worker-2-tc1/source:/opt/rustwide/workdir:ro,Z" "-v" "/var/lib/crater-agent-workspace/cargo-home:/opt/rustwide/cargo-home:ro,Z" "-v" "/var/lib/crater-agent-workspace/rustup-home:/opt/rustwide/rustup-home:ro,Z" "-e" "SOURCE_DIR=/opt/rustwide/workdir" "-e" "CARGO_TARGET_DIR=/opt/rustwide/target" "-e" "CARGO_HOME=/opt/rustwide/cargo-home" "-e" "RUSTUP_HOME=/opt/rustwide/rustup-home" "-w" "/opt/rustwide/workdir" "-m" "1610612736" "--user" "0:0" "--network" "none" "ghcr.io/rust-lang/crates-build-env/linux@sha256:5ff2268d62e97bff2cde7d5815dd6ed5b47097566f13b8d0ca110b04b60e07ed" "/opt/rustwide/cargo-home/bin/cargo" "+1.69.0" "metadata" "--no-deps" "--format-version=1", kill_on_drop: false }`
[INFO] [stdout] 3e65a33ba0e5cffd85642e66f6aefd23f907267d4c44e8c852082f27f7978c77
[INFO] running `Command { std: "docker" "start" "-a" "3e65a33ba0e5cffd85642e66f6aefd23f907267d4c44e8c852082f27f7978c77", kill_on_drop: false }`
[INFO] running `Command { std: "docker" "inspect" "3e65a33ba0e5cffd85642e66f6aefd23f907267d4c44e8c852082f27f7978c77", kill_on_drop: false }`
[INFO] running `Command { std: "docker" "rm" "-f" "3e65a33ba0e5cffd85642e66f6aefd23f907267d4c44e8c852082f27f7978c77", kill_on_drop: false }`
[INFO] [stdout] 3e65a33ba0e5cffd85642e66f6aefd23f907267d4c44e8c852082f27f7978c77
[INFO] running `Command { std: "docker" "create" "-v" "/var/lib/crater-agent-workspace/builds/worker-2-tc1/target:/opt/rustwide/target:rw,Z" "-v" "/var/lib/crater-agent-workspace/builds/worker-2-tc1/source:/opt/rustwide/workdir:ro,Z" "-v" "/var/lib/crater-agent-workspace/cargo-home:/opt/rustwide/cargo-home:ro,Z" "-v" "/var/lib/crater-agent-workspace/rustup-home:/opt/rustwide/rustup-home:ro,Z" "-e" "SOURCE_DIR=/opt/rustwide/workdir" "-e" "CARGO_TARGET_DIR=/opt/rustwide/target" "-e" "CARGO_INCREMENTAL=0" "-e" "RUST_BACKTRACE=full" "-e" "RUSTFLAGS=--cap-lints=warn" "-e" "RUSTDOCFLAGS=--cap-lints=warn" "-e" "CARGO_HOME=/opt/rustwide/cargo-home" "-e" "RUSTUP_HOME=/opt/rustwide/rustup-home" "-w" "/opt/rustwide/workdir" "-m" "1610612736" "--user" "0:0" "--network" "none" "ghcr.io/rust-lang/crates-build-env/linux@sha256:5ff2268d62e97bff2cde7d5815dd6ed5b47097566f13b8d0ca110b04b60e07ed" "/opt/rustwide/cargo-home/bin/cargo" "+1.69.0" "build" "--frozen" "--message-format=json", kill_on_drop: false }`
[INFO] [stdout] f4b3989b70569c02cca56d793f2a56f344bb19a18e37854e52726969b2398863
[INFO] running `Command { std: "docker" "start" "-a" "f4b3989b70569c02cca56d793f2a56f344bb19a18e37854e52726969b2398863", kill_on_drop: false }`
[INFO] [stderr]    Compiling rify v0.7.1 (/opt/rustwide/workdir)
[INFO] [stderr]     Finished dev [unoptimized + debuginfo] target(s) in 0.88s
[INFO] running `Command { std: "docker" "inspect" "f4b3989b70569c02cca56d793f2a56f344bb19a18e37854e52726969b2398863", kill_on_drop: false }`
[INFO] running `Command { std: "docker" "rm" "-f" "f4b3989b70569c02cca56d793f2a56f344bb19a18e37854e52726969b2398863", kill_on_drop: false }`
[INFO] [stdout] f4b3989b70569c02cca56d793f2a56f344bb19a18e37854e52726969b2398863
[INFO] running `Command { std: "docker" "create" "-v" "/var/lib/crater-agent-workspace/builds/worker-2-tc1/target:/opt/rustwide/target:rw,Z" "-v" "/var/lib/crater-agent-workspace/builds/worker-2-tc1/source:/opt/rustwide/workdir:ro,Z" "-v" "/var/lib/crater-agent-workspace/cargo-home:/opt/rustwide/cargo-home:ro,Z" "-v" "/var/lib/crater-agent-workspace/rustup-home:/opt/rustwide/rustup-home:ro,Z" "-e" "SOURCE_DIR=/opt/rustwide/workdir" "-e" "CARGO_TARGET_DIR=/opt/rustwide/target" "-e" "CARGO_INCREMENTAL=0" "-e" "RUST_BACKTRACE=full" "-e" "RUSTFLAGS=--cap-lints=warn" "-e" "RUSTDOCFLAGS=--cap-lints=warn" "-e" "CARGO_HOME=/opt/rustwide/cargo-home" "-e" "RUSTUP_HOME=/opt/rustwide/rustup-home" "-w" "/opt/rustwide/workdir" "-m" "1610612736" "--user" "0:0" "--network" "none" "ghcr.io/rust-lang/crates-build-env/linux@sha256:5ff2268d62e97bff2cde7d5815dd6ed5b47097566f13b8d0ca110b04b60e07ed" "/opt/rustwide/cargo-home/bin/cargo" "+1.69.0" "test" "--frozen" "--no-run" "--message-format=json", kill_on_drop: false }`
[INFO] [stdout] 35892851f535eb86dd01117f781001a4842114c4e39957290dd84e0262683816
[INFO] running `Command { std: "docker" "start" "-a" "35892851f535eb86dd01117f781001a4842114c4e39957290dd84e0262683816", kill_on_drop: false }`
[INFO] [stderr]    Compiling serde v1.0.160
[INFO] [stderr]    Compiling serde_json v1.0.96
[INFO] [stderr]    Compiling ryu v1.0.13
[INFO] [stderr]    Compiling itoa v1.0.6
[INFO] [stderr]    Compiling rify v0.7.1 (/opt/rustwide/workdir)
[INFO] [stdout] error[E0433]: failed to resolve: use of undeclared crate or module `serde`
[INFO] [stdout]    --> src/rule.rs:486:25
[INFO] [stdout]     |
[INFO] [stdout] 486 |         #[derive(Debug, serde::Serialize, serde::Deserialize, PartialEq, Eq)]
[INFO] [stdout]     |                         ^^^^^ use of undeclared crate or module `serde`
[INFO] [stdout] 
[INFO] [stdout] 
[INFO] [stdout] error[E0433]: failed to resolve: use of undeclared crate or module `serde`
[INFO] [stdout]    --> src/rule.rs:486:43
[INFO] [stdout]     |
[INFO] [stdout] 486 |         #[derive(Debug, serde::Serialize, serde::Deserialize, PartialEq, Eq)]
[INFO] [stdout]     |                                           ^^^^^ use of undeclared crate or module `serde`
[INFO] [stdout] 
[INFO] [stdout] 
[INFO] [stdout] error: cannot find attribute `serde` in this scope
[INFO] [stdout]    --> src/rule.rs:493:19
[INFO] [stdout]     |
[INFO] [stdout] 493 |                 #[serde(skip_serializing_if = "Option::is_none")]
[INFO] [stdout]     |                   ^^^^^
[INFO] [stdout]     |
[INFO] [stdout]     = note: `serde` is in scope, but it is a function, not an attribute
[INFO] [stdout] 
[INFO] [stdout] 
[INFO] [stdout] error[E0277]: the trait bound `for<'de> rule::Rule<std::string::String, Term>: serde::de::Deserialize<'de>` is not satisfied
[INFO] [stdout]    --> src/rule.rs:563:39
[INFO] [stdout]     |
[INFO] [stdout] 563 |             &serde_json::from_value::<Rule::<String, Term>>(jsonrule.clone()).unwrap(),
[INFO] [stdout]     |                                       ^^^^^^^^^^^^^^^^^^^^ the trait `for<'de> serde::de::Deserialize<'de>` is not implemented for `rule::Rule<std::string::String, Term>`
[INFO] [stdout]     |
[INFO] [stdout]     = help: the following other types implement trait `serde::de::Deserialize<'de>`:
[INFO] [stdout]               &'a Path
[INFO] [stdout]               &'a [u8]
[INFO] [stdout]               &'a str
[INFO] [stdout]               ()
[INFO] [stdout]               (T0, T1)
[INFO] [stdout]               (T0, T1, T2)
[INFO] [stdout]               (T0, T1, T2, T3)
[INFO] [stdout]               (T0, T1, T2, T3, T4)
[INFO] [stdout]             and 127 others
[INFO] [stdout]     = note: required for `rule::Rule<std::string::String, Term>` to implement `serde::de::DeserializeOwned`
[INFO] [stdout] note: required by a bound in `from_value`
[INFO] [stdout]    --> /opt/rustwide/cargo-home/registry/src/github.com-1ecc6299db9ec823/serde_json-1.0.96/src/value/mod.rs:984:8
[INFO] [stdout]     |
[INFO] [stdout] 984 |     T: DeserializeOwned,
[INFO] [stdout]     |        ^^^^^^^^^^^^^^^^ required by this bound in `from_value`
[INFO] [stdout] 
[INFO] [stdout] 
[INFO] [stdout] error[E0277]: the trait bound `rule::Rule<std::string::String, Term>: serde::ser::Serialize` is not satisfied
[INFO] [stdout]    --> src/rule.rs:568:59
[INFO] [stdout]     |
[INFO] [stdout] 568 |             &serde_json::to_value::<Rule::<String, Term>>(rule).unwrap()
[INFO] [stdout]     |              -------------------------------------------- ^^^^ the trait `serde::ser::Serialize` is not implemented for `rule::Rule<std::string::String, Term>`
[INFO] [stdout]     |              |
[INFO] [stdout]     |              required by a bound introduced by this call
[INFO] [stdout]     |
[INFO] [stdout]     = help: the following other types implement trait `serde::ser::Serialize`:
[INFO] [stdout]               &'a T
[INFO] [stdout]               &'a mut T
[INFO] [stdout]               ()
[INFO] [stdout]               (T0, T1)
[INFO] [stdout]               (T0, T1, T2)
[INFO] [stdout]               (T0, T1, T2, T3)
[INFO] [stdout]               (T0, T1, T2, T3, T4)
[INFO] [stdout]               (T0, T1, T2, T3, T4, T5)
[INFO] [stdout]             and 127 others
[INFO] [stdout] note: required by a bound in `to_value`
[INFO] [stdout]    --> /opt/rustwide/cargo-home/registry/src/github.com-1ecc6299db9ec823/serde_json-1.0.96/src/value/mod.rs:942:8
[INFO] [stdout]     |
[INFO] [stdout] 942 |     T: Serialize,
[INFO] [stdout]     |        ^^^^^^^^^ required by this bound in `to_value`
[INFO] [stdout] 
[INFO] [stdout] 
[INFO] [stdout] error: aborting due to 5 previous errors
[INFO] [stdout] 
[INFO] [stdout] 
[INFO] [stdout] Some errors have detailed explanations: E0277, E0433.
[INFO] [stdout] 
[INFO] [stdout] For more information about an error, try `rustc --explain E0277`.
[INFO] [stdout] 
[INFO] [stderr] error: could not compile `rify` due to 6 previous errors
[INFO] running `Command { std: "docker" "inspect" "35892851f535eb86dd01117f781001a4842114c4e39957290dd84e0262683816", kill_on_drop: false }`
[INFO] running `Command { std: "docker" "rm" "-f" "35892851f535eb86dd01117f781001a4842114c4e39957290dd84e0262683816", kill_on_drop: false }`
[INFO] [stdout] 35892851f535eb86dd01117f781001a4842114c4e39957290dd84e0262683816
