[INFO] fetching crate rgmsh 0.1.2...
[INFO] testing rgmsh-0.1.2 against beta-2023-04-20 for beta-1.70-1
[INFO] extracting crate rgmsh 0.1.2 into /workspace/builds/worker-0-tc2/source
[INFO] validating manifest of crates.io crate rgmsh 0.1.2 on toolchain beta-2023-04-20
[INFO] running `Command { std: CARGO_HOME="/workspace/cargo-home" RUSTUP_HOME="/workspace/rustup-home" "/workspace/cargo-home/bin/cargo" "+beta-2023-04-20" "metadata" "--manifest-path" "Cargo.toml" "--no-deps", kill_on_drop: false }`
[INFO] started tweaking crates.io crate rgmsh 0.1.2
[INFO] finished tweaking crates.io crate rgmsh 0.1.2
[INFO] tweaked toml for crates.io crate rgmsh 0.1.2 written to /workspace/builds/worker-0-tc2/source/Cargo.toml
[INFO] crate crates.io crate rgmsh 0.1.2 already has a lockfile, it will not be regenerated
[INFO] running `Command { std: CARGO_HOME="/workspace/cargo-home" RUSTUP_HOME="/workspace/rustup-home" "/workspace/cargo-home/bin/cargo" "+beta-2023-04-20" "fetch" "--manifest-path" "Cargo.toml", kill_on_drop: false }`
[INFO] [stderr]     Updating crates.io index
[INFO] [stderr]  Downloading crates ...
[INFO] [stderr]   Downloaded regex-automata v0.1.8
[INFO] [stderr]   Downloaded bstr v0.2.8
[INFO] [stderr]   Downloaded gmsh-sys v0.1.2
[INFO] running `Command { std: "docker" "create" "-v" "/var/lib/crater-agent-workspace/builds/worker-0-tc2/target:/opt/rustwide/target:rw,Z" "-v" "/var/lib/crater-agent-workspace/builds/worker-0-tc2/source:/opt/rustwide/workdir:ro,Z" "-v" "/var/lib/crater-agent-workspace/cargo-home:/opt/rustwide/cargo-home:ro,Z" "-v" "/var/lib/crater-agent-workspace/rustup-home:/opt/rustwide/rustup-home:ro,Z" "-e" "SOURCE_DIR=/opt/rustwide/workdir" "-e" "CARGO_TARGET_DIR=/opt/rustwide/target" "-e" "CARGO_HOME=/opt/rustwide/cargo-home" "-e" "RUSTUP_HOME=/opt/rustwide/rustup-home" "-w" "/opt/rustwide/workdir" "-m" "1610612736" "--user" "0:0" "--network" "none" "ghcr.io/rust-lang/crates-build-env/linux@sha256:5ff2268d62e97bff2cde7d5815dd6ed5b47097566f13b8d0ca110b04b60e07ed" "/opt/rustwide/cargo-home/bin/cargo" "+beta-2023-04-20" "metadata" "--no-deps" "--format-version=1", kill_on_drop: false }`
[INFO] [stdout] 45af5453c606678ddfd1e52f15a467573dd24cefceb45942d55d2cb50a6f662d
[INFO] running `Command { std: "docker" "start" "-a" "45af5453c606678ddfd1e52f15a467573dd24cefceb45942d55d2cb50a6f662d", kill_on_drop: false }`
[INFO] running `Command { std: "docker" "inspect" "45af5453c606678ddfd1e52f15a467573dd24cefceb45942d55d2cb50a6f662d", kill_on_drop: false }`
[INFO] running `Command { std: "docker" "rm" "-f" "45af5453c606678ddfd1e52f15a467573dd24cefceb45942d55d2cb50a6f662d", kill_on_drop: false }`
[INFO] [stdout] 45af5453c606678ddfd1e52f15a467573dd24cefceb45942d55d2cb50a6f662d
[INFO] running `Command { std: "docker" "create" "-v" "/var/lib/crater-agent-workspace/builds/worker-0-tc2/target:/opt/rustwide/target:rw,Z" "-v" "/var/lib/crater-agent-workspace/builds/worker-0-tc2/source:/opt/rustwide/workdir:ro,Z" "-v" "/var/lib/crater-agent-workspace/cargo-home:/opt/rustwide/cargo-home:ro,Z" "-v" "/var/lib/crater-agent-workspace/rustup-home:/opt/rustwide/rustup-home:ro,Z" "-e" "SOURCE_DIR=/opt/rustwide/workdir" "-e" "CARGO_TARGET_DIR=/opt/rustwide/target" "-e" "CARGO_INCREMENTAL=0" "-e" "RUST_BACKTRACE=full" "-e" "RUSTFLAGS=--cap-lints=warn" "-e" "RUSTDOCFLAGS=--cap-lints=warn" "-e" "CARGO_HOME=/opt/rustwide/cargo-home" "-e" "RUSTUP_HOME=/opt/rustwide/rustup-home" "-w" "/opt/rustwide/workdir" "-m" "1610612736" "--user" "0:0" "--network" "none" "ghcr.io/rust-lang/crates-build-env/linux@sha256:5ff2268d62e97bff2cde7d5815dd6ed5b47097566f13b8d0ca110b04b60e07ed" "/opt/rustwide/cargo-home/bin/cargo" "+beta-2023-04-20" "build" "--frozen" "--message-format=json", kill_on_drop: false }`
[INFO] [stdout] 8f5336accdff1808a68f752cab3ea4317a15a110f1d86d9b365d14ca2881c245
[INFO] running `Command { std: "docker" "start" "-a" "8f5336accdff1808a68f752cab3ea4317a15a110f1d86d9b365d14ca2881c245", kill_on_drop: false }`
[INFO] [stderr]    Compiling pkg-config v0.3.16
[INFO] [stderr]    Compiling gmsh-sys v0.1.2
[INFO] [stderr]    Compiling rgmsh v0.1.2 (/opt/rustwide/workdir)
[INFO] [stdout] warning: unused import: `CStr`
[INFO] [stdout]    --> src/model/mod.rs:224:16
[INFO] [stdout]     |
[INFO] [stdout] 224 | use std::ffi::{CStr, CString};
[INFO] [stdout]     |                ^^^^
[INFO] [stdout]     |
[INFO] [stdout]     = note: `#[warn(unused_imports)]` on by default
[INFO] [stdout] 
[INFO] [stdout] 
[INFO] [stdout] warning: ambiguous glob re-exports
[INFO] [stdout]    --> src/model/mod.rs:231:9
[INFO] [stdout]     |
[INFO] [stdout] 231 | pub use crate::interface::{geo::*, occ::*};
[INFO] [stdout]     |         ^^^^^^^^^^^^^^^^^^^^^^^^^^^------^
[INFO] [stdout]     |         |                          |
[INFO] [stdout]     |         |                          but the name `add_curve_loop` in the value namespace is also re-exported here
[INFO] [stdout]     |         the name `add_curve_loop` in the value namespace is first re-exported here
[INFO] [stdout]     |
[INFO] [stdout]     = note: `#[warn(ambiguous_glob_reexports)]` on by default
[INFO] [stdout] 
[INFO] [stdout] 
[INFO] [stdout] warning: ambiguous glob re-exports
[INFO] [stdout]    --> src/model/mod.rs:231:9
[INFO] [stdout]     |
[INFO] [stdout] 231 | pub use crate::interface::{geo::*, occ::*};
[INFO] [stdout]     |         ^^^^^^^^^^^^^^^^^^^^^^^^^^^------^
[INFO] [stdout]     |         |                          |
[INFO] [stdout]     |         |                          but the name `add_line` in the value namespace is also re-exported here
[INFO] [stdout]     |         the name `add_line` in the value namespace is first re-exported here
[INFO] [stdout] 
[INFO] [stdout] 
[INFO] [stdout] warning: ambiguous glob re-exports
[INFO] [stdout]    --> src/model/mod.rs:231:9
[INFO] [stdout]     |
[INFO] [stdout] 231 | pub use crate::interface::{geo::*, occ::*};
[INFO] [stdout]     |         ^^^^^^^^^^^^^^^^^^^^^^^^^^^------^
[INFO] [stdout]     |         |                          |
[INFO] [stdout]     |         |                          but the name `add_plane_surface` in the value namespace is also re-exported here
[INFO] [stdout]     |         the name `add_plane_surface` in the value namespace is first re-exported here
[INFO] [stdout] 
[INFO] [stdout] 
[INFO] [stdout] warning: ambiguous glob re-exports
[INFO] [stdout]    --> src/model/mod.rs:231:9
[INFO] [stdout]     |
[INFO] [stdout] 231 | pub use crate::interface::{geo::*, occ::*};
[INFO] [stdout]     |         ^^^^^^^^^^^^^^^^^^^^^^^^^^^------^
[INFO] [stdout]     |         |                          |
[INFO] [stdout]     |         |                          but the name `add_point` in the value namespace is also re-exported here
[INFO] [stdout]     |         the name `add_point` in the value namespace is first re-exported here
[INFO] [stdout] 
[INFO] [stdout] 
[INFO] [stdout] warning: ambiguous glob re-exports
[INFO] [stdout]    --> src/model/mod.rs:231:9
[INFO] [stdout]     |
[INFO] [stdout] 231 | pub use crate::interface::{geo::*, occ::*};
[INFO] [stdout]     |         ^^^^^^^^^^^^^^^^^^^^^^^^^^^------^
[INFO] [stdout]     |         |                          |
[INFO] [stdout]     |         |                          but the name `remove_point` in the value namespace is also re-exported here
[INFO] [stdout]     |         the name `remove_point` in the value namespace is first re-exported here
[INFO] [stdout] 
[INFO] [stdout] 
[INFO] [stdout] warning: ambiguous glob re-exports
[INFO] [stdout]    --> src/model/mod.rs:231:9
[INFO] [stdout]     |
[INFO] [stdout] 231 | pub use crate::interface::{geo::*, occ::*};
[INFO] [stdout]     |         ^^^^^^^^^^^^^^^^^^^^^^^^^^^------^
[INFO] [stdout]     |         |                          |
[INFO] [stdout]     |         |                          but the name `synchronize` in the value namespace is also re-exported here
[INFO] [stdout]     |         the name `synchronize` in the value namespace is first re-exported here
[INFO] [stdout] 
[INFO] [stdout] 
[INFO] [stdout] warning: unused doc comment
[INFO] [stdout]  --> src/model/occ.rs:7:1
[INFO] [stdout]   |
[INFO] [stdout] 7 | /// All angle values are in radians, commonly given as fractions of π.
[INFO] [stdout]   | ^^^^^^^^^^^^^^^^^^^^^^^^^^^^^^^^^^^^^^^^^^^^^^^^^^^^^^^^^^^^^^^^^^^^^^ rustdoc does not generate documentation for macro invocations
[INFO] [stdout]   |
[INFO] [stdout]   = help: to document an item produced by a macro, the macro must produce the documentation as part of its expansion
[INFO] [stdout]   = note: `#[warn(unused_doc_comments)]` on by default
[INFO] [stdout] 
[INFO] [stdout] 
[INFO] [stdout] warning: unused import: `check_main_error`
[INFO] [stdout]  --> src/model/occ.rs:4:36
[INFO] [stdout]   |
[INFO] [stdout] 4 | use crate::{GmshError, GmshResult, check_main_error, check_model_error};
[INFO] [stdout]   |                                    ^^^^^^^^^^^^^^^^
[INFO] [stdout] 
[INFO] [stdout] 
[INFO] [stdout] warning: type `c_or_s` should have an upper camel case name
[INFO] [stdout]    --> src/model/mod.rs:727:6
[INFO] [stdout]     |
[INFO] [stdout] 727 | type c_or_s = CurveOrSurface;
[INFO] [stdout]     |      ^^^^^^ help: convert the identifier to upper camel case: `COrS`
[INFO] [stdout]     |
[INFO] [stdout]     = note: `#[warn(non_camel_case_types)]` on by default
[INFO] [stdout] 
[INFO] [stdout] 
[INFO] [stdout] warning: struct `FieldTag` is never constructed
[INFO] [stdout]   --> src/lib.rs:52:8
[INFO] [stdout]    |
[INFO] [stdout] 52 | struct FieldTag(i64);
[INFO] [stdout]    |        ^^^^^^^^
[INFO] [stdout]    |
[INFO] [stdout]    = note: `#[warn(dead_code)]` on by default
[INFO] [stdout] 
[INFO] [stdout] 
[INFO] [stdout] warning: struct `ViewTag` is never constructed
[INFO] [stdout]   --> src/lib.rs:55:8
[INFO] [stdout]    |
[INFO] [stdout] 55 | struct ViewTag(i64);
[INFO] [stdout]    |        ^^^^^^^
[INFO] [stdout] 
[INFO] [stdout] 
[INFO] [stdout] warning: variants `Surface` and `Volume` are never constructed
[INFO] [stdout]    --> src/model/mod.rs:701:9
[INFO] [stdout]     |
[INFO] [stdout] 698 |     pub enum BasicShape {
[INFO] [stdout]     |              ---------- variants in this enum
[INFO] [stdout] ...
[INFO] [stdout] 701 |         Surface(SurfaceTag),
[INFO] [stdout]     |         ^^^^^^^
[INFO] [stdout] 702 |         Volume(VolumeTag),
[INFO] [stdout]     |         ^^^^^^
[INFO] [stdout]     |
[INFO] [stdout]     = note: `BasicShape` has derived impls for the traits `Clone` and `Debug`, but these are intentionally ignored during dead code analysis
[INFO] [stdout] 
[INFO] [stdout] 
[INFO] [stdout] warning: variants `Point`, `Curve`, `Wire`, `Surface`, `Shell`, and `Volume` are never constructed
[INFO] [stdout]    --> src/model/mod.rs:708:9
[INFO] [stdout]     |
[INFO] [stdout] 707 |     pub enum GeneralShape {
[INFO] [stdout]     |              ------------ variants in this enum
[INFO] [stdout] 708 |         Point(PointTag),
[INFO] [stdout]     |         ^^^^^
[INFO] [stdout] 709 |         Curve(CurveTag),
[INFO] [stdout]     |         ^^^^^
[INFO] [stdout] 710 |         Wire(WireTag),
[INFO] [stdout]     |         ^^^^
[INFO] [stdout] 711 |         Surface(SurfaceTag),
[INFO] [stdout]     |         ^^^^^^^
[INFO] [stdout] 712 |         Shell(ShellTag),
[INFO] [stdout]     |         ^^^^^
[INFO] [stdout] 713 |         Volume(VolumeTag),
[INFO] [stdout]     |         ^^^^^^
[INFO] [stdout]     |
[INFO] [stdout]     = note: `GeneralShape` has derived impls for the traits `Clone` and `Debug`, but these are intentionally ignored during dead code analysis
[INFO] [stdout] 
[INFO] [stdout] 
[INFO] [stdout] warning: 14 warnings emitted
[INFO] [stdout] 
[INFO] [stdout] 
[INFO] [stdout] warning: enum `ApiCategory` is never used
[INFO] [stdout]  --> src/bin/api_gen.rs:3:6
[INFO] [stdout]   |
[INFO] [stdout] 3 | enum ApiCategory { 
[INFO] [stdout]   |      ^^^^^^^^^^^
[INFO] [stdout]   |
[INFO] [stdout]   = note: `#[warn(dead_code)]` on by default
[INFO] [stdout] 
[INFO] [stdout] 
[INFO] [stdout] warning: struct `Func` is never constructed
[INFO] [stdout]  --> src/bin/api_gen.rs:8:8
[INFO] [stdout]   |
[INFO] [stdout] 8 | struct Func<T, F> { 
[INFO] [stdout]   |        ^^^^
[INFO] [stdout] 
[INFO] [stdout] 
[INFO] [stdout] warning: 2 warnings emitted
[INFO] [stdout] 
[INFO] [stdout] 
[INFO] [stderr]     Finished dev [unoptimized + debuginfo] target(s) in 0.89s
[INFO] running `Command { std: "docker" "inspect" "8f5336accdff1808a68f752cab3ea4317a15a110f1d86d9b365d14ca2881c245", kill_on_drop: false }`
[INFO] running `Command { std: "docker" "rm" "-f" "8f5336accdff1808a68f752cab3ea4317a15a110f1d86d9b365d14ca2881c245", kill_on_drop: false }`
[INFO] [stdout] 8f5336accdff1808a68f752cab3ea4317a15a110f1d86d9b365d14ca2881c245
[INFO] running `Command { std: "docker" "create" "-v" "/var/lib/crater-agent-workspace/builds/worker-0-tc2/target:/opt/rustwide/target:rw,Z" "-v" "/var/lib/crater-agent-workspace/builds/worker-0-tc2/source:/opt/rustwide/workdir:ro,Z" "-v" "/var/lib/crater-agent-workspace/cargo-home:/opt/rustwide/cargo-home:ro,Z" "-v" "/var/lib/crater-agent-workspace/rustup-home:/opt/rustwide/rustup-home:ro,Z" "-e" "SOURCE_DIR=/opt/rustwide/workdir" "-e" "CARGO_TARGET_DIR=/opt/rustwide/target" "-e" "CARGO_INCREMENTAL=0" "-e" "RUST_BACKTRACE=full" "-e" "RUSTFLAGS=--cap-lints=warn" "-e" "RUSTDOCFLAGS=--cap-lints=warn" "-e" "CARGO_HOME=/opt/rustwide/cargo-home" "-e" "RUSTUP_HOME=/opt/rustwide/rustup-home" "-w" "/opt/rustwide/workdir" "-m" "1610612736" "--user" "0:0" "--network" "none" "ghcr.io/rust-lang/crates-build-env/linux@sha256:5ff2268d62e97bff2cde7d5815dd6ed5b47097566f13b8d0ca110b04b60e07ed" "/opt/rustwide/cargo-home/bin/cargo" "+beta-2023-04-20" "test" "--frozen" "--no-run" "--message-format=json", kill_on_drop: false }`
[INFO] [stdout] 53a5d8e2301443eb83600ca1db610dea379bf4a3d58421379a4b188f48991082
[INFO] running `Command { std: "docker" "start" "-a" "53a5d8e2301443eb83600ca1db610dea379bf4a3d58421379a4b188f48991082", kill_on_drop: false }`
[INFO] [stderr]    Compiling libc v0.2.62
[INFO] [stderr]    Compiling semver-parser v0.7.0
[INFO] [stderr]    Compiling byteorder v1.3.2
[INFO] [stderr]    Compiling arrayvec v0.4.11
[INFO] [stderr]    Compiling cfg-if v0.1.9
[INFO] [stderr]    Compiling serde v1.0.100
[INFO] [stderr]    Compiling proc-macro2 v1.0.3
[INFO] [stderr]    Compiling memchr v2.2.1
[INFO] [stderr]    Compiling nodrop v0.1.13
[INFO] [stderr]    Compiling ryu v1.0.0
[INFO] [stderr]    Compiling unicode-xid v0.2.0
[INFO] [stderr]    Compiling scopeguard v1.0.0
[INFO] [stderr]    Compiling rayon-core v1.6.0
[INFO] [stderr]    Compiling either v1.5.2
[INFO] [stderr]    Compiling rand_core v0.4.2
[INFO] [stderr]    Compiling itoa v0.4.4
[INFO] [stderr]    Compiling crossbeam-utils v0.6.6
[INFO] [stderr]    Compiling syn v1.0.5
[INFO] [stderr]    Compiling bitflags v1.1.0
[INFO] [stderr]    Compiling autocfg v0.1.6
[INFO] [stderr]    Compiling unicode-width v0.1.6
[INFO] [stderr]    Compiling itertools v0.8.0
[INFO] [stderr]    Compiling semver v0.9.0
[INFO] [stderr]    Compiling textwrap v0.11.0
[INFO] [stderr]    Compiling rand_core v0.3.1
[INFO] [stderr]    Compiling crossbeam-queue v0.1.2
[INFO] [stderr]    Compiling same-file v1.0.5
[INFO] [stderr]    Compiling rustc_version v0.2.3
[INFO] [stderr]    Compiling num-traits v0.2.8
[INFO] [stderr]    Compiling cast v0.2.2
[INFO] [stderr]    Compiling walkdir v2.2.9
[INFO] [stdout] warning: unused import: `CStr`
[INFO] [stdout]    --> src/model/mod.rs:224:16
[INFO] [stdout]     |
[INFO] [stdout] 224 | use std::ffi::{CStr, CString};
[INFO] [stdout]     |                ^^^^
[INFO] [stdout]     |
[INFO] [stdout]     = note: `#[warn(unused_imports)]` on by default
[INFO] [stdout] 
[INFO] [stdout] 
[INFO] [stdout] warning: ambiguous glob re-exports
[INFO] [stdout]    --> src/model/mod.rs:231:9
[INFO] [stdout]     |
[INFO] [stdout] 231 | pub use crate::interface::{geo::*, occ::*};
[INFO] [stdout]     |         ^^^^^^^^^^^^^^^^^^^^^^^^^^^------^
[INFO] [stdout]     |         |                          |
[INFO] [stdout]     |         |                          but the name `add_curve_loop` in the value namespace is also re-exported here
[INFO] [stdout]     |         the name `add_curve_loop` in the value namespace is first re-exported here
[INFO] [stdout]     |
[INFO] [stdout]     = note: `#[warn(ambiguous_glob_reexports)]` on by default
[INFO] [stdout] 
[INFO] [stdout] 
[INFO] [stdout] warning: ambiguous glob re-exports
[INFO] [stdout]    --> src/model/mod.rs:231:9
[INFO] [stdout]     |
[INFO] [stdout] 231 | pub use crate::interface::{geo::*, occ::*};
[INFO] [stdout]     |         ^^^^^^^^^^^^^^^^^^^^^^^^^^^------^
[INFO] [stdout]     |         |                          |
[INFO] [stdout]     |         |                          but the name `add_line` in the value namespace is also re-exported here
[INFO] [stdout]     |         the name `add_line` in the value namespace is first re-exported here
[INFO] [stdout] 
[INFO] [stdout] 
[INFO] [stdout] warning: ambiguous glob re-exports
[INFO] [stdout]    --> src/model/mod.rs:231:9
[INFO] [stdout]     |
[INFO] [stdout] 231 | pub use crate::interface::{geo::*, occ::*};
[INFO] [stdout]     |         ^^^^^^^^^^^^^^^^^^^^^^^^^^^------^
[INFO] [stdout]     |         |                          |
[INFO] [stdout]     |         |                          but the name `add_plane_surface` in the value namespace is also re-exported here
[INFO] [stdout]     |         the name `add_plane_surface` in the value namespace is first re-exported here
[INFO] [stdout] 
[INFO] [stdout] 
[INFO] [stdout] warning: ambiguous glob re-exports
[INFO] [stdout]    --> src/model/mod.rs:231:9
[INFO] [stdout]     |
[INFO] [stdout] 231 | pub use crate::interface::{geo::*, occ::*};
[INFO] [stdout]     |         ^^^^^^^^^^^^^^^^^^^^^^^^^^^------^
[INFO] [stdout]     |         |                          |
[INFO] [stdout]     |         |                          but the name `add_point` in the value namespace is also re-exported here
[INFO] [stdout]     |         the name `add_point` in the value namespace is first re-exported here
[INFO] [stdout] 
[INFO] [stdout] 
[INFO] [stdout] warning: ambiguous glob re-exports
[INFO] [stdout]    --> src/model/mod.rs:231:9
[INFO] [stdout]     |
[INFO] [stdout] 231 | pub use crate::interface::{geo::*, occ::*};
[INFO] [stdout]     |         ^^^^^^^^^^^^^^^^^^^^^^^^^^^------^
[INFO] [stdout]     |         |                          |
[INFO] [stdout]     |         |                          but the name `remove_point` in the value namespace is also re-exported here
[INFO] [stdout]     |         the name `remove_point` in the value namespace is first re-exported here
[INFO] [stdout] 
[INFO] [stdout] 
[INFO] [stdout] warning: ambiguous glob re-exports
[INFO] [stdout]    --> src/model/mod.rs:231:9
[INFO] [stdout]     |
[INFO] [stdout] 231 | pub use crate::interface::{geo::*, occ::*};
[INFO] [stdout]     |         ^^^^^^^^^^^^^^^^^^^^^^^^^^^------^
[INFO] [stdout]     |         |                          |
[INFO] [stdout]     |         |                          but the name `synchronize` in the value namespace is also re-exported here
[INFO] [stdout]     |         the name `synchronize` in the value namespace is first re-exported here
[INFO] [stdout] 
[INFO] [stdout] 
[INFO] [stdout] warning: unused doc comment
[INFO] [stdout]  --> src/model/occ.rs:7:1
[INFO] [stdout]   |
[INFO] [stdout] 7 | /// All angle values are in radians, commonly given as fractions of π.
[INFO] [stdout]   | ^^^^^^^^^^^^^^^^^^^^^^^^^^^^^^^^^^^^^^^^^^^^^^^^^^^^^^^^^^^^^^^^^^^^^^ rustdoc does not generate documentation for macro invocations
[INFO] [stdout]   |
[INFO] [stdout]   = help: to document an item produced by a macro, the macro must produce the documentation as part of its expansion
[INFO] [stdout]   = note: `#[warn(unused_doc_comments)]` on by default
[INFO] [stdout] 
[INFO] [stdout] 
[INFO] [stdout] warning: unused import: `check_main_error`
[INFO] [stdout]  --> src/model/occ.rs:4:36
[INFO] [stdout]   |
[INFO] [stdout] 4 | use crate::{GmshError, GmshResult, check_main_error, check_model_error};
[INFO] [stdout]   |                                    ^^^^^^^^^^^^^^^^
[INFO] [stdout] 
[INFO] [stdout] 
[INFO] [stdout] warning: type `c_or_s` should have an upper camel case name
[INFO] [stdout]    --> src/model/mod.rs:727:6
[INFO] [stdout]     |
[INFO] [stdout] 727 | type c_or_s = CurveOrSurface;
[INFO] [stdout]     |      ^^^^^^ help: convert the identifier to upper camel case: `COrS`
[INFO] [stdout]     |
[INFO] [stdout]     = note: `#[warn(non_camel_case_types)]` on by default
[INFO] [stdout] 
[INFO] [stdout] 
[INFO] [stdout] warning: struct `FieldTag` is never constructed
[INFO] [stdout]   --> src/lib.rs:52:8
[INFO] [stdout]    |
[INFO] [stdout] 52 | struct FieldTag(i64);
[INFO] [stdout]    |        ^^^^^^^^
[INFO] [stdout]    |
[INFO] [stdout]    = note: `#[warn(dead_code)]` on by default
[INFO] [stdout] 
[INFO] [stdout] 
[INFO] [stdout] warning: struct `ViewTag` is never constructed
[INFO] [stdout]   --> src/lib.rs:55:8
[INFO] [stdout]    |
[INFO] [stdout] 55 | struct ViewTag(i64);
[INFO] [stdout]    |        ^^^^^^^
[INFO] [stdout] 
[INFO] [stdout] 
[INFO] [stdout] warning: variants `Surface` and `Volume` are never constructed
[INFO] [stdout]    --> src/model/mod.rs:701:9
[INFO] [stdout]     |
[INFO] [stdout] 698 |     pub enum BasicShape {
[INFO] [stdout]     |              ---------- variants in this enum
[INFO] [stdout] ...
[INFO] [stdout] 701 |         Surface(SurfaceTag),
[INFO] [stdout]     |         ^^^^^^^
[INFO] [stdout] 702 |         Volume(VolumeTag),
[INFO] [stdout]     |         ^^^^^^
[INFO] [stdout]     |
[INFO] [stdout]     = note: `BasicShape` has derived impls for the traits `Clone` and `Debug`, but these are intentionally ignored during dead code analysis
[INFO] [stdout] 
[INFO] [stdout] 
[INFO] [stdout] warning: variants `Point`, `Curve`, `Wire`, `Surface`, `Shell`, and `Volume` are never constructed
[INFO] [stdout]    --> src/model/mod.rs:708:9
[INFO] [stdout]     |
[INFO] [stdout] 707 |     pub enum GeneralShape {
[INFO] [stdout]     |              ------------ variants in this enum
[INFO] [stdout] 708 |         Point(PointTag),
[INFO] [stdout]     |         ^^^^^
[INFO] [stdout] 709 |         Curve(CurveTag),
[INFO] [stdout]     |         ^^^^^
[INFO] [stdout] 710 |         Wire(WireTag),
[INFO] [stdout]     |         ^^^^
[INFO] [stdout] 711 |         Surface(SurfaceTag),
[INFO] [stdout]     |         ^^^^^^^
[INFO] [stdout] 712 |         Shell(ShellTag),
[INFO] [stdout]     |         ^^^^^
[INFO] [stdout] 713 |         Volume(VolumeTag),
[INFO] [stdout]     |         ^^^^^^
[INFO] [stdout]     |
[INFO] [stdout]     = note: `GeneralShape` has derived impls for the traits `Clone` and `Debug`, but these are intentionally ignored during dead code analysis
[INFO] [stdout] 
[INFO] [stdout] 
[INFO] [stdout] warning: 14 warnings emitted
[INFO] [stdout] 
[INFO] [stdout] 
[INFO] [stderr]    Compiling clap v2.33.0
[INFO] [stderr]    Compiling regex-automata v0.1.8
[INFO] [stderr]    Compiling rand_xoshiro v0.1.0
[INFO] [stderr]    Compiling memoffset v0.5.1
[INFO] [stderr]    Compiling num_cpus v1.10.1
[INFO] [stderr]    Compiling atty v0.2.13
[INFO] [stderr]    Compiling rand_os v0.1.3
[INFO] [stderr]    Compiling quote v1.0.2
[INFO] [stderr]    Compiling criterion-plot v0.3.1
[INFO] [stderr]    Compiling csv-core v0.1.6
[INFO] [stderr]    Compiling crossbeam-epoch v0.7.2
[INFO] [stderr]    Compiling crossbeam-deque v0.7.1
[INFO] [stderr]    Compiling rayon v1.2.0
[INFO] [stderr]    Compiling serde_derive v1.0.100
[INFO] [stderr]    Compiling serde_json v1.0.40
[INFO] [stderr]    Compiling bstr v0.2.8
[INFO] [stderr]    Compiling csv v1.1.1
[INFO] [stderr]    Compiling tinytemplate v1.0.2
[INFO] [stderr]    Compiling criterion v0.2.11
[INFO] [stderr]    Compiling rgmsh v0.1.2 (/opt/rustwide/workdir)
[INFO] [stdout] warning: unused import: `CStr`
[INFO] [stdout]    --> src/model/mod.rs:224:16
[INFO] [stdout]     |
[INFO] [stdout] 224 | use std::ffi::{CStr, CString};
[INFO] [stdout]     |                ^^^^
[INFO] [stdout]     |
[INFO] [stdout]     = note: `#[warn(unused_imports)]` on by default
[INFO] [stdout] 
[INFO] [stdout] 
[INFO] [stdout] warning: ambiguous glob re-exports
[INFO] [stdout]    --> src/model/mod.rs:231:9
[INFO] [stdout]     |
[INFO] [stdout] 231 | pub use crate::interface::{geo::*, occ::*};
[INFO] [stdout]     |         ^^^^^^^^^^^^^^^^^^^^^^^^^^^------^
[INFO] [stdout]     |         |                          |
[INFO] [stdout]     |         |                          but the name `add_curve_loop` in the value namespace is also re-exported here
[INFO] [stdout]     |         the name `add_curve_loop` in the value namespace is first re-exported here
[INFO] [stdout]     |
[INFO] [stdout]     = note: `#[warn(ambiguous_glob_reexports)]` on by default
[INFO] [stdout] 
[INFO] [stdout] 
[INFO] [stdout] warning: ambiguous glob re-exports
[INFO] [stdout]    --> src/model/mod.rs:231:9
[INFO] [stdout]     |
[INFO] [stdout] 231 | pub use crate::interface::{geo::*, occ::*};
[INFO] [stdout]     |         ^^^^^^^^^^^^^^^^^^^^^^^^^^^------^
[INFO] [stdout]     |         |                          |
[INFO] [stdout]     |         |                          but the name `add_line` in the value namespace is also re-exported here
[INFO] [stdout]     |         the name `add_line` in the value namespace is first re-exported here
[INFO] [stdout] 
[INFO] [stdout] 
[INFO] [stdout] warning: ambiguous glob re-exports
[INFO] [stdout]    --> src/model/mod.rs:231:9
[INFO] [stdout]     |
[INFO] [stdout] 231 | pub use crate::interface::{geo::*, occ::*};
[INFO] [stdout]     |         ^^^^^^^^^^^^^^^^^^^^^^^^^^^------^
[INFO] [stdout]     |         |                          |
[INFO] [stdout]     |         |                          but the name `add_plane_surface` in the value namespace is also re-exported here
[INFO] [stdout]     |         the name `add_plane_surface` in the value namespace is first re-exported here
[INFO] [stdout] 
[INFO] [stdout] 
[INFO] [stdout] warning: ambiguous glob re-exports
[INFO] [stdout]    --> src/model/mod.rs:231:9
[INFO] [stdout]     |
[INFO] [stdout] 231 | pub use crate::interface::{geo::*, occ::*};
[INFO] [stdout]     |         ^^^^^^^^^^^^^^^^^^^^^^^^^^^------^
[INFO] [stdout]     |         |                          |
[INFO] [stdout]     |         |                          but the name `add_point` in the value namespace is also re-exported here
[INFO] [stdout]     |         the name `add_point` in the value namespace is first re-exported here
[INFO] [stdout] 
[INFO] [stdout] 
[INFO] [stdout] warning: ambiguous glob re-exports
[INFO] [stdout]    --> src/model/mod.rs:231:9
[INFO] [stdout]     |
[INFO] [stdout] 231 | pub use crate::interface::{geo::*, occ::*};
[INFO] [stdout]     |         ^^^^^^^^^^^^^^^^^^^^^^^^^^^------^
[INFO] [stdout]     |         |                          |
[INFO] [stdout]     |         |                          but the name `remove_point` in the value namespace is also re-exported here
[INFO] [stdout]     |         the name `remove_point` in the value namespace is first re-exported here
[INFO] [stdout] 
[INFO] [stdout] 
[INFO] [stdout] warning: ambiguous glob re-exports
[INFO] [stdout]    --> src/model/mod.rs:231:9
[INFO] [stdout]     |
[INFO] [stdout] 231 | pub use crate::interface::{geo::*, occ::*};
[INFO] [stdout]     |         ^^^^^^^^^^^^^^^^^^^^^^^^^^^------^
[INFO] [stdout]     |         |                          |
[INFO] [stdout]     |         |                          but the name `synchronize` in the value namespace is also re-exported here
[INFO] [stdout]     |         the name `synchronize` in the value namespace is first re-exported here
[INFO] [stdout] 
[INFO] [stdout] 
[INFO] [stdout] warning: unused doc comment
[INFO] [stdout]  --> src/model/occ.rs:7:1
[INFO] [stdout]   |
[INFO] [stdout] 7 | /// All angle values are in radians, commonly given as fractions of π.
[INFO] [stdout]   | ^^^^^^^^^^^^^^^^^^^^^^^^^^^^^^^^^^^^^^^^^^^^^^^^^^^^^^^^^^^^^^^^^^^^^^ rustdoc does not generate documentation for macro invocations
[INFO] [stdout]   |
[INFO] [stdout]   = help: to document an item produced by a macro, the macro must produce the documentation as part of its expansion
[INFO] [stdout]   = note: `#[warn(unused_doc_comments)]` on by default
[INFO] [stdout] 
[INFO] [stdout] 
[INFO] [stdout] warning: unused import: `check_main_error`
[INFO] [stdout]  --> src/model/occ.rs:4:36
[INFO] [stdout]   |
[INFO] [stdout] 4 | use crate::{GmshError, GmshResult, check_main_error, check_model_error};
[INFO] [stdout]   |                                    ^^^^^^^^^^^^^^^^
[INFO] [stdout] 
[INFO] [stdout] 
[INFO] [stdout] warning: unused variable: `pl`
[INFO] [stdout]   --> examples/t1.rs:34:9
[INFO] [stdout]    |
[INFO] [stdout] 34 |     let pl = model.add_plane_surface(cl)?;
[INFO] [stdout]    |         ^^ help: if this is intentional, prefix it with an underscore: `_pl`
[INFO] [stdout]    |
[INFO] [stdout]    = note: `#[warn(unused_variables)]` on by default
[INFO] [stdout] 
[INFO] [stdout] 
[INFO] [stdout] warning: unused variable: `gui`
[INFO] [stdout]   --> examples/t1.rs:46:9
[INFO] [stdout]    |
[INFO] [stdout] 46 |     let gui = gmsh.run_gui()?;
[INFO] [stdout]    |         ^^^ help: if this is intentional, prefix it with an underscore: `_gui`
[INFO] [stdout] 
[INFO] [stdout] 
[INFO] [stdout] warning: type `c_or_s` should have an upper camel case name
[INFO] [stdout]    --> src/model/mod.rs:727:6
[INFO] [stdout]     |
[INFO] [stdout] 727 | type c_or_s = CurveOrSurface;
[INFO] [stdout]     |      ^^^^^^ help: convert the identifier to upper camel case: `COrS`
[INFO] [stdout]     |
[INFO] [stdout]     = note: `#[warn(non_camel_case_types)]` on by default
[INFO] [stdout] 
[INFO] [stdout] 
[INFO] [stdout] warning: unused import: `crate::model::*`
[INFO] [stdout]    --> src/lib.rs:207:9
[INFO] [stdout]     |
[INFO] [stdout] 207 |     use crate::model::*;
[INFO] [stdout]     |         ^^^^^^^^^^^^^^^
[INFO] [stdout] 
[INFO] [stdout] 
[INFO] [stdout] warning: variable does not need to be mutable
[INFO] [stdout]   --> examples/t1.rs:12:9
[INFO] [stdout]    |
[INFO] [stdout] 12 |     let mut gmsh = Gmsh::initialize()?;
[INFO] [stdout]    |         ----^^^^
[INFO] [stdout]    |         |
[INFO] [stdout]    |         help: remove this `mut`
[INFO] [stdout]    |
[INFO] [stdout]    = note: `#[warn(unused_mut)]` on by default
[INFO] [stdout] 
[INFO] [stdout] 
[INFO] [stdout] warning: unused variable: `l1`
[INFO] [stdout]   --> examples/tour.rs:76:9
[INFO] [stdout]    |
[INFO] [stdout] 76 |     let l1 = geom.add_line(p1, p2)?;
[INFO] [stdout]    |         ^^ help: if this is intentional, prefix it with an underscore: `_l1`
[INFO] [stdout]    |
[INFO] [stdout]    = note: `#[warn(unused_variables)]` on by default
[INFO] [stdout] 
[INFO] [stdout] 
[INFO] [stdout] warning: unused variable: `l2`
[INFO] [stdout]   --> examples/tour.rs:77:9
[INFO] [stdout]    |
[INFO] [stdout] 77 |     let l2 = geom.add_line(p1, p2)?;
[INFO] [stdout]    |         ^^ help: if this is intentional, prefix it with an underscore: `_l2`
[INFO] [stdout] 
[INFO] [stdout] 
[INFO] [stdout] warning: unused variable: `l3`
[INFO] [stdout]   --> examples/tour.rs:78:9
[INFO] [stdout]    |
[INFO] [stdout] 78 |     let l3 = geom.add_line(p1, p2)?;
[INFO] [stdout]    |         ^^ help: if this is intentional, prefix it with an underscore: `_l3`
[INFO] [stdout] 
[INFO] [stdout] 
[INFO] [stdout] warning: unused variable: `l4`
[INFO] [stdout]   --> examples/tour.rs:79:9
[INFO] [stdout]    |
[INFO] [stdout] 79 |     let l4 = geom.add_line(p1, p2)?;
[INFO] [stdout]    |         ^^ help: if this is intentional, prefix it with an underscore: `_l4`
[INFO] [stdout] 
[INFO] [stdout] 
[INFO] [stdout] warning: unused variable: `p_a`
[INFO] [stdout]    --> examples/tour.rs:113:9
[INFO] [stdout]     |
[INFO] [stdout] 113 |     let p_a = geom_a.add_point(0., 0., 0.)?;
[INFO] [stdout]     |         ^^^ help: if this is intentional, prefix it with an underscore: `_p_a`
[INFO] [stdout] 
[INFO] [stdout] 
[INFO] [stdout] warning: unused variable: `p_b`
[INFO] [stdout]    --> examples/tour.rs:114:9
[INFO] [stdout]     |
[INFO] [stdout] 114 |     let p_b = geom_b.add_point(0., 1., 1.)?;
[INFO] [stdout]     |         ^^^ help: if this is intentional, prefix it with an underscore: `_p_b`
[INFO] [stdout] 
[INFO] [stdout] 
[INFO] [stdout] warning: unused variable: `p_c`
[INFO] [stdout]    --> examples/tour.rs:115:9
[INFO] [stdout]     |
[INFO] [stdout] 115 |     let p_c = geom_b.add_point(0., 1., 1.)?;
[INFO] [stdout]     |         ^^^ help: if this is intentional, prefix it with an underscore: `_p_c`
[INFO] [stdout] 
[INFO] [stdout] 
[INFO] [stdout] warning: enum `ApiCategory` is never used
[INFO] [stdout]  --> src/bin/api_gen.rs:3:6
[INFO] [stdout]   |
[INFO] [stdout] 3 | enum ApiCategory { 
[INFO] [stdout]   |      ^^^^^^^^^^^
[INFO] [stdout]   |
[INFO] [stdout]   = note: `#[warn(dead_code)]` on by default
[INFO] [stdout] 
[INFO] [stdout] 
[INFO] [stdout] warning: struct `Func` is never constructed
[INFO] [stdout]  --> src/bin/api_gen.rs:8:8
[INFO] [stdout]   |
[INFO] [stdout] 8 | struct Func<T, F> { 
[INFO] [stdout]   |        ^^^^
[INFO] [stdout] 
[INFO] [stdout] 
[INFO] [stdout] warning: variable does not need to be mutable
[INFO] [stdout]   --> examples/tour.rs:11:9
[INFO] [stdout]    |
[INFO] [stdout] 11 |     let mut gmsh = Gmsh::initialize()?;
[INFO] [stdout]    |         ----^^^^
[INFO] [stdout]    |         |
[INFO] [stdout]    |         help: remove this `mut`
[INFO] [stdout]    |
[INFO] [stdout]    = note: `#[warn(unused_mut)]` on by default
[INFO] [stdout] 
[INFO] [stdout] 
[INFO] [stdout] warning: unused `Result` that must be used
[INFO] [stdout]   --> examples/tour.rs:36:5
[INFO] [stdout]    |
[INFO] [stdout] 36 |     geom.remove_point(p);
[INFO] [stdout]    |     ^^^^^^^^^^^^^^^^^^^^
[INFO] [stdout]    |
[INFO] [stdout]    = note: this `Result` may be an `Err` variant, which should be handled
[INFO] [stdout]    = note: `#[warn(unused_must_use)]` on by default
[INFO] [stdout] help: use `let _ = ...` to ignore the resulting value
[INFO] [stdout]    |
[INFO] [stdout] 36 |     let _ = geom.remove_point(p);
[INFO] [stdout]    |     +++++++
[INFO] [stdout] 
[INFO] [stdout] 
[INFO] [stdout] warning: unused `Result` that must be used
[INFO] [stdout]    --> examples/tour.rs:128:5
[INFO] [stdout]     |
[INFO] [stdout] 128 |     geom.generate_mesh(2);
[INFO] [stdout]     |     ^^^^^^^^^^^^^^^^^^^^^
[INFO] [stdout]     |
[INFO] [stdout]     = note: this `Result` may be an `Err` variant, which should be handled
[INFO] [stdout] help: use `let _ = ...` to ignore the resulting value
[INFO] [stdout]     |
[INFO] [stdout] 128 |     let _ = geom.generate_mesh(2);
[INFO] [stdout]     |     +++++++
[INFO] [stdout] 
[INFO] [stdout] 
[INFO] [stdout] warning: unused variable: `geom`
[INFO] [stdout]    --> src/lib.rs:229:13
[INFO] [stdout]     |
[INFO] [stdout] 229 |         let geom = gmsh.create_occ_model("model")?;
[INFO] [stdout]     |             ^^^^ help: if this is intentional, prefix it with an underscore: `_geom`
[INFO] [stdout]     |
[INFO] [stdout]     = note: `#[warn(unused_variables)]` on by default
[INFO] [stdout] 
[INFO] [stdout] 
[INFO] [stdout] warning: unused variable: `geom`
[INFO] [stdout]    --> src/lib.rs:257:13
[INFO] [stdout]     |
[INFO] [stdout] 257 |         let geom = gmsh.create_occ_model("model")?;
[INFO] [stdout]     |             ^^^^ help: if this is intentional, prefix it with an underscore: `_geom`
[INFO] [stdout] 
[INFO] [stdout] 
[INFO] [stdout] warning: struct `FieldTag` is never constructed
[INFO] [stdout]   --> src/lib.rs:52:8
[INFO] [stdout]    |
[INFO] [stdout] 52 | struct FieldTag(i64);
[INFO] [stdout]    |        ^^^^^^^^
[INFO] [stdout]    |
[INFO] [stdout]    = note: `#[warn(dead_code)]` on by default
[INFO] [stdout] 
[INFO] [stdout] 
[INFO] [stdout] warning: struct `ViewTag` is never constructed
[INFO] [stdout]   --> src/lib.rs:55:8
[INFO] [stdout]    |
[INFO] [stdout] 55 | struct ViewTag(i64);
[INFO] [stdout]    |        ^^^^^^^
[INFO] [stdout] 
[INFO] [stdout] 
[INFO] [stdout] warning: variants `Surface` and `Volume` are never constructed
[INFO] [stdout]    --> src/model/mod.rs:701:9
[INFO] [stdout]     |
[INFO] [stdout] 698 |     pub enum BasicShape {
[INFO] [stdout]     |              ---------- variants in this enum
[INFO] [stdout] ...
[INFO] [stdout] 701 |         Surface(SurfaceTag),
[INFO] [stdout]     |         ^^^^^^^
[INFO] [stdout] 702 |         Volume(VolumeTag),
[INFO] [stdout]     |         ^^^^^^
[INFO] [stdout]     |
[INFO] [stdout]     = note: `BasicShape` has derived impls for the traits `Clone` and `Debug`, but these are intentionally ignored during dead code analysis
[INFO] [stdout] 
[INFO] [stdout] 
[INFO] [stdout] warning: variants `Point`, `Curve`, `Wire`, `Surface`, `Shell`, and `Volume` are never constructed
[INFO] [stdout]    --> src/model/mod.rs:708:9
[INFO] [stdout]     |
[INFO] [stdout] 707 |     pub enum GeneralShape {
[INFO] [stdout]     |              ------------ variants in this enum
[INFO] [stdout] 708 |         Point(PointTag),
[INFO] [stdout]     |         ^^^^^
[INFO] [stdout] 709 |         Curve(CurveTag),
[INFO] [stdout]     |         ^^^^^
[INFO] [stdout] 710 |         Wire(WireTag),
[INFO] [stdout]     |         ^^^^
[INFO] [stdout] 711 |         Surface(SurfaceTag),
[INFO] [stdout]     |         ^^^^^^^
[INFO] [stdout] 712 |         Shell(ShellTag),
[INFO] [stdout]     |         ^^^^^
[INFO] [stdout] 713 |         Volume(VolumeTag),
[INFO] [stdout]     |         ^^^^^^
[INFO] [stdout]     |
[INFO] [stdout]     = note: `GeneralShape` has derived impls for the traits `Clone` and `Debug`, but these are intentionally ignored during dead code analysis
[INFO] [stdout] 
[INFO] [stdout] 
[INFO] [stdout] error: linking with `cc` failed: exit status: 1
[INFO] [stdout]   |
[INFO] [stdout]   = note: LC_ALL="C" PATH="/opt/rustwide/rustup-home/toolchains/beta-2023-04-20-x86_64-unknown-linux-gnu/lib/rustlib/x86_64-unknown-linux-gnu/bin:/opt/rustwide/cargo-home/bin:/usr/local/sbin:/usr/local/bin:/usr/sbin:/usr/bin:/sbin:/bin" VSLANG="1033" "cc" "-m64" "/tmp/rustcwBchuz/symbols.o" "/opt/rustwide/target/debug/examples/t1-3046233894c7fcc3.t1.ac9d6b5f-cgu.0.rcgu.o" "/opt/rustwide/target/debug/examples/t1-3046233894c7fcc3.t1.ac9d6b5f-cgu.1.rcgu.o" "/opt/rustwide/target/debug/examples/t1-3046233894c7fcc3.t1.ac9d6b5f-cgu.2.rcgu.o" "/opt/rustwide/target/debug/examples/t1-3046233894c7fcc3.t1.ac9d6b5f-cgu.3.rcgu.o" "/opt/rustwide/target/debug/examples/t1-3046233894c7fcc3.t1.ac9d6b5f-cgu.4.rcgu.o" "/opt/rustwide/target/debug/examples/t1-3046233894c7fcc3.t1.ac9d6b5f-cgu.5.rcgu.o" "/opt/rustwide/target/debug/examples/t1-3046233894c7fcc3.t1.ac9d6b5f-cgu.6.rcgu.o" "/opt/rustwide/target/debug/examples/t1-3046233894c7fcc3.1denbof9v235gmul.rcgu.o" "-Wl,--as-needed" "-L" "/opt/rustwide/target/debug/deps" "-L" "/opt/rustwide/rustup-home/toolchains/beta-2023-04-20-x86_64-unknown-linux-gnu/lib/rustlib/x86_64-unknown-linux-gnu/lib" "-Wl,-Bstatic" "/opt/rustwide/target/debug/deps/librgmsh-a0d169d2d712805d.rlib" "/opt/rustwide/target/debug/deps/libgmsh_sys-1254c68b57c606a8.rlib" "/opt/rustwide/rustup-home/toolchains/beta-2023-04-20-x86_64-unknown-linux-gnu/lib/rustlib/x86_64-unknown-linux-gnu/lib/libstd-0e29cc23c5e02021.rlib" "/opt/rustwide/rustup-home/toolchains/beta-2023-04-20-x86_64-unknown-linux-gnu/lib/rustlib/x86_64-unknown-linux-gnu/lib/libpanic_unwind-d903621768a861d9.rlib" "/opt/rustwide/rustup-home/toolchains/beta-2023-04-20-x86_64-unknown-linux-gnu/lib/rustlib/x86_64-unknown-linux-gnu/lib/libobject-6d0225e655f31c13.rlib" "/opt/rustwide/rustup-home/toolchains/beta-2023-04-20-x86_64-unknown-linux-gnu/lib/rustlib/x86_64-unknown-linux-gnu/lib/libmemchr-9dbaf4eac7eaa079.rlib" "/opt/rustwide/rustup-home/toolchains/beta-2023-04-20-x86_64-unknown-linux-gnu/lib/rustlib/x86_64-unknown-linux-gnu/lib/libaddr2line-27f05b3d42a66dd0.rlib" "/opt/rustwide/rustup-home/toolchains/beta-2023-04-20-x86_64-unknown-linux-gnu/lib/rustlib/x86_64-unknown-linux-gnu/lib/libgimli-4d73f1030321c9a2.rlib" "/opt/rustwide/rustup-home/toolchains/beta-2023-04-20-x86_64-unknown-linux-gnu/lib/rustlib/x86_64-unknown-linux-gnu/lib/librustc_demangle-2846c9e58abd0acb.rlib" "/opt/rustwide/rustup-home/toolchains/beta-2023-04-20-x86_64-unknown-linux-gnu/lib/rustlib/x86_64-unknown-linux-gnu/lib/libstd_detect-a53d0f50415947be.rlib" "/opt/rustwide/rustup-home/toolchains/beta-2023-04-20-x86_64-unknown-linux-gnu/lib/rustlib/x86_64-unknown-linux-gnu/lib/libhashbrown-d48e4b6abc25b9dc.rlib" "/opt/rustwide/rustup-home/toolchains/beta-2023-04-20-x86_64-unknown-linux-gnu/lib/rustlib/x86_64-unknown-linux-gnu/lib/libminiz_oxide-2991859439ef1207.rlib" "/opt/rustwide/rustup-home/toolchains/beta-2023-04-20-x86_64-unknown-linux-gnu/lib/rustlib/x86_64-unknown-linux-gnu/lib/libadler-8a687517e4221bae.rlib" "/opt/rustwide/rustup-home/toolchains/beta-2023-04-20-x86_64-unknown-linux-gnu/lib/rustlib/x86_64-unknown-linux-gnu/lib/librustc_std_workspace_alloc-e07b554f6a67f5b3.rlib" "/opt/rustwide/rustup-home/toolchains/beta-2023-04-20-x86_64-unknown-linux-gnu/lib/rustlib/x86_64-unknown-linux-gnu/lib/libunwind-b68238b7c3c619dd.rlib" "/opt/rustwide/rustup-home/toolchains/beta-2023-04-20-x86_64-unknown-linux-gnu/lib/rustlib/x86_64-unknown-linux-gnu/lib/libcfg_if-d5e213e896c017e4.rlib" "/opt/rustwide/rustup-home/toolchains/beta-2023-04-20-x86_64-unknown-linux-gnu/lib/rustlib/x86_64-unknown-linux-gnu/lib/liblibc-0211a3b2e61d8689.rlib" "/opt/rustwide/rustup-home/toolchains/beta-2023-04-20-x86_64-unknown-linux-gnu/lib/rustlib/x86_64-unknown-linux-gnu/lib/liballoc-b371f055239ba51f.rlib" "/opt/rustwide/rustup-home/toolchains/beta-2023-04-20-x86_64-unknown-linux-gnu/lib/rustlib/x86_64-unknown-linux-gnu/lib/librustc_std_workspace_core-e60518d2760eb01e.rlib" "/opt/rustwide/rustup-home/toolchains/beta-2023-04-20-x86_64-unknown-linux-gnu/lib/rustlib/x86_64-unknown-linux-gnu/lib/libcore-1ad943f92a4b1081.rlib" "/opt/rustwide/rustup-home/toolchains/beta-2023-04-20-x86_64-unknown-linux-gnu/lib/rustlib/x86_64-unknown-linux-gnu/lib/libcompiler_builtins-f0d6e4d0fc1e80b4.rlib" "-Wl,-Bdynamic" "-lgmsh" "-lgcc_s" "-lutil" "-lrt" "-lpthread" "-lm" "-ldl" "-lc" "-Wl,--eh-frame-hdr" "-Wl,-z,noexecstack" "-L" "/opt/rustwide/rustup-home/toolchains/beta-2023-04-20-x86_64-unknown-linux-gnu/lib/rustlib/x86_64-unknown-linux-gnu/lib" "-o" "/opt/rustwide/target/debug/examples/t1-3046233894c7fcc3" "-Wl,--gc-sections" "-pie" "-Wl,-z,relro,-z,now" "-nodefaultlibs"
[INFO] [stdout]   = note: /usr/bin/ld: cannot find -lgmsh: No such file or directory
[INFO] [stdout]           collect2: error: ld returned 1 exit status
[INFO] [stdout]           
[INFO] [stdout] 
[INFO] [stdout] 
[INFO] [stdout] error: aborting due to previous error; 3 warnings emitted
[INFO] [stdout] 
[INFO] [stdout] 
[INFO] [stderr] error: could not compile `rgmsh` (example "t1") due to 2 previous errors; 3 warnings emitted
[INFO] [stderr] warning: build failed, waiting for other jobs to finish...
[INFO] [stdout] error: linking with `cc` failed: exit status: 1
[INFO] [stdout]   |
[INFO] [stdout]   = note: LC_ALL="C" PATH="/opt/rustwide/rustup-home/toolchains/beta-2023-04-20-x86_64-unknown-linux-gnu/lib/rustlib/x86_64-unknown-linux-gnu/bin:/opt/rustwide/cargo-home/bin:/usr/local/sbin:/usr/local/bin:/usr/sbin:/usr/bin:/sbin:/bin" VSLANG="1033" "cc" "-m64" "/tmp/rustcwNGHBl/symbols.o" "/opt/rustwide/target/debug/examples/tour-0d6a21bac9053572.tour.9c16ae98-cgu.0.rcgu.o" "/opt/rustwide/target/debug/examples/tour-0d6a21bac9053572.tour.9c16ae98-cgu.1.rcgu.o" "/opt/rustwide/target/debug/examples/tour-0d6a21bac9053572.tour.9c16ae98-cgu.10.rcgu.o" "/opt/rustwide/target/debug/examples/tour-0d6a21bac9053572.tour.9c16ae98-cgu.11.rcgu.o" "/opt/rustwide/target/debug/examples/tour-0d6a21bac9053572.tour.9c16ae98-cgu.12.rcgu.o" "/opt/rustwide/target/debug/examples/tour-0d6a21bac9053572.tour.9c16ae98-cgu.13.rcgu.o" "/opt/rustwide/target/debug/examples/tour-0d6a21bac9053572.tour.9c16ae98-cgu.14.rcgu.o" "/opt/rustwide/target/debug/examples/tour-0d6a21bac9053572.tour.9c16ae98-cgu.15.rcgu.o" "/opt/rustwide/target/debug/examples/tour-0d6a21bac9053572.tour.9c16ae98-cgu.2.rcgu.o" "/opt/rustwide/target/debug/examples/tour-0d6a21bac9053572.tour.9c16ae98-cgu.3.rcgu.o" "/opt/rustwide/target/debug/examples/tour-0d6a21bac9053572.tour.9c16ae98-cgu.4.rcgu.o" "/opt/rustwide/target/debug/examples/tour-0d6a21bac9053572.tour.9c16ae98-cgu.5.rcgu.o" "/opt/rustwide/target/debug/examples/tour-0d6a21bac9053572.tour.9c16ae98-cgu.6.rcgu.o" "/opt/rustwide/target/debug/examples/tour-0d6a21bac9053572.tour.9c16ae98-cgu.7.rcgu.o" "/opt/rustwide/target/debug/examples/tour-0d6a21bac9053572.tour.9c16ae98-cgu.8.rcgu.o" "/opt/rustwide/target/debug/examples/tour-0d6a21bac9053572.tour.9c16ae98-cgu.9.rcgu.o" "/opt/rustwide/target/debug/examples/tour-0d6a21bac9053572.doctmxx5f3043y6.rcgu.o" "-Wl,--as-needed" "-L" "/opt/rustwide/target/debug/deps" "-L" "/opt/rustwide/rustup-home/toolchains/beta-2023-04-20-x86_64-unknown-linux-gnu/lib/rustlib/x86_64-unknown-linux-gnu/lib" "-Wl,-Bstatic" "/opt/rustwide/target/debug/deps/librgmsh-a0d169d2d712805d.rlib" "/opt/rustwide/target/debug/deps/libgmsh_sys-1254c68b57c606a8.rlib" "/opt/rustwide/rustup-home/toolchains/beta-2023-04-20-x86_64-unknown-linux-gnu/lib/rustlib/x86_64-unknown-linux-gnu/lib/libstd-0e29cc23c5e02021.rlib" "/opt/rustwide/rustup-home/toolchains/beta-2023-04-20-x86_64-unknown-linux-gnu/lib/rustlib/x86_64-unknown-linux-gnu/lib/libpanic_unwind-d903621768a861d9.rlib" "/opt/rustwide/rustup-home/toolchains/beta-2023-04-20-x86_64-unknown-linux-gnu/lib/rustlib/x86_64-unknown-linux-gnu/lib/libobject-6d0225e655f31c13.rlib" "/opt/rustwide/rustup-home/toolchains/beta-2023-04-20-x86_64-unknown-linux-gnu/lib/rustlib/x86_64-unknown-linux-gnu/lib/libmemchr-9dbaf4eac7eaa079.rlib" "/opt/rustwide/rustup-home/toolchains/beta-2023-04-20-x86_64-unknown-linux-gnu/lib/rustlib/x86_64-unknown-linux-gnu/lib/libaddr2line-27f05b3d42a66dd0.rlib" "/opt/rustwide/rustup-home/toolchains/beta-2023-04-20-x86_64-unknown-linux-gnu/lib/rustlib/x86_64-unknown-linux-gnu/lib/libgimli-4d73f1030321c9a2.rlib" "/opt/rustwide/rustup-home/toolchains/beta-2023-04-20-x86_64-unknown-linux-gnu/lib/rustlib/x86_64-unknown-linux-gnu/lib/librustc_demangle-2846c9e58abd0acb.rlib" "/opt/rustwide/rustup-home/toolchains/beta-2023-04-20-x86_64-unknown-linux-gnu/lib/rustlib/x86_64-unknown-linux-gnu/lib/libstd_detect-a53d0f50415947be.rlib" "/opt/rustwide/rustup-home/toolchains/beta-2023-04-20-x86_64-unknown-linux-gnu/lib/rustlib/x86_64-unknown-linux-gnu/lib/libhashbrown-d48e4b6abc25b9dc.rlib" "/opt/rustwide/rustup-home/toolchains/beta-2023-04-20-x86_64-unknown-linux-gnu/lib/rustlib/x86_64-unknown-linux-gnu/lib/libminiz_oxide-2991859439ef1207.rlib" "/opt/rustwide/rustup-home/toolchains/beta-2023-04-20-x86_64-unknown-linux-gnu/lib/rustlib/x86_64-unknown-linux-gnu/lib/libadler-8a687517e4221bae.rlib" "/opt/rustwide/rustup-home/toolchains/beta-2023-04-20-x86_64-unknown-linux-gnu/lib/rustlib/x86_64-unknown-linux-gnu/lib/librustc_std_workspace_alloc-e07b554f6a67f5b3.rlib" "/opt/rustwide/rustup-home/toolchains/beta-2023-04-20-x86_64-unknown-linux-gnu/lib/rustlib/x86_64-unknown-linux-gnu/lib/libunwind-b68238b7c3c619dd.rlib" "/opt/rustwide/rustup-home/toolchains/beta-2023-04-20-x86_64-unknown-linux-gnu/lib/rustlib/x86_64-unknown-linux-gnu/lib/libcfg_if-d5e213e896c017e4.rlib" "/opt/rustwide/rustup-home/toolchains/beta-2023-04-20-x86_64-unknown-linux-gnu/lib/rustlib/x86_64-unknown-linux-gnu/lib/liblibc-0211a3b2e61d8689.rlib" "/opt/rustwide/rustup-home/toolchains/beta-2023-04-20-x86_64-unknown-linux-gnu/lib/rustlib/x86_64-unknown-linux-gnu/lib/liballoc-b371f055239ba51f.rlib" "/opt/rustwide/rustup-home/toolchains/beta-2023-04-20-x86_64-unknown-linux-gnu/lib/rustlib/x86_64-unknown-linux-gnu/lib/librustc_std_workspace_core-e60518d2760eb01e.rlib" "/opt/rustwide/rustup-home/toolchains/beta-2023-04-20-x86_64-unknown-linux-gnu/lib/rustlib/x86_64-unknown-linux-gnu/lib/libcore-1ad943f92a4b1081.rlib" "/opt/rustwide/rustup-home/toolchains/beta-2023-04-20-x86_64-unknown-linux-gnu/lib/rustlib/x86_64-unknown-linux-gnu/lib/libcompiler_builtins-f0d6e4d0fc1e80b4.rlib" "-Wl,-Bdynamic" "-lgmsh" "-lgcc_s" "-lutil" "-lrt" "-lpthread" "-lm" "-ldl" "-lc" "-Wl,--eh-frame-hdr" "-Wl,-z,noexecstack" "-L" "/opt/rustwide/rustup-home/toolchains/beta-2023-04-20-x86_64-unknown-linux-gnu/lib/rustlib/x86_64-unknown-linux-gnu/lib" "-o" "/opt/rustwide/target/debug/examples/tour-0d6a21bac9053572" "-Wl,--gc-sections" "-pie" "-Wl,-z,relro,-z,now" "-nodefaultlibs"
[INFO] [stdout]   = note: /usr/bin/ld: cannot find -lgmsh: No such file or directory
[INFO] [stdout]           collect2: error: ld returned 1 exit status
[INFO] [stdout]           
[INFO] [stdout] 
[INFO] [stdout] 
[INFO] [stdout] error: aborting due to previous error; 10 warnings emitted
[INFO] [stdout] 
[INFO] [stdout] 
[INFO] [stderr] error: could not compile `rgmsh` (example "tour") due to 2 previous errors; 10 warnings emitted
[INFO] [stdout] warning: 2 warnings emitted
[INFO] [stdout] 
[INFO] [stdout] 
[INFO] [stdout] error: linking with `cc` failed: exit status: 1
[INFO] [stdout]   |
[INFO] [stdout]   = note: LC_ALL="C" PATH="/opt/rustwide/rustup-home/toolchains/beta-2023-04-20-x86_64-unknown-linux-gnu/lib/rustlib/x86_64-unknown-linux-gnu/bin:/opt/rustwide/cargo-home/bin:/usr/local/sbin:/usr/local/bin:/usr/sbin:/usr/bin:/sbin:/bin" VSLANG="1033" "cc" "-m64" "/tmp/rustc71rGWP/symbols.o" "/opt/rustwide/target/debug/deps/rgmsh-4736f5c96daf1413.rgmsh.4ceb1796-cgu.0.rcgu.o" "/opt/rustwide/target/debug/deps/rgmsh-4736f5c96daf1413.rgmsh.4ceb1796-cgu.1.rcgu.o" "/opt/rustwide/target/debug/deps/rgmsh-4736f5c96daf1413.rgmsh.4ceb1796-cgu.10.rcgu.o" "/opt/rustwide/target/debug/deps/rgmsh-4736f5c96daf1413.rgmsh.4ceb1796-cgu.11.rcgu.o" "/opt/rustwide/target/debug/deps/rgmsh-4736f5c96daf1413.rgmsh.4ceb1796-cgu.12.rcgu.o" "/opt/rustwide/target/debug/deps/rgmsh-4736f5c96daf1413.rgmsh.4ceb1796-cgu.13.rcgu.o" "/opt/rustwide/target/debug/deps/rgmsh-4736f5c96daf1413.rgmsh.4ceb1796-cgu.14.rcgu.o" "/opt/rustwide/target/debug/deps/rgmsh-4736f5c96daf1413.rgmsh.4ceb1796-cgu.15.rcgu.o" "/opt/rustwide/target/debug/deps/rgmsh-4736f5c96daf1413.rgmsh.4ceb1796-cgu.2.rcgu.o" "/opt/rustwide/target/debug/deps/rgmsh-4736f5c96daf1413.rgmsh.4ceb1796-cgu.3.rcgu.o" "/opt/rustwide/target/debug/deps/rgmsh-4736f5c96daf1413.rgmsh.4ceb1796-cgu.4.rcgu.o" "/opt/rustwide/target/debug/deps/rgmsh-4736f5c96daf1413.rgmsh.4ceb1796-cgu.5.rcgu.o" "/opt/rustwide/target/debug/deps/rgmsh-4736f5c96daf1413.rgmsh.4ceb1796-cgu.6.rcgu.o" "/opt/rustwide/target/debug/deps/rgmsh-4736f5c96daf1413.rgmsh.4ceb1796-cgu.7.rcgu.o" "/opt/rustwide/target/debug/deps/rgmsh-4736f5c96daf1413.rgmsh.4ceb1796-cgu.8.rcgu.o" "/opt/rustwide/target/debug/deps/rgmsh-4736f5c96daf1413.rgmsh.4ceb1796-cgu.9.rcgu.o" "/opt/rustwide/target/debug/deps/rgmsh-4736f5c96daf1413.3lcxogmx54wvfigm.rcgu.o" "-Wl,--as-needed" "-L" "/opt/rustwide/target/debug/deps" "-L" "/opt/rustwide/rustup-home/toolchains/beta-2023-04-20-x86_64-unknown-linux-gnu/lib/rustlib/x86_64-unknown-linux-gnu/lib" "-Wl,-Bstatic" "/opt/rustwide/rustup-home/toolchains/beta-2023-04-20-x86_64-unknown-linux-gnu/lib/rustlib/x86_64-unknown-linux-gnu/lib/libtest-2bcc87e061734fce.rlib" "/opt/rustwide/rustup-home/toolchains/beta-2023-04-20-x86_64-unknown-linux-gnu/lib/rustlib/x86_64-unknown-linux-gnu/lib/libgetopts-4c2368e8367904c3.rlib" "/opt/rustwide/rustup-home/toolchains/beta-2023-04-20-x86_64-unknown-linux-gnu/lib/rustlib/x86_64-unknown-linux-gnu/lib/libunicode_width-06b9dcb8e6d4191c.rlib" "/opt/rustwide/rustup-home/toolchains/beta-2023-04-20-x86_64-unknown-linux-gnu/lib/rustlib/x86_64-unknown-linux-gnu/lib/librustc_std_workspace_std-23a78788aee51060.rlib" "/opt/rustwide/target/debug/deps/libgmsh_sys-1254c68b57c606a8.rlib" "/opt/rustwide/rustup-home/toolchains/beta-2023-04-20-x86_64-unknown-linux-gnu/lib/rustlib/x86_64-unknown-linux-gnu/lib/libstd-0e29cc23c5e02021.rlib" "/opt/rustwide/rustup-home/toolchains/beta-2023-04-20-x86_64-unknown-linux-gnu/lib/rustlib/x86_64-unknown-linux-gnu/lib/libpanic_unwind-d903621768a861d9.rlib" "/opt/rustwide/rustup-home/toolchains/beta-2023-04-20-x86_64-unknown-linux-gnu/lib/rustlib/x86_64-unknown-linux-gnu/lib/libobject-6d0225e655f31c13.rlib" "/opt/rustwide/rustup-home/toolchains/beta-2023-04-20-x86_64-unknown-linux-gnu/lib/rustlib/x86_64-unknown-linux-gnu/lib/libmemchr-9dbaf4eac7eaa079.rlib" "/opt/rustwide/rustup-home/toolchains/beta-2023-04-20-x86_64-unknown-linux-gnu/lib/rustlib/x86_64-unknown-linux-gnu/lib/libaddr2line-27f05b3d42a66dd0.rlib" "/opt/rustwide/rustup-home/toolchains/beta-2023-04-20-x86_64-unknown-linux-gnu/lib/rustlib/x86_64-unknown-linux-gnu/lib/libgimli-4d73f1030321c9a2.rlib" "/opt/rustwide/rustup-home/toolchains/beta-2023-04-20-x86_64-unknown-linux-gnu/lib/rustlib/x86_64-unknown-linux-gnu/lib/librustc_demangle-2846c9e58abd0acb.rlib" "/opt/rustwide/rustup-home/toolchains/beta-2023-04-20-x86_64-unknown-linux-gnu/lib/rustlib/x86_64-unknown-linux-gnu/lib/libstd_detect-a53d0f50415947be.rlib" "/opt/rustwide/rustup-home/toolchains/beta-2023-04-20-x86_64-unknown-linux-gnu/lib/rustlib/x86_64-unknown-linux-gnu/lib/libhashbrown-d48e4b6abc25b9dc.rlib" "/opt/rustwide/rustup-home/toolchains/beta-2023-04-20-x86_64-unknown-linux-gnu/lib/rustlib/x86_64-unknown-linux-gnu/lib/libminiz_oxide-2991859439ef1207.rlib" "/opt/rustwide/rustup-home/toolchains/beta-2023-04-20-x86_64-unknown-linux-gnu/lib/rustlib/x86_64-unknown-linux-gnu/lib/libadler-8a687517e4221bae.rlib" "/opt/rustwide/rustup-home/toolchains/beta-2023-04-20-x86_64-unknown-linux-gnu/lib/rustlib/x86_64-unknown-linux-gnu/lib/librustc_std_workspace_alloc-e07b554f6a67f5b3.rlib" "/opt/rustwide/rustup-home/toolchains/beta-2023-04-20-x86_64-unknown-linux-gnu/lib/rustlib/x86_64-unknown-linux-gnu/lib/libunwind-b68238b7c3c619dd.rlib" "/opt/rustwide/rustup-home/toolchains/beta-2023-04-20-x86_64-unknown-linux-gnu/lib/rustlib/x86_64-unknown-linux-gnu/lib/libcfg_if-d5e213e896c017e4.rlib" "/opt/rustwide/rustup-home/toolchains/beta-2023-04-20-x86_64-unknown-linux-gnu/lib/rustlib/x86_64-unknown-linux-gnu/lib/liblibc-0211a3b2e61d8689.rlib" "/opt/rustwide/rustup-home/toolchains/beta-2023-04-20-x86_64-unknown-linux-gnu/lib/rustlib/x86_64-unknown-linux-gnu/lib/liballoc-b371f055239ba51f.rlib" "/opt/rustwide/rustup-home/toolchains/beta-2023-04-20-x86_64-unknown-linux-gnu/lib/rustlib/x86_64-unknown-linux-gnu/lib/librustc_std_workspace_core-e60518d2760eb01e.rlib" "/opt/rustwide/rustup-home/toolchains/beta-2023-04-20-x86_64-unknown-linux-gnu/lib/rustlib/x86_64-unknown-linux-gnu/lib/libcore-1ad943f92a4b1081.rlib" "/opt/rustwide/rustup-home/toolchains/beta-2023-04-20-x86_64-unknown-linux-gnu/lib/rustlib/x86_64-unknown-linux-gnu/lib/libcompiler_builtins-f0d6e4d0fc1e80b4.rlib" "-Wl,-Bdynamic" "-lgmsh" "-lgcc_s" "-lutil" "-lrt" "-lpthread" "-lm" "-ldl" "-lc" "-Wl,--eh-frame-hdr" "-Wl,-z,noexecstack" "-L" "/opt/rustwide/rustup-home/toolchains/beta-2023-04-20-x86_64-unknown-linux-gnu/lib/rustlib/x86_64-unknown-linux-gnu/lib" "-o" "/opt/rustwide/target/debug/deps/rgmsh-4736f5c96daf1413" "-Wl,--gc-sections" "-pie" "-Wl,-z,relro,-z,now" "-nodefaultlibs"
[INFO] [stdout]   = note: /usr/bin/ld: cannot find -lgmsh: No such file or directory
[INFO] [stdout]           collect2: error: ld returned 1 exit status
[INFO] [stdout]           
[INFO] [stdout] 
[INFO] [stdout] 
[INFO] [stdout] error: aborting due to previous error; 17 warnings emitted
[INFO] [stdout] 
[INFO] [stdout] 
[INFO] [stderr] error: could not compile `rgmsh` (lib test) due to 2 previous errors; 17 warnings emitted
[INFO] running `Command { std: "docker" "inspect" "53a5d8e2301443eb83600ca1db610dea379bf4a3d58421379a4b188f48991082", kill_on_drop: false }`
[INFO] running `Command { std: "docker" "rm" "-f" "53a5d8e2301443eb83600ca1db610dea379bf4a3d58421379a4b188f48991082", kill_on_drop: false }`
[INFO] [stdout] 53a5d8e2301443eb83600ca1db610dea379bf4a3d58421379a4b188f48991082
