[INFO] fetching crate rglua-macros 0.2.0...
[INFO] testing rglua-macros-0.2.0 against 1.69.0 for beta-1.70-1
[INFO] extracting crate rglua-macros 0.2.0 into /workspace/builds/worker-1-tc1/source
[INFO] validating manifest of crates.io crate rglua-macros 0.2.0 on toolchain 1.69.0
[INFO] running `Command { std: CARGO_HOME="/workspace/cargo-home" RUSTUP_HOME="/workspace/rustup-home" "/workspace/cargo-home/bin/cargo" "+1.69.0" "metadata" "--manifest-path" "Cargo.toml" "--no-deps", kill_on_drop: false }`
[INFO] started tweaking crates.io crate rglua-macros 0.2.0
[INFO] removed 0 missing tests
[INFO] finished tweaking crates.io crate rglua-macros 0.2.0
[INFO] tweaked toml for crates.io crate rglua-macros 0.2.0 written to /workspace/builds/worker-1-tc1/source/Cargo.toml
[INFO] running `Command { std: CARGO_HOME="/workspace/cargo-home" RUSTUP_HOME="/workspace/rustup-home" __CARGO_TEST_CHANNEL_OVERRIDE_DO_NOT_USE_THIS="nightly" "/workspace/cargo-home/bin/cargo" "+1.69.0" "generate-lockfile" "--manifest-path" "Cargo.toml" "-Zno-index-update", kill_on_drop: false }`
[INFO] running `Command { std: CARGO_HOME="/workspace/cargo-home" RUSTUP_HOME="/workspace/rustup-home" "/workspace/cargo-home/bin/cargo" "+1.69.0" "fetch" "--manifest-path" "Cargo.toml", kill_on_drop: false }`
[INFO] running `Command { std: "docker" "create" "-v" "/var/lib/crater-agent-workspace/builds/worker-1-tc1/target:/opt/rustwide/target:rw,Z" "-v" "/var/lib/crater-agent-workspace/builds/worker-1-tc1/source:/opt/rustwide/workdir:ro,Z" "-v" "/var/lib/crater-agent-workspace/cargo-home:/opt/rustwide/cargo-home:ro,Z" "-v" "/var/lib/crater-agent-workspace/rustup-home:/opt/rustwide/rustup-home:ro,Z" "-e" "SOURCE_DIR=/opt/rustwide/workdir" "-e" "CARGO_TARGET_DIR=/opt/rustwide/target" "-e" "CARGO_HOME=/opt/rustwide/cargo-home" "-e" "RUSTUP_HOME=/opt/rustwide/rustup-home" "-w" "/opt/rustwide/workdir" "-m" "1610612736" "--user" "0:0" "--network" "none" "ghcr.io/rust-lang/crates-build-env/linux@sha256:5ff2268d62e97bff2cde7d5815dd6ed5b47097566f13b8d0ca110b04b60e07ed" "/opt/rustwide/cargo-home/bin/cargo" "+1.69.0" "metadata" "--no-deps" "--format-version=1", kill_on_drop: false }`
[INFO] [stdout] c5583192767cde5a57f3664aa931373130b436d3dd4bff13af86412df58b3eb0
[INFO] running `Command { std: "docker" "start" "-a" "c5583192767cde5a57f3664aa931373130b436d3dd4bff13af86412df58b3eb0", kill_on_drop: false }`
[INFO] running `Command { std: "docker" "inspect" "c5583192767cde5a57f3664aa931373130b436d3dd4bff13af86412df58b3eb0", kill_on_drop: false }`
[INFO] running `Command { std: "docker" "rm" "-f" "c5583192767cde5a57f3664aa931373130b436d3dd4bff13af86412df58b3eb0", kill_on_drop: false }`
[INFO] [stdout] c5583192767cde5a57f3664aa931373130b436d3dd4bff13af86412df58b3eb0
[INFO] running `Command { std: "docker" "create" "-v" "/var/lib/crater-agent-workspace/builds/worker-1-tc1/target:/opt/rustwide/target:rw,Z" "-v" "/var/lib/crater-agent-workspace/builds/worker-1-tc1/source:/opt/rustwide/workdir:ro,Z" "-v" "/var/lib/crater-agent-workspace/cargo-home:/opt/rustwide/cargo-home:ro,Z" "-v" "/var/lib/crater-agent-workspace/rustup-home:/opt/rustwide/rustup-home:ro,Z" "-e" "SOURCE_DIR=/opt/rustwide/workdir" "-e" "CARGO_TARGET_DIR=/opt/rustwide/target" "-e" "CARGO_INCREMENTAL=0" "-e" "RUST_BACKTRACE=full" "-e" "RUSTFLAGS=--cap-lints=warn" "-e" "RUSTDOCFLAGS=--cap-lints=warn" "-e" "CARGO_HOME=/opt/rustwide/cargo-home" "-e" "RUSTUP_HOME=/opt/rustwide/rustup-home" "-w" "/opt/rustwide/workdir" "-m" "1610612736" "--user" "0:0" "--network" "none" "ghcr.io/rust-lang/crates-build-env/linux@sha256:5ff2268d62e97bff2cde7d5815dd6ed5b47097566f13b8d0ca110b04b60e07ed" "/opt/rustwide/cargo-home/bin/cargo" "+1.69.0" "build" "--frozen" "--message-format=json", kill_on_drop: false }`
[INFO] [stdout] 1be07aed5b94dd9b37d0ba2315beaebaee669d11069a2d052253a425b12eca5f
[INFO] running `Command { std: "docker" "start" "-a" "1be07aed5b94dd9b37d0ba2315beaebaee669d11069a2d052253a425b12eca5f", kill_on_drop: false }`
[INFO] [stderr]    Compiling syn v1.0.109
[INFO] [stderr]    Compiling rglua-macros v0.2.0 (/opt/rustwide/workdir)
[INFO] [stderr]     Finished dev [unoptimized + debuginfo] target(s) in 2.96s
[INFO] running `Command { std: "docker" "inspect" "1be07aed5b94dd9b37d0ba2315beaebaee669d11069a2d052253a425b12eca5f", kill_on_drop: false }`
[INFO] running `Command { std: "docker" "rm" "-f" "1be07aed5b94dd9b37d0ba2315beaebaee669d11069a2d052253a425b12eca5f", kill_on_drop: false }`
[INFO] [stdout] 1be07aed5b94dd9b37d0ba2315beaebaee669d11069a2d052253a425b12eca5f
[INFO] running `Command { std: "docker" "create" "-v" "/var/lib/crater-agent-workspace/builds/worker-1-tc1/target:/opt/rustwide/target:rw,Z" "-v" "/var/lib/crater-agent-workspace/builds/worker-1-tc1/source:/opt/rustwide/workdir:ro,Z" "-v" "/var/lib/crater-agent-workspace/cargo-home:/opt/rustwide/cargo-home:ro,Z" "-v" "/var/lib/crater-agent-workspace/rustup-home:/opt/rustwide/rustup-home:ro,Z" "-e" "SOURCE_DIR=/opt/rustwide/workdir" "-e" "CARGO_TARGET_DIR=/opt/rustwide/target" "-e" "CARGO_INCREMENTAL=0" "-e" "RUST_BACKTRACE=full" "-e" "RUSTFLAGS=--cap-lints=warn" "-e" "RUSTDOCFLAGS=--cap-lints=warn" "-e" "CARGO_HOME=/opt/rustwide/cargo-home" "-e" "RUSTUP_HOME=/opt/rustwide/rustup-home" "-w" "/opt/rustwide/workdir" "-m" "1610612736" "--user" "0:0" "--network" "none" "ghcr.io/rust-lang/crates-build-env/linux@sha256:5ff2268d62e97bff2cde7d5815dd6ed5b47097566f13b8d0ca110b04b60e07ed" "/opt/rustwide/cargo-home/bin/cargo" "+1.69.0" "test" "--frozen" "--no-run" "--message-format=json", kill_on_drop: false }`
[INFO] [stdout] 0e4ab8765bf41c38146e696135028f8ab30bc872374c6e2890cf3e0da8a2cf16
[INFO] running `Command { std: "docker" "start" "-a" "0e4ab8765bf41c38146e696135028f8ab30bc872374c6e2890cf3e0da8a2cf16", kill_on_drop: false }`
[INFO] [stderr]     Blocking waiting for file lock on package cache
[INFO] [stderr]    Compiling proc-macro2 v1.0.56
[INFO] [stderr]    Compiling unicode-ident v1.0.8
[INFO] [stderr]    Compiling serde v1.0.160
[INFO] [stderr]    Compiling serde_derive v1.0.160
[INFO] [stderr]    Compiling trybuild v1.0.80
[INFO] [stderr]    Compiling dissimilar v1.0.6
[INFO] [stderr]    Compiling glob v0.3.1
[INFO] [stderr]    Compiling quote v1.0.26
[INFO] [stderr]    Compiling syn v1.0.109
[INFO] [stderr]    Compiling syn v2.0.15
[INFO] [stderr]    Compiling serde_json v1.0.96
[INFO] [stderr]    Compiling basic-toml v0.1.2
[INFO] [stderr]    Compiling rglua-macros v0.2.0 (/opt/rustwide/workdir)
[INFO] [stdout] error[E0433]: failed to resolve: use of undeclared crate or module `rglua`
[INFO] [stdout]  --> tests/base.rs:1:5
[INFO] [stdout]   |
[INFO] [stdout] 1 | use rglua::prelude::*;
[INFO] [stdout]   |     ^^^^^ use of undeclared crate or module `rglua`
[INFO] [stdout] 
[INFO] [stdout] 
[INFO] [stdout] error: cannot find macro `cstr` in this scope
[INFO] [stdout]   --> tests/base.rs:16:1
[INFO] [stdout]    |
[INFO] [stdout] 16 | #[lua_function]
[INFO] [stdout]    | ^^^^^^^^^^^^^^^
[INFO] [stdout]    |
[INFO] [stdout]    = note: this error originates in the attribute macro `lua_function` (in Nightly builds, run with -Z macro-backtrace for more info)
[INFO] [stdout] 
[INFO] [stdout] 
[INFO] [stdout] error: cannot find macro `cstr` in this scope
[INFO] [stdout]   --> tests/base.rs:21:1
[INFO] [stdout]    |
[INFO] [stdout] 21 | #[gmod_open]
[INFO] [stdout]    | ^^^^^^^^^^^^
[INFO] [stdout]    |
[INFO] [stdout]    = note: this error originates in the attribute macro `gmod_open` (in Nightly builds, run with -Z macro-backtrace for more info)
[INFO] [stdout] 
[INFO] [stdout] 
[INFO] [stdout] error: cannot find macro `cstr` in this scope
[INFO] [stdout]   --> tests/base.rs:27:1
[INFO] [stdout]    |
[INFO] [stdout] 27 | #[gmod_close]
[INFO] [stdout]    | ^^^^^^^^^^^^^
[INFO] [stdout]    |
[INFO] [stdout]    = note: this error originates in the attribute macro `gmod_close` (in Nightly builds, run with -Z macro-backtrace for more info)
[INFO] [stdout] 
[INFO] [stdout] 
[INFO] [stdout] error[E0433]: failed to resolve: use of undeclared crate or module `rglua`
[INFO] [stdout]   --> tests/base.rs:16:1
[INFO] [stdout]    |
[INFO] [stdout] 16 | #[lua_function]
[INFO] [stdout]    | ^^^^^^^^^^^^^^^ use of undeclared crate or module `rglua`
[INFO] [stdout]    |
[INFO] [stdout]    = note: this error originates in the attribute macro `lua_function` (in Nightly builds, run with -Z macro-backtrace for more info)
[INFO] [stdout] 
[INFO] [stdout] 
[INFO] [stdout] error[E0433]: failed to resolve: use of undeclared crate or module `rglua`
[INFO] [stdout]   --> tests/base.rs:21:1
[INFO] [stdout]    |
[INFO] [stdout] 21 | #[gmod_open]
[INFO] [stdout]    | ^^^^^^^^^^^^ use of undeclared crate or module `rglua`
[INFO] [stdout]    |
[INFO] [stdout]    = note: this error originates in the attribute macro `gmod_open` (in Nightly builds, run with -Z macro-backtrace for more info)
[INFO] [stdout] 
[INFO] [stdout] 
[INFO] [stdout] error[E0433]: failed to resolve: use of undeclared crate or module `rglua`
[INFO] [stdout]   --> tests/base.rs:27:1
[INFO] [stdout]    |
[INFO] [stdout] 27 | #[gmod_close]
[INFO] [stdout]    | ^^^^^^^^^^^^^ use of undeclared crate or module `rglua`
[INFO] [stdout]    |
[INFO] [stdout]    = note: this error originates in the attribute macro `gmod_close` (in Nightly builds, run with -Z macro-backtrace for more info)
[INFO] [stdout] 
[INFO] [stdout] 
[INFO] [stdout] error[E0412]: cannot find type `LuaState` in this scope
[INFO] [stdout]   --> tests/base.rs:17:16
[INFO] [stdout]    |
[INFO] [stdout] 17 | fn add(_state: LuaState) -> Result<i32, LuaError> {
[INFO] [stdout]    |                ^^^^^^^^ not found in this scope
[INFO] [stdout] 
[INFO] [stdout] 
[INFO] [stdout] error[E0412]: cannot find type `LuaState` in this scope
[INFO] [stdout]   --> tests/base.rs:22:18
[INFO] [stdout]    |
[INFO] [stdout] 22 | fn entry(_state: LuaState) -> Result<i32, LuaError> {
[INFO] [stdout]    |                  ^^^^^^^^ not found in this scope
[INFO] [stdout] 
[INFO] [stdout] 
[INFO] [stdout] error[E0412]: cannot find type `LuaState` in this scope
[INFO] [stdout]   --> tests/base.rs:28:14
[INFO] [stdout]    |
[INFO] [stdout] 28 | fn close(_s: LuaState) -> Result<i32, LuaError> {
[INFO] [stdout]    |              ^^^^^^^^ not found in this scope
[INFO] [stdout] 
[INFO] [stdout] 
[INFO] [stdout] error[E0308]: mismatched types
[INFO] [stdout]   --> tests/base.rs:16:1
[INFO] [stdout]    |
[INFO] [stdout] 16 | #[lua_function]
[INFO] [stdout]    | ^^^^^^^^^^^^^^^ expected `i32`, found `()`
[INFO] [stdout]    |
[INFO] [stdout]    = note: this error originates in the attribute macro `lua_function` (in Nightly builds, run with -Z macro-backtrace for more info)
[INFO] [stdout] 
[INFO] [stdout] 
[INFO] [stdout] error[E0308]: mismatched types
[INFO] [stdout]   --> tests/base.rs:21:1
[INFO] [stdout]    |
[INFO] [stdout] 21 | #[gmod_open]
[INFO] [stdout]    | ^^^^^^^^^^^^ expected `i32`, found `()`
[INFO] [stdout]    |
[INFO] [stdout]    = note: this error originates in the attribute macro `gmod_open` (in Nightly builds, run with -Z macro-backtrace for more info)
[INFO] [stdout] 
[INFO] [stdout] 
[INFO] [stdout] error[E0308]: mismatched types
[INFO] [stdout]   --> tests/base.rs:27:1
[INFO] [stdout]    |
[INFO] [stdout] 27 | #[gmod_close]
[INFO] [stdout]    | ^^^^^^^^^^^^^ expected `i32`, found `()`
[INFO] [stdout]    |
[INFO] [stdout]    = note: this error originates in the attribute macro `gmod_close` (in Nightly builds, run with -Z macro-backtrace for more info)
[INFO] [stdout] 
[INFO] [stdout] 
[INFO] [stdout] error: aborting due to 13 previous errors
[INFO] [stdout] 
[INFO] [stdout] 
[INFO] [stdout] Some errors have detailed explanations: E0308, E0412, E0433.
[INFO] [stdout] 
[INFO] [stdout] For more information about an error, try `rustc --explain E0308`.
[INFO] [stdout] 
[INFO] [stderr] error: could not compile `rglua-macros` due to 14 previous errors
[INFO] [stderr] warning: build failed, waiting for other jobs to finish...
[INFO] running `Command { std: "docker" "inspect" "0e4ab8765bf41c38146e696135028f8ab30bc872374c6e2890cf3e0da8a2cf16", kill_on_drop: false }`
[INFO] running `Command { std: "docker" "rm" "-f" "0e4ab8765bf41c38146e696135028f8ab30bc872374c6e2890cf3e0da8a2cf16", kill_on_drop: false }`
[INFO] [stdout] 0e4ab8765bf41c38146e696135028f8ab30bc872374c6e2890cf3e0da8a2cf16
