[INFO] fetching crate reqwest_wasi 0.11.15...
[INFO] testing reqwest_wasi-0.11.15 against beta-2023-04-20 for beta-1.70-1
[INFO] extracting crate reqwest_wasi 0.11.15 into /workspace/builds/worker-4-tc2/source
[INFO] validating manifest of crates.io crate reqwest_wasi 0.11.15 on toolchain beta-2023-04-20
[INFO] running `Command { std: CARGO_HOME="/workspace/cargo-home" RUSTUP_HOME="/workspace/rustup-home" "/workspace/cargo-home/bin/cargo" "+beta-2023-04-20" "metadata" "--manifest-path" "Cargo.toml" "--no-deps", kill_on_drop: false }`
[INFO] removed /workspace/builds/worker-4-tc2/source/.cargo/config.toml
[INFO] started tweaking crates.io crate reqwest_wasi 0.11.15
[INFO] removed 0 missing examples
[INFO] removed 0 missing tests
[INFO] finished tweaking crates.io crate reqwest_wasi 0.11.15
[INFO] tweaked toml for crates.io crate reqwest_wasi 0.11.15 written to /workspace/builds/worker-4-tc2/source/Cargo.toml
[INFO] crate crates.io crate reqwest_wasi 0.11.15 already has a lockfile, it will not be regenerated
[INFO] running `Command { std: CARGO_HOME="/workspace/cargo-home" RUSTUP_HOME="/workspace/rustup-home" "/workspace/cargo-home/bin/cargo" "+beta-2023-04-20" "fetch" "--manifest-path" "Cargo.toml", kill_on_drop: false }`
[INFO] [stderr]     Updating crates.io index
[INFO] [stderr]     Blocking waiting for file lock on package cache
[INFO] [stderr]  Downloading crates ...
[INFO] [stderr]   Downloaded wasm-bindgen-test-macro v0.3.34
[INFO] [stderr]   Downloaded wasmedge_wasi_socket v0.4.3
[INFO] [stderr]   Downloaded cookie v0.16.2
[INFO] [stderr]   Downloaded wasm-bindgen-test v0.3.34
[INFO] [stderr]   Downloaded tokio-util_wasi v0.7.5
[INFO] [stderr]   Downloaded mio_wasi v0.8.6
[INFO] [stderr]   Downloaded h2_wasi v0.3.15
[INFO] [stderr]   Downloaded hyper_wasi v0.15.1
[INFO] [stderr]   Downloaded tokio_wasi v1.25.1
[INFO] [stderr]   Downloaded openssl-src v111.25.2+1.1.1t
[INFO] running `Command { std: "docker" "create" "-v" "/var/lib/crater-agent-workspace/builds/worker-4-tc2/target:/opt/rustwide/target:rw,Z" "-v" "/var/lib/crater-agent-workspace/builds/worker-4-tc2/source:/opt/rustwide/workdir:ro,Z" "-v" "/var/lib/crater-agent-workspace/cargo-home:/opt/rustwide/cargo-home:ro,Z" "-v" "/var/lib/crater-agent-workspace/rustup-home:/opt/rustwide/rustup-home:ro,Z" "-e" "SOURCE_DIR=/opt/rustwide/workdir" "-e" "CARGO_TARGET_DIR=/opt/rustwide/target" "-e" "CARGO_HOME=/opt/rustwide/cargo-home" "-e" "RUSTUP_HOME=/opt/rustwide/rustup-home" "-w" "/opt/rustwide/workdir" "-m" "1610612736" "--user" "0:0" "--network" "none" "ghcr.io/rust-lang/crates-build-env/linux@sha256:5ff2268d62e97bff2cde7d5815dd6ed5b47097566f13b8d0ca110b04b60e07ed" "/opt/rustwide/cargo-home/bin/cargo" "+beta-2023-04-20" "metadata" "--no-deps" "--format-version=1", kill_on_drop: false }`
[INFO] [stdout] b8a865e0190603178a8a8c9f9c2989a489998c532a30b7cce6fa03df6fcea891
[INFO] running `Command { std: "docker" "start" "-a" "b8a865e0190603178a8a8c9f9c2989a489998c532a30b7cce6fa03df6fcea891", kill_on_drop: false }`
[INFO] running `Command { std: "docker" "inspect" "b8a865e0190603178a8a8c9f9c2989a489998c532a30b7cce6fa03df6fcea891", kill_on_drop: false }`
[INFO] running `Command { std: "docker" "rm" "-f" "b8a865e0190603178a8a8c9f9c2989a489998c532a30b7cce6fa03df6fcea891", kill_on_drop: false }`
[INFO] [stdout] b8a865e0190603178a8a8c9f9c2989a489998c532a30b7cce6fa03df6fcea891
[INFO] running `Command { std: "docker" "create" "-v" "/var/lib/crater-agent-workspace/builds/worker-4-tc2/target:/opt/rustwide/target:rw,Z" "-v" "/var/lib/crater-agent-workspace/builds/worker-4-tc2/source:/opt/rustwide/workdir:ro,Z" "-v" "/var/lib/crater-agent-workspace/cargo-home:/opt/rustwide/cargo-home:ro,Z" "-v" "/var/lib/crater-agent-workspace/rustup-home:/opt/rustwide/rustup-home:ro,Z" "-e" "SOURCE_DIR=/opt/rustwide/workdir" "-e" "CARGO_TARGET_DIR=/opt/rustwide/target" "-e" "CARGO_INCREMENTAL=0" "-e" "RUST_BACKTRACE=full" "-e" "RUSTFLAGS=--cap-lints=warn" "-e" "RUSTDOCFLAGS=--cap-lints=warn" "-e" "CARGO_HOME=/opt/rustwide/cargo-home" "-e" "RUSTUP_HOME=/opt/rustwide/rustup-home" "-w" "/opt/rustwide/workdir" "-m" "1610612736" "--user" "0:0" "--network" "none" "ghcr.io/rust-lang/crates-build-env/linux@sha256:5ff2268d62e97bff2cde7d5815dd6ed5b47097566f13b8d0ca110b04b60e07ed" "/opt/rustwide/cargo-home/bin/cargo" "+beta-2023-04-20" "build" "--frozen" "--message-format=json", kill_on_drop: false }`
[INFO] [stdout] 38453ce7c79fdfd5c281649ba49511faa19fe452dd53859380f939ac5bc6003f
[INFO] running `Command { std: "docker" "start" "-a" "38453ce7c79fdfd5c281649ba49511faa19fe452dd53859380f939ac5bc6003f", kill_on_drop: false }`
[INFO] [stderr]    Compiling tinyvec_macros v0.1.1
[INFO] [stderr]    Compiling futures-core v0.3.28
[INFO] [stderr]    Compiling serde v1.0.160
[INFO] [stderr]    Compiling futures-task v0.3.28
[INFO] [stderr]    Compiling futures-util v0.3.28
[INFO] [stderr]    Compiling unicode-bidi v0.3.13
[INFO] [stderr]    Compiling bytes v1.4.0
[INFO] [stderr]    Compiling base64 v0.21.0
[INFO] [stderr]    Compiling tinyvec v1.6.0
[INFO] [stderr]    Compiling http v0.2.9
[INFO] [stderr]    Compiling unicode-normalization v0.1.22
[INFO] [stderr]    Compiling idna v0.3.0
[INFO] [stderr]    Compiling url v2.3.1
[INFO] [stderr]    Compiling serde_urlencoded v0.7.1
[INFO] [stderr]    Compiling reqwest_wasi v0.11.15 (/opt/rustwide/workdir)
[INFO] [stdout] error[E0433]: failed to resolve: use of undeclared crate or module `hyper`
[INFO] [stdout]   --> src/async_impl/decoder.rs:19:5
[INFO] [stdout]    |
[INFO] [stdout] 19 | use hyper::body::HttpBody;
[INFO] [stdout]    |     ^^^^^ use of undeclared crate or module `hyper`
[INFO] [stdout] 
[INFO] [stdout] 
[INFO] [stdout] error[E0432]: unresolved import `percent_encoding`
[INFO] [stdout]    --> src/async_impl/request.rs:554:9
[INFO] [stdout]     |
[INFO] [stdout] 554 |     use percent_encoding::percent_decode;
[INFO] [stdout]     |         ^^^^^^^^^^^^^^^^ use of undeclared crate or module `percent_encoding`
[INFO] [stdout] 
[INFO] [stdout] 
[INFO] [stdout] error[E0433]: failed to resolve: use of undeclared crate or module `hyper`
[INFO] [stdout]  --> src/async_impl/response.rs:9:5
[INFO] [stdout]   |
[INFO] [stdout] 9 | use hyper::client::connect::HttpInfo;
[INFO] [stdout]   |     ^^^^^ use of undeclared crate or module `hyper`
[INFO] [stdout] 
[INFO] [stdout] 
[INFO] [stdout] error[E0432]: unresolved import `encoding_rs`
[INFO] [stdout]  --> src/async_impl/response.rs:7:5
[INFO] [stdout]   |
[INFO] [stdout] 7 | use encoding_rs::{Encoding, UTF_8};
[INFO] [stdout]   |     ^^^^^^^^^^^ use of undeclared crate or module `encoding_rs`
[INFO] [stdout] 
[INFO] [stdout] 
[INFO] [stdout] error[E0432]: unresolved import `hyper`
[INFO] [stdout]   --> src/async_impl/response.rs:10:5
[INFO] [stdout]    |
[INFO] [stdout] 10 | use hyper::{HeaderMap, StatusCode, Version};
[INFO] [stdout]    |     ^^^^^ use of undeclared crate or module `hyper`
[INFO] [stdout] 
[INFO] [stdout] 
[INFO] [stdout] error[E0433]: failed to resolve: use of undeclared crate or module `tokio`
[INFO] [stdout]   --> src/async_impl/response.rs:16:5
[INFO] [stdout]    |
[INFO] [stdout] 16 | use tokio::time::Sleep;
[INFO] [stdout]    |     ^^^^^ use of undeclared crate or module `tokio`
[INFO] [stdout] 
[INFO] [stdout] 
[INFO] [stdout] error[E0433]: failed to resolve: use of undeclared crate or module `hyper`
[INFO] [stdout]   --> src/async_impl/response.rs:82:13
[INFO] [stdout]    |
[INFO] [stdout] 82 |         use hyper::body::HttpBody;
[INFO] [stdout]    |             ^^^^^ use of undeclared crate or module `hyper`
[INFO] [stdout] 
[INFO] [stdout] 
[INFO] [stdout] error[E0433]: failed to resolve: use of undeclared crate or module `tokio`
[INFO] [stdout]  --> src/async_impl/upgrade.rs:6:5
[INFO] [stdout]   |
[INFO] [stdout] 6 | use tokio::io::{AsyncRead, AsyncWrite, ReadBuf};
[INFO] [stdout]   |     ^^^^^ use of undeclared crate or module `tokio`
[INFO] [stdout] 
[INFO] [stdout] 
[INFO] [stdout] error[E0433]: failed to resolve: use of undeclared crate or module `hyper`
[INFO] [stdout]    --> src/connect.rs:833:9
[INFO] [stdout]     |
[INFO] [stdout] 833 |     use hyper::client::connect::{Connected, Connection};
[INFO] [stdout]     |         ^^^^^ use of undeclared crate or module `hyper`
[INFO] [stdout] 
[INFO] [stdout] 
[INFO] [stdout] error[E0433]: failed to resolve: use of undeclared crate or module `tokio`
[INFO] [stdout]    --> src/connect.rs:838:9
[INFO] [stdout]     |
[INFO] [stdout] 838 |     use tokio::io::{AsyncRead, AsyncWrite, ReadBuf};
[INFO] [stdout]     |         ^^^^^ use of undeclared crate or module `tokio`
[INFO] [stdout] 
[INFO] [stdout] 
[INFO] [stdout] error[E0433]: failed to resolve: use of undeclared crate or module `hyper`
[INFO] [stdout]  --> src/dns/gai.rs:2:5
[INFO] [stdout]   |
[INFO] [stdout] 2 | use hyper::client::connect::dns::{GaiResolver as HyperGaiResolver, Name};
[INFO] [stdout]   |     ^^^^^ use of undeclared crate or module `hyper`
[INFO] [stdout] 
[INFO] [stdout] 
[INFO] [stdout] error[E0433]: failed to resolve: use of undeclared crate or module `hyper`
[INFO] [stdout]  --> src/dns/gai.rs:3:5
[INFO] [stdout]   |
[INFO] [stdout] 3 | use hyper::service::Service;
[INFO] [stdout]   |     ^^^^^ use of undeclared crate or module `hyper`
[INFO] [stdout] 
[INFO] [stdout] 
[INFO] [stdout] error[E0433]: failed to resolve: use of undeclared crate or module `hyper`
[INFO] [stdout]  --> src/dns/resolve.rs:1:5
[INFO] [stdout]   |
[INFO] [stdout] 1 | use hyper::client::connect::dns::Name;
[INFO] [stdout]   |     ^^^^^ use of undeclared crate or module `hyper`
[INFO] [stdout] 
[INFO] [stdout] 
[INFO] [stdout] error[E0433]: failed to resolve: use of undeclared crate or module `hyper`
[INFO] [stdout]  --> src/dns/resolve.rs:2:5
[INFO] [stdout]   |
[INFO] [stdout] 2 | use hyper::service::Service;
[INFO] [stdout]   |     ^^^^^ use of undeclared crate or module `hyper`
[INFO] [stdout] 
[INFO] [stdout] 
[INFO] [stdout] error[E0432]: unresolved import `mime`
[INFO] [stdout]   --> src/async_impl/response.rs:11:5
[INFO] [stdout]    |
[INFO] [stdout] 11 | use mime::Mime;
[INFO] [stdout]    |     ^^^^ use of undeclared crate or module `mime`
[INFO] [stdout] 
[INFO] [stdout] 
[INFO] [stdout] error[E0433]: failed to resolve: use of undeclared crate or module `once_cell`
[INFO] [stdout]   --> src/proxy.rs:10:5
[INFO] [stdout]    |
[INFO] [stdout] 10 | use once_cell::sync::Lazy;
[INFO] [stdout]    |     ^^^^^^^^^ use of undeclared crate or module `once_cell`
[INFO] [stdout] 
[INFO] [stdout] 
[INFO] [stdout] error[E0432]: unresolved import `ipnet`
[INFO] [stdout]  --> src/proxy.rs:9:5
[INFO] [stdout]   |
[INFO] [stdout] 9 | use ipnet::IpNet;
[INFO] [stdout]   |     ^^^^^ use of undeclared crate or module `ipnet`
[INFO] [stdout] 
[INFO] [stdout] 
[INFO] [stdout] error[E0432]: unresolved import `percent_encoding`
[INFO] [stdout]   --> src/proxy.rs:11:5
[INFO] [stdout]    |
[INFO] [stdout] 11 | use percent_encoding::percent_decode;
[INFO] [stdout]    |     ^^^^^^^^^^^^^^^^ use of undeclared crate or module `percent_encoding`
[INFO] [stdout] 
[INFO] [stdout] 
[INFO] [stdout] error[E0432]: unresolved import `hyper`
[INFO] [stdout]   --> src/redirect.rs:11:5
[INFO] [stdout]    |
[INFO] [stdout] 11 | use hyper::StatusCode;
[INFO] [stdout]    |     ^^^^^ use of undeclared crate or module `hyper`
[INFO] [stdout] 
[INFO] [stdout] 
[INFO] [stdout] error[E0432]: unresolved import `http_body`
[INFO] [stdout]   --> src/async_impl/body.rs:13:5
[INFO] [stdout]    |
[INFO] [stdout] 13 | use http_body::Body as HttpBody;
[INFO] [stdout]    |     ^^^^^^^^^ use of undeclared crate or module `http_body`
[INFO] [stdout] 
[INFO] [stdout] 
[INFO] [stdout] error[E0433]: failed to resolve: use of undeclared crate or module `tokio`
[INFO] [stdout]   --> src/async_impl/body.rs:17:5
[INFO] [stdout]    |
[INFO] [stdout] 17 | use tokio::time::Sleep;
[INFO] [stdout]    |     ^^^^^ use of undeclared crate or module `tokio`
[INFO] [stdout] 
[INFO] [stdout] 
[INFO] [stdout] error[E0433]: failed to resolve: use of undeclared crate or module `hyper`
[INFO] [stdout]   --> src/async_impl/client.rs:16:5
[INFO] [stdout]    |
[INFO] [stdout] 16 | use hyper::client::{HttpConnector, ResponseFuture};
[INFO] [stdout]    |     ^^^^^ use of undeclared crate or module `hyper`
[INFO] [stdout] 
[INFO] [stdout] 
[INFO] [stdout] error[E0432]: unresolved import `pin_project_lite`
[INFO] [stdout]   --> src/async_impl/body.rs:14:5
[INFO] [stdout]    |
[INFO] [stdout] 14 | use pin_project_lite::pin_project;
[INFO] [stdout]    |     ^^^^^^^^^^^^^^^^ use of undeclared crate or module `pin_project_lite`
[INFO] [stdout] 
[INFO] [stdout] 
[INFO] [stdout] error[E0433]: failed to resolve: use of undeclared crate or module `tokio`
[INFO] [stdout]   --> src/async_impl/client.rs:23:5
[INFO] [stdout]    |
[INFO] [stdout] 23 | use tokio::time::Sleep;
[INFO] [stdout]    |     ^^^^^ use of undeclared crate or module `tokio`
[INFO] [stdout] 
[INFO] [stdout] 
[INFO] [stdout] error[E0432]: unresolved import `pin_project_lite`
[INFO] [stdout]   --> src/async_impl/client.rs:19:5
[INFO] [stdout]    |
[INFO] [stdout] 19 | use pin_project_lite::pin_project;
[INFO] [stdout]    |     ^^^^^^^^^^^^^^^^ use of undeclared crate or module `pin_project_lite`
[INFO] [stdout] 
[INFO] [stdout] 
[INFO] [stdout] error[E0432]: unresolved import `log`
[INFO] [stdout]   --> src/async_impl/client.rs:25:5
[INFO] [stdout]    |
[INFO] [stdout] 25 | use log::{debug, trace};
[INFO] [stdout]    |     ^^^ use of undeclared crate or module `log`
[INFO] [stdout] 
[INFO] [stdout] 
[INFO] [stdout] error[E0433]: failed to resolve: use of undeclared crate or module `hyper`
[INFO] [stdout]  --> src/connect.rs:5:5
[INFO] [stdout]   |
[INFO] [stdout] 5 | use hyper::client::connect::{Connected, Connection};
[INFO] [stdout]   |     ^^^^^ use of undeclared crate or module `hyper`
[INFO] [stdout] 
[INFO] [stdout] 
[INFO] [stdout] error[E0433]: failed to resolve: use of undeclared crate or module `hyper`
[INFO] [stdout]  --> src/connect.rs:6:5
[INFO] [stdout]   |
[INFO] [stdout] 6 | use hyper::service::Service;
[INFO] [stdout]   |     ^^^^^ use of undeclared crate or module `hyper`
[INFO] [stdout] 
[INFO] [stdout] 
[INFO] [stdout] error[E0433]: failed to resolve: use of undeclared crate or module `tokio`
[INFO] [stdout]  --> src/connect.rs:9:5
[INFO] [stdout]   |
[INFO] [stdout] 9 | use tokio::io::{AsyncRead, AsyncWrite, ReadBuf};
[INFO] [stdout]   |     ^^^^^ use of undeclared crate or module `tokio`
[INFO] [stdout] 
[INFO] [stdout] 
[INFO] [stdout] error[E0432]: unresolved import `super::client::Pending`
[INFO] [stdout]   --> src/async_impl/request.rs:11:29
[INFO] [stdout]    |
[INFO] [stdout] 11 | use super::client::{Client, Pending};
[INFO] [stdout]    |                             ^^^^^^^ no `Pending` in `async_impl::client`
[INFO] [stdout]    |
[INFO] [stdout]    = help: consider importing one of these items instead:
[INFO] [stdout]            futures_core::task::Poll::Pending
[INFO] [stdout]            futures_util::future::Pending
[INFO] [stdout]            futures_util::stream::Pending
[INFO] [stdout]            futures_util::task::Poll::Pending
[INFO] [stdout]            std::future::Pending
[INFO] [stdout]            std::task::Poll::Pending
[INFO] [stdout]            core::future::Pending
[INFO] [stdout]            core::task::Poll::Pending
[INFO] [stdout] 
[INFO] [stdout] 
[INFO] [stdout] error[E0432]: unresolved import `pin_project_lite`
[INFO] [stdout]   --> src/connect.rs:11:5
[INFO] [stdout]    |
[INFO] [stdout] 11 | use pin_project_lite::pin_project;
[INFO] [stdout]    |     ^^^^^^^^^^^^^^^^ use of undeclared crate or module `pin_project_lite`
[INFO] [stdout] 
[INFO] [stdout] 
[INFO] [stdout] error[E0433]: failed to resolve: use of undeclared crate or module `log`
[INFO] [stdout]    --> src/proxy.rs:839:12
[INFO] [stdout]     |
[INFO] [stdout] 839 |         if log::log_enabled!(log::Level::Warn) && env::var_os("HTTP_PROXY").is_some() {
[INFO] [stdout]     |            ^^^ use of undeclared crate or module `log`
[INFO] [stdout] 
[INFO] [stdout] 
[INFO] [stdout] error[E0433]: failed to resolve: use of undeclared crate or module `log`
[INFO] [stdout]    --> src/connect.rs:847:26
[INFO] [stdout]     |
[INFO] [stdout] 847 |             if self.0 && log::log_enabled!(log::Level::Trace) {
[INFO] [stdout]     |                          ^^^ use of undeclared crate or module `log`
[INFO] [stdout] 
[INFO] [stdout] 
[INFO] [stdout] error[E0433]: failed to resolve: use of undeclared crate or module `log`
[INFO] [stdout]    --> src/proxy.rs:840:13
[INFO] [stdout]     |
[INFO] [stdout] 840 |             log::warn!("HTTP_PROXY environment variable ignored in CGI");
[INFO] [stdout]     |             ^^^ use of undeclared crate or module `log`
[INFO] [stdout] 
[INFO] [stdout] 
[INFO] [stdout] error[E0433]: failed to resolve: use of undeclared crate or module `log`
[INFO] [stdout]    --> src/connect.rs:895:21
[INFO] [stdout]     |
[INFO] [stdout] 895 |                     log::trace!("{:08x} write: {:?}", self.id, Escape(&buf[..n]));
[INFO] [stdout]     |                     ^^^ use of undeclared crate or module `log`
[INFO] [stdout] 
[INFO] [stdout] 
[INFO] [stdout] error[E0433]: failed to resolve: use of undeclared crate or module `log`
[INFO] [stdout]    --> src/connect.rs:878:21
[INFO] [stdout]     |
[INFO] [stdout] 878 |                     log::trace!("{:08x} read: {:?}", self.id, Escape(buf.filled()));
[INFO] [stdout]     |                     ^^^ use of undeclared crate or module `log`
[INFO] [stdout] 
[INFO] [stdout] 
[INFO] [stdout] error[E0433]: failed to resolve: use of undeclared crate or module `log`
[INFO] [stdout]    --> src/connect.rs:429:9
[INFO] [stdout]     |
[INFO] [stdout] 429 |         log::debug!("starting new connection: {:?}", dst);
[INFO] [stdout]     |         ^^^ use of undeclared crate or module `log`
[INFO] [stdout] 
[INFO] [stdout] 
[INFO] [stdout] error[E0433]: failed to resolve: use of undeclared crate or module `log`
[INFO] [stdout]    --> src/connect.rs:302:9
[INFO] [stdout]     |
[INFO] [stdout] 302 |         log::debug!("proxy({:?}) intercepts '{:?}'", proxy_scheme, dst);
[INFO] [stdout]     |         ^^^ use of undeclared crate or module `log`
[INFO] [stdout] 
[INFO] [stdout] 
[INFO] [stdout] error: cannot determine resolution for the macro `pin_project`
[INFO] [stdout]    --> src/connect.rs:456:1
[INFO] [stdout]     |
[INFO] [stdout] 456 | pin_project! {
[INFO] [stdout]     | ^^^^^^^^^^^
[INFO] [stdout]     |
[INFO] [stdout]     = note: import resolution is stuck, try simplifying macro imports
[INFO] [stdout] 
[INFO] [stdout] 
[INFO] [stdout] error: cannot determine resolution for the macro `debug`
[INFO] [stdout]     --> src/async_impl/client.rs:2099:29
[INFO] [stdout]      |
[INFO] [stdout] 2099 | ...                   debug!("redirect policy disallowed redirection to '{}'", loc);
[INFO] [stdout]      |                       ^^^^^
[INFO] [stdout]      |
[INFO] [stdout]      = note: import resolution is stuck, try simplifying macro imports
[INFO] [stdout] 
[INFO] [stdout] 
[INFO] [stdout] error: cannot determine resolution for the macro `debug`
[INFO] [stdout]     --> src/async_impl/client.rs:2060:29
[INFO] [stdout]      |
[INFO] [stdout] 2060 | ...                   debug!("redirecting '{}' to '{}'", self.url, loc);
[INFO] [stdout]      |                       ^^^^^
[INFO] [stdout]      |
[INFO] [stdout]      = note: import resolution is stuck, try simplifying macro imports
[INFO] [stdout] 
[INFO] [stdout] 
[INFO] [stdout] error: cannot determine resolution for the macro `debug`
[INFO] [stdout]     --> src/async_impl/client.rs:2041:25
[INFO] [stdout]      |
[INFO] [stdout] 2041 |                         debug!("Location header had invalid URI: {:?}", val);
[INFO] [stdout]      |                         ^^^^^
[INFO] [stdout]      |
[INFO] [stdout]      = note: import resolution is stuck, try simplifying macro imports
[INFO] [stdout] 
[INFO] [stdout] 
[INFO] [stdout] error: cannot determine resolution for the macro `trace`
[INFO] [stdout]     --> src/async_impl/client.rs:1900:13
[INFO] [stdout]      |
[INFO] [stdout] 1900 |             trace!("retry count too high");
[INFO] [stdout]      |             ^^^^^
[INFO] [stdout]      |
[INFO] [stdout]      = note: import resolution is stuck, try simplifying macro imports
[INFO] [stdout] 
[INFO] [stdout] 
[INFO] [stdout] error: cannot determine resolution for the macro `debug`
[INFO] [stdout]     --> src/async_impl/client.rs:1893:17
[INFO] [stdout]      |
[INFO] [stdout] 1893 |                 debug!("error was retryable, but body not reusable");
[INFO] [stdout]      |                 ^^^^^
[INFO] [stdout]      |
[INFO] [stdout]      = note: import resolution is stuck, try simplifying macro imports
[INFO] [stdout] 
[INFO] [stdout] 
[INFO] [stdout] error: cannot determine resolution for the macro `trace`
[INFO] [stdout]     --> src/async_impl/client.rs:1888:9
[INFO] [stdout]      |
[INFO] [stdout] 1888 |         trace!("can retry {:?}", err);
[INFO] [stdout]      |         ^^^^^
[INFO] [stdout]      |
[INFO] [stdout]      = note: import resolution is stuck, try simplifying macro imports
[INFO] [stdout] 
[INFO] [stdout] 
[INFO] [stdout] error: cannot determine resolution for the macro `pin_project`
[INFO] [stdout]     --> src/async_impl/client.rs:1846:1
[INFO] [stdout]      |
[INFO] [stdout] 1846 | pin_project! {
[INFO] [stdout]      | ^^^^^^^^^^^
[INFO] [stdout]      |
[INFO] [stdout]      = note: import resolution is stuck, try simplifying macro imports
[INFO] [stdout] 
[INFO] [stdout] 
[INFO] [stdout] error: cannot determine resolution for the macro `pin_project`
[INFO] [stdout]     --> src/async_impl/client.rs:1834:1
[INFO] [stdout]      |
[INFO] [stdout] 1834 | pin_project! {
[INFO] [stdout]      | ^^^^^^^^^^^
[INFO] [stdout]      |
[INFO] [stdout]      = note: import resolution is stuck, try simplifying macro imports
[INFO] [stdout] 
[INFO] [stdout] 
[INFO] [stdout] error: cannot determine resolution for the macro `pin_project`
[INFO] [stdout]   --> src/async_impl/body.rs:43:1
[INFO] [stdout]    |
[INFO] [stdout] 43 | pin_project! {
[INFO] [stdout]    | ^^^^^^^^^^^
[INFO] [stdout]    |
[INFO] [stdout]    = note: import resolution is stuck, try simplifying macro imports
[INFO] [stdout] 
[INFO] [stdout] 
[INFO] [stdout] error[E0433]: failed to resolve: use of undeclared crate or module `hyper`
[INFO] [stdout]    --> src/error.rs:125:57
[INFO] [stdout]     |
[INFO] [stdout] 125 |             if let Some(hyper_err) = err.downcast_ref::<hyper::Error>() {
[INFO] [stdout]     |                                                         ^^^^^ use of undeclared crate or module `hyper`
[INFO] [stdout] 
[INFO] [stdout] 
[INFO] [stdout] error[E0433]: failed to resolve: use of undeclared crate or module `hyper`
[INFO] [stdout]   --> src/async_impl/body.rs:50:18
[INFO] [stdout]    |
[INFO] [stdout] 50 | struct WrapHyper(hyper::Body);
[INFO] [stdout]    |                  ^^^^^ use of undeclared crate or module `hyper`
[INFO] [stdout] 
[INFO] [stdout] 
[INFO] [stdout] error[E0433]: failed to resolve: use of undeclared crate or module `hyper`
[INFO] [stdout]    --> src/async_impl/body.rs:116:34
[INFO] [stdout]     |
[INFO] [stdout] 116 |     pub(crate) fn response(body: hyper::Body, timeout: Option<Pin<Box<Sleep>>>) -> Body {
[INFO] [stdout]     |                                  ^^^^^ use of undeclared crate or module `hyper`
[INFO] [stdout] 
[INFO] [stdout] 
[INFO] [stdout] error[E0433]: failed to resolve: use of undeclared crate or module `hyper`
[INFO] [stdout]    --> src/async_impl/body.rs:174:11
[INFO] [stdout]     |
[INFO] [stdout] 174 | impl From<hyper::Body> for Body {
[INFO] [stdout]     |           ^^^^^ use of undeclared crate or module `hyper`
[INFO] [stdout] 
[INFO] [stdout] 
[INFO] [stdout] error[E0433]: failed to resolve: use of undeclared crate or module `hyper`
[INFO] [stdout]    --> src/async_impl/body.rs:176:19
[INFO] [stdout]     |
[INFO] [stdout] 176 |     fn from(body: hyper::Body) -> Body {
[INFO] [stdout]     |                   ^^^^^ use of undeclared crate or module `hyper`
[INFO] [stdout] 
[INFO] [stdout] 
[INFO] [stdout] error[E0433]: failed to resolve: use of undeclared crate or module `http_body`
[INFO] [stdout]    --> src/async_impl/body.rs:285:28
[INFO] [stdout]     |
[INFO] [stdout] 285 |     fn size_hint(&self) -> http_body::SizeHint {
[INFO] [stdout]     |                            ^^^^^^^^^ use of undeclared crate or module `http_body`
[INFO] [stdout] 
[INFO] [stdout] 
[INFO] [stdout] error[E0433]: failed to resolve: use of undeclared crate or module `http_body`
[INFO] [stdout]    --> src/async_impl/body.rs:289:32
[INFO] [stdout]     |
[INFO] [stdout] 289 |                 let mut hint = http_body::SizeHint::default();
[INFO] [stdout]     |                                ^^^^^^^^^ use of undeclared crate or module `http_body`
[INFO] [stdout] 
[INFO] [stdout] 
[INFO] [stdout] error[E0433]: failed to resolve: use of undeclared crate or module `http_body`
[INFO] [stdout]    --> src/async_impl/body.rs:360:28
[INFO] [stdout]     |
[INFO] [stdout] 360 |     fn size_hint(&self) -> http_body::SizeHint {
[INFO] [stdout]     |                            ^^^^^^^^^ use of undeclared crate or module `http_body`
[INFO] [stdout] 
[INFO] [stdout] 
[INFO] [stdout] error[E0433]: failed to resolve: use of undeclared crate or module `hyper`
[INFO] [stdout]     --> src/async_impl/client.rs:1392:20
[INFO] [stdout]      |
[INFO] [stdout] 1392 | type HyperClient = hyper::Client<Connector, super::body::ImplStream>;
[INFO] [stdout]      |                    ^^^^^ use of undeclared crate or module `hyper`
[INFO] [stdout] 
[INFO] [stdout] 
[INFO] [stdout] error[E0433]: failed to resolve: use of undeclared crate or module `tokio`
[INFO] [stdout]     --> src/async_impl/client.rs:1593:18
[INFO] [stdout]      |
[INFO] [stdout] 1593 |             .map(tokio::time::sleep)
[INFO] [stdout]      |                  ^^^^^ use of undeclared crate or module `tokio`
[INFO] [stdout] 
[INFO] [stdout] 
[INFO] [stdout] error[E0433]: failed to resolve: use of undeclared crate or module `h2`
[INFO] [stdout]     --> src/async_impl/client.rs:1922:49
[INFO] [stdout]      |
[INFO] [stdout] 1922 |         if let Some(err) = cause.downcast_ref::<h2::Error>() {
[INFO] [stdout]      |                                                 ^^ use of undeclared crate or module `h2`
[INFO] [stdout] 
[INFO] [stdout] 
[INFO] [stdout] error[E0433]: failed to resolve: use of undeclared crate or module `h2`
[INFO] [stdout]     --> src/async_impl/client.rs:1926:41
[INFO] [stdout]      |
[INFO] [stdout] 1926 |                 && err.reason() == Some(h2::Reason::NO_ERROR);
[INFO] [stdout]      |                                         ^^ use of undeclared crate or module `h2`
[INFO] [stdout] 
[INFO] [stdout] 
[INFO] [stdout] error[E0433]: failed to resolve: use of undeclared crate or module `http_body`
[INFO] [stdout]    --> src/async_impl/decoder.rs:280:28
[INFO] [stdout]     |
[INFO] [stdout] 280 |     fn size_hint(&self) -> http_body::SizeHint {
[INFO] [stdout]     |                            ^^^^^^^^^ use of undeclared crate or module `http_body`
[INFO] [stdout] 
[INFO] [stdout] 
[INFO] [stdout] error[E0433]: failed to resolve: use of undeclared crate or module `hyper`
[INFO] [stdout]   --> src/async_impl/response.rs:27:21
[INFO] [stdout]    |
[INFO] [stdout] 27 |     pub(super) res: hyper::Response<Decoder>,
[INFO] [stdout]    |                     ^^^^^ use of undeclared crate or module `hyper`
[INFO] [stdout] 
[INFO] [stdout] 
[INFO] [stdout] error[E0433]: failed to resolve: use of undeclared crate or module `hyper`
[INFO] [stdout]   --> src/async_impl/response.rs:35:14
[INFO] [stdout]    |
[INFO] [stdout] 35 |         res: hyper::Response<hyper::Body>,
[INFO] [stdout]    |              ^^^^^ use of undeclared crate or module `hyper`
[INFO] [stdout] 
[INFO] [stdout] 
[INFO] [stdout] error[E0433]: failed to resolve: use of undeclared crate or module `hyper`
[INFO] [stdout]   --> src/async_impl/response.rs:35:30
[INFO] [stdout]    |
[INFO] [stdout] 35 |         res: hyper::Response<hyper::Body>,
[INFO] [stdout]    |                              ^^^^^ use of undeclared crate or module `hyper`
[INFO] [stdout] 
[INFO] [stdout] 
[INFO] [stdout] error[E0433]: failed to resolve: use of undeclared crate or module `hyper`
[INFO] [stdout]    --> src/async_impl/response.rs:263:9
[INFO] [stdout]     |
[INFO] [stdout] 263 |         hyper::body::to_bytes(self.res.into_body()).await
[INFO] [stdout]     |         ^^^^^ use of undeclared crate or module `hyper`
[INFO] [stdout] 
[INFO] [stdout] 
[INFO] [stdout] error[E0433]: failed to resolve: use of undeclared crate or module `hyper`
[INFO] [stdout]   --> src/async_impl/upgrade.rs:10:12
[INFO] [stdout]    |
[INFO] [stdout] 10 |     inner: hyper::upgrade::Upgraded,
[INFO] [stdout]    |            ^^^^^ use of undeclared crate or module `hyper`
[INFO] [stdout] 
[INFO] [stdout] 
[INFO] [stdout] error[E0433]: failed to resolve: use of undeclared crate or module `hyper`
[INFO] [stdout]   --> src/async_impl/upgrade.rs:59:11
[INFO] [stdout]    |
[INFO] [stdout] 59 | impl From<hyper::upgrade::Upgraded> for Upgraded {
[INFO] [stdout]    |           ^^^^^ use of undeclared crate or module `hyper`
[INFO] [stdout] 
[INFO] [stdout] 
[INFO] [stdout] error[E0433]: failed to resolve: use of undeclared crate or module `hyper`
[INFO] [stdout]   --> src/async_impl/upgrade.rs:60:20
[INFO] [stdout]    |
[INFO] [stdout] 60 |     fn from(inner: hyper::upgrade::Upgraded) -> Self {
[INFO] [stdout]    |                    ^^^^^ use of undeclared crate or module `hyper`
[INFO] [stdout] 
[INFO] [stdout] 
[INFO] [stdout] error[E0433]: failed to resolve: use of undeclared crate or module `hyper`
[INFO] [stdout]   --> src/async_impl/upgrade.rs:68:9
[INFO] [stdout]    |
[INFO] [stdout] 68 |         hyper::upgrade::on(self.res)
[INFO] [stdout]    |         ^^^^^ use of undeclared crate or module `hyper`
[INFO] [stdout] 
[INFO] [stdout] 
[INFO] [stdout] error[E0433]: failed to resolve: use of undeclared crate or module `hyper`
[INFO] [stdout]   --> src/connect.rs:28:33
[INFO] [stdout]    |
[INFO] [stdout] 28 | pub(crate) type HttpConnector = hyper::client::HttpConnector<DynResolver>;
[INFO] [stdout]    |                                 ^^^^^ use of undeclared crate or module `hyper`
[INFO] [stdout] 
[INFO] [stdout] 
[INFO] [stdout] error[E0433]: failed to resolve: use of undeclared crate or module `tokio`
[INFO] [stdout]    --> src/connect.rs:409:15
[INFO] [stdout]     |
[INFO] [stdout] 409 |         match tokio::time::timeout(to, f).await {
[INFO] [stdout]     |               ^^^^^ use of undeclared crate or module `tokio`
[INFO] [stdout] 
[INFO] [stdout] 
[INFO] [stdout] error[E0422]: cannot find struct, variant or union type `WrapStream` in this scope
[INFO] [stdout]    --> src/async_impl/body.rs:105:29
[INFO] [stdout]     |
[INFO] [stdout] 105 |         let body = Box::pin(WrapStream {
[INFO] [stdout]     |                             ^^^^^^^^^^ not found in this scope
[INFO] [stdout] 
[INFO] [stdout] 
[INFO] [stdout] error[E0412]: cannot find type `WrapStream` in this scope
[INFO] [stdout]    --> src/async_impl/body.rs:307:28
[INFO] [stdout]     |
[INFO] [stdout] 307 | impl<S, D, E> HttpBody for WrapStream<S>
[INFO] [stdout]     |                            ^^^^^^^^^^ not found in this scope
[INFO] [stdout] 
[INFO] [stdout] 
[INFO] [stdout] error[E0433]: failed to resolve: use of undeclared crate or module `hyper`
[INFO] [stdout]    --> src/async_impl/client.rs:477:27
[INFO] [stdout]     |
[INFO] [stdout] 477 |         let mut builder = hyper::Client::builder();
[INFO] [stdout]     |                           ^^^^^ use of undeclared crate or module `hyper`
[INFO] [stdout]     |
[INFO] [stdout] help: consider importing this struct
[INFO] [stdout]     |
[INFO] [stdout] 3   + use crate::Client;
[INFO] [stdout]     |
[INFO] [stdout] help: if you import `Client`, refer to it directly
[INFO] [stdout]     |
[INFO] [stdout] 477 -         let mut builder = hyper::Client::builder();
[INFO] [stdout] 477 +         let mut builder = Client::builder();
[INFO] [stdout]     |
[INFO] [stdout] 
[INFO] [stdout] 
[INFO] [stdout] error[E0412]: cannot find type `Pending` in this scope
[INFO] [stdout]     --> src/async_impl/client.rs:1535:59
[INFO] [stdout]      |
[INFO] [stdout] 1535 |     pub(super) fn execute_request(&self, req: Request) -> Pending {
[INFO] [stdout]      |                                                           ^^^^^^^ not found in this scope
[INFO] [stdout]      |
[INFO] [stdout] help: consider importing one of these items
[INFO] [stdout]      |
[INFO] [stdout] 3    + use core::future::Pending;
[INFO] [stdout]      |
[INFO] [stdout] 3    + use futures_util::future::Pending;
[INFO] [stdout]      |
[INFO] [stdout] 3    + use futures_util::stream::Pending;
[INFO] [stdout]      |
[INFO] [stdout] 3    + use std::future::Pending;
[INFO] [stdout]      |
[INFO] [stdout] 
[INFO] [stdout] 
[INFO] [stdout] error[E0433]: failed to resolve: use of undeclared type `Pending`
[INFO] [stdout]     --> src/async_impl/client.rs:1538:20
[INFO] [stdout]      |
[INFO] [stdout] 1538 |             return Pending::new_err(error::url_bad_scheme(url));
[INFO] [stdout]      |                    ^^^^^^^ use of undeclared type `Pending`
[INFO] [stdout]      |
[INFO] [stdout] help: consider importing one of these items
[INFO] [stdout]      |
[INFO] [stdout] 3    + use core::future::Pending;
[INFO] [stdout]      |
[INFO] [stdout] 3    + use futures_util::future::Pending;
[INFO] [stdout]      |
[INFO] [stdout] 3    + use futures_util::stream::Pending;
[INFO] [stdout]      |
[INFO] [stdout] 3    + use std::future::Pending;
[INFO] [stdout]      |
[INFO] [stdout] 
[INFO] [stdout] 
[INFO] [stdout] error[E0433]: failed to resolve: use of undeclared type `Pending`
[INFO] [stdout]     --> src/async_impl/client.rs:1543:20
[INFO] [stdout]      |
[INFO] [stdout] 1543 |             return Pending::new_err(error::url_bad_scheme(url));
[INFO] [stdout]      |                    ^^^^^^^ use of undeclared type `Pending`
[INFO] [stdout]      |
[INFO] [stdout] help: consider importing one of these items
[INFO] [stdout]      |
[INFO] [stdout] 3    + use core::future::Pending;
[INFO] [stdout]      |
[INFO] [stdout] 3    + use futures_util::future::Pending;
[INFO] [stdout]      |
[INFO] [stdout] 3    + use futures_util::stream::Pending;
[INFO] [stdout]      |
[INFO] [stdout] 3    + use std::future::Pending;
[INFO] [stdout]      |
[INFO] [stdout] 
[INFO] [stdout] 
[INFO] [stdout] error[E0433]: failed to resolve: use of undeclared crate or module `hyper`
[INFO] [stdout]     --> src/async_impl/client.rs:1584:23
[INFO] [stdout]      |
[INFO] [stdout] 1584 |         let mut req = hyper::Request::builder()
[INFO] [stdout]      |                       ^^^^^ use of undeclared crate or module `hyper`
[INFO] [stdout]      |
[INFO] [stdout] help: consider importing one of these items
[INFO] [stdout]      |
[INFO] [stdout] 3    + use crate::Request;
[INFO] [stdout]      |
[INFO] [stdout] 3    + use http::Request;
[INFO] [stdout]      |
[INFO] [stdout] help: if you import `Request`, refer to it directly
[INFO] [stdout]      |
[INFO] [stdout] 1584 -         let mut req = hyper::Request::builder()
[INFO] [stdout] 1584 +         let mut req = Request::builder()
[INFO] [stdout]      |
[INFO] [stdout] 
[INFO] [stdout] 
[INFO] [stdout] error[E0422]: cannot find struct, variant or union type `Pending` in this scope
[INFO] [stdout]     --> src/async_impl/client.rs:1600:9
[INFO] [stdout]      |
[INFO] [stdout] 1600 |         Pending {
[INFO] [stdout]      |         ^^^^^^^ not found in this scope
[INFO] [stdout]      |
[INFO] [stdout] help: consider importing one of these items
[INFO] [stdout]      |
[INFO] [stdout] 3    + use core::future::Pending;
[INFO] [stdout]      |
[INFO] [stdout] 3    + use core::task::Poll::Pending;
[INFO] [stdout]      |
[INFO] [stdout] 3    + use crate::async_impl::client::Poll::Pending;
[INFO] [stdout]      |
[INFO] [stdout] 3    + use futures_core::task::Poll::Pending;
[INFO] [stdout]      |
[INFO] [stdout]        and 5 other candidates
[INFO] [stdout] 
[INFO] [stdout] 
[INFO] [stdout] error[E0422]: cannot find struct, variant or union type `PendingRequest` in this scope
[INFO] [stdout]     --> src/async_impl/client.rs:1601:42
[INFO] [stdout]      |
[INFO] [stdout] 1601 |             inner: PendingInner::Request(PendingRequest {
[INFO] [stdout]      |                                          ^^^^^^^^^^^^^^ not found in this scope
[INFO] [stdout] 
[INFO] [stdout] 
[INFO] [stdout] error[E0412]: cannot find type `Pending` in this scope
[INFO] [stdout]     --> src/async_impl/client.rs:1658:19
[INFO] [stdout]      |
[INFO] [stdout] 1658 |     type Future = Pending;
[INFO] [stdout]      |                   ^^^^^^^ not found in this scope
[INFO] [stdout]      |
[INFO] [stdout] help: consider importing one of these items
[INFO] [stdout]      |
[INFO] [stdout] 3    + use core::future::Pending;
[INFO] [stdout]      |
[INFO] [stdout] 3    + use futures_util::future::Pending;
[INFO] [stdout]      |
[INFO] [stdout] 3    + use futures_util::stream::Pending;
[INFO] [stdout]      |
[INFO] [stdout] 3    + use std::future::Pending;
[INFO] [stdout]      |
[INFO] [stdout] 
[INFO] [stdout] 
[INFO] [stdout] error[E0412]: cannot find type `Pending` in this scope
[INFO] [stdout]     --> src/async_impl/client.rs:1672:19
[INFO] [stdout]      |
[INFO] [stdout] 1672 |     type Future = Pending;
[INFO] [stdout]      |                   ^^^^^^^ not found in this scope
[INFO] [stdout]      |
[INFO] [stdout] help: consider importing one of these items
[INFO] [stdout]      |
[INFO] [stdout] 3    + use core::future::Pending;
[INFO] [stdout]      |
[INFO] [stdout] 3    + use futures_util::future::Pending;
[INFO] [stdout]      |
[INFO] [stdout] 3    + use futures_util::stream::Pending;
[INFO] [stdout]      |
[INFO] [stdout] 3    + use std::future::Pending;
[INFO] [stdout]      |
[INFO] [stdout] 
[INFO] [stdout] 
[INFO] [stdout] error[E0412]: cannot find type `PendingRequest` in this scope
[INFO] [stdout]     --> src/async_impl/client.rs:1842:13
[INFO] [stdout]      |
[INFO] [stdout] 1842 |     Request(PendingRequest),
[INFO] [stdout]      |             ^^^^^^^^^^^^^^ not found in this scope
[INFO] [stdout] 
[INFO] [stdout] 
[INFO] [stdout] error[E0412]: cannot find type `PendingRequest` in this scope
[INFO] [stdout]     --> src/async_impl/client.rs:1866:6
[INFO] [stdout]      |
[INFO] [stdout] 1866 | impl PendingRequest {
[INFO] [stdout]      |      ^^^^^^^^^^^^^^ not found in this scope
[INFO] [stdout] 
[INFO] [stdout] 
[INFO] [stdout] error[E0433]: failed to resolve: use of undeclared crate or module `hyper`
[INFO] [stdout]     --> src/async_impl/client.rs:1906:23
[INFO] [stdout]      |
[INFO] [stdout] 1906 |         let mut req = hyper::Request::builder()
[INFO] [stdout]      |                       ^^^^^ use of undeclared crate or module `hyper`
[INFO] [stdout]      |
[INFO] [stdout] help: consider importing one of these items
[INFO] [stdout]      |
[INFO] [stdout] 3    + use crate::Request;
[INFO] [stdout]      |
[INFO] [stdout] 3    + use http::Request;
[INFO] [stdout]      |
[INFO] [stdout] help: if you import `Request`, refer to it directly
[INFO] [stdout]      |
[INFO] [stdout] 1906 -         let mut req = hyper::Request::builder()
[INFO] [stdout] 1906 +         let mut req = Request::builder()
[INFO] [stdout]      |
[INFO] [stdout] 
[INFO] [stdout] 
[INFO] [stdout] error[E0412]: cannot find type `Pending` in this scope
[INFO] [stdout]     --> src/async_impl/client.rs:1932:6
[INFO] [stdout]      |
[INFO] [stdout] 1932 | impl Pending {
[INFO] [stdout]      |      ^^^^^^^ not found in this scope
[INFO] [stdout]      |
[INFO] [stdout] help: consider importing one of these items
[INFO] [stdout]      |
[INFO] [stdout] 3    + use core::future::Pending;
[INFO] [stdout]      |
[INFO] [stdout] 3    + use futures_util::future::Pending;
[INFO] [stdout]      |
[INFO] [stdout] 3    + use futures_util::stream::Pending;
[INFO] [stdout]      |
[INFO] [stdout] 3    + use std::future::Pending;
[INFO] [stdout]      |
[INFO] [stdout] 
[INFO] [stdout] 
[INFO] [stdout] error[E0412]: cannot find type `Pending` in this scope
[INFO] [stdout]     --> src/async_impl/client.rs:1933:49
[INFO] [stdout]      |
[INFO] [stdout] 1933 |     pub(super) fn new_err(err: crate::Error) -> Pending {
[INFO] [stdout]      |                                                 ^^^^^^^ not found in this scope
[INFO] [stdout]      |
[INFO] [stdout] help: consider importing one of these items
[INFO] [stdout]      |
[INFO] [stdout] 3    + use core::future::Pending;
[INFO] [stdout]      |
[INFO] [stdout] 3    + use futures_util::future::Pending;
[INFO] [stdout]      |
[INFO] [stdout] 3    + use futures_util::stream::Pending;
[INFO] [stdout]      |
[INFO] [stdout] 3    + use std::future::Pending;
[INFO] [stdout]      |
[INFO] [stdout] 
[INFO] [stdout] 
[INFO] [stdout] error[E0422]: cannot find struct, variant or union type `Pending` in this scope
[INFO] [stdout]     --> src/async_impl/client.rs:1934:9
[INFO] [stdout]      |
[INFO] [stdout] 1934 |         Pending {
[INFO] [stdout]      |         ^^^^^^^ not found in this scope
[INFO] [stdout]      |
[INFO] [stdout] help: consider importing one of these items
[INFO] [stdout]      |
[INFO] [stdout] 3    + use core::future::Pending;
[INFO] [stdout]      |
[INFO] [stdout] 3    + use core::task::Poll::Pending;
[INFO] [stdout]      |
[INFO] [stdout] 3    + use crate::async_impl::client::Poll::Pending;
[INFO] [stdout]      |
[INFO] [stdout] 3    + use futures_core::task::Poll::Pending;
[INFO] [stdout]      |
[INFO] [stdout]        and 5 other candidates
[INFO] [stdout] 
[INFO] [stdout] 
[INFO] [stdout] error[E0412]: cannot find type `Pending` in this scope
[INFO] [stdout]     --> src/async_impl/client.rs:1944:17
[INFO] [stdout]      |
[INFO] [stdout] 1944 | impl Future for Pending {
[INFO] [stdout]      |                 ^^^^^^^ not found in this scope
[INFO] [stdout]      |
[INFO] [stdout] help: consider importing one of these items
[INFO] [stdout]      |
[INFO] [stdout] 3    + use core::future::Pending;
[INFO] [stdout]      |
[INFO] [stdout] 3    + use futures_util::future::Pending;
[INFO] [stdout]      |
[INFO] [stdout] 3    + use futures_util::stream::Pending;
[INFO] [stdout]      |
[INFO] [stdout] 3    + use std::future::Pending;
[INFO] [stdout]      |
[INFO] [stdout] 
[INFO] [stdout] 
[INFO] [stdout] error[E0412]: cannot find type `PendingRequest` in this scope
[INFO] [stdout]     --> src/async_impl/client.rs:1958:17
[INFO] [stdout]      |
[INFO] [stdout] 1958 | impl Future for PendingRequest {
[INFO] [stdout]      |                 ^^^^^^^^^^^^^^ not found in this scope
[INFO] [stdout] 
[INFO] [stdout] 
[INFO] [stdout] error[E0433]: failed to resolve: use of undeclared crate or module `hyper`
[INFO] [stdout]     --> src/async_impl/client.rs:2079:43
[INFO] [stdout]      |
[INFO] [stdout] 2079 | ...                   let mut req = hyper::Request::builder()
[INFO] [stdout]      |                                     ^^^^^ use of undeclared crate or module `hyper`
[INFO] [stdout]      |
[INFO] [stdout] help: consider importing one of these items
[INFO] [stdout]      |
[INFO] [stdout] 3    + use crate::Request;
[INFO] [stdout]      |
[INFO] [stdout] 3    + use http::Request;
[INFO] [stdout]      |
[INFO] [stdout] help: if you import `Request`, refer to it directly
[INFO] [stdout]      |
[INFO] [stdout] 2079 -                             let mut req = hyper::Request::builder()
[INFO] [stdout] 2079 +                             let mut req = Request::builder()
[INFO] [stdout]      |
[INFO] [stdout] 
[INFO] [stdout] 
[INFO] [stdout] error[E0412]: cannot find type `Pending` in this scope
[INFO] [stdout]     --> src/async_impl/client.rs:2119:21
[INFO] [stdout]      |
[INFO] [stdout] 2119 | impl fmt::Debug for Pending {
[INFO] [stdout]      |                     ^^^^^^^ not found in this scope
[INFO] [stdout]      |
[INFO] [stdout] help: consider importing one of these items
[INFO] [stdout]      |
[INFO] [stdout] 3    + use core::future::Pending;
[INFO] [stdout]      |
[INFO] [stdout] 3    + use futures_util::future::Pending;
[INFO] [stdout]      |
[INFO] [stdout] 3    + use futures_util::stream::Pending;
[INFO] [stdout]      |
[INFO] [stdout] 3    + use std::future::Pending;
[INFO] [stdout]      |
[INFO] [stdout] 
[INFO] [stdout] 
[INFO] [stdout] error[E0433]: failed to resolve: use of undeclared crate or module `hyper`
[INFO] [stdout]   --> src/async_impl/response.rs:42:19
[INFO] [stdout]    |
[INFO] [stdout] 42 |         let res = hyper::Response::from_parts(parts, decoder);
[INFO] [stdout]    |                   ^^^^^ use of undeclared crate or module `hyper`
[INFO] [stdout]    |
[INFO] [stdout] help: consider importing one of these items
[INFO] [stdout]    |
[INFO] [stdout] 1  + use crate::Response;
[INFO] [stdout]    |
[INFO] [stdout] 1  + use http::Response;
[INFO] [stdout]    |
[INFO] [stdout] help: if you import `Response`, refer to it directly
[INFO] [stdout]    |
[INFO] [stdout] 42 -         let res = hyper::Response::from_parts(parts, decoder);
[INFO] [stdout] 42 +         let res = Response::from_parts(parts, decoder);
[INFO] [stdout]    |
[INFO] [stdout] 
[INFO] [stdout] 
[INFO] [stdout] error[E0433]: failed to resolve: use of undeclared crate or module `hyper`
[INFO] [stdout]    --> src/async_impl/response.rs:413:19
[INFO] [stdout]     |
[INFO] [stdout] 413 |         let res = hyper::Response::from_parts(parts, decoder);
[INFO] [stdout]     |                   ^^^^^ use of undeclared crate or module `hyper`
[INFO] [stdout]     |
[INFO] [stdout] help: consider importing one of these items
[INFO] [stdout]     |
[INFO] [stdout] 1   + use crate::Response;
[INFO] [stdout]     |
[INFO] [stdout] 1   + use http::Response;
[INFO] [stdout]     |
[INFO] [stdout] help: if you import `Response`, refer to it directly
[INFO] [stdout]     |
[INFO] [stdout] 413 -         let res = hyper::Response::from_parts(parts, decoder);
[INFO] [stdout] 413 +         let res = Response::from_parts(parts, decoder);
[INFO] [stdout]     |
[INFO] [stdout] 
[INFO] [stdout] 
[INFO] [stdout] error[E0412]: cannot find type `Conn` in this scope
[INFO] [stdout]    --> src/connect.rs:224:81
[INFO] [stdout]     |
[INFO] [stdout] 224 |     async fn connect_with_maybe_proxy(self, dst: Uri, is_proxy: bool) -> Result<Conn, BoxError> {
[INFO] [stdout]     |                                                                                 ^^^^ not found in this scope
[INFO] [stdout]     |
[INFO] [stdout] help: you might be missing a type parameter
[INFO] [stdout]     |
[INFO] [stdout] 56  | impl<Conn> Connector {
[INFO] [stdout]     |     ++++++
[INFO] [stdout] 
[INFO] [stdout] 
[INFO] [stdout] error[E0422]: cannot find struct, variant or union type `Conn` in this scope
[INFO] [stdout]    --> src/connect.rs:229:20
[INFO] [stdout]     |
[INFO] [stdout] 229 |                 Ok(Conn {
[INFO] [stdout]     |                    ^^^^ not found in this scope
[INFO] [stdout] 
[INFO] [stdout] 
[INFO] [stdout] error[E0412]: cannot find type `Conn` in this scope
[INFO] [stdout]    --> src/connect.rs:301:17
[INFO] [stdout]     |
[INFO] [stdout] 301 |     ) -> Result<Conn, BoxError> {
[INFO] [stdout]     |                 ^^^^ not found in this scope
[INFO] [stdout]     |
[INFO] [stdout] help: you might be missing a type parameter
[INFO] [stdout]     |
[INFO] [stdout] 56  | impl<Conn> Connector {
[INFO] [stdout]     |     ++++++
[INFO] [stdout] 
[INFO] [stdout] 
[INFO] [stdout] error[E0412]: cannot find type `Conn` in this scope
[INFO] [stdout]    --> src/connect.rs:420:21
[INFO] [stdout]     |
[INFO] [stdout] 420 |     type Response = Conn;
[INFO] [stdout]     |                     ^^^^ not found in this scope
[INFO] [stdout] 
[INFO] [stdout] 
[INFO] [stdout] error[E0412]: cannot find type `Conn` in this scope
[INFO] [stdout]    --> src/connect.rs:468:21
[INFO] [stdout]     |
[INFO] [stdout] 468 | impl Connection for Conn {
[INFO] [stdout]     |                     ^^^^ not found in this scope
[INFO] [stdout] 
[INFO] [stdout] 
[INFO] [stdout] error[E0412]: cannot find type `Conn` in this scope
[INFO] [stdout]    --> src/connect.rs:474:20
[INFO] [stdout]     |
[INFO] [stdout] 474 | impl AsyncRead for Conn {
[INFO] [stdout]     |                    ^^^^ not found in this scope
[INFO] [stdout] 
[INFO] [stdout] 
[INFO] [stdout] error[E0412]: cannot find type `Conn` in this scope
[INFO] [stdout]    --> src/connect.rs:485:21
[INFO] [stdout]     |
[INFO] [stdout] 485 | impl AsyncWrite for Conn {
[INFO] [stdout]     |                     ^^^^ not found in this scope
[INFO] [stdout] 
[INFO] [stdout] 
[INFO] [stdout] error[E0412]: cannot find type `Conn` in this scope
[INFO] [stdout]    --> src/connect.rs:519:65
[INFO] [stdout]     |
[INFO] [stdout] 519 | pub(crate) type Connecting = Pin<Box<dyn Future<Output = Result<Conn, BoxError>> + Send>>;
[INFO] [stdout]     |                                                                 ^^^^ not found in this scope
[INFO] [stdout]     |
[INFO] [stdout] help: you might be missing a type parameter
[INFO] [stdout]     |
[INFO] [stdout] 519 | pub(crate) type Connecting<Conn> = Pin<Box<dyn Future<Output = Result<Conn, BoxError>> + Send>>;
[INFO] [stdout]     |                           ++++++
[INFO] [stdout] 
[INFO] [stdout] 
[INFO] [stdout] warning: unused import: `bytes::Bytes`
[INFO] [stdout]  --> src/async_impl/client.rs:9:5
[INFO] [stdout]   |
[INFO] [stdout] 9 | use bytes::Bytes;
[INFO] [stdout]   |     ^^^^^^^^^^^^
[INFO] [stdout]   |
[INFO] [stdout]   = note: `#[warn(unused_imports)]` on by default
[INFO] [stdout] 
[INFO] [stdout] 
[INFO] [stdout] error: aborting due to 102 previous errors; 1 warning emitted
[INFO] [stdout] 
[INFO] [stdout] 
[INFO] [stdout] Some errors have detailed explanations: E0412, E0422, E0432, E0433.
[INFO] [stdout] 
[INFO] [stdout] For more information about an error, try `rustc --explain E0412`.
[INFO] [stdout] 
[INFO] [stderr] error: could not compile `reqwest_wasi` (lib) due to 103 previous errors; 1 warning emitted
[INFO] running `Command { std: "docker" "inspect" "38453ce7c79fdfd5c281649ba49511faa19fe452dd53859380f939ac5bc6003f", kill_on_drop: false }`
[INFO] running `Command { std: "docker" "rm" "-f" "38453ce7c79fdfd5c281649ba49511faa19fe452dd53859380f939ac5bc6003f", kill_on_drop: false }`
[INFO] [stdout] 38453ce7c79fdfd5c281649ba49511faa19fe452dd53859380f939ac5bc6003f
