[INFO] fetching crate redis-event 1.2.1...
[INFO] testing redis-event-1.2.1 against beta-2023-04-20 for beta-1.70-1
[INFO] extracting crate redis-event 1.2.1 into /workspace/builds/worker-5-tc2/source
[INFO] validating manifest of crates.io crate redis-event 1.2.1 on toolchain beta-2023-04-20
[INFO] running `Command { std: CARGO_HOME="/workspace/cargo-home" RUSTUP_HOME="/workspace/rustup-home" "/workspace/cargo-home/bin/cargo" "+beta-2023-04-20" "metadata" "--manifest-path" "Cargo.toml" "--no-deps", kill_on_drop: false }`
[INFO] started tweaking crates.io crate redis-event 1.2.1
[INFO] finished tweaking crates.io crate redis-event 1.2.1
[INFO] tweaked toml for crates.io crate redis-event 1.2.1 written to /workspace/builds/worker-5-tc2/source/Cargo.toml
[INFO] running `Command { std: CARGO_HOME="/workspace/cargo-home" RUSTUP_HOME="/workspace/rustup-home" __CARGO_TEST_CHANNEL_OVERRIDE_DO_NOT_USE_THIS="nightly" "/workspace/cargo-home/bin/cargo" "+beta-2023-04-20" "generate-lockfile" "--manifest-path" "Cargo.toml" "-Zno-index-update", kill_on_drop: false }`
[INFO] running `Command { std: CARGO_HOME="/workspace/cargo-home" RUSTUP_HOME="/workspace/rustup-home" "/workspace/cargo-home/bin/cargo" "+beta-2023-04-20" "fetch" "--manifest-path" "Cargo.toml", kill_on_drop: false }`
[INFO] [stderr]  Downloading crates ...
[INFO] [stderr]   Downloaded serial_test v0.3.2
[INFO] [stderr]   Downloaded serial_test_derive v0.3.2
[INFO] [stderr]   Downloaded redis v0.17.0
[INFO] running `Command { std: "docker" "create" "-v" "/var/lib/crater-agent-workspace/builds/worker-5-tc2/target:/opt/rustwide/target:rw,Z" "-v" "/var/lib/crater-agent-workspace/builds/worker-5-tc2/source:/opt/rustwide/workdir:ro,Z" "-v" "/var/lib/crater-agent-workspace/cargo-home:/opt/rustwide/cargo-home:ro,Z" "-v" "/var/lib/crater-agent-workspace/rustup-home:/opt/rustwide/rustup-home:ro,Z" "-e" "SOURCE_DIR=/opt/rustwide/workdir" "-e" "CARGO_TARGET_DIR=/opt/rustwide/target" "-e" "CARGO_HOME=/opt/rustwide/cargo-home" "-e" "RUSTUP_HOME=/opt/rustwide/rustup-home" "-w" "/opt/rustwide/workdir" "-m" "1610612736" "--user" "0:0" "--network" "none" "ghcr.io/rust-lang/crates-build-env/linux@sha256:5ff2268d62e97bff2cde7d5815dd6ed5b47097566f13b8d0ca110b04b60e07ed" "/opt/rustwide/cargo-home/bin/cargo" "+beta-2023-04-20" "metadata" "--no-deps" "--format-version=1", kill_on_drop: false }`
[INFO] [stdout] f8f4952e606be03f096a03d3df0304ddbd0765e29db56f575ce1291b8e50a2b2
[INFO] running `Command { std: "docker" "start" "-a" "f8f4952e606be03f096a03d3df0304ddbd0765e29db56f575ce1291b8e50a2b2", kill_on_drop: false }`
[INFO] running `Command { std: "docker" "inspect" "f8f4952e606be03f096a03d3df0304ddbd0765e29db56f575ce1291b8e50a2b2", kill_on_drop: false }`
[INFO] running `Command { std: "docker" "rm" "-f" "f8f4952e606be03f096a03d3df0304ddbd0765e29db56f575ce1291b8e50a2b2", kill_on_drop: false }`
[INFO] [stdout] f8f4952e606be03f096a03d3df0304ddbd0765e29db56f575ce1291b8e50a2b2
[INFO] running `Command { std: "docker" "create" "-v" "/var/lib/crater-agent-workspace/builds/worker-5-tc2/target:/opt/rustwide/target:rw,Z" "-v" "/var/lib/crater-agent-workspace/builds/worker-5-tc2/source:/opt/rustwide/workdir:ro,Z" "-v" "/var/lib/crater-agent-workspace/cargo-home:/opt/rustwide/cargo-home:ro,Z" "-v" "/var/lib/crater-agent-workspace/rustup-home:/opt/rustwide/rustup-home:ro,Z" "-e" "SOURCE_DIR=/opt/rustwide/workdir" "-e" "CARGO_TARGET_DIR=/opt/rustwide/target" "-e" "CARGO_INCREMENTAL=0" "-e" "RUST_BACKTRACE=full" "-e" "RUSTFLAGS=--cap-lints=warn" "-e" "RUSTDOCFLAGS=--cap-lints=warn" "-e" "CARGO_HOME=/opt/rustwide/cargo-home" "-e" "RUSTUP_HOME=/opt/rustwide/rustup-home" "-w" "/opt/rustwide/workdir" "-m" "1610612736" "--user" "0:0" "--network" "none" "ghcr.io/rust-lang/crates-build-env/linux@sha256:5ff2268d62e97bff2cde7d5815dd6ed5b47097566f13b8d0ca110b04b60e07ed" "/opt/rustwide/cargo-home/bin/cargo" "+beta-2023-04-20" "build" "--frozen" "--message-format=json", kill_on_drop: false }`
[INFO] [stdout] ae49c5ac543947b436e0379862b94df71e660fb29ac1e7246718c50849fded97
[INFO] running `Command { std: "docker" "start" "-a" "ae49c5ac543947b436e0379862b94df71e660fb29ac1e7246718c50849fded97", kill_on_drop: false }`
[INFO] [stderr]     Blocking waiting for file lock on package cache
[INFO] [stderr]    Compiling pkg-config v0.3.26
[INFO] [stderr]    Compiling cc v1.0.79
[INFO] [stderr]    Compiling syn v1.0.109
[INFO] [stderr]    Compiling version_check v0.9.4
[INFO] [stderr]    Compiling libc v0.2.142
[INFO] [stderr]    Compiling log v0.4.17
[INFO] [stderr]    Compiling foreign-types-shared v0.1.1
[INFO] [stderr]    Compiling openssl v0.10.52
[INFO] [stderr]    Compiling once_cell v1.17.1
[INFO] [stderr]    Compiling bitflags v1.3.2
[INFO] [stderr]    Compiling native-tls v0.2.11
[INFO] [stderr]    Compiling openssl-probe v0.1.5
[INFO] [stderr]    Compiling byteorder v1.4.3
[INFO] [stderr]    Compiling syn v2.0.15
[INFO] [stderr]    Compiling foreign-types v0.3.2
[INFO] [stderr]    Compiling value-bag v1.0.0-alpha.9
[INFO] [stderr]    Compiling openssl-sys v0.9.87
[INFO] [stderr]    Compiling openssl-macros v0.1.1
[INFO] [stderr]    Compiling ctor v0.1.26
[INFO] [stderr]    Compiling redis-event v1.2.1 (/opt/rustwide/workdir)
[INFO] [stdout] warning: for loop over an `Option`. This is more readably written as an `if let` statement
[INFO] [stdout]   --> src/cmd/streams.rs:83:16
[INFO] [stdout]    |
[INFO] [stdout] 83 |     for arg in iter.next() {
[INFO] [stdout]    |                ^^^^^^^^^^^
[INFO] [stdout]    |
[INFO] [stdout]    = note: `#[warn(for_loops_over_fallibles)]` on by default
[INFO] [stdout] help: to iterate over `iter` remove the call to `next`
[INFO] [stdout]    |
[INFO] [stdout] 83 |     for arg in iter.by_ref() {
[INFO] [stdout]    |                    ~~~~~~~~~
[INFO] [stdout] help: consider using `if let` to clear intent
[INFO] [stdout]    |
[INFO] [stdout] 83 |     if let Some(arg) = iter.next() {
[INFO] [stdout]    |     ~~~~~~~~~~~~   ~~~
[INFO] [stdout] 
[INFO] [stdout] 
[INFO] [stdout] warning: for loop over an `Option`. This is more readably written as an `if let` statement
[INFO] [stdout]    --> src/cmd/streams.rs:172:16
[INFO] [stdout]     |
[INFO] [stdout] 172 |     for arg in iter.next() {
[INFO] [stdout]     |                ^^^^^^^^^^^
[INFO] [stdout]     |
[INFO] [stdout] help: to iterate over `iter` remove the call to `next`
[INFO] [stdout]     |
[INFO] [stdout] 172 |     for arg in iter.by_ref() {
[INFO] [stdout]     |                    ~~~~~~~~~
[INFO] [stdout] help: consider using `if let` to clear intent
[INFO] [stdout]     |
[INFO] [stdout] 172 |     if let Some(arg) = iter.next() {
[INFO] [stdout]     |     ~~~~~~~~~~~~   ~~~
[INFO] [stdout] 
[INFO] [stdout] 
[INFO] [stdout] warning: 2 warnings emitted
[INFO] [stdout] 
[INFO] [stdout] 
[INFO] [stderr]     Finished dev [unoptimized + debuginfo] target(s) in 14.00s
[INFO] running `Command { std: "docker" "inspect" "ae49c5ac543947b436e0379862b94df71e660fb29ac1e7246718c50849fded97", kill_on_drop: false }`
[INFO] running `Command { std: "docker" "rm" "-f" "ae49c5ac543947b436e0379862b94df71e660fb29ac1e7246718c50849fded97", kill_on_drop: false }`
[INFO] [stdout] ae49c5ac543947b436e0379862b94df71e660fb29ac1e7246718c50849fded97
[INFO] running `Command { std: "docker" "create" "-v" "/var/lib/crater-agent-workspace/builds/worker-5-tc2/target:/opt/rustwide/target:rw,Z" "-v" "/var/lib/crater-agent-workspace/builds/worker-5-tc2/source:/opt/rustwide/workdir:ro,Z" "-v" "/var/lib/crater-agent-workspace/cargo-home:/opt/rustwide/cargo-home:ro,Z" "-v" "/var/lib/crater-agent-workspace/rustup-home:/opt/rustwide/rustup-home:ro,Z" "-e" "SOURCE_DIR=/opt/rustwide/workdir" "-e" "CARGO_TARGET_DIR=/opt/rustwide/target" "-e" "CARGO_INCREMENTAL=0" "-e" "RUST_BACKTRACE=full" "-e" "RUSTFLAGS=--cap-lints=warn" "-e" "RUSTDOCFLAGS=--cap-lints=warn" "-e" "CARGO_HOME=/opt/rustwide/cargo-home" "-e" "RUSTUP_HOME=/opt/rustwide/rustup-home" "-w" "/opt/rustwide/workdir" "-m" "1610612736" "--user" "0:0" "--network" "none" "ghcr.io/rust-lang/crates-build-env/linux@sha256:5ff2268d62e97bff2cde7d5815dd6ed5b47097566f13b8d0ca110b04b60e07ed" "/opt/rustwide/cargo-home/bin/cargo" "+beta-2023-04-20" "test" "--frozen" "--no-run" "--message-format=json", kill_on_drop: false }`
[INFO] [stdout] 250fe70076fd1cb0c53b5e1561b8c2604499c65f1a89755c44d311f1c64e613e
[INFO] running `Command { std: "docker" "start" "-a" "250fe70076fd1cb0c53b5e1561b8c2604499c65f1a89755c44d311f1c64e613e", kill_on_drop: false }`
[INFO] [stderr]    Compiling autocfg v1.1.0
[INFO] [stderr]    Compiling futures-core v0.3.28
[INFO] [stderr]    Compiling memchr v2.5.0
[INFO] [stderr]    Compiling cfg-if v0.1.10
[INFO] [stderr]    Compiling crossbeam-utils v0.8.15
[INFO] [stderr]    Compiling pin-project-lite v0.2.9
[INFO] [stderr]    Compiling event-listener v2.5.3
[INFO] [stderr]    Compiling semver-parser v0.7.0
[INFO] [stderr]    Compiling waker-fn v1.1.0
[INFO] [stderr]    Compiling parking v2.1.0
[INFO] [stderr]    Compiling io-lifetimes v1.0.10
[INFO] [stderr]    Compiling fastrand v1.9.0
[INFO] [stderr]    Compiling futures-io v0.3.28
[INFO] [stderr]    Compiling iovec v0.1.4
[INFO] [stderr]    Compiling rustix v0.37.18
[INFO] [stderr]    Compiling linux-raw-sys v0.3.6
[INFO] [stderr]    Compiling tinyvec_macros v0.1.1
[INFO] [stderr]    Compiling maybe-uninit v2.0.0
[INFO] [stderr]    Compiling net2 v0.2.38
[INFO] [stderr]    Compiling async-task v4.4.0
[INFO] [stderr]    Compiling semver v0.9.0
[INFO] [stderr]    Compiling async-lock v2.7.0
[INFO] [stderr]    Compiling tinyvec v1.6.0
[INFO] [stderr]    Compiling socket2 v0.4.9
[INFO] [stderr]    Compiling pin-project-lite v0.1.12
[INFO] [stderr]    Compiling getrandom v0.1.16
[INFO] [stderr]    Compiling fnv v1.0.7
[INFO] [stderr]    Compiling slab v0.4.8
[INFO] [stderr]    Compiling polling v2.8.0
[INFO] [stderr]    Compiling async-io v1.13.0
[INFO] [stderr]    Compiling rustc_version v0.2.3
[INFO] [stderr]    Compiling concurrent-queue v2.2.0
[INFO] [stderr]    Compiling atomic-waker v1.1.1
[INFO] [stderr]    Compiling bytes v0.5.6
[INFO] [stderr]    Compiling num-traits v0.2.15
[INFO] [stderr]    Compiling futures-task v0.3.28
[INFO] [stderr]    Compiling futures-lite v1.13.0
[INFO] [stderr]    Compiling async-channel v1.8.0
[INFO] [stderr]    Compiling pin-utils v0.1.0
[INFO] [stderr]    Compiling parking_lot_core v0.6.3
[INFO] [stderr]    Compiling unicode-bidi v0.3.13
[INFO] [stderr]    Compiling percent-encoding v2.2.0
[INFO] [stderr]    Compiling parking_lot v0.9.0
[INFO] [stderr]    Compiling smallvec v0.6.14
[INFO] [stderr]    Compiling mio v0.6.23
[INFO] [stderr]    Compiling form_urlencoded v1.1.0
[INFO] [stderr]    Compiling unicode-normalization v0.1.22
[INFO] [stderr]    Compiling num-integer v0.1.45
[INFO] [stderr]    Compiling kv-log-macro v1.0.7
[INFO] [stderr]    Compiling thiserror-impl v1.0.40
[INFO] [stderr]    Compiling futures-util v0.3.28
[INFO] [stderr]    Compiling futures-sink v0.3.28
[INFO] [stderr]    Compiling async-trait v0.1.68
[INFO] [stderr]    Compiling lock_api v0.3.4
[INFO] [stderr]    Compiling rand_core v0.5.1
[INFO] [stderr]    Compiling num-bigint v0.2.6
[INFO] [stderr]    Compiling bytes v1.4.0
[INFO] [stderr]    Compiling sha1_smol v1.0.0
[INFO] [stderr]    Compiling ppv-lite86 v0.2.17
[INFO] [stderr]    Compiling serial_test_derive v0.3.2
[INFO] [stderr]    Compiling idna v0.3.0
[INFO] [stderr]    Compiling sha1 v0.6.1
[INFO] [stderr]    Compiling rand v0.4.6
[INFO] [stderr]    Compiling remove_dir_all v0.5.3
[INFO] [stderr]    Compiling async-executor v1.5.1
[INFO] [stderr]    Compiling blocking v1.3.1
[INFO] [stderr]    Compiling itoa v0.4.8
[INFO] [stderr]    Compiling url v2.3.1
[INFO] [stderr]    Compiling rand_chacha v0.2.2
[INFO] [stderr]    Compiling serial_test v0.3.2
[INFO] [stdout] warning: for loop over an `Option`. This is more readably written as an `if let` statement
[INFO] [stdout]   --> src/cmd/streams.rs:83:16
[INFO] [stdout]    |
[INFO] [stdout] 83 |     for arg in iter.next() {
[INFO] [stdout]    |                ^^^^^^^^^^^
[INFO] [stdout]    |
[INFO] [stdout]    = note: `#[warn(for_loops_over_fallibles)]` on by default
[INFO] [stdout] help: to iterate over `iter` remove the call to `next`
[INFO] [stdout]    |
[INFO] [stdout] 83 |     for arg in iter.by_ref() {
[INFO] [stdout]    |                    ~~~~~~~~~
[INFO] [stdout] help: consider using `if let` to clear intent
[INFO] [stdout]    |
[INFO] [stdout] 83 |     if let Some(arg) = iter.next() {
[INFO] [stdout]    |     ~~~~~~~~~~~~   ~~~
[INFO] [stdout] 
[INFO] [stdout] 
[INFO] [stdout] warning: for loop over an `Option`. This is more readably written as an `if let` statement
[INFO] [stdout]    --> src/cmd/streams.rs:172:16
[INFO] [stdout]     |
[INFO] [stdout] 172 |     for arg in iter.next() {
[INFO] [stdout]     |                ^^^^^^^^^^^
[INFO] [stdout]     |
[INFO] [stdout] help: to iterate over `iter` remove the call to `next`
[INFO] [stdout]     |
[INFO] [stdout] 172 |     for arg in iter.by_ref() {
[INFO] [stdout]     |                    ~~~~~~~~~
[INFO] [stdout] help: consider using `if let` to clear intent
[INFO] [stdout]     |
[INFO] [stdout] 172 |     if let Some(arg) = iter.next() {
[INFO] [stdout]     |     ~~~~~~~~~~~~   ~~~
[INFO] [stdout] 
[INFO] [stdout] 
[INFO] [stdout] warning: 2 warnings emitted
[INFO] [stdout] 
[INFO] [stdout] 
[INFO] [stderr]    Compiling mio-uds v0.6.8
[INFO] [stderr]    Compiling tokio v0.2.25
[INFO] [stderr]    Compiling rand v0.7.3
[INFO] [stderr]    Compiling tempdir v0.3.7
[INFO] [stderr]    Compiling async-global-executor v2.3.1
[INFO] [stderr]    Compiling thiserror v1.0.40
[INFO] [stderr]    Compiling async-std v1.12.0
[INFO] [stderr]    Compiling combine v4.6.6
[INFO] [stderr]    Compiling tokio-tls v0.3.1
[INFO] [stderr]    Compiling tokio-util v0.3.1
[INFO] [stderr]    Compiling async-native-tls v0.3.3
[INFO] [stderr]    Compiling redis v0.17.0
[INFO] [stdout] error[E0412]: cannot find type `BoxFuture` in module `futures_util::future`
[INFO] [stdout]    --> /opt/rustwide/cargo-home/registry/src/index.crates.io-6f17d22bba15001f/redis-0.17.0/src/types.rs:525:53
[INFO] [stdout]     |
[INFO] [stdout] 525 | pub type RedisFuture<'a, T> = futures_util::future::BoxFuture<'a, RedisResult<T>>;
[INFO] [stdout]     |                                                     ^^^^^^^^^ help: a trait with a similar name exists: `Future`
[INFO] [stdout]    --> /rustc/1b7dd2252b99671ce5d1cb9664c5f8636329436d/library/core/src/future/future.rs:37:1
[INFO] [stdout]     |
[INFO] [stdout]     = note: similarly named trait `Future` defined here
[INFO] [stdout] 
[INFO] [stdout] 
[INFO] [stdout] error[E0599]: no method named `boxed` found for `async` block `[async block@/opt/rustwide/cargo-home/registry/src/index.crates.io-6f17d22bba15001f/redis-0.17.0/src/aio.rs:549:10: 557:10]` in the current scope
[INFO] [stdout]    --> /opt/rustwide/cargo-home/registry/src/index.crates.io-6f17d22bba15001f/redis-0.17.0/src/aio.rs:558:10
[INFO] [stdout]     |
[INFO] [stdout] 549 | /         (async move {
[INFO] [stdout] 550 | |             if self.pubsub {
[INFO] [stdout] 551 | |                 self.exit_pubsub().await?;
[INFO] [stdout] 552 | |             }
[INFO] [stdout] ...   |
[INFO] [stdout] 557 | |         })
[INFO] [stdout] 558 | |         .boxed()
[INFO] [stdout]     | |         -^^^^^ method not found in `[async block@/opt/rustwide/cargo-home/registry/src/index.crates.io-6f17d22bba15001f/redis-0.17.0/src/aio.rs:549:10: 557:10]`
[INFO] [stdout]     | |_________|
[INFO] [stdout]     | 
[INFO] [stdout]     |
[INFO] [stdout]    ::: /opt/rustwide/cargo-home/registry/src/index.crates.io-6f17d22bba15001f/futures-lite-1.13.0/src/future.rs:770:8
[INFO] [stdout]     |
[INFO] [stdout] 770 |       fn boxed<'a>(self) -> Pin<Box<dyn Future<Output = Self::Output> + Send + 'a>>
[INFO] [stdout]     |          ----- the method is available for `[async block@/opt/rustwide/cargo-home/registry/src/index.crates.io-6f17d22bba15001f/redis-0.17.0/src/aio.rs:549:10: 557:10]` here
[INFO] [stdout]     |
[INFO] [stdout]     = help: items from traits can only be used if the trait is in scope
[INFO] [stdout] help: the following trait is implemented but not in scope; perhaps add a `use` for it:
[INFO] [stdout]     |
[INFO] [stdout] 2   + use futures_lite::future::FutureExt;
[INFO] [stdout]     |
[INFO] [stdout] 
[INFO] [stdout] 
[INFO] [stdout] error[E0599]: no method named `boxed` found for `async` block `[async block@/opt/rustwide/cargo-home/registry/src/index.crates.io-6f17d22bba15001f/redis-0.17.0/src/aio.rs:567:10: 586:10]` in the current scope
[INFO] [stdout]    --> /opt/rustwide/cargo-home/registry/src/index.crates.io-6f17d22bba15001f/redis-0.17.0/src/aio.rs:587:10
[INFO] [stdout]     |
[INFO] [stdout] 567 | /         (async move {
[INFO] [stdout] 568 | |             if self.pubsub {
[INFO] [stdout] 569 | |                 self.exit_pubsub().await?;
[INFO] [stdout] 570 | |             }
[INFO] [stdout] ...   |
[INFO] [stdout] 586 | |         })
[INFO] [stdout] 587 | |         .boxed()
[INFO] [stdout]     | |         -^^^^^ method not found in `[async block@/opt/rustwide/cargo-home/registry/src/index.crates.io-6f17d22bba15001f/redis-0.17.0/src/aio.rs:567:10: 586:10]`
[INFO] [stdout]     | |_________|
[INFO] [stdout]     | 
[INFO] [stdout]     |
[INFO] [stdout]    ::: /opt/rustwide/cargo-home/registry/src/index.crates.io-6f17d22bba15001f/futures-lite-1.13.0/src/future.rs:770:8
[INFO] [stdout]     |
[INFO] [stdout] 770 |       fn boxed<'a>(self) -> Pin<Box<dyn Future<Output = Self::Output> + Send + 'a>>
[INFO] [stdout]     |          ----- the method is available for `[async block@/opt/rustwide/cargo-home/registry/src/index.crates.io-6f17d22bba15001f/redis-0.17.0/src/aio.rs:567:10: 586:10]` here
[INFO] [stdout]     |
[INFO] [stdout]     = help: items from traits can only be used if the trait is in scope
[INFO] [stdout] help: the following trait is implemented but not in scope; perhaps add a `use` for it:
[INFO] [stdout]     |
[INFO] [stdout] 2   + use futures_lite::future::FutureExt;
[INFO] [stdout]     |
[INFO] [stdout] 
[INFO] [stdout] 
[INFO] [stdout] error[E0599]: no method named `boxed` found for `async` block `[async block@/opt/rustwide/cargo-home/registry/src/index.crates.io-6f17d22bba15001f/redis-0.17.0/src/aio.rs:935:10: 946:10]` in the current scope
[INFO] [stdout]    --> /opt/rustwide/cargo-home/registry/src/index.crates.io-6f17d22bba15001f/redis-0.17.0/src/aio.rs:947:10
[INFO] [stdout]     |
[INFO] [stdout] 935 | /         (async move {
[INFO] [stdout] 936 | |             let value = self
[INFO] [stdout] 937 | |                 .pipeline
[INFO] [stdout] 938 | |                 .send(cmd.get_packed_command())
[INFO] [stdout] ...   |
[INFO] [stdout] 946 | |         })
[INFO] [stdout] 947 | |         .boxed()
[INFO] [stdout]     | |         -^^^^^ method not found in `[async block@/opt/rustwide/cargo-home/registry/src/index.crates.io-6f17d22bba15001f/redis-0.17.0/src/aio.rs:935:10: 946:10]`
[INFO] [stdout]     | |_________|
[INFO] [stdout]     | 
[INFO] [stdout]     |
[INFO] [stdout]    ::: /opt/rustwide/cargo-home/registry/src/index.crates.io-6f17d22bba15001f/futures-lite-1.13.0/src/future.rs:770:8
[INFO] [stdout]     |
[INFO] [stdout] 770 |       fn boxed<'a>(self) -> Pin<Box<dyn Future<Output = Self::Output> + Send + 'a>>
[INFO] [stdout]     |          ----- the method is available for `[async block@/opt/rustwide/cargo-home/registry/src/index.crates.io-6f17d22bba15001f/redis-0.17.0/src/aio.rs:935:10: 946:10]` here
[INFO] [stdout]     |
[INFO] [stdout]     = help: items from traits can only be used if the trait is in scope
[INFO] [stdout] help: the following trait is implemented but not in scope; perhaps add a `use` for it:
[INFO] [stdout]     |
[INFO] [stdout] 2   + use futures_lite::future::FutureExt;
[INFO] [stdout]     |
[INFO] [stdout] 
[INFO] [stdout] 
[INFO] [stdout] error[E0599]: no method named `boxed` found for `async` block `[async block@/opt/rustwide/cargo-home/registry/src/index.crates.io-6f17d22bba15001f/redis-0.17.0/src/aio.rs:956:10: 969:10]` in the current scope
[INFO] [stdout]    --> /opt/rustwide/cargo-home/registry/src/index.crates.io-6f17d22bba15001f/redis-0.17.0/src/aio.rs:970:10
[INFO] [stdout]     |
[INFO] [stdout] 956 | /         (async move {
[INFO] [stdout] 957 | |             let mut value = self
[INFO] [stdout] 958 | |                 .pipeline
[INFO] [stdout] 959 | |                 .send_recv_multiple(cmd.get_packed_pipeline(), offset + count)
[INFO] [stdout] ...   |
[INFO] [stdout] 969 | |         })
[INFO] [stdout] 970 | |         .boxed()
[INFO] [stdout]     | |         -^^^^^ method not found in `[async block@/opt/rustwide/cargo-home/registry/src/index.crates.io-6f17d22bba15001f/redis-0.17.0/src/aio.rs:956:10: 969:10]`
[INFO] [stdout]     | |_________|
[INFO] [stdout]     | 
[INFO] [stdout]     |
[INFO] [stdout]    ::: /opt/rustwide/cargo-home/registry/src/index.crates.io-6f17d22bba15001f/futures-lite-1.13.0/src/future.rs:770:8
[INFO] [stdout]     |
[INFO] [stdout] 770 |       fn boxed<'a>(self) -> Pin<Box<dyn Future<Output = Self::Output> + Send + 'a>>
[INFO] [stdout]     |          ----- the method is available for `[async block@/opt/rustwide/cargo-home/registry/src/index.crates.io-6f17d22bba15001f/redis-0.17.0/src/aio.rs:956:10: 969:10]` here
[INFO] [stdout]     |
[INFO] [stdout]     = help: items from traits can only be used if the trait is in scope
[INFO] [stdout] help: the following trait is implemented but not in scope; perhaps add a `use` for it:
[INFO] [stdout]     |
[INFO] [stdout] 2   + use futures_lite::future::FutureExt;
[INFO] [stdout]     |
[INFO] [stdout] 
[INFO] [stdout] 
[INFO] [stdout] error: aborting due to 5 previous errors
[INFO] [stdout] 
[INFO] [stdout] 
[INFO] [stdout] Some errors have detailed explanations: E0412, E0599.
[INFO] [stdout] 
[INFO] [stdout] For more information about an error, try `rustc --explain E0412`.
[INFO] [stdout] 
[INFO] [stderr] error: could not compile `redis` (lib) due to 6 previous errors; 90 warnings emitted
[INFO] running `Command { std: "docker" "inspect" "250fe70076fd1cb0c53b5e1561b8c2604499c65f1a89755c44d311f1c64e613e", kill_on_drop: false }`
[INFO] running `Command { std: "docker" "rm" "-f" "250fe70076fd1cb0c53b5e1561b8c2604499c65f1a89755c44d311f1c64e613e", kill_on_drop: false }`
[INFO] [stdout] 250fe70076fd1cb0c53b5e1561b8c2604499c65f1a89755c44d311f1c64e613e
