[INFO] fetching crate reddd-macros 0.1.0...
[INFO] testing reddd-macros-0.1.0 against 1.69.0 for beta-1.70-1
[INFO] extracting crate reddd-macros 0.1.0 into /workspace/builds/worker-2-tc1/source
[INFO] validating manifest of crates.io crate reddd-macros 0.1.0 on toolchain 1.69.0
[INFO] running `Command { std: CARGO_HOME="/workspace/cargo-home" RUSTUP_HOME="/workspace/rustup-home" "/workspace/cargo-home/bin/cargo" "+1.69.0" "metadata" "--manifest-path" "Cargo.toml" "--no-deps", kill_on_drop: false }`
[INFO] started tweaking crates.io crate reddd-macros 0.1.0
[INFO] finished tweaking crates.io crate reddd-macros 0.1.0
[INFO] tweaked toml for crates.io crate reddd-macros 0.1.0 written to /workspace/builds/worker-2-tc1/source/Cargo.toml
[INFO] running `Command { std: CARGO_HOME="/workspace/cargo-home" RUSTUP_HOME="/workspace/rustup-home" __CARGO_TEST_CHANNEL_OVERRIDE_DO_NOT_USE_THIS="nightly" "/workspace/cargo-home/bin/cargo" "+1.69.0" "generate-lockfile" "--manifest-path" "Cargo.toml" "-Zno-index-update", kill_on_drop: false }`
[INFO] running `Command { std: CARGO_HOME="/workspace/cargo-home" RUSTUP_HOME="/workspace/rustup-home" "/workspace/cargo-home/bin/cargo" "+1.69.0" "fetch" "--manifest-path" "Cargo.toml", kill_on_drop: false }`
[INFO] running `Command { std: "docker" "create" "-v" "/var/lib/crater-agent-workspace/builds/worker-2-tc1/target:/opt/rustwide/target:rw,Z" "-v" "/var/lib/crater-agent-workspace/builds/worker-2-tc1/source:/opt/rustwide/workdir:ro,Z" "-v" "/var/lib/crater-agent-workspace/cargo-home:/opt/rustwide/cargo-home:ro,Z" "-v" "/var/lib/crater-agent-workspace/rustup-home:/opt/rustwide/rustup-home:ro,Z" "-e" "SOURCE_DIR=/opt/rustwide/workdir" "-e" "CARGO_TARGET_DIR=/opt/rustwide/target" "-e" "CARGO_HOME=/opt/rustwide/cargo-home" "-e" "RUSTUP_HOME=/opt/rustwide/rustup-home" "-w" "/opt/rustwide/workdir" "-m" "1610612736" "--user" "0:0" "--network" "none" "ghcr.io/rust-lang/crates-build-env/linux@sha256:5ff2268d62e97bff2cde7d5815dd6ed5b47097566f13b8d0ca110b04b60e07ed" "/opt/rustwide/cargo-home/bin/cargo" "+1.69.0" "metadata" "--no-deps" "--format-version=1", kill_on_drop: false }`
[INFO] [stdout] a335784ecf86a06a13c9fc2eb0c0b885e4a7916aee2aeaf7a0d39cbcc852d9d4
[INFO] running `Command { std: "docker" "start" "-a" "a335784ecf86a06a13c9fc2eb0c0b885e4a7916aee2aeaf7a0d39cbcc852d9d4", kill_on_drop: false }`
[INFO] running `Command { std: "docker" "inspect" "a335784ecf86a06a13c9fc2eb0c0b885e4a7916aee2aeaf7a0d39cbcc852d9d4", kill_on_drop: false }`
[INFO] running `Command { std: "docker" "rm" "-f" "a335784ecf86a06a13c9fc2eb0c0b885e4a7916aee2aeaf7a0d39cbcc852d9d4", kill_on_drop: false }`
[INFO] [stdout] a335784ecf86a06a13c9fc2eb0c0b885e4a7916aee2aeaf7a0d39cbcc852d9d4
[INFO] running `Command { std: "docker" "create" "-v" "/var/lib/crater-agent-workspace/builds/worker-2-tc1/target:/opt/rustwide/target:rw,Z" "-v" "/var/lib/crater-agent-workspace/builds/worker-2-tc1/source:/opt/rustwide/workdir:ro,Z" "-v" "/var/lib/crater-agent-workspace/cargo-home:/opt/rustwide/cargo-home:ro,Z" "-v" "/var/lib/crater-agent-workspace/rustup-home:/opt/rustwide/rustup-home:ro,Z" "-e" "SOURCE_DIR=/opt/rustwide/workdir" "-e" "CARGO_TARGET_DIR=/opt/rustwide/target" "-e" "CARGO_INCREMENTAL=0" "-e" "RUST_BACKTRACE=full" "-e" "RUSTFLAGS=--cap-lints=warn" "-e" "RUSTDOCFLAGS=--cap-lints=warn" "-e" "CARGO_HOME=/opt/rustwide/cargo-home" "-e" "RUSTUP_HOME=/opt/rustwide/rustup-home" "-w" "/opt/rustwide/workdir" "-m" "1610612736" "--user" "0:0" "--network" "none" "ghcr.io/rust-lang/crates-build-env/linux@sha256:5ff2268d62e97bff2cde7d5815dd6ed5b47097566f13b8d0ca110b04b60e07ed" "/opt/rustwide/cargo-home/bin/cargo" "+1.69.0" "build" "--frozen" "--message-format=json", kill_on_drop: false }`
[INFO] [stdout] 2aaa67a934e35911b7e1d2e65cbb6f460cfcb5cda21c1acece7d1fcb18ea41ea
[INFO] running `Command { std: "docker" "start" "-a" "2aaa67a934e35911b7e1d2e65cbb6f460cfcb5cda21c1acece7d1fcb18ea41ea", kill_on_drop: false }`
[INFO] [stderr]    Compiling fnv v1.0.7
[INFO] [stderr]    Compiling strsim v0.10.0
[INFO] [stderr]    Compiling ident_case v1.0.1
[INFO] [stderr]    Compiling syn v2.0.15
[INFO] [stderr]    Compiling proc-macro-error-attr v1.0.4
[INFO] [stderr]    Compiling syn v1.0.109
[INFO] [stderr]    Compiling proc-macro-error v1.0.4
[INFO] [stderr]    Compiling darling_core v0.20.0
[INFO] [stderr]    Compiling darling_macro v0.20.0
[INFO] [stderr]    Compiling darling v0.20.0
[INFO] [stderr]    Compiling reddd-macros v0.1.0 (/opt/rustwide/workdir)
[INFO] [stdout] error[E0277]: `syn::Generics` doesn't implement `Debug`
[INFO] [stdout]   --> src/entity.rs:10:5
[INFO] [stdout]    |
[INFO] [stdout] 5  | #[derive(Debug, FromDeriveInput)]
[INFO] [stdout]    |          ----- in this derive macro expansion
[INFO] [stdout] ...
[INFO] [stdout] 10 |     generics: syn::Generics,
[INFO] [stdout]    |     ^^^^^^^^^^^^^^^^^^^^^^^ `syn::Generics` cannot be formatted using `{:?}` because it doesn't implement `Debug`
[INFO] [stdout]    |
[INFO] [stdout]    = help: the trait `Debug` is not implemented for `syn::Generics`
[INFO] [stdout]    = note: this error originates in the derive macro `Debug` (in Nightly builds, run with -Z macro-backtrace for more info)
[INFO] [stdout] 
[INFO] [stdout] 
[INFO] [stdout] error[E0277]: `syn::Field` doesn't implement `Debug`
[INFO] [stdout]   --> src/entity.rs:11:5
[INFO] [stdout]    |
[INFO] [stdout] 5  | #[derive(Debug, FromDeriveInput)]
[INFO] [stdout]    |          ----- in this derive macro expansion
[INFO] [stdout] ...
[INFO] [stdout] 11 |     data: darling::ast::Data<(), syn::Field>,
[INFO] [stdout]    |     ^^^^^^^^^^^^^^^^^^^^^^^^^^^^^^^^^^^^^^^^ `syn::Field` cannot be formatted using `{:?}` because it doesn't implement `Debug`
[INFO] [stdout]    |
[INFO] [stdout]    = help: the trait `Debug` is not implemented for `syn::Field`
[INFO] [stdout]    = help: the trait `Debug` is implemented for `darling::ast::Data<V, F>`
[INFO] [stdout]    = note: this error originates in the derive macro `Debug` (in Nightly builds, run with -Z macro-backtrace for more info)
[INFO] [stdout] 
[INFO] [stdout] 
[INFO] [stdout] error[E0277]: the trait bound `syn::Generics: FromGenerics` is not satisfied
[INFO] [stdout]  --> src/entity.rs:5:17
[INFO] [stdout]   |
[INFO] [stdout] 5 | #[derive(Debug, FromDeriveInput)]
[INFO] [stdout]   |                 ^^^^^^^^^^^^^^^ the trait `FromGenerics` is not implemented for `syn::Generics`
[INFO] [stdout]   |
[INFO] [stdout]   = help: the following other types implement trait `FromGenerics`:
[INFO] [stdout]             ()
[INFO] [stdout]             Ignored
[INFO] [stdout]             Result<T, darling::Error>
[INFO] [stdout]             SpannedValue<T>
[INFO] [stdout]             WithOriginal<T, syn::generics::Generics>
[INFO] [stdout]             darling::ast::Generics<P>
[INFO] [stdout]             syn::generics::Generics
[INFO] [stdout]   = note: this error originates in the derive macro `FromDeriveInput` (in Nightly builds, run with -Z macro-backtrace for more info)
[INFO] [stdout] 
[INFO] [stdout] 
[INFO] [stdout] error[E0277]: the trait bound `syn::Field: FromField` is not satisfied
[INFO] [stdout]    --> src/entity.rs:5:17
[INFO] [stdout]     |
[INFO] [stdout] 5   | #[derive(Debug, FromDeriveInput)]
[INFO] [stdout]     |                 ^^^^^^^^^^^^^^^ the trait `FromField` is not implemented for `syn::Field`
[INFO] [stdout]     |
[INFO] [stdout]     = help: the following other types implement trait `FromField`:
[INFO] [stdout]               ()
[INFO] [stdout]               Ignored
[INFO] [stdout]               SpannedValue<T>
[INFO] [stdout]               Vec<syn::attr::Attribute>
[INFO] [stdout]               WithOriginal<T, syn::data::Field>
[INFO] [stdout]               syn::data::Field
[INFO] [stdout]               syn::restriction::Visibility
[INFO] [stdout]               syn::ty::Type
[INFO] [stdout] note: required by a bound in `darling::ast::Data::<V, F>::try_from`
[INFO] [stdout]    --> /opt/rustwide/cargo-home/registry/src/github.com-1ecc6299db9ec823/darling_core-0.20.0/src/ast/data.rs:122:25
[INFO] [stdout]     |
[INFO] [stdout] 122 | impl<V: FromVariant, F: FromField> Data<V, F> {
[INFO] [stdout]     |                         ^^^^^^^^^ required by this bound in `Data::<V, F>::try_from`
[INFO] [stdout]     = note: this error originates in the derive macro `FromDeriveInput` (in Nightly builds, run with -Z macro-backtrace for more info)
[INFO] [stdout] 
[INFO] [stdout] 
[INFO] [stdout] error[E0277]: `syn::Generics` doesn't implement `Debug`
[INFO] [stdout]   --> src/entity.rs:22:5
[INFO] [stdout]    |
[INFO] [stdout] 14 | #[derive(Debug, FromDeriveInput)]
[INFO] [stdout]    |          ----- in this derive macro expansion
[INFO] [stdout] ...
[INFO] [stdout] 22 |     generics: syn::Generics,
[INFO] [stdout]    |     ^^^^^^^^^^^^^^^^^^^^^^^ `syn::Generics` cannot be formatted using `{:?}` because it doesn't implement `Debug`
[INFO] [stdout]    |
[INFO] [stdout]    = help: the trait `Debug` is not implemented for `syn::Generics`
[INFO] [stdout]    = note: this error originates in the derive macro `Debug` (in Nightly builds, run with -Z macro-backtrace for more info)
[INFO] [stdout] 
[INFO] [stdout] 
[INFO] [stdout] error[E0277]: `syn::Field` doesn't implement `Debug`
[INFO] [stdout]   --> src/entity.rs:23:5
[INFO] [stdout]    |
[INFO] [stdout] 14 | #[derive(Debug, FromDeriveInput)]
[INFO] [stdout]    |          ----- in this derive macro expansion
[INFO] [stdout] ...
[INFO] [stdout] 23 |     data: darling::ast::Data<(), syn::Field>,
[INFO] [stdout]    |     ^^^^^^^^^^^^^^^^^^^^^^^^^^^^^^^^^^^^^^^^ `syn::Field` cannot be formatted using `{:?}` because it doesn't implement `Debug`
[INFO] [stdout]    |
[INFO] [stdout]    = help: the trait `Debug` is not implemented for `syn::Field`
[INFO] [stdout]    = help: the trait `Debug` is implemented for `darling::ast::Data<V, F>`
[INFO] [stdout]    = note: this error originates in the derive macro `Debug` (in Nightly builds, run with -Z macro-backtrace for more info)
[INFO] [stdout] 
[INFO] [stdout] 
[INFO] [stdout] error[E0277]: the trait bound `syn::Generics: FromGenerics` is not satisfied
[INFO] [stdout]   --> src/entity.rs:14:17
[INFO] [stdout]    |
[INFO] [stdout] 14 | #[derive(Debug, FromDeriveInput)]
[INFO] [stdout]    |                 ^^^^^^^^^^^^^^^ the trait `FromGenerics` is not implemented for `syn::Generics`
[INFO] [stdout]    |
[INFO] [stdout]    = help: the following other types implement trait `FromGenerics`:
[INFO] [stdout]              ()
[INFO] [stdout]              Ignored
[INFO] [stdout]              Result<T, darling::Error>
[INFO] [stdout]              SpannedValue<T>
[INFO] [stdout]              WithOriginal<T, syn::generics::Generics>
[INFO] [stdout]              darling::ast::Generics<P>
[INFO] [stdout]              syn::generics::Generics
[INFO] [stdout]    = note: this error originates in the derive macro `FromDeriveInput` (in Nightly builds, run with -Z macro-backtrace for more info)
[INFO] [stdout] 
[INFO] [stdout] 
[INFO] [stdout] error[E0277]: the trait bound `syn::Field: FromField` is not satisfied
[INFO] [stdout]    --> src/entity.rs:14:17
[INFO] [stdout]     |
[INFO] [stdout] 14  | #[derive(Debug, FromDeriveInput)]
[INFO] [stdout]     |                 ^^^^^^^^^^^^^^^ the trait `FromField` is not implemented for `syn::Field`
[INFO] [stdout]     |
[INFO] [stdout]     = help: the following other types implement trait `FromField`:
[INFO] [stdout]               ()
[INFO] [stdout]               Ignored
[INFO] [stdout]               SpannedValue<T>
[INFO] [stdout]               Vec<syn::attr::Attribute>
[INFO] [stdout]               WithOriginal<T, syn::data::Field>
[INFO] [stdout]               syn::data::Field
[INFO] [stdout]               syn::restriction::Visibility
[INFO] [stdout]               syn::ty::Type
[INFO] [stdout] note: required by a bound in `darling::ast::Data::<V, F>::try_from`
[INFO] [stdout]    --> /opt/rustwide/cargo-home/registry/src/github.com-1ecc6299db9ec823/darling_core-0.20.0/src/ast/data.rs:122:25
[INFO] [stdout]     |
[INFO] [stdout] 122 | impl<V: FromVariant, F: FromField> Data<V, F> {
[INFO] [stdout]     |                         ^^^^^^^^^ required by this bound in `Data::<V, F>::try_from`
[INFO] [stdout]     = note: this error originates in the derive macro `FromDeriveInput` (in Nightly builds, run with -Z macro-backtrace for more info)
[INFO] [stdout] 
[INFO] [stdout] 
[INFO] [stdout] error[E0277]: `syn::Type` doesn't implement `Debug`
[INFO] [stdout]  --> src/value_type.rs:8:5
[INFO] [stdout]   |
[INFO] [stdout] 4 | #[derive(Clone, Debug, FromField)]
[INFO] [stdout]   |                 ----- in this derive macro expansion
[INFO] [stdout] ...
[INFO] [stdout] 8 |     ty: syn::Type,
[INFO] [stdout]   |     ^^^^^^^^^^^^^ `syn::Type` cannot be formatted using `{:?}` because it doesn't implement `Debug`
[INFO] [stdout]   |
[INFO] [stdout]   = help: the trait `Debug` is not implemented for `syn::Type`
[INFO] [stdout]   = note: this error originates in the derive macro `Debug` (in Nightly builds, run with -Z macro-backtrace for more info)
[INFO] [stdout] 
[INFO] [stdout] 
[INFO] [stdout] error[E0277]: `syn::Attribute` doesn't implement `Debug`
[INFO] [stdout]  --> src/value_type.rs:9:5
[INFO] [stdout]   |
[INFO] [stdout] 4 | #[derive(Clone, Debug, FromField)]
[INFO] [stdout]   |                 ----- in this derive macro expansion
[INFO] [stdout] ...
[INFO] [stdout] 9 |     attrs: Vec<syn::Attribute>,
[INFO] [stdout]   |     ^^^^^^^^^^^^^^^^^^^^^^^^^^ `syn::Attribute` cannot be formatted using `{:?}` because it doesn't implement `Debug`
[INFO] [stdout]   |
[INFO] [stdout]   = help: the trait `Debug` is not implemented for `syn::Attribute`
[INFO] [stdout]   = help: the trait `Debug` is implemented for `Vec<T, A>`
[INFO] [stdout]   = note: this error originates in the derive macro `Debug` (in Nightly builds, run with -Z macro-backtrace for more info)
[INFO] [stdout] 
[INFO] [stdout] 
[INFO] [stdout] error[E0308]: mismatched types
[INFO] [stdout]   --> src/value_type.rs:4:24
[INFO] [stdout]    |
[INFO] [stdout] 4  | #[derive(Clone, Debug, FromField)]
[INFO] [stdout]    |                        ^^^^^^^^^ expected `syn::Type`, found `syn::ty::Type`
[INFO] [stdout]    |
[INFO] [stdout]    = note: `syn::ty::Type` and `syn::Type` have similar names, but are actually distinct types
[INFO] [stdout] note: `syn::ty::Type` is defined in crate `syn`
[INFO] [stdout]   --> /opt/rustwide/cargo-home/registry/src/github.com-1ecc6299db9ec823/syn-2.0.15/src/ty.rs:5:1
[INFO] [stdout]    |
[INFO] [stdout] 5  | / ast_enum_of_structs! {
[INFO] [stdout] 6  | |     /// The possible types that a Rust value could have.
[INFO] [stdout] 7  | |     ///
[INFO] [stdout] 8  | |     /// # Syntax tree enum
[INFO] [stdout] ...  |
[INFO] [stdout] 80 | |     }
[INFO] [stdout] 81 | | }
[INFO] [stdout]    | |_^
[INFO] [stdout] note: `syn::Type` is defined in crate `syn`
[INFO] [stdout]   --> /opt/rustwide/cargo-home/registry/src/github.com-1ecc6299db9ec823/syn-1.0.109/src/ty.rs:5:1
[INFO] [stdout]    |
[INFO] [stdout] 5  | / ast_enum_of_structs! {
[INFO] [stdout] 6  | |     /// The possible types that a Rust value could have.
[INFO] [stdout] 7  | |     ///
[INFO] [stdout] 8  | |     /// *This type is available only if Syn is built with the `"derive"` or `"full"`
[INFO] [stdout] ...  |
[INFO] [stdout] 88 | |     }
[INFO] [stdout] 89 | | }
[INFO] [stdout]    | |_^
[INFO] [stdout]    = note: perhaps two different versions of crate `syn` are being used?
[INFO] [stdout]    = note: this error originates in the derive macro `FromField` which comes from the expansion of the macro `ast_enum_of_structs` (in Nightly builds, run with -Z macro-backtrace for more info)
[INFO] [stdout] 
[INFO] [stdout] 
[INFO] [stdout] error[E0308]: mismatched types
[INFO] [stdout]    --> src/value_type.rs:4:24
[INFO] [stdout]     |
[INFO] [stdout] 4   | #[derive(Clone, Debug, FromField)]
[INFO] [stdout]     |                        ^^^^^^^^^ expected `syn::Attribute`, found `syn::attr::Attribute`
[INFO] [stdout]     |
[INFO] [stdout]     = note: `syn::attr::Attribute` and `syn::Attribute` have similar names, but are actually distinct types
[INFO] [stdout] note: `syn::attr::Attribute` is defined in crate `syn`
[INFO] [stdout]    --> /opt/rustwide/cargo-home/registry/src/github.com-1ecc6299db9ec823/syn-2.0.15/src/attr.rs:11:1
[INFO] [stdout]     |
[INFO] [stdout] 11  | / ast_struct! {
[INFO] [stdout] 12  | |     /// An attribute, like `#[repr(transparent)]`.
[INFO] [stdout] 13  | |     ///
[INFO] [stdout] 14  | |     /// <br>
[INFO] [stdout] ...   |
[INFO] [stdout] 170 | |     }
[INFO] [stdout] 171 | | }
[INFO] [stdout]     | |_^
[INFO] [stdout] note: `syn::Attribute` is defined in crate `syn`
[INFO] [stdout]    --> /opt/rustwide/cargo-home/registry/src/github.com-1ecc6299db9ec823/syn-1.0.109/src/attr.rs:12:1
[INFO] [stdout]     |
[INFO] [stdout] 12  | / ast_struct! {
[INFO] [stdout] 13  | |     /// An attribute like `#[repr(transparent)]`.
[INFO] [stdout] 14  | |     ///
[INFO] [stdout] 15  | |     /// *This type is available only if Syn is built with the `"derive"` or `"full"`
[INFO] [stdout] ...   |
[INFO] [stdout] 155 | |     }
[INFO] [stdout] 156 | | }
[INFO] [stdout]     | |_^
[INFO] [stdout]     = note: perhaps two different versions of crate `syn` are being used?
[INFO] [stdout]     = note: this error originates in the derive macro `FromField` which comes from the expansion of the macro `ast_struct` (in Nightly builds, run with -Z macro-backtrace for more info)
[INFO] [stdout] 
[INFO] [stdout] 
[INFO] [stdout] error[E0277]: `syn::Generics` doesn't implement `Debug`
[INFO] [stdout]   --> src/value_type.rs:17:5
[INFO] [stdout]    |
[INFO] [stdout] 12 | #[derive(Debug, FromDeriveInput)]
[INFO] [stdout]    |          ----- in this derive macro expansion
[INFO] [stdout] ...
[INFO] [stdout] 17 |     generics: syn::Generics,
[INFO] [stdout]    |     ^^^^^^^^^^^^^^^^^^^^^^^ `syn::Generics` cannot be formatted using `{:?}` because it doesn't implement `Debug`
[INFO] [stdout]    |
[INFO] [stdout]    = help: the trait `Debug` is not implemented for `syn::Generics`
[INFO] [stdout]    = note: this error originates in the derive macro `Debug` (in Nightly builds, run with -Z macro-backtrace for more info)
[INFO] [stdout] 
[INFO] [stdout] 
[INFO] [stdout] error[E0277]: the trait bound `syn::Generics: FromGenerics` is not satisfied
[INFO] [stdout]   --> src/value_type.rs:12:17
[INFO] [stdout]    |
[INFO] [stdout] 12 | #[derive(Debug, FromDeriveInput)]
[INFO] [stdout]    |                 ^^^^^^^^^^^^^^^ the trait `FromGenerics` is not implemented for `syn::Generics`
[INFO] [stdout]    |
[INFO] [stdout]    = help: the following other types implement trait `FromGenerics`:
[INFO] [stdout]              ()
[INFO] [stdout]              Ignored
[INFO] [stdout]              Result<T, darling::Error>
[INFO] [stdout]              SpannedValue<T>
[INFO] [stdout]              WithOriginal<T, syn::generics::Generics>
[INFO] [stdout]              darling::ast::Generics<P>
[INFO] [stdout]              syn::generics::Generics
[INFO] [stdout]    = note: this error originates in the derive macro `FromDeriveInput` (in Nightly builds, run with -Z macro-backtrace for more info)
[INFO] [stdout] 
[INFO] [stdout] 
[INFO] [stdout] error[E0308]: mismatched types
[INFO] [stdout]   --> src/lib.rs:12:66
[INFO] [stdout]    |
[INFO] [stdout] 12 |         let ts: TokenStream = match <$parser>::from_derive_input(&input) {
[INFO] [stdout]    |                                     ---------------------------- ^^^^^^ expected `syn::derive::DeriveInput`, found `syn::DeriveInput`
[INFO] [stdout]    |                                     |
[INFO] [stdout]    |                                     arguments to this function are incorrect
[INFO] [stdout] ...
[INFO] [stdout] 45 | define_proc_macro!(ValueType #[ main_field ]);
[INFO] [stdout]    | --------------------------------------------- in this macro invocation
[INFO] [stdout]    |
[INFO] [stdout]    = note: `syn::DeriveInput` and `syn::derive::DeriveInput` have similar names, but are actually distinct types
[INFO] [stdout] note: `syn::DeriveInput` is defined in crate `syn`
[INFO] [stdout]   --> /opt/rustwide/cargo-home/registry/src/github.com-1ecc6299db9ec823/syn-1.0.109/src/derive.rs:4:1
[INFO] [stdout]    |
[INFO] [stdout] 4  | / ast_struct! {
[INFO] [stdout] 5  | |     /// Data structure sent to a `proc_macro_derive` macro.
[INFO] [stdout] 6  | |     ///
[INFO] [stdout] 7  | |     /// *This type is available only if Syn is built with the `"derive"` feature.*
[INFO] [stdout] ...  |
[INFO] [stdout] 24 | |     }
[INFO] [stdout] 25 | | }
[INFO] [stdout]    | |_^
[INFO] [stdout] note: `syn::derive::DeriveInput` is defined in crate `syn`
[INFO] [stdout]   --> /opt/rustwide/cargo-home/registry/src/github.com-1ecc6299db9ec823/syn-2.0.15/src/derive.rs:4:1
[INFO] [stdout]    |
[INFO] [stdout] 4  | / ast_struct! {
[INFO] [stdout] 5  | |     /// Data structure sent to a `proc_macro_derive` macro.
[INFO] [stdout] 6  | |     #[cfg_attr(doc_cfg, doc(cfg(feature = "derive")))]
[INFO] [stdout] 7  | |     pub struct DeriveInput {
[INFO] [stdout] ...  |
[INFO] [stdout] 13 | |     }
[INFO] [stdout] 14 | | }
[INFO] [stdout]    | |_^
[INFO] [stdout]    = note: perhaps two different versions of crate `syn` are being used?
[INFO] [stdout] note: associated function defined here
[INFO] [stdout]   --> /opt/rustwide/cargo-home/registry/src/github.com-1ecc6299db9ec823/darling_core-0.20.0/src/from_derive_input.rs:13:8
[INFO] [stdout]    |
[INFO] [stdout] 13 |     fn from_derive_input(input: &DeriveInput) -> Result<Self>;
[INFO] [stdout]    |        ^^^^^^^^^^^^^^^^^
[INFO] [stdout]    = note: this error originates in the macro `parse_derive_input` which comes from the expansion of the macro `ast_struct` (in Nightly builds, run with -Z macro-backtrace for more info)
[INFO] [stdout] 
[INFO] [stdout] 
[INFO] [stdout] error[E0308]: mismatched types
[INFO] [stdout]   --> src/lib.rs:12:66
[INFO] [stdout]    |
[INFO] [stdout] 12 |         let ts: TokenStream = match <$parser>::from_derive_input(&input) {
[INFO] [stdout]    |                                     ---------------------------- ^^^^^^ expected `syn::derive::DeriveInput`, found `syn::DeriveInput`
[INFO] [stdout]    |                                     |
[INFO] [stdout]    |                                     arguments to this function are incorrect
[INFO] [stdout] ...
[INFO] [stdout] 46 | define_proc_macro!(Entity #[ id_field, created_at_field ]);
[INFO] [stdout]    | ---------------------------------------------------------- in this macro invocation
[INFO] [stdout]    |
[INFO] [stdout]    = note: `syn::DeriveInput` and `syn::derive::DeriveInput` have similar names, but are actually distinct types
[INFO] [stdout] note: `syn::DeriveInput` is defined in crate `syn`
[INFO] [stdout]   --> /opt/rustwide/cargo-home/registry/src/github.com-1ecc6299db9ec823/syn-1.0.109/src/derive.rs:4:1
[INFO] [stdout]    |
[INFO] [stdout] 4  | / ast_struct! {
[INFO] [stdout] 5  | |     /// Data structure sent to a `proc_macro_derive` macro.
[INFO] [stdout] 6  | |     ///
[INFO] [stdout] 7  | |     /// *This type is available only if Syn is built with the `"derive"` feature.*
[INFO] [stdout] ...  |
[INFO] [stdout] 24 | |     }
[INFO] [stdout] 25 | | }
[INFO] [stdout]    | |_^
[INFO] [stdout] note: `syn::derive::DeriveInput` is defined in crate `syn`
[INFO] [stdout]   --> /opt/rustwide/cargo-home/registry/src/github.com-1ecc6299db9ec823/syn-2.0.15/src/derive.rs:4:1
[INFO] [stdout]    |
[INFO] [stdout] 4  | / ast_struct! {
[INFO] [stdout] 5  | |     /// Data structure sent to a `proc_macro_derive` macro.
[INFO] [stdout] 6  | |     #[cfg_attr(doc_cfg, doc(cfg(feature = "derive")))]
[INFO] [stdout] 7  | |     pub struct DeriveInput {
[INFO] [stdout] ...  |
[INFO] [stdout] 13 | |     }
[INFO] [stdout] 14 | | }
[INFO] [stdout]    | |_^
[INFO] [stdout]    = note: perhaps two different versions of crate `syn` are being used?
[INFO] [stdout] note: associated function defined here
[INFO] [stdout]   --> /opt/rustwide/cargo-home/registry/src/github.com-1ecc6299db9ec823/darling_core-0.20.0/src/from_derive_input.rs:13:8
[INFO] [stdout]    |
[INFO] [stdout] 13 |     fn from_derive_input(input: &DeriveInput) -> Result<Self>;
[INFO] [stdout]    |        ^^^^^^^^^^^^^^^^^
[INFO] [stdout]    = note: this error originates in the macro `parse_derive_input` which comes from the expansion of the macro `ast_struct` (in Nightly builds, run with -Z macro-backtrace for more info)
[INFO] [stdout] 
[INFO] [stdout] 
[INFO] [stdout] error[E0308]: mismatched types
[INFO] [stdout]   --> src/lib.rs:12:66
[INFO] [stdout]    |
[INFO] [stdout] 12 |         let ts: TokenStream = match <$parser>::from_derive_input(&input) {
[INFO] [stdout]    |                                     ---------------------------- ^^^^^^ expected `syn::derive::DeriveInput`, found `syn::DeriveInput`
[INFO] [stdout]    |                                     |
[INFO] [stdout]    |                                     arguments to this function are incorrect
[INFO] [stdout] ...
[INFO] [stdout] 56 |         parse_derive_input!(input => entity::MutableEntity)
[INFO] [stdout]    |         --------------------------------------------------- in this macro invocation
[INFO] [stdout]    |
[INFO] [stdout]    = note: `syn::DeriveInput` and `syn::derive::DeriveInput` have similar names, but are actually distinct types
[INFO] [stdout] note: `syn::DeriveInput` is defined in crate `syn`
[INFO] [stdout]   --> /opt/rustwide/cargo-home/registry/src/github.com-1ecc6299db9ec823/syn-1.0.109/src/derive.rs:4:1
[INFO] [stdout]    |
[INFO] [stdout] 4  | / ast_struct! {
[INFO] [stdout] 5  | |     /// Data structure sent to a `proc_macro_derive` macro.
[INFO] [stdout] 6  | |     ///
[INFO] [stdout] 7  | |     /// *This type is available only if Syn is built with the `"derive"` feature.*
[INFO] [stdout] ...  |
[INFO] [stdout] 24 | |     }
[INFO] [stdout] 25 | | }
[INFO] [stdout]    | |_^
[INFO] [stdout] note: `syn::derive::DeriveInput` is defined in crate `syn`
[INFO] [stdout]   --> /opt/rustwide/cargo-home/registry/src/github.com-1ecc6299db9ec823/syn-2.0.15/src/derive.rs:4:1
[INFO] [stdout]    |
[INFO] [stdout] 4  | / ast_struct! {
[INFO] [stdout] 5  | |     /// Data structure sent to a `proc_macro_derive` macro.
[INFO] [stdout] 6  | |     #[cfg_attr(doc_cfg, doc(cfg(feature = "derive")))]
[INFO] [stdout] 7  | |     pub struct DeriveInput {
[INFO] [stdout] ...  |
[INFO] [stdout] 13 | |     }
[INFO] [stdout] 14 | | }
[INFO] [stdout]    | |_^
[INFO] [stdout]    = note: perhaps two different versions of crate `syn` are being used?
[INFO] [stdout] note: associated function defined here
[INFO] [stdout]   --> /opt/rustwide/cargo-home/registry/src/github.com-1ecc6299db9ec823/darling_core-0.20.0/src/from_derive_input.rs:13:8
[INFO] [stdout]    |
[INFO] [stdout] 13 |     fn from_derive_input(input: &DeriveInput) -> Result<Self>;
[INFO] [stdout]    |        ^^^^^^^^^^^^^^^^^
[INFO] [stdout]    = note: this error originates in the macro `parse_derive_input` which comes from the expansion of the macro `ast_struct` (in Nightly builds, run with -Z macro-backtrace for more info)
[INFO] [stdout] 
[INFO] [stdout] 
[INFO] [stdout] error: aborting due to 17 previous errors
[INFO] [stdout] 
[INFO] [stdout] 
[INFO] [stdout] Some errors have detailed explanations: E0277, E0308.
[INFO] [stdout] 
[INFO] [stdout] For more information about an error, try `rustc --explain E0277`.
[INFO] [stdout] 
[INFO] [stderr] error: could not compile `reddd-macros` due to 18 previous errors
[INFO] running `Command { std: "docker" "inspect" "2aaa67a934e35911b7e1d2e65cbb6f460cfcb5cda21c1acece7d1fcb18ea41ea", kill_on_drop: false }`
[INFO] running `Command { std: "docker" "rm" "-f" "2aaa67a934e35911b7e1d2e65cbb6f460cfcb5cda21c1acece7d1fcb18ea41ea", kill_on_drop: false }`
[INFO] [stdout] 2aaa67a934e35911b7e1d2e65cbb6f460cfcb5cda21c1acece7d1fcb18ea41ea
