[INFO] fetching crate recurly 48.0.0...
[INFO] testing recurly-48.0.0 against beta-2023-04-20 for beta-1.70-1
[INFO] extracting crate recurly 48.0.0 into /workspace/builds/worker-3-tc2/source
[INFO] validating manifest of crates.io crate recurly 48.0.0 on toolchain beta-2023-04-20
[INFO] running `Command { std: CARGO_HOME="/workspace/cargo-home" RUSTUP_HOME="/workspace/rustup-home" "/workspace/cargo-home/bin/cargo" "+beta-2023-04-20" "metadata" "--manifest-path" "Cargo.toml" "--no-deps", kill_on_drop: false }`
[INFO] started tweaking crates.io crate recurly 48.0.0
[INFO] removed 0 missing examples
[INFO] finished tweaking crates.io crate recurly 48.0.0
[INFO] tweaked toml for crates.io crate recurly 48.0.0 written to /workspace/builds/worker-3-tc2/source/Cargo.toml
[INFO] crate crates.io crate recurly 48.0.0 already has a lockfile, it will not be regenerated
[INFO] running `Command { std: CARGO_HOME="/workspace/cargo-home" RUSTUP_HOME="/workspace/rustup-home" "/workspace/cargo-home/bin/cargo" "+beta-2023-04-20" "fetch" "--manifest-path" "Cargo.toml", kill_on_drop: false }`
[INFO] [stderr]     Updating crates.io index
[INFO] [stderr]  Downloading crates ...
[INFO] [stderr]   Downloaded async-trait v0.1.58
[INFO] [stderr]   Downloaded httpclient v0.8.0
[INFO] running `Command { std: "docker" "create" "-v" "/var/lib/crater-agent-workspace/builds/worker-3-tc2/target:/opt/rustwide/target:rw,Z" "-v" "/var/lib/crater-agent-workspace/builds/worker-3-tc2/source:/opt/rustwide/workdir:ro,Z" "-v" "/var/lib/crater-agent-workspace/cargo-home:/opt/rustwide/cargo-home:ro,Z" "-v" "/var/lib/crater-agent-workspace/rustup-home:/opt/rustwide/rustup-home:ro,Z" "-e" "SOURCE_DIR=/opt/rustwide/workdir" "-e" "CARGO_TARGET_DIR=/opt/rustwide/target" "-e" "CARGO_HOME=/opt/rustwide/cargo-home" "-e" "RUSTUP_HOME=/opt/rustwide/rustup-home" "-w" "/opt/rustwide/workdir" "-m" "1610612736" "--user" "0:0" "--network" "none" "ghcr.io/rust-lang/crates-build-env/linux@sha256:5ff2268d62e97bff2cde7d5815dd6ed5b47097566f13b8d0ca110b04b60e07ed" "/opt/rustwide/cargo-home/bin/cargo" "+beta-2023-04-20" "metadata" "--no-deps" "--format-version=1", kill_on_drop: false }`
[INFO] [stdout] b44b0f949796c41a075a4d45fabba73b74062b1580c97814f0ce2ed6b1cfc409
[INFO] running `Command { std: "docker" "start" "-a" "b44b0f949796c41a075a4d45fabba73b74062b1580c97814f0ce2ed6b1cfc409", kill_on_drop: false }`
[INFO] running `Command { std: "docker" "inspect" "b44b0f949796c41a075a4d45fabba73b74062b1580c97814f0ce2ed6b1cfc409", kill_on_drop: false }`
[INFO] running `Command { std: "docker" "rm" "-f" "b44b0f949796c41a075a4d45fabba73b74062b1580c97814f0ce2ed6b1cfc409", kill_on_drop: false }`
[INFO] [stdout] b44b0f949796c41a075a4d45fabba73b74062b1580c97814f0ce2ed6b1cfc409
[INFO] running `Command { std: "docker" "create" "-v" "/var/lib/crater-agent-workspace/builds/worker-3-tc2/target:/opt/rustwide/target:rw,Z" "-v" "/var/lib/crater-agent-workspace/builds/worker-3-tc2/source:/opt/rustwide/workdir:ro,Z" "-v" "/var/lib/crater-agent-workspace/cargo-home:/opt/rustwide/cargo-home:ro,Z" "-v" "/var/lib/crater-agent-workspace/rustup-home:/opt/rustwide/rustup-home:ro,Z" "-e" "SOURCE_DIR=/opt/rustwide/workdir" "-e" "CARGO_TARGET_DIR=/opt/rustwide/target" "-e" "CARGO_INCREMENTAL=0" "-e" "RUST_BACKTRACE=full" "-e" "RUSTFLAGS=--cap-lints=warn" "-e" "RUSTDOCFLAGS=--cap-lints=warn" "-e" "CARGO_HOME=/opt/rustwide/cargo-home" "-e" "RUSTUP_HOME=/opt/rustwide/rustup-home" "-w" "/opt/rustwide/workdir" "-m" "1610612736" "--user" "0:0" "--network" "none" "ghcr.io/rust-lang/crates-build-env/linux@sha256:5ff2268d62e97bff2cde7d5815dd6ed5b47097566f13b8d0ca110b04b60e07ed" "/opt/rustwide/cargo-home/bin/cargo" "+beta-2023-04-20" "build" "--frozen" "--message-format=json", kill_on_drop: false }`
[INFO] [stdout] cc378080f88caf721dd5870857ac19e9787548e5aaf8841dce1f7a0d5cebf86f
[INFO] running `Command { std: "docker" "start" "-a" "cc378080f88caf721dd5870857ac19e9787548e5aaf8841dce1f7a0d5cebf86f", kill_on_drop: false }`
[INFO] [stderr]    Compiling proc-macro2 v1.0.47
[INFO] [stderr]    Compiling unicode-ident v1.0.5
[INFO] [stderr]    Compiling quote v1.0.21
[INFO] [stderr]    Compiling syn v1.0.104
[INFO] [stderr]    Compiling autocfg v1.1.0
[INFO] [stderr]    Compiling libc v0.2.137
[INFO] [stderr]    Compiling cfg-if v1.0.0
[INFO] [stderr]    Compiling log v0.4.17
[INFO] [stderr]    Compiling cc v1.0.77
[INFO] [stderr]    Compiling once_cell v1.16.0
[INFO] [stderr]    Compiling pin-project-lite v0.2.9
[INFO] [stderr]    Compiling memchr v2.5.0
[INFO] [stderr]    Compiling futures-core v0.3.25
[INFO] [stderr]    Compiling futures-task v0.3.25
[INFO] [stderr]    Compiling futures-channel v0.3.25
[INFO] [stderr]    Compiling parking_lot_core v0.9.4
[INFO] [stderr]    Compiling futures-sink v0.3.25
[INFO] [stderr]    Compiling untrusted v0.7.1
[INFO] [stderr]    Compiling spin v0.5.2
[INFO] [stderr]    Compiling scopeguard v1.1.0
[INFO] [stderr]    Compiling futures-util v0.3.25
[INFO] [stderr]    Compiling smallvec v1.10.0
[INFO] [stderr]    Compiling bytes v1.3.0
[INFO] [stderr]    Compiling itoa v1.0.4
[INFO] [stderr]    Compiling futures-io v0.3.25
[INFO] [stderr]    Compiling pin-utils v0.1.0
[INFO] [stderr]    Compiling slab v0.4.7
[INFO] [stderr]    Compiling lock_api v0.4.9
[INFO] [stderr]    Compiling tokio v1.22.0
[INFO] [stderr]    Compiling fnv v1.0.7
[INFO] [stderr]    Compiling rustls v0.20.7
[INFO] [stderr]    Compiling httparse v1.8.0
[INFO] [stderr]    Compiling serde_derive v1.0.148
[INFO] [stderr]    Compiling tracing-core v0.1.30
[INFO] [stderr]    Compiling try-lock v0.2.3
[INFO] [stderr]    Compiling serde v1.0.148
[INFO] [stderr]    Compiling base64 v0.13.1
[INFO] [stderr]    Compiling want v0.3.0
[INFO] [stderr]    Compiling thiserror v1.0.37
[INFO] [stderr]    Compiling http v0.2.8
[INFO] [stderr]    Compiling rustls-pemfile v1.0.1
[INFO] [stderr]    Compiling async-trait v0.1.58
[INFO] [stderr]    Compiling serde_json v1.0.89
[INFO] [stderr]    Compiling signal-hook-registry v1.4.0
[INFO] [stderr]    Compiling num_cpus v1.14.0
[INFO] [stderr]    Compiling mio v0.8.5
[INFO] [stderr]    Compiling socket2 v0.4.7
[INFO] [stderr]    Compiling tracing v0.1.37
[INFO] [stderr]    Compiling parking_lot v0.12.1
[INFO] [stderr]    Compiling ring v0.16.20
[INFO] [stderr]    Compiling openssl-probe v0.1.5
[INFO] [stderr]    Compiling httpdate v1.0.2
[INFO] [stderr]    Compiling tower-service v0.3.2
[INFO] [stderr]    Compiling encoding_rs v0.8.31
[INFO] [stderr]    Compiling rustls-native-certs v0.6.2
[INFO] [stderr]    Compiling ryu v1.0.11
[INFO] [stderr]    Compiling anyhow v1.0.66
[INFO] [stderr]    Compiling same-file v1.0.6
[INFO] [stderr]    Compiling urlencoding v2.1.2
[INFO] [stderr]    Compiling http-body v0.4.5
[INFO] [stderr]    Compiling walkdir v2.3.2
[INFO] [stderr]    Compiling futures-macro v0.3.25
[INFO] [stderr]    Compiling tokio-macros v1.8.0
[INFO] [stderr]    Compiling thiserror-impl v1.0.37
[INFO] [stderr]    Compiling webpki v0.22.0
[INFO] [stderr]    Compiling sct v0.7.0
[INFO] [stderr]    Compiling futures-executor v0.3.25
[INFO] [stderr]    Compiling futures v0.3.25
[INFO] [stderr]    Compiling hyper v0.14.23
[INFO] [stderr]    Compiling tokio-rustls v0.23.4
[INFO] [stderr]    Compiling hyper-rustls v0.23.1
[INFO] [stderr]    Compiling httpclient v0.8.0
[INFO] [stderr]    Compiling recurly v48.0.0 (/opt/rustwide/workdir)
[INFO] [stderr]     Finished dev [unoptimized + debuginfo] target(s) in 35.80s
[INFO] running `Command { std: "docker" "inspect" "cc378080f88caf721dd5870857ac19e9787548e5aaf8841dce1f7a0d5cebf86f", kill_on_drop: false }`
[INFO] running `Command { std: "docker" "rm" "-f" "cc378080f88caf721dd5870857ac19e9787548e5aaf8841dce1f7a0d5cebf86f", kill_on_drop: false }`
[INFO] [stdout] cc378080f88caf721dd5870857ac19e9787548e5aaf8841dce1f7a0d5cebf86f
[INFO] running `Command { std: "docker" "create" "-v" "/var/lib/crater-agent-workspace/builds/worker-3-tc2/target:/opt/rustwide/target:rw,Z" "-v" "/var/lib/crater-agent-workspace/builds/worker-3-tc2/source:/opt/rustwide/workdir:ro,Z" "-v" "/var/lib/crater-agent-workspace/cargo-home:/opt/rustwide/cargo-home:ro,Z" "-v" "/var/lib/crater-agent-workspace/rustup-home:/opt/rustwide/rustup-home:ro,Z" "-e" "SOURCE_DIR=/opt/rustwide/workdir" "-e" "CARGO_TARGET_DIR=/opt/rustwide/target" "-e" "CARGO_INCREMENTAL=0" "-e" "RUST_BACKTRACE=full" "-e" "RUSTFLAGS=--cap-lints=warn" "-e" "RUSTDOCFLAGS=--cap-lints=warn" "-e" "CARGO_HOME=/opt/rustwide/cargo-home" "-e" "RUSTUP_HOME=/opt/rustwide/rustup-home" "-w" "/opt/rustwide/workdir" "-m" "1610612736" "--user" "0:0" "--network" "none" "ghcr.io/rust-lang/crates-build-env/linux@sha256:5ff2268d62e97bff2cde7d5815dd6ed5b47097566f13b8d0ca110b04b60e07ed" "/opt/rustwide/cargo-home/bin/cargo" "+beta-2023-04-20" "test" "--frozen" "--no-run" "--message-format=json", kill_on_drop: false }`
[INFO] [stdout] b2df8163ef3ff7b04a8188a077a779c9ca63744fdf5027fb37160cc9d79fad56
[INFO] running `Command { std: "docker" "start" "-a" "b2df8163ef3ff7b04a8188a077a779c9ca63744fdf5027fb37160cc9d79fad56", kill_on_drop: false }`
[INFO] [stderr]    Compiling recurly v48.0.0 (/opt/rustwide/workdir)
[INFO] [stderr] error: could not compile `recurly` (example "create_subscription")
[INFO] [stderr] 
[INFO] [stderr] Caused by:
[INFO] [stderr]   process didn't exit successfully: `rustc --crate-name create_subscription --edition=2021 examples/create_subscription.rs --error-format=json --json=diagnostic-rendered-ansi,artifacts,future-incompat --crate-type bin --emit=dep-info,link -C embed-bitcode=no -C debuginfo=2 -C metadata=77a3d758aca94f4c -C extra-filename=-77a3d758aca94f4c --out-dir /opt/rustwide/target/debug/examples -L dependency=/opt/rustwide/target/debug/deps --extern anyhow=/opt/rustwide/target/debug/deps/libanyhow-e7c1e1b89c60e9c6.rlib --extern httpclient=/opt/rustwide/target/debug/deps/libhttpclient-c35bf85ff2727afe.rlib --extern recurly=/opt/rustwide/target/debug/deps/librecurly-97799b2b043286eb.rlib --extern serde=/opt/rustwide/target/debug/deps/libserde-ddb3c6335c9cb793.rlib --extern serde_json=/opt/rustwide/target/debug/deps/libserde_json-d44216826b651084.rlib --extern tokio=/opt/rustwide/target/debug/deps/libtokio-6c44b095501439f9.rlib --cap-lints=warn -L native=/opt/rustwide/target/debug/build/ring-f5b183657db86d85/out` (signal: 9, SIGKILL: kill)
[INFO] [stderr] warning: build failed, waiting for other jobs to finish...
[INFO] [stderr] error: could not compile `recurly` (example "update_invoice")
[INFO] [stderr] 
[INFO] [stderr] Caused by:
[INFO] [stderr]   process didn't exit successfully: `rustc --crate-name update_invoice --edition=2021 examples/update_invoice.rs --error-format=json --json=diagnostic-rendered-ansi,artifacts,future-incompat --crate-type bin --emit=dep-info,link -C embed-bitcode=no -C debuginfo=2 -C metadata=8a179e2b95f06df0 -C extra-filename=-8a179e2b95f06df0 --out-dir /opt/rustwide/target/debug/examples -L dependency=/opt/rustwide/target/debug/deps --extern anyhow=/opt/rustwide/target/debug/deps/libanyhow-e7c1e1b89c60e9c6.rlib --extern httpclient=/opt/rustwide/target/debug/deps/libhttpclient-c35bf85ff2727afe.rlib --extern recurly=/opt/rustwide/target/debug/deps/librecurly-97799b2b043286eb.rlib --extern serde=/opt/rustwide/target/debug/deps/libserde-ddb3c6335c9cb793.rlib --extern serde_json=/opt/rustwide/target/debug/deps/libserde_json-d44216826b651084.rlib --extern tokio=/opt/rustwide/target/debug/deps/libtokio-6c44b095501439f9.rlib --cap-lints=warn -L native=/opt/rustwide/target/debug/build/ring-f5b183657db86d85/out` (signal: 9, SIGKILL: kill)
[INFO] [stderr] error: could not compile `recurly` (example "create_plan")
[INFO] [stderr] 
[INFO] [stderr] Caused by:
[INFO] [stderr]   process didn't exit successfully: `rustc --crate-name create_plan --edition=2021 examples/create_plan.rs --error-format=json --json=diagnostic-rendered-ansi,artifacts,future-incompat --crate-type bin --emit=dep-info,link -C embed-bitcode=no -C debuginfo=2 -C metadata=3ded441400384a64 -C extra-filename=-3ded441400384a64 --out-dir /opt/rustwide/target/debug/examples -L dependency=/opt/rustwide/target/debug/deps --extern anyhow=/opt/rustwide/target/debug/deps/libanyhow-e7c1e1b89c60e9c6.rlib --extern httpclient=/opt/rustwide/target/debug/deps/libhttpclient-c35bf85ff2727afe.rlib --extern recurly=/opt/rustwide/target/debug/deps/librecurly-97799b2b043286eb.rlib --extern serde=/opt/rustwide/target/debug/deps/libserde-ddb3c6335c9cb793.rlib --extern serde_json=/opt/rustwide/target/debug/deps/libserde_json-d44216826b651084.rlib --extern tokio=/opt/rustwide/target/debug/deps/libtokio-6c44b095501439f9.rlib --cap-lints=warn -L native=/opt/rustwide/target/debug/build/ring-f5b183657db86d85/out` (signal: 9, SIGKILL: kill)
[INFO] [stderr] error: could not compile `recurly` (example "list_invoice_template_accounts")
[INFO] [stderr] 
[INFO] [stderr] Caused by:
[INFO] [stderr]   process didn't exit successfully: `rustc --crate-name list_invoice_template_accounts --edition=2021 examples/list_invoice_template_accounts.rs --error-format=json --json=diagnostic-rendered-ansi,artifacts,future-incompat --crate-type bin --emit=dep-info,link -C embed-bitcode=no -C debuginfo=2 -C metadata=6f4b317417f94a5c -C extra-filename=-6f4b317417f94a5c --out-dir /opt/rustwide/target/debug/examples -L dependency=/opt/rustwide/target/debug/deps --extern anyhow=/opt/rustwide/target/debug/deps/libanyhow-e7c1e1b89c60e9c6.rlib --extern httpclient=/opt/rustwide/target/debug/deps/libhttpclient-c35bf85ff2727afe.rlib --extern recurly=/opt/rustwide/target/debug/deps/librecurly-97799b2b043286eb.rlib --extern serde=/opt/rustwide/target/debug/deps/libserde-ddb3c6335c9cb793.rlib --extern serde_json=/opt/rustwide/target/debug/deps/libserde_json-d44216826b651084.rlib --extern tokio=/opt/rustwide/target/debug/deps/libtokio-6c44b095501439f9.rlib --cap-lints=warn -L native=/opt/rustwide/target/debug/build/ring-f5b183657db86d85/out` (signal: 9, SIGKILL: kill)
[INFO] [stderr] error: could not compile `recurly` (example "create_account")
[INFO] [stderr] 
[INFO] [stderr] Caused by:
[INFO] [stderr]   process didn't exit successfully: `rustc --crate-name create_account --edition=2021 examples/create_account.rs --error-format=json --json=diagnostic-rendered-ansi,artifacts,future-incompat --crate-type bin --emit=dep-info,link -C embed-bitcode=no -C debuginfo=2 -C metadata=ad64c8d84a56dc61 -C extra-filename=-ad64c8d84a56dc61 --out-dir /opt/rustwide/target/debug/examples -L dependency=/opt/rustwide/target/debug/deps --extern anyhow=/opt/rustwide/target/debug/deps/libanyhow-e7c1e1b89c60e9c6.rlib --extern httpclient=/opt/rustwide/target/debug/deps/libhttpclient-c35bf85ff2727afe.rlib --extern recurly=/opt/rustwide/target/debug/deps/librecurly-97799b2b043286eb.rlib --extern serde=/opt/rustwide/target/debug/deps/libserde-ddb3c6335c9cb793.rlib --extern serde_json=/opt/rustwide/target/debug/deps/libserde_json-d44216826b651084.rlib --extern tokio=/opt/rustwide/target/debug/deps/libtokio-6c44b095501439f9.rlib --cap-lints=warn -L native=/opt/rustwide/target/debug/build/ring-f5b183657db86d85/out` (signal: 9, SIGKILL: kill)
[INFO] [stderr] error: could not compile `recurly` (example "update_coupon")
[INFO] [stderr] 
[INFO] [stderr] Caused by:
[INFO] [stderr]   process didn't exit successfully: `rustc --crate-name update_coupon --edition=2021 examples/update_coupon.rs --error-format=json --json=diagnostic-rendered-ansi,artifacts,future-incompat --crate-type bin --emit=dep-info,link -C embed-bitcode=no -C debuginfo=2 -C metadata=f6dfc44cd18abb0f -C extra-filename=-f6dfc44cd18abb0f --out-dir /opt/rustwide/target/debug/examples -L dependency=/opt/rustwide/target/debug/deps --extern anyhow=/opt/rustwide/target/debug/deps/libanyhow-e7c1e1b89c60e9c6.rlib --extern httpclient=/opt/rustwide/target/debug/deps/libhttpclient-c35bf85ff2727afe.rlib --extern recurly=/opt/rustwide/target/debug/deps/librecurly-97799b2b043286eb.rlib --extern serde=/opt/rustwide/target/debug/deps/libserde-ddb3c6335c9cb793.rlib --extern serde_json=/opt/rustwide/target/debug/deps/libserde_json-d44216826b651084.rlib --extern tokio=/opt/rustwide/target/debug/deps/libtokio-6c44b095501439f9.rlib --cap-lints=warn -L native=/opt/rustwide/target/debug/build/ring-f5b183657db86d85/out` (signal: 9, SIGKILL: kill)
[INFO] [stdout] error: linking with `cc` failed: exit status: 1
[INFO] [stdout]   |
[INFO] [stdout]   = note: LC_ALL="C" PATH="/opt/rustwide/rustup-home/toolchains/beta-2023-04-20-x86_64-unknown-linux-gnu/lib/rustlib/x86_64-unknown-linux-gnu/bin:/opt/rustwide/cargo-home/bin:/usr/local/sbin:/usr/local/bin:/usr/sbin:/usr/bin:/sbin:/bin" VSLANG="1033" "cc" "-m64" "/tmp/rustcBudSPF/symbols.o" "/opt/rustwide/target/debug/examples/get_billing_info-46706df638761cb3.get_billing_info.c9c2d442-cgu.0.rcgu.o" "/opt/rustwide/target/debug/examples/get_billing_info-46706df638761cb3.get_billing_info.c9c2d442-cgu.1.rcgu.o" "/opt/rustwide/target/debug/examples/get_billing_info-46706df638761cb3.get_billing_info.c9c2d442-cgu.10.rcgu.o" "/opt/rustwide/target/debug/examples/get_billing_info-46706df638761cb3.get_billing_info.c9c2d442-cgu.11.rcgu.o" "/opt/rustwide/target/debug/examples/get_billing_info-46706df638761cb3.get_billing_info.c9c2d442-cgu.12.rcgu.o" "/opt/rustwide/target/debug/examples/get_billing_info-46706df638761cb3.get_billing_info.c9c2d442-cgu.13.rcgu.o" "/opt/rustwide/target/debug/examples/get_billing_info-46706df638761cb3.get_billing_info.c9c2d442-cgu.14.rcgu.o" "/opt/rustwide/target/debug/examples/get_billing_info-46706df638761cb3.get_billing_info.c9c2d442-cgu.15.rcgu.o" "/opt/rustwide/target/debug/examples/get_billing_info-46706df638761cb3.get_billing_info.c9c2d442-cgu.2.rcgu.o" "/opt/rustwide/target/debug/examples/get_billing_info-46706df638761cb3.get_billing_info.c9c2d442-cgu.3.rcgu.o" "/opt/rustwide/target/debug/examples/get_billing_info-46706df638761cb3.get_billing_info.c9c2d442-cgu.4.rcgu.o" "/opt/rustwide/target/debug/examples/get_billing_info-46706df638761cb3.get_billing_info.c9c2d442-cgu.5.rcgu.o" "/opt/rustwide/target/debug/examples/get_billing_info-46706df638761cb3.get_billing_info.c9c2d442-cgu.6.rcgu.o" "/opt/rustwide/target/debug/examples/get_billing_info-46706df638761cb3.get_billing_info.c9c2d442-cgu.7.rcgu.o" "/opt/rustwide/target/debug/examples/get_billing_info-46706df638761cb3.get_billing_info.c9c2d442-cgu.8.rcgu.o" "/opt/rustwide/target/debug/examples/get_billing_info-46706df638761cb3.get_billing_info.c9c2d442-cgu.9.rcgu.o" "/opt/rustwide/target/debug/examples/get_billing_info-46706df638761cb3.47m2v7m0w3rv9ky8.rcgu.o" "-Wl,--as-needed" "-L" "/opt/rustwide/target/debug/deps" "-L" "/opt/rustwide/target/debug/build/ring-f5b183657db86d85/out" "-L" "/opt/rustwide/rustup-home/toolchains/beta-2023-04-20-x86_64-unknown-linux-gnu/lib/rustlib/x86_64-unknown-linux-gnu/lib" "-Wl,-Bstatic" "/opt/rustwide/target/debug/deps/librecurly-97799b2b043286eb.rlib" "/opt/rustwide/target/debug/deps/libhttpclient-c35bf85ff2727afe.rlib" "/opt/rustwide/target/debug/deps/liburlencoding-cda6fb7542cc3534.rlib" "/opt/rustwide/target/debug/deps/libthiserror-48a38dced0f12b49.rlib" "/opt/rustwide/target/debug/deps/libencoding_rs-f492db31e71be9dd.rlib" "/opt/rustwide/target/debug/deps/libwalkdir-d68fa3dede4483c7.rlib" "/opt/rustwide/target/debug/deps/libsame_file-4e9955724bab8d4a.rlib" "/opt/rustwide/target/debug/deps/libhyper_rustls-40bc4cbeca6266fb.rlib" "/opt/rustwide/target/debug/deps/librustls_native_certs-58b5787ee26a5703.rlib" "/opt/rustwide/target/debug/deps/librustls_pemfile-5bf3558b2fb63536.rlib" "/opt/rustwide/target/debug/deps/libbase64-0c872e3f7d1ba17a.rlib" "/opt/rustwide/target/debug/deps/libopenssl_probe-361016bdcb077fee.rlib" "/opt/rustwide/target/debug/deps/libtokio_rustls-7eb88ed6f539f6f5.rlib" "/opt/rustwide/target/debug/deps/librustls-bd9bb4df940084fd.rlib" "/opt/rustwide/target/debug/deps/libsct-46dd28134441f9dc.rlib" "/opt/rustwide/target/debug/deps/libwebpki-ff863092c31f125d.rlib" "/opt/rustwide/target/debug/deps/libring-e2b8ae06150d30b9.rlib" "/opt/rustwide/target/debug/deps/libspin-0ce7eed86e654be1.rlib" "/opt/rustwide/target/debug/deps/libuntrusted-299fbcd347deffe0.rlib" "/opt/rustwide/target/debug/deps/libhyper-362ae69ddbd73b0e.rlib" "/opt/rustwide/target/debug/deps/libwant-56c804d012b703ef.rlib" "/opt/rustwide/target/debug/deps/libtry_lock-9f7beed53871ae63.rlib" "/opt/rustwide/target/debug/deps/libhttparse-463bd4a7f2c72ba2.rlib" "/opt/rustwide/target/debug/deps/libtower_service-6e0b9a8ac2b0d4d0.rlib" "/opt/rustwide/target/debug/deps/libtracing-97b2f511248d72a1.rlib" "/opt/rustwide/target/debug/deps/libtracing_core-f6c3b5e7685a4e09.rlib" "/opt/rustwide/target/debug/deps/libonce_cell-3cdae169d48e1efa.rlib" "/opt/rustwide/target/debug/deps/libhttp_body-5c79a98a119d9e28.rlib" "/opt/rustwide/target/debug/deps/libfutures_util-1a58ee6e06b310a1.rlib" "/opt/rustwide/target/debug/deps/libfutures_io-a8aae0763cd0fef2.rlib" "/opt/rustwide/target/debug/deps/libslab-f707bf0c16d9b9e8.rlib" "/opt/rustwide/target/debug/deps/libfutures_channel-aa0f8f96fbc6d5d9.rlib" "/opt/rustwide/target/debug/deps/libfutures_sink-00014a0297265fca.rlib" "/opt/rustwide/target/debug/deps/libfutures_task-50aff713b3bd5ec5.rlib" "/opt/rustwide/target/debug/deps/libpin_utils-501725f4e360d46d.rlib" "/opt/rustwide/target/debug/deps/libfutures_core-fc190526a17c58de.rlib" "/opt/rustwide/target/debug/deps/libtokio-6c44b095501439f9.rlib" "/opt/rustwide/target/debug/deps/libsignal_hook_registry-293f3dc27a79fedc.rlib" "/opt/rustwide/target/debug/deps/libnum_cpus-fac0ecdde8bfed0f.rlib" "/opt/rustwide/target/debug/deps/libsocket2-e67ca304ed81159e.rlib" "/opt/rustwide/target/debug/deps/libmemchr-f4ebff342237ab92.rlib" "/opt/rustwide/target/debug/deps/libmio-98d0f5fd6c9af248.rlib" "/opt/rustwide/target/debug/deps/liblog-6f3e788ba8b980aa.rlib" "/opt/rustwide/target/debug/deps/libparking_lot-63aca4a2a3d1ae4e.rlib" "/opt/rustwide/target/debug/deps/libparking_lot_core-48e372878b804aa7.rlib" "/opt/rustwide/target/debug/deps/liblibc-0862579a9f3922a6.rlib" "/opt/rustwide/target/debug/deps/libcfg_if-97437e183f3ae6e4.rlib" "/opt/rustwide/target/debug/deps/libsmallvec-a078f506e4f080f1.rlib" "/opt/rustwide/target/debug/deps/liblock_api-83dbbbc23913e320.rlib" "/opt/rustwide/target/debug/deps/libscopeguard-54ff2283d814f48f.rlib" "/opt/rustwide/target/debug/deps/libpin_project_lite-3a747526c5b5aadd.rlib" "/opt/rustwide/target/debug/deps/libhttpdate-591d2bbb0f7914fc.rlib" "/opt/rustwide/target/debug/deps/libhttp-7211ba1c0b2a36f3.rlib" "/opt/rustwide/target/debug/deps/libbytes-cce29d61567ceedd.rlib" "/opt/rustwide/target/debug/deps/libfnv-bb690c336855f248.rlib" "/opt/rustwide/target/debug/deps/libanyhow-e7c1e1b89c60e9c6.rlib" "/opt/rustwide/target/debug/deps/libserde_json-d44216826b651084.rlib" "/opt/rustwide/target/debug/deps/libryu-666d6b875e8a3744.rlib" "/opt/rustwide/target/debug/deps/libitoa-ffd3012d614e23bc.rlib" "/opt/rustwide/target/debug/deps/libserde-ddb3c6335c9cb793.rlib" "/opt/rustwide/rustup-home/toolchains/beta-2023-04-20-x86_64-unknown-linux-gnu/lib/rustlib/x86_64-unknown-linux-gnu/lib/libstd-0e29cc23c5e02021.rlib" "/opt/rustwide/rustup-home/toolchains/beta-2023-04-20-x86_64-unknown-linux-gnu/lib/rustlib/x86_64-unknown-linux-gnu/lib/libpanic_unwind-d903621768a861d9.rlib" "/opt/rustwide/rustup-home/toolchains/beta-2023-04-20-x86_64-unknown-linux-gnu/lib/rustlib/x86_64-unknown-linux-gnu/lib/libobject-6d0225e655f31c13.rlib" "/opt/rustwide/rustup-home/toolchains/beta-2023-04-20-x86_64-unknown-linux-gnu/lib/rustlib/x86_64-unknown-linux-gnu/lib/libmemchr-9dbaf4eac7eaa079.rlib" "/opt/rustwide/rustup-home/toolchains/beta-2023-04-20-x86_64-unknown-linux-gnu/lib/rustlib/x86_64-unknown-linux-gnu/lib/libaddr2line-27f05b3d42a66dd0.rlib" "/opt/rustwide/rustup-home/toolchains/beta-2023-04-20-x86_64-unknown-linux-gnu/lib/rustlib/x86_64-unknown-linux-gnu/lib/libgimli-4d73f1030321c9a2.rlib" "/opt/rustwide/rustup-home/toolchains/beta-2023-04-20-x86_64-unknown-linux-gnu/lib/rustlib/x86_64-unknown-linux-gnu/lib/librustc_demangle-2846c9e58abd0acb.rlib" "/opt/rustwide/rustup-home/toolchains/beta-2023-04-20-x86_64-unknown-linux-gnu/lib/rustlib/x86_64-unknown-linux-gnu/lib/libstd_detect-a53d0f50415947be.rlib" "/opt/rustwide/rustup-home/toolchains/beta-2023-04-20-x86_64-unknown-linux-gnu/lib/rustlib/x86_64-unknown-linux-gnu/lib/libhashbrown-d48e4b6abc25b9dc.rlib" "/opt/rustwide/rustup-home/toolchains/beta-2023-04-20-x86_64-unknown-linux-gnu/lib/rustlib/x86_64-unknown-linux-gnu/lib/libminiz_oxide-2991859439ef1207.rlib" "/opt/rustwide/rustup-home/toolchains/beta-2023-04-20-x86_64-unknown-linux-gnu/lib/rustlib/x86_64-unknown-linux-gnu/lib/libadler-8a687517e4221bae.rlib" "/opt/rustwide/rustup-home/toolchains/beta-2023-04-20-x86_64-unknown-linux-gnu/lib/rustlib/x86_64-unknown-linux-gnu/lib/librustc_std_workspace_alloc-e07b554f6a67f5b3.rlib" "/opt/rustwide/rustup-home/toolchains/beta-2023-04-20-x86_64-unknown-linux-gnu/lib/rustlib/x86_64-unknown-linux-gnu/lib/libunwind-b68238b7c3c619dd.rlib" "/opt/rustwide/rustup-home/toolchains/beta-2023-04-20-x86_64-unknown-linux-gnu/lib/rustlib/x86_64-unknown-linux-gnu/lib/libcfg_if-d5e213e896c017e4.rlib" "/opt/rustwide/rustup-home/toolchains/beta-2023-04-20-x86_64-unknown-linux-gnu/lib/rustlib/x86_64-unknown-linux-gnu/lib/liblibc-0211a3b2e61d8689.rlib" "/opt/rustwide/rustup-home/toolchains/beta-2023-04-20-x86_64-unknown-linux-gnu/lib/rustlib/x86_64-unknown-linux-gnu/lib/liballoc-b371f055239ba51f.rlib" "/opt/rustwide/rustup-home/toolchains/beta-2023-04-20-x86_64-unknown-linux-gnu/lib/rustlib/x86_64-unknown-linux-gnu/lib/librustc_std_workspace_core-e60518d2760eb01e.rlib" "/opt/rustwide/rustup-home/toolchains/beta-2023-04-20-x86_64-unknown-linux-gnu/lib/rustlib/x86_64-unknown-linux-gnu/lib/libcore-1ad943f92a4b1081.rlib" "/opt/rustwide/rustup-home/toolchains/beta-2023-04-20-x86_64-unknown-linux-gnu/lib/rustlib/x86_64-unknown-linux-gnu/lib/libcompiler_builtins-f0d6e4d0fc1e80b4.rlib" "-Wl,-Bdynamic" "-lgcc_s" "-lutil" "-lrt" "-lpthread" "-lm" "-ldl" "-lc" "-Wl,--eh-frame-hdr" "-Wl,-z,noexecstack" "-L" "/opt/rustwide/rustup-home/toolchains/beta-2023-04-20-x86_64-unknown-linux-gnu/lib/rustlib/x86_64-unknown-linux-gnu/lib" "-o" "/opt/rustwide/target/debug/examples/get_billing_info-46706df638761cb3" "-Wl,--gc-sections" "-pie" "-Wl,-z,relro,-z,now" "-nodefaultlibs"
[INFO] [stdout]   = note: collect2: fatal error: ld terminated with signal 9 [Killed]
[INFO] [stdout]           compilation terminated.
[INFO] [stdout]           
[INFO] [stdout] 
[INFO] [stdout] 
[INFO] [stdout] error: aborting due to previous error
[INFO] [stdout] 
[INFO] [stdout] 
[INFO] [stderr] error: could not compile `recurly` (example "get_billing_info") due to 2 previous errors
[INFO] [stdout] error: linking with `cc` failed: exit status: 1
[INFO] [stdout]   |
[INFO] [stdout]   = note: LC_ALL="C" PATH="/opt/rustwide/rustup-home/toolchains/beta-2023-04-20-x86_64-unknown-linux-gnu/lib/rustlib/x86_64-unknown-linux-gnu/bin:/opt/rustwide/cargo-home/bin:/usr/local/sbin:/usr/local/bin:/usr/sbin:/usr/bin:/sbin:/bin" VSLANG="1033" "cc" "-m64" "/tmp/rustcmiKNOO/symbols.o" "/opt/rustwide/target/debug/examples/get_coupon-7adb92b7e5669c28.get_coupon.2628a747-cgu.0.rcgu.o" "/opt/rustwide/target/debug/examples/get_coupon-7adb92b7e5669c28.get_coupon.2628a747-cgu.1.rcgu.o" "/opt/rustwide/target/debug/examples/get_coupon-7adb92b7e5669c28.get_coupon.2628a747-cgu.10.rcgu.o" "/opt/rustwide/target/debug/examples/get_coupon-7adb92b7e5669c28.get_coupon.2628a747-cgu.11.rcgu.o" "/opt/rustwide/target/debug/examples/get_coupon-7adb92b7e5669c28.get_coupon.2628a747-cgu.12.rcgu.o" "/opt/rustwide/target/debug/examples/get_coupon-7adb92b7e5669c28.get_coupon.2628a747-cgu.13.rcgu.o" "/opt/rustwide/target/debug/examples/get_coupon-7adb92b7e5669c28.get_coupon.2628a747-cgu.14.rcgu.o" "/opt/rustwide/target/debug/examples/get_coupon-7adb92b7e5669c28.get_coupon.2628a747-cgu.15.rcgu.o" "/opt/rustwide/target/debug/examples/get_coupon-7adb92b7e5669c28.get_coupon.2628a747-cgu.2.rcgu.o" "/opt/rustwide/target/debug/examples/get_coupon-7adb92b7e5669c28.get_coupon.2628a747-cgu.3.rcgu.o" "/opt/rustwide/target/debug/examples/get_coupon-7adb92b7e5669c28.get_coupon.2628a747-cgu.4.rcgu.o" "/opt/rustwide/target/debug/examples/get_coupon-7adb92b7e5669c28.get_coupon.2628a747-cgu.5.rcgu.o" "/opt/rustwide/target/debug/examples/get_coupon-7adb92b7e5669c28.get_coupon.2628a747-cgu.6.rcgu.o" "/opt/rustwide/target/debug/examples/get_coupon-7adb92b7e5669c28.get_coupon.2628a747-cgu.7.rcgu.o" "/opt/rustwide/target/debug/examples/get_coupon-7adb92b7e5669c28.get_coupon.2628a747-cgu.8.rcgu.o" "/opt/rustwide/target/debug/examples/get_coupon-7adb92b7e5669c28.get_coupon.2628a747-cgu.9.rcgu.o" "/opt/rustwide/target/debug/examples/get_coupon-7adb92b7e5669c28.hxpxyokvnn1esyu.rcgu.o" "-Wl,--as-needed" "-L" "/opt/rustwide/target/debug/deps" "-L" "/opt/rustwide/target/debug/build/ring-f5b183657db86d85/out" "-L" "/opt/rustwide/rustup-home/toolchains/beta-2023-04-20-x86_64-unknown-linux-gnu/lib/rustlib/x86_64-unknown-linux-gnu/lib" "-Wl,-Bstatic" "/opt/rustwide/target/debug/deps/librecurly-97799b2b043286eb.rlib" "/opt/rustwide/target/debug/deps/libhttpclient-c35bf85ff2727afe.rlib" "/opt/rustwide/target/debug/deps/liburlencoding-cda6fb7542cc3534.rlib" "/opt/rustwide/target/debug/deps/libthiserror-48a38dced0f12b49.rlib" "/opt/rustwide/target/debug/deps/libencoding_rs-f492db31e71be9dd.rlib" "/opt/rustwide/target/debug/deps/libwalkdir-d68fa3dede4483c7.rlib" "/opt/rustwide/target/debug/deps/libsame_file-4e9955724bab8d4a.rlib" "/opt/rustwide/target/debug/deps/libhyper_rustls-40bc4cbeca6266fb.rlib" "/opt/rustwide/target/debug/deps/librustls_native_certs-58b5787ee26a5703.rlib" "/opt/rustwide/target/debug/deps/librustls_pemfile-5bf3558b2fb63536.rlib" "/opt/rustwide/target/debug/deps/libbase64-0c872e3f7d1ba17a.rlib" "/opt/rustwide/target/debug/deps/libopenssl_probe-361016bdcb077fee.rlib" "/opt/rustwide/target/debug/deps/libtokio_rustls-7eb88ed6f539f6f5.rlib" "/opt/rustwide/target/debug/deps/librustls-bd9bb4df940084fd.rlib" "/opt/rustwide/target/debug/deps/libsct-46dd28134441f9dc.rlib" "/opt/rustwide/target/debug/deps/libwebpki-ff863092c31f125d.rlib" "/opt/rustwide/target/debug/deps/libring-e2b8ae06150d30b9.rlib" "/opt/rustwide/target/debug/deps/libspin-0ce7eed86e654be1.rlib" "/opt/rustwide/target/debug/deps/libuntrusted-299fbcd347deffe0.rlib" "/opt/rustwide/target/debug/deps/libhyper-362ae69ddbd73b0e.rlib" "/opt/rustwide/target/debug/deps/libwant-56c804d012b703ef.rlib" "/opt/rustwide/target/debug/deps/libtry_lock-9f7beed53871ae63.rlib" "/opt/rustwide/target/debug/deps/libhttparse-463bd4a7f2c72ba2.rlib" "/opt/rustwide/target/debug/deps/libtower_service-6e0b9a8ac2b0d4d0.rlib" "/opt/rustwide/target/debug/deps/libtracing-97b2f511248d72a1.rlib" "/opt/rustwide/target/debug/deps/libtracing_core-f6c3b5e7685a4e09.rlib" "/opt/rustwide/target/debug/deps/libonce_cell-3cdae169d48e1efa.rlib" "/opt/rustwide/target/debug/deps/libhttp_body-5c79a98a119d9e28.rlib" "/opt/rustwide/target/debug/deps/libfutures_util-1a58ee6e06b310a1.rlib" "/opt/rustwide/target/debug/deps/libfutures_io-a8aae0763cd0fef2.rlib" "/opt/rustwide/target/debug/deps/libslab-f707bf0c16d9b9e8.rlib" "/opt/rustwide/target/debug/deps/libfutures_channel-aa0f8f96fbc6d5d9.rlib" "/opt/rustwide/target/debug/deps/libfutures_sink-00014a0297265fca.rlib" "/opt/rustwide/target/debug/deps/libfutures_task-50aff713b3bd5ec5.rlib" "/opt/rustwide/target/debug/deps/libpin_utils-501725f4e360d46d.rlib" "/opt/rustwide/target/debug/deps/libfutures_core-fc190526a17c58de.rlib" "/opt/rustwide/target/debug/deps/libtokio-6c44b095501439f9.rlib" "/opt/rustwide/target/debug/deps/libsignal_hook_registry-293f3dc27a79fedc.rlib" "/opt/rustwide/target/debug/deps/libnum_cpus-fac0ecdde8bfed0f.rlib" "/opt/rustwide/target/debug/deps/libsocket2-e67ca304ed81159e.rlib" "/opt/rustwide/target/debug/deps/libmemchr-f4ebff342237ab92.rlib" "/opt/rustwide/target/debug/deps/libmio-98d0f5fd6c9af248.rlib" "/opt/rustwide/target/debug/deps/liblog-6f3e788ba8b980aa.rlib" "/opt/rustwide/target/debug/deps/libparking_lot-63aca4a2a3d1ae4e.rlib" "/opt/rustwide/target/debug/deps/libparking_lot_core-48e372878b804aa7.rlib" "/opt/rustwide/target/debug/deps/liblibc-0862579a9f3922a6.rlib" "/opt/rustwide/target/debug/deps/libcfg_if-97437e183f3ae6e4.rlib" "/opt/rustwide/target/debug/deps/libsmallvec-a078f506e4f080f1.rlib" "/opt/rustwide/target/debug/deps/liblock_api-83dbbbc23913e320.rlib" "/opt/rustwide/target/debug/deps/libscopeguard-54ff2283d814f48f.rlib" "/opt/rustwide/target/debug/deps/libpin_project_lite-3a747526c5b5aadd.rlib" "/opt/rustwide/target/debug/deps/libhttpdate-591d2bbb0f7914fc.rlib" "/opt/rustwide/target/debug/deps/libhttp-7211ba1c0b2a36f3.rlib" "/opt/rustwide/target/debug/deps/libbytes-cce29d61567ceedd.rlib" "/opt/rustwide/target/debug/deps/libfnv-bb690c336855f248.rlib" "/opt/rustwide/target/debug/deps/libanyhow-e7c1e1b89c60e9c6.rlib" "/opt/rustwide/target/debug/deps/libserde_json-d44216826b651084.rlib" "/opt/rustwide/target/debug/deps/libryu-666d6b875e8a3744.rlib" "/opt/rustwide/target/debug/deps/libitoa-ffd3012d614e23bc.rlib" "/opt/rustwide/target/debug/deps/libserde-ddb3c6335c9cb793.rlib" "/opt/rustwide/rustup-home/toolchains/beta-2023-04-20-x86_64-unknown-linux-gnu/lib/rustlib/x86_64-unknown-linux-gnu/lib/libstd-0e29cc23c5e02021.rlib" "/opt/rustwide/rustup-home/toolchains/beta-2023-04-20-x86_64-unknown-linux-gnu/lib/rustlib/x86_64-unknown-linux-gnu/lib/libpanic_unwind-d903621768a861d9.rlib" "/opt/rustwide/rustup-home/toolchains/beta-2023-04-20-x86_64-unknown-linux-gnu/lib/rustlib/x86_64-unknown-linux-gnu/lib/libobject-6d0225e655f31c13.rlib" "/opt/rustwide/rustup-home/toolchains/beta-2023-04-20-x86_64-unknown-linux-gnu/lib/rustlib/x86_64-unknown-linux-gnu/lib/libmemchr-9dbaf4eac7eaa079.rlib" "/opt/rustwide/rustup-home/toolchains/beta-2023-04-20-x86_64-unknown-linux-gnu/lib/rustlib/x86_64-unknown-linux-gnu/lib/libaddr2line-27f05b3d42a66dd0.rlib" "/opt/rustwide/rustup-home/toolchains/beta-2023-04-20-x86_64-unknown-linux-gnu/lib/rustlib/x86_64-unknown-linux-gnu/lib/libgimli-4d73f1030321c9a2.rlib" "/opt/rustwide/rustup-home/toolchains/beta-2023-04-20-x86_64-unknown-linux-gnu/lib/rustlib/x86_64-unknown-linux-gnu/lib/librustc_demangle-2846c9e58abd0acb.rlib" "/opt/rustwide/rustup-home/toolchains/beta-2023-04-20-x86_64-unknown-linux-gnu/lib/rustlib/x86_64-unknown-linux-gnu/lib/libstd_detect-a53d0f50415947be.rlib" "/opt/rustwide/rustup-home/toolchains/beta-2023-04-20-x86_64-unknown-linux-gnu/lib/rustlib/x86_64-unknown-linux-gnu/lib/libhashbrown-d48e4b6abc25b9dc.rlib" "/opt/rustwide/rustup-home/toolchains/beta-2023-04-20-x86_64-unknown-linux-gnu/lib/rustlib/x86_64-unknown-linux-gnu/lib/libminiz_oxide-2991859439ef1207.rlib" "/opt/rustwide/rustup-home/toolchains/beta-2023-04-20-x86_64-unknown-linux-gnu/lib/rustlib/x86_64-unknown-linux-gnu/lib/libadler-8a687517e4221bae.rlib" "/opt/rustwide/rustup-home/toolchains/beta-2023-04-20-x86_64-unknown-linux-gnu/lib/rustlib/x86_64-unknown-linux-gnu/lib/librustc_std_workspace_alloc-e07b554f6a67f5b3.rlib" "/opt/rustwide/rustup-home/toolchains/beta-2023-04-20-x86_64-unknown-linux-gnu/lib/rustlib/x86_64-unknown-linux-gnu/lib/libunwind-b68238b7c3c619dd.rlib" "/opt/rustwide/rustup-home/toolchains/beta-2023-04-20-x86_64-unknown-linux-gnu/lib/rustlib/x86_64-unknown-linux-gnu/lib/libcfg_if-d5e213e896c017e4.rlib" "/opt/rustwide/rustup-home/toolchains/beta-2023-04-20-x86_64-unknown-linux-gnu/lib/rustlib/x86_64-unknown-linux-gnu/lib/liblibc-0211a3b2e61d8689.rlib" "/opt/rustwide/rustup-home/toolchains/beta-2023-04-20-x86_64-unknown-linux-gnu/lib/rustlib/x86_64-unknown-linux-gnu/lib/liballoc-b371f055239ba51f.rlib" "/opt/rustwide/rustup-home/toolchains/beta-2023-04-20-x86_64-unknown-linux-gnu/lib/rustlib/x86_64-unknown-linux-gnu/lib/librustc_std_workspace_core-e60518d2760eb01e.rlib" "/opt/rustwide/rustup-home/toolchains/beta-2023-04-20-x86_64-unknown-linux-gnu/lib/rustlib/x86_64-unknown-linux-gnu/lib/libcore-1ad943f92a4b1081.rlib" "/opt/rustwide/rustup-home/toolchains/beta-2023-04-20-x86_64-unknown-linux-gnu/lib/rustlib/x86_64-unknown-linux-gnu/lib/libcompiler_builtins-f0d6e4d0fc1e80b4.rlib" "-Wl,-Bdynamic" "-lgcc_s" "-lutil" "-lrt" "-lpthread" "-lm" "-ldl" "-lc" "-Wl,--eh-frame-hdr" "-Wl,-z,noexecstack" "-L" "/opt/rustwide/rustup-home/toolchains/beta-2023-04-20-x86_64-unknown-linux-gnu/lib/rustlib/x86_64-unknown-linux-gnu/lib" "-o" "/opt/rustwide/target/debug/examples/get_coupon-7adb92b7e5669c28" "-Wl,--gc-sections" "-pie" "-Wl,-z,relro,-z,now" "-nodefaultlibs"
[INFO] [stdout]   = note: collect2: fatal error: ld terminated with signal 9 [Killed]
[INFO] [stdout]           compilation terminated.
[INFO] [stdout]           
[INFO] [stdout] 
[INFO] [stdout] 
[INFO] [stdout] error: aborting due to previous error
[INFO] [stdout] 
[INFO] [stdout] 
[INFO] [stderr] error: could not compile `recurly` (example "get_coupon") due to 2 previous errors
[INFO] [stdout] error: linking with `cc` failed: exit status: 1
[INFO] [stdout]   |
[INFO] [stdout]   = note: LC_ALL="C" PATH="/opt/rustwide/rustup-home/toolchains/beta-2023-04-20-x86_64-unknown-linux-gnu/lib/rustlib/x86_64-unknown-linux-gnu/bin:/opt/rustwide/cargo-home/bin:/usr/local/sbin:/usr/local/bin:/usr/sbin:/usr/bin:/sbin:/bin" VSLANG="1033" "cc" "-m64" "/tmp/rustc6kNl9r/symbols.o" "/opt/rustwide/target/debug/examples/get_custom_field_definition-7a84089ba8bc4d0f.get_custom_field_definition.afe81d05-cgu.0.rcgu.o" "/opt/rustwide/target/debug/examples/get_custom_field_definition-7a84089ba8bc4d0f.get_custom_field_definition.afe81d05-cgu.1.rcgu.o" "/opt/rustwide/target/debug/examples/get_custom_field_definition-7a84089ba8bc4d0f.get_custom_field_definition.afe81d05-cgu.10.rcgu.o" "/opt/rustwide/target/debug/examples/get_custom_field_definition-7a84089ba8bc4d0f.get_custom_field_definition.afe81d05-cgu.11.rcgu.o" "/opt/rustwide/target/debug/examples/get_custom_field_definition-7a84089ba8bc4d0f.get_custom_field_definition.afe81d05-cgu.12.rcgu.o" "/opt/rustwide/target/debug/examples/get_custom_field_definition-7a84089ba8bc4d0f.get_custom_field_definition.afe81d05-cgu.13.rcgu.o" "/opt/rustwide/target/debug/examples/get_custom_field_definition-7a84089ba8bc4d0f.get_custom_field_definition.afe81d05-cgu.14.rcgu.o" "/opt/rustwide/target/debug/examples/get_custom_field_definition-7a84089ba8bc4d0f.get_custom_field_definition.afe81d05-cgu.15.rcgu.o" "/opt/rustwide/target/debug/examples/get_custom_field_definition-7a84089ba8bc4d0f.get_custom_field_definition.afe81d05-cgu.2.rcgu.o" "/opt/rustwide/target/debug/examples/get_custom_field_definition-7a84089ba8bc4d0f.get_custom_field_definition.afe81d05-cgu.3.rcgu.o" "/opt/rustwide/target/debug/examples/get_custom_field_definition-7a84089ba8bc4d0f.get_custom_field_definition.afe81d05-cgu.4.rcgu.o" "/opt/rustwide/target/debug/examples/get_custom_field_definition-7a84089ba8bc4d0f.get_custom_field_definition.afe81d05-cgu.5.rcgu.o" "/opt/rustwide/target/debug/examples/get_custom_field_definition-7a84089ba8bc4d0f.get_custom_field_definition.afe81d05-cgu.6.rcgu.o" "/opt/rustwide/target/debug/examples/get_custom_field_definition-7a84089ba8bc4d0f.get_custom_field_definition.afe81d05-cgu.7.rcgu.o" "/opt/rustwide/target/debug/examples/get_custom_field_definition-7a84089ba8bc4d0f.get_custom_field_definition.afe81d05-cgu.8.rcgu.o" "/opt/rustwide/target/debug/examples/get_custom_field_definition-7a84089ba8bc4d0f.get_custom_field_definition.afe81d05-cgu.9.rcgu.o" "/opt/rustwide/target/debug/examples/get_custom_field_definition-7a84089ba8bc4d0f.29utsc5uv7birpr0.rcgu.o" "-Wl,--as-needed" "-L" "/opt/rustwide/target/debug/deps" "-L" "/opt/rustwide/target/debug/build/ring-f5b183657db86d85/out" "-L" "/opt/rustwide/rustup-home/toolchains/beta-2023-04-20-x86_64-unknown-linux-gnu/lib/rustlib/x86_64-unknown-linux-gnu/lib" "-Wl,-Bstatic" "/opt/rustwide/target/debug/deps/librecurly-97799b2b043286eb.rlib" "/opt/rustwide/target/debug/deps/libhttpclient-c35bf85ff2727afe.rlib" "/opt/rustwide/target/debug/deps/liburlencoding-cda6fb7542cc3534.rlib" "/opt/rustwide/target/debug/deps/libthiserror-48a38dced0f12b49.rlib" "/opt/rustwide/target/debug/deps/libencoding_rs-f492db31e71be9dd.rlib" "/opt/rustwide/target/debug/deps/libwalkdir-d68fa3dede4483c7.rlib" "/opt/rustwide/target/debug/deps/libsame_file-4e9955724bab8d4a.rlib" "/opt/rustwide/target/debug/deps/libhyper_rustls-40bc4cbeca6266fb.rlib" "/opt/rustwide/target/debug/deps/librustls_native_certs-58b5787ee26a5703.rlib" "/opt/rustwide/target/debug/deps/librustls_pemfile-5bf3558b2fb63536.rlib" "/opt/rustwide/target/debug/deps/libbase64-0c872e3f7d1ba17a.rlib" "/opt/rustwide/target/debug/deps/libopenssl_probe-361016bdcb077fee.rlib" "/opt/rustwide/target/debug/deps/libtokio_rustls-7eb88ed6f539f6f5.rlib" "/opt/rustwide/target/debug/deps/librustls-bd9bb4df940084fd.rlib" "/opt/rustwide/target/debug/deps/libsct-46dd28134441f9dc.rlib" "/opt/rustwide/target/debug/deps/libwebpki-ff863092c31f125d.rlib" "/opt/rustwide/target/debug/deps/libring-e2b8ae06150d30b9.rlib" "/opt/rustwide/target/debug/deps/libspin-0ce7eed86e654be1.rlib" "/opt/rustwide/target/debug/deps/libuntrusted-299fbcd347deffe0.rlib" "/opt/rustwide/target/debug/deps/libhyper-362ae69ddbd73b0e.rlib" "/opt/rustwide/target/debug/deps/libwant-56c804d012b703ef.rlib" "/opt/rustwide/target/debug/deps/libtry_lock-9f7beed53871ae63.rlib" "/opt/rustwide/target/debug/deps/libhttparse-463bd4a7f2c72ba2.rlib" "/opt/rustwide/target/debug/deps/libtower_service-6e0b9a8ac2b0d4d0.rlib" "/opt/rustwide/target/debug/deps/libtracing-97b2f511248d72a1.rlib" "/opt/rustwide/target/debug/deps/libtracing_core-f6c3b5e7685a4e09.rlib" "/opt/rustwide/target/debug/deps/libonce_cell-3cdae169d48e1efa.rlib" "/opt/rustwide/target/debug/deps/libhttp_body-5c79a98a119d9e28.rlib" "/opt/rustwide/target/debug/deps/libfutures_util-1a58ee6e06b310a1.rlib" "/opt/rustwide/target/debug/deps/libfutures_io-a8aae0763cd0fef2.rlib" "/opt/rustwide/target/debug/deps/libslab-f707bf0c16d9b9e8.rlib" "/opt/rustwide/target/debug/deps/libfutures_channel-aa0f8f96fbc6d5d9.rlib" "/opt/rustwide/target/debug/deps/libfutures_sink-00014a0297265fca.rlib" "/opt/rustwide/target/debug/deps/libfutures_task-50aff713b3bd5ec5.rlib" "/opt/rustwide/target/debug/deps/libpin_utils-501725f4e360d46d.rlib" "/opt/rustwide/target/debug/deps/libfutures_core-fc190526a17c58de.rlib" "/opt/rustwide/target/debug/deps/libtokio-6c44b095501439f9.rlib" "/opt/rustwide/target/debug/deps/libsignal_hook_registry-293f3dc27a79fedc.rlib" "/opt/rustwide/target/debug/deps/libnum_cpus-fac0ecdde8bfed0f.rlib" "/opt/rustwide/target/debug/deps/libsocket2-e67ca304ed81159e.rlib" "/opt/rustwide/target/debug/deps/libmemchr-f4ebff342237ab92.rlib" "/opt/rustwide/target/debug/deps/libmio-98d0f5fd6c9af248.rlib" "/opt/rustwide/target/debug/deps/liblog-6f3e788ba8b980aa.rlib" "/opt/rustwide/target/debug/deps/libparking_lot-63aca4a2a3d1ae4e.rlib" "/opt/rustwide/target/debug/deps/libparking_lot_core-48e372878b804aa7.rlib" "/opt/rustwide/target/debug/deps/liblibc-0862579a9f3922a6.rlib" "/opt/rustwide/target/debug/deps/libcfg_if-97437e183f3ae6e4.rlib" "/opt/rustwide/target/debug/deps/libsmallvec-a078f506e4f080f1.rlib" "/opt/rustwide/target/debug/deps/liblock_api-83dbbbc23913e320.rlib" "/opt/rustwide/target/debug/deps/libscopeguard-54ff2283d814f48f.rlib" "/opt/rustwide/target/debug/deps/libpin_project_lite-3a747526c5b5aadd.rlib" "/opt/rustwide/target/debug/deps/libhttpdate-591d2bbb0f7914fc.rlib" "/opt/rustwide/target/debug/deps/libhttp-7211ba1c0b2a36f3.rlib" "/opt/rustwide/target/debug/deps/libbytes-cce29d61567ceedd.rlib" "/opt/rustwide/target/debug/deps/libfnv-bb690c336855f248.rlib" "/opt/rustwide/target/debug/deps/libanyhow-e7c1e1b89c60e9c6.rlib" "/opt/rustwide/target/debug/deps/libserde_json-d44216826b651084.rlib" "/opt/rustwide/target/debug/deps/libryu-666d6b875e8a3744.rlib" "/opt/rustwide/target/debug/deps/libitoa-ffd3012d614e23bc.rlib" "/opt/rustwide/target/debug/deps/libserde-ddb3c6335c9cb793.rlib" "/opt/rustwide/rustup-home/toolchains/beta-2023-04-20-x86_64-unknown-linux-gnu/lib/rustlib/x86_64-unknown-linux-gnu/lib/libstd-0e29cc23c5e02021.rlib" "/opt/rustwide/rustup-home/toolchains/beta-2023-04-20-x86_64-unknown-linux-gnu/lib/rustlib/x86_64-unknown-linux-gnu/lib/libpanic_unwind-d903621768a861d9.rlib" "/opt/rustwide/rustup-home/toolchains/beta-2023-04-20-x86_64-unknown-linux-gnu/lib/rustlib/x86_64-unknown-linux-gnu/lib/libobject-6d0225e655f31c13.rlib" "/opt/rustwide/rustup-home/toolchains/beta-2023-04-20-x86_64-unknown-linux-gnu/lib/rustlib/x86_64-unknown-linux-gnu/lib/libmemchr-9dbaf4eac7eaa079.rlib" "/opt/rustwide/rustup-home/toolchains/beta-2023-04-20-x86_64-unknown-linux-gnu/lib/rustlib/x86_64-unknown-linux-gnu/lib/libaddr2line-27f05b3d42a66dd0.rlib" "/opt/rustwide/rustup-home/toolchains/beta-2023-04-20-x86_64-unknown-linux-gnu/lib/rustlib/x86_64-unknown-linux-gnu/lib/libgimli-4d73f1030321c9a2.rlib" "/opt/rustwide/rustup-home/toolchains/beta-2023-04-20-x86_64-unknown-linux-gnu/lib/rustlib/x86_64-unknown-linux-gnu/lib/librustc_demangle-2846c9e58abd0acb.rlib" "/opt/rustwide/rustup-home/toolchains/beta-2023-04-20-x86_64-unknown-linux-gnu/lib/rustlib/x86_64-unknown-linux-gnu/lib/libstd_detect-a53d0f50415947be.rlib" "/opt/rustwide/rustup-home/toolchains/beta-2023-04-20-x86_64-unknown-linux-gnu/lib/rustlib/x86_64-unknown-linux-gnu/lib/libhashbrown-d48e4b6abc25b9dc.rlib" "/opt/rustwide/rustup-home/toolchains/beta-2023-04-20-x86_64-unknown-linux-gnu/lib/rustlib/x86_64-unknown-linux-gnu/lib/libminiz_oxide-2991859439ef1207.rlib" "/opt/rustwide/rustup-home/toolchains/beta-2023-04-20-x86_64-unknown-linux-gnu/lib/rustlib/x86_64-unknown-linux-gnu/lib/libadler-8a687517e4221bae.rlib" "/opt/rustwide/rustup-home/toolchains/beta-2023-04-20-x86_64-unknown-linux-gnu/lib/rustlib/x86_64-unknown-linux-gnu/lib/librustc_std_workspace_alloc-e07b554f6a67f5b3.rlib" "/opt/rustwide/rustup-home/toolchains/beta-2023-04-20-x86_64-unknown-linux-gnu/lib/rustlib/x86_64-unknown-linux-gnu/lib/libunwind-b68238b7c3c619dd.rlib" "/opt/rustwide/rustup-home/toolchains/beta-2023-04-20-x86_64-unknown-linux-gnu/lib/rustlib/x86_64-unknown-linux-gnu/lib/libcfg_if-d5e213e896c017e4.rlib" "/opt/rustwide/rustup-home/toolchains/beta-2023-04-20-x86_64-unknown-linux-gnu/lib/rustlib/x86_64-unknown-linux-gnu/lib/liblibc-0211a3b2e61d8689.rlib" "/opt/rustwide/rustup-home/toolchains/beta-2023-04-20-x86_64-unknown-linux-gnu/lib/rustlib/x86_64-unknown-linux-gnu/lib/liballoc-b371f055239ba51f.rlib" "/opt/rustwide/rustup-home/toolchains/beta-2023-04-20-x86_64-unknown-linux-gnu/lib/rustlib/x86_64-unknown-linux-gnu/lib/librustc_std_workspace_core-e60518d2760eb01e.rlib" "/opt/rustwide/rustup-home/toolchains/beta-2023-04-20-x86_64-unknown-linux-gnu/lib/rustlib/x86_64-unknown-linux-gnu/lib/libcore-1ad943f92a4b1081.rlib" "/opt/rustwide/rustup-home/toolchains/beta-2023-04-20-x86_64-unknown-linux-gnu/lib/rustlib/x86_64-unknown-linux-gnu/lib/libcompiler_builtins-f0d6e4d0fc1e80b4.rlib" "-Wl,-Bdynamic" "-lgcc_s" "-lutil" "-lrt" "-lpthread" "-lm" "-ldl" "-lc" "-Wl,--eh-frame-hdr" "-Wl,-z,noexecstack" "-L" "/opt/rustwide/rustup-home/toolchains/beta-2023-04-20-x86_64-unknown-linux-gnu/lib/rustlib/x86_64-unknown-linux-gnu/lib" "-o" "/opt/rustwide/target/debug/examples/get_custom_field_definition-7a84089ba8bc4d0f" "-Wl,--gc-sections" "-pie" "-Wl,-z,relro,-z,now" "-nodefaultlibs"
[INFO] [stdout]   = note: collect2: fatal error: ld terminated with signal 9 [Killed]
[INFO] [stdout]           compilation terminated.
[INFO] [stdout]           
[INFO] [stdout] 
[INFO] [stdout] 
[INFO] [stdout] error: aborting due to previous error
[INFO] [stdout] 
[INFO] [stdout] 
[INFO] [stderr] error: could not compile `recurly` (example "get_custom_field_definition") due to 2 previous errors
[INFO] [stderr] error: could not compile `recurly` (lib test)
[INFO] [stderr] 
[INFO] [stderr] Caused by:
[INFO] [stderr]   process didn't exit successfully: `rustc --crate-name recurly --edition=2021 src/lib.rs --error-format=json --json=diagnostic-rendered-ansi,artifacts,future-incompat --emit=dep-info,link -C embed-bitcode=no -C debuginfo=2 --test -C metadata=69508b88377b2b42 -C extra-filename=-69508b88377b2b42 --out-dir /opt/rustwide/target/debug/deps -L dependency=/opt/rustwide/target/debug/deps --extern anyhow=/opt/rustwide/target/debug/deps/libanyhow-e7c1e1b89c60e9c6.rlib --extern httpclient=/opt/rustwide/target/debug/deps/libhttpclient-c35bf85ff2727afe.rlib --extern serde=/opt/rustwide/target/debug/deps/libserde-ddb3c6335c9cb793.rlib --extern serde_json=/opt/rustwide/target/debug/deps/libserde_json-d44216826b651084.rlib --extern tokio=/opt/rustwide/target/debug/deps/libtokio-6c44b095501439f9.rlib --cap-lints=warn -L native=/opt/rustwide/target/debug/build/ring-f5b183657db86d85/out` (signal: 9, SIGKILL: kill)
[INFO] [stdout] error: linking with `cc` failed: exit status: 1
[INFO] [stdout]   |
[INFO] [stdout]   = note: LC_ALL="C" PATH="/opt/rustwide/rustup-home/toolchains/beta-2023-04-20-x86_64-unknown-linux-gnu/lib/rustlib/x86_64-unknown-linux-gnu/bin:/opt/rustwide/cargo-home/bin:/usr/local/sbin:/usr/local/bin:/usr/sbin:/usr/bin:/sbin:/bin" VSLANG="1033" "cc" "-m64" "/tmp/rustcUKF2jZ/symbols.o" "/opt/rustwide/target/debug/examples/reactivate_account-ac1616c8017aee70.reactivate_account.be98ea56-cgu.0.rcgu.o" "/opt/rustwide/target/debug/examples/reactivate_account-ac1616c8017aee70.reactivate_account.be98ea56-cgu.1.rcgu.o" "/opt/rustwide/target/debug/examples/reactivate_account-ac1616c8017aee70.reactivate_account.be98ea56-cgu.10.rcgu.o" "/opt/rustwide/target/debug/examples/reactivate_account-ac1616c8017aee70.reactivate_account.be98ea56-cgu.11.rcgu.o" "/opt/rustwide/target/debug/examples/reactivate_account-ac1616c8017aee70.reactivate_account.be98ea56-cgu.12.rcgu.o" "/opt/rustwide/target/debug/examples/reactivate_account-ac1616c8017aee70.reactivate_account.be98ea56-cgu.13.rcgu.o" "/opt/rustwide/target/debug/examples/reactivate_account-ac1616c8017aee70.reactivate_account.be98ea56-cgu.14.rcgu.o" "/opt/rustwide/target/debug/examples/reactivate_account-ac1616c8017aee70.reactivate_account.be98ea56-cgu.15.rcgu.o" "/opt/rustwide/target/debug/examples/reactivate_account-ac1616c8017aee70.reactivate_account.be98ea56-cgu.2.rcgu.o" "/opt/rustwide/target/debug/examples/reactivate_account-ac1616c8017aee70.reactivate_account.be98ea56-cgu.3.rcgu.o" "/opt/rustwide/target/debug/examples/reactivate_account-ac1616c8017aee70.reactivate_account.be98ea56-cgu.4.rcgu.o" "/opt/rustwide/target/debug/examples/reactivate_account-ac1616c8017aee70.reactivate_account.be98ea56-cgu.5.rcgu.o" "/opt/rustwide/target/debug/examples/reactivate_account-ac1616c8017aee70.reactivate_account.be98ea56-cgu.6.rcgu.o" "/opt/rustwide/target/debug/examples/reactivate_account-ac1616c8017aee70.reactivate_account.be98ea56-cgu.7.rcgu.o" "/opt/rustwide/target/debug/examples/reactivate_account-ac1616c8017aee70.reactivate_account.be98ea56-cgu.8.rcgu.o" "/opt/rustwide/target/debug/examples/reactivate_account-ac1616c8017aee70.reactivate_account.be98ea56-cgu.9.rcgu.o" "/opt/rustwide/target/debug/examples/reactivate_account-ac1616c8017aee70.523d617piwu1hlku.rcgu.o" "-Wl,--as-needed" "-L" "/opt/rustwide/target/debug/deps" "-L" "/opt/rustwide/target/debug/build/ring-f5b183657db86d85/out" "-L" "/opt/rustwide/rustup-home/toolchains/beta-2023-04-20-x86_64-unknown-linux-gnu/lib/rustlib/x86_64-unknown-linux-gnu/lib" "-Wl,-Bstatic" "/opt/rustwide/target/debug/deps/librecurly-97799b2b043286eb.rlib" "/opt/rustwide/target/debug/deps/libhttpclient-c35bf85ff2727afe.rlib" "/opt/rustwide/target/debug/deps/liburlencoding-cda6fb7542cc3534.rlib" "/opt/rustwide/target/debug/deps/libthiserror-48a38dced0f12b49.rlib" "/opt/rustwide/target/debug/deps/libencoding_rs-f492db31e71be9dd.rlib" "/opt/rustwide/target/debug/deps/libwalkdir-d68fa3dede4483c7.rlib" "/opt/rustwide/target/debug/deps/libsame_file-4e9955724bab8d4a.rlib" "/opt/rustwide/target/debug/deps/libhyper_rustls-40bc4cbeca6266fb.rlib" "/opt/rustwide/target/debug/deps/librustls_native_certs-58b5787ee26a5703.rlib" "/opt/rustwide/target/debug/deps/librustls_pemfile-5bf3558b2fb63536.rlib" "/opt/rustwide/target/debug/deps/libbase64-0c872e3f7d1ba17a.rlib" "/opt/rustwide/target/debug/deps/libopenssl_probe-361016bdcb077fee.rlib" "/opt/rustwide/target/debug/deps/libtokio_rustls-7eb88ed6f539f6f5.rlib" "/opt/rustwide/target/debug/deps/librustls-bd9bb4df940084fd.rlib" "/opt/rustwide/target/debug/deps/libsct-46dd28134441f9dc.rlib" "/opt/rustwide/target/debug/deps/libwebpki-ff863092c31f125d.rlib" "/opt/rustwide/target/debug/deps/libring-e2b8ae06150d30b9.rlib" "/opt/rustwide/target/debug/deps/libspin-0ce7eed86e654be1.rlib" "/opt/rustwide/target/debug/deps/libuntrusted-299fbcd347deffe0.rlib" "/opt/rustwide/target/debug/deps/libhyper-362ae69ddbd73b0e.rlib" "/opt/rustwide/target/debug/deps/libwant-56c804d012b703ef.rlib" "/opt/rustwide/target/debug/deps/libtry_lock-9f7beed53871ae63.rlib" "/opt/rustwide/target/debug/deps/libhttparse-463bd4a7f2c72ba2.rlib" "/opt/rustwide/target/debug/deps/libtower_service-6e0b9a8ac2b0d4d0.rlib" "/opt/rustwide/target/debug/deps/libtracing-97b2f511248d72a1.rlib" "/opt/rustwide/target/debug/deps/libtracing_core-f6c3b5e7685a4e09.rlib" "/opt/rustwide/target/debug/deps/libonce_cell-3cdae169d48e1efa.rlib" "/opt/rustwide/target/debug/deps/libhttp_body-5c79a98a119d9e28.rlib" "/opt/rustwide/target/debug/deps/libfutures_util-1a58ee6e06b310a1.rlib" "/opt/rustwide/target/debug/deps/libfutures_io-a8aae0763cd0fef2.rlib" "/opt/rustwide/target/debug/deps/libslab-f707bf0c16d9b9e8.rlib" "/opt/rustwide/target/debug/deps/libfutures_channel-aa0f8f96fbc6d5d9.rlib" "/opt/rustwide/target/debug/deps/libfutures_sink-00014a0297265fca.rlib" "/opt/rustwide/target/debug/deps/libfutures_task-50aff713b3bd5ec5.rlib" "/opt/rustwide/target/debug/deps/libpin_utils-501725f4e360d46d.rlib" "/opt/rustwide/target/debug/deps/libfutures_core-fc190526a17c58de.rlib" "/opt/rustwide/target/debug/deps/libtokio-6c44b095501439f9.rlib" "/opt/rustwide/target/debug/deps/libsignal_hook_registry-293f3dc27a79fedc.rlib" "/opt/rustwide/target/debug/deps/libnum_cpus-fac0ecdde8bfed0f.rlib" "/opt/rustwide/target/debug/deps/libsocket2-e67ca304ed81159e.rlib" "/opt/rustwide/target/debug/deps/libmemchr-f4ebff342237ab92.rlib" "/opt/rustwide/target/debug/deps/libmio-98d0f5fd6c9af248.rlib" "/opt/rustwide/target/debug/deps/liblog-6f3e788ba8b980aa.rlib" "/opt/rustwide/target/debug/deps/libparking_lot-63aca4a2a3d1ae4e.rlib" "/opt/rustwide/target/debug/deps/libparking_lot_core-48e372878b804aa7.rlib" "/opt/rustwide/target/debug/deps/liblibc-0862579a9f3922a6.rlib" "/opt/rustwide/target/debug/deps/libcfg_if-97437e183f3ae6e4.rlib" "/opt/rustwide/target/debug/deps/libsmallvec-a078f506e4f080f1.rlib" "/opt/rustwide/target/debug/deps/liblock_api-83dbbbc23913e320.rlib" "/opt/rustwide/target/debug/deps/libscopeguard-54ff2283d814f48f.rlib" "/opt/rustwide/target/debug/deps/libpin_project_lite-3a747526c5b5aadd.rlib" "/opt/rustwide/target/debug/deps/libhttpdate-591d2bbb0f7914fc.rlib" "/opt/rustwide/target/debug/deps/libhttp-7211ba1c0b2a36f3.rlib" "/opt/rustwide/target/debug/deps/libbytes-cce29d61567ceedd.rlib" "/opt/rustwide/target/debug/deps/libfnv-bb690c336855f248.rlib" "/opt/rustwide/target/debug/deps/libanyhow-e7c1e1b89c60e9c6.rlib" "/opt/rustwide/target/debug/deps/libserde_json-d44216826b651084.rlib" "/opt/rustwide/target/debug/deps/libryu-666d6b875e8a3744.rlib" "/opt/rustwide/target/debug/deps/libitoa-ffd3012d614e23bc.rlib" "/opt/rustwide/target/debug/deps/libserde-ddb3c6335c9cb793.rlib" "/opt/rustwide/rustup-home/toolchains/beta-2023-04-20-x86_64-unknown-linux-gnu/lib/rustlib/x86_64-unknown-linux-gnu/lib/libstd-0e29cc23c5e02021.rlib" "/opt/rustwide/rustup-home/toolchains/beta-2023-04-20-x86_64-unknown-linux-gnu/lib/rustlib/x86_64-unknown-linux-gnu/lib/libpanic_unwind-d903621768a861d9.rlib" "/opt/rustwide/rustup-home/toolchains/beta-2023-04-20-x86_64-unknown-linux-gnu/lib/rustlib/x86_64-unknown-linux-gnu/lib/libobject-6d0225e655f31c13.rlib" "/opt/rustwide/rustup-home/toolchains/beta-2023-04-20-x86_64-unknown-linux-gnu/lib/rustlib/x86_64-unknown-linux-gnu/lib/libmemchr-9dbaf4eac7eaa079.rlib" "/opt/rustwide/rustup-home/toolchains/beta-2023-04-20-x86_64-unknown-linux-gnu/lib/rustlib/x86_64-unknown-linux-gnu/lib/libaddr2line-27f05b3d42a66dd0.rlib" "/opt/rustwide/rustup-home/toolchains/beta-2023-04-20-x86_64-unknown-linux-gnu/lib/rustlib/x86_64-unknown-linux-gnu/lib/libgimli-4d73f1030321c9a2.rlib" "/opt/rustwide/rustup-home/toolchains/beta-2023-04-20-x86_64-unknown-linux-gnu/lib/rustlib/x86_64-unknown-linux-gnu/lib/librustc_demangle-2846c9e58abd0acb.rlib" "/opt/rustwide/rustup-home/toolchains/beta-2023-04-20-x86_64-unknown-linux-gnu/lib/rustlib/x86_64-unknown-linux-gnu/lib/libstd_detect-a53d0f50415947be.rlib" "/opt/rustwide/rustup-home/toolchains/beta-2023-04-20-x86_64-unknown-linux-gnu/lib/rustlib/x86_64-unknown-linux-gnu/lib/libhashbrown-d48e4b6abc25b9dc.rlib" "/opt/rustwide/rustup-home/toolchains/beta-2023-04-20-x86_64-unknown-linux-gnu/lib/rustlib/x86_64-unknown-linux-gnu/lib/libminiz_oxide-2991859439ef1207.rlib" "/opt/rustwide/rustup-home/toolchains/beta-2023-04-20-x86_64-unknown-linux-gnu/lib/rustlib/x86_64-unknown-linux-gnu/lib/libadler-8a687517e4221bae.rlib" "/opt/rustwide/rustup-home/toolchains/beta-2023-04-20-x86_64-unknown-linux-gnu/lib/rustlib/x86_64-unknown-linux-gnu/lib/librustc_std_workspace_alloc-e07b554f6a67f5b3.rlib" "/opt/rustwide/rustup-home/toolchains/beta-2023-04-20-x86_64-unknown-linux-gnu/lib/rustlib/x86_64-unknown-linux-gnu/lib/libunwind-b68238b7c3c619dd.rlib" "/opt/rustwide/rustup-home/toolchains/beta-2023-04-20-x86_64-unknown-linux-gnu/lib/rustlib/x86_64-unknown-linux-gnu/lib/libcfg_if-d5e213e896c017e4.rlib" "/opt/rustwide/rustup-home/toolchains/beta-2023-04-20-x86_64-unknown-linux-gnu/lib/rustlib/x86_64-unknown-linux-gnu/lib/liblibc-0211a3b2e61d8689.rlib" "/opt/rustwide/rustup-home/toolchains/beta-2023-04-20-x86_64-unknown-linux-gnu/lib/rustlib/x86_64-unknown-linux-gnu/lib/liballoc-b371f055239ba51f.rlib" "/opt/rustwide/rustup-home/toolchains/beta-2023-04-20-x86_64-unknown-linux-gnu/lib/rustlib/x86_64-unknown-linux-gnu/lib/librustc_std_workspace_core-e60518d2760eb01e.rlib" "/opt/rustwide/rustup-home/toolchains/beta-2023-04-20-x86_64-unknown-linux-gnu/lib/rustlib/x86_64-unknown-linux-gnu/lib/libcore-1ad943f92a4b1081.rlib" "/opt/rustwide/rustup-home/toolchains/beta-2023-04-20-x86_64-unknown-linux-gnu/lib/rustlib/x86_64-unknown-linux-gnu/lib/libcompiler_builtins-f0d6e4d0fc1e80b4.rlib" "-Wl,-Bdynamic" "-lgcc_s" "-lutil" "-lrt" "-lpthread" "-lm" "-ldl" "-lc" "-Wl,--eh-frame-hdr" "-Wl,-z,noexecstack" "-L" "/opt/rustwide/rustup-home/toolchains/beta-2023-04-20-x86_64-unknown-linux-gnu/lib/rustlib/x86_64-unknown-linux-gnu/lib" "-o" "/opt/rustwide/target/debug/examples/reactivate_account-ac1616c8017aee70" "-Wl,--gc-sections" "-pie" "-Wl,-z,relro,-z,now" "-nodefaultlibs"
[INFO] [stdout]   = note: collect2: fatal error: ld terminated with signal 9 [Killed]
[INFO] [stdout]           compilation terminated.
[INFO] [stdout]           
[INFO] [stdout] 
[INFO] [stdout] 
[INFO] [stdout] error: aborting due to previous error
[INFO] [stdout] 
[INFO] [stdout] 
[INFO] [stderr] error: could not compile `recurly` (example "reactivate_account") due to 2 previous errors
[INFO] running `Command { std: "docker" "inspect" "b2df8163ef3ff7b04a8188a077a779c9ca63744fdf5027fb37160cc9d79fad56", kill_on_drop: false }`
[INFO] running `Command { std: "docker" "rm" "-f" "b2df8163ef3ff7b04a8188a077a779c9ca63744fdf5027fb37160cc9d79fad56", kill_on_drop: false }`
[INFO] [stdout] b2df8163ef3ff7b04a8188a077a779c9ca63744fdf5027fb37160cc9d79fad56
