[INFO] fetching crate read-process-memory-ptrace 0.1.4...
[INFO] testing read-process-memory-ptrace-0.1.4 against 1.69.0 for beta-1.70-1
[INFO] extracting crate read-process-memory-ptrace 0.1.4 into /workspace/builds/worker-3-tc1/source
[INFO] validating manifest of crates.io crate read-process-memory-ptrace 0.1.4 on toolchain 1.69.0
[INFO] running `Command { std: CARGO_HOME="/workspace/cargo-home" RUSTUP_HOME="/workspace/rustup-home" "/workspace/cargo-home/bin/cargo" "+1.69.0" "metadata" "--manifest-path" "Cargo.toml" "--no-deps", kill_on_drop: false }`
[INFO] started tweaking crates.io crate read-process-memory-ptrace 0.1.4
[INFO] finished tweaking crates.io crate read-process-memory-ptrace 0.1.4
[INFO] tweaked toml for crates.io crate read-process-memory-ptrace 0.1.4 written to /workspace/builds/worker-3-tc1/source/Cargo.toml
[INFO] crate crates.io crate read-process-memory-ptrace 0.1.4 already has a lockfile, it will not be regenerated
[INFO] running `Command { std: CARGO_HOME="/workspace/cargo-home" RUSTUP_HOME="/workspace/rustup-home" "/workspace/cargo-home/bin/cargo" "+1.69.0" "fetch" "--manifest-path" "Cargo.toml", kill_on_drop: false }`
[INFO] running `Command { std: "docker" "create" "-v" "/var/lib/crater-agent-workspace/builds/worker-3-tc1/target:/opt/rustwide/target:rw,Z" "-v" "/var/lib/crater-agent-workspace/builds/worker-3-tc1/source:/opt/rustwide/workdir:ro,Z" "-v" "/var/lib/crater-agent-workspace/cargo-home:/opt/rustwide/cargo-home:ro,Z" "-v" "/var/lib/crater-agent-workspace/rustup-home:/opt/rustwide/rustup-home:ro,Z" "-e" "SOURCE_DIR=/opt/rustwide/workdir" "-e" "CARGO_TARGET_DIR=/opt/rustwide/target" "-e" "CARGO_HOME=/opt/rustwide/cargo-home" "-e" "RUSTUP_HOME=/opt/rustwide/rustup-home" "-w" "/opt/rustwide/workdir" "-m" "1610612736" "--user" "0:0" "--network" "none" "ghcr.io/rust-lang/crates-build-env/linux@sha256:5ff2268d62e97bff2cde7d5815dd6ed5b47097566f13b8d0ca110b04b60e07ed" "/opt/rustwide/cargo-home/bin/cargo" "+1.69.0" "metadata" "--no-deps" "--format-version=1", kill_on_drop: false }`
[INFO] [stdout] b62d513e452d730cb38d4f07d4bd0a26194d88e20c2f28263c9aecb87617005e
[INFO] running `Command { std: "docker" "start" "-a" "b62d513e452d730cb38d4f07d4bd0a26194d88e20c2f28263c9aecb87617005e", kill_on_drop: false }`
[INFO] running `Command { std: "docker" "inspect" "b62d513e452d730cb38d4f07d4bd0a26194d88e20c2f28263c9aecb87617005e", kill_on_drop: false }`
[INFO] running `Command { std: "docker" "rm" "-f" "b62d513e452d730cb38d4f07d4bd0a26194d88e20c2f28263c9aecb87617005e", kill_on_drop: false }`
[INFO] [stdout] b62d513e452d730cb38d4f07d4bd0a26194d88e20c2f28263c9aecb87617005e
[INFO] running `Command { std: "docker" "create" "-v" "/var/lib/crater-agent-workspace/builds/worker-3-tc1/target:/opt/rustwide/target:rw,Z" "-v" "/var/lib/crater-agent-workspace/builds/worker-3-tc1/source:/opt/rustwide/workdir:ro,Z" "-v" "/var/lib/crater-agent-workspace/cargo-home:/opt/rustwide/cargo-home:ro,Z" "-v" "/var/lib/crater-agent-workspace/rustup-home:/opt/rustwide/rustup-home:ro,Z" "-e" "SOURCE_DIR=/opt/rustwide/workdir" "-e" "CARGO_TARGET_DIR=/opt/rustwide/target" "-e" "CARGO_INCREMENTAL=0" "-e" "RUST_BACKTRACE=full" "-e" "RUSTFLAGS=--cap-lints=warn" "-e" "RUSTDOCFLAGS=--cap-lints=warn" "-e" "CARGO_HOME=/opt/rustwide/cargo-home" "-e" "RUSTUP_HOME=/opt/rustwide/rustup-home" "-w" "/opt/rustwide/workdir" "-m" "1610612736" "--user" "0:0" "--network" "none" "ghcr.io/rust-lang/crates-build-env/linux@sha256:5ff2268d62e97bff2cde7d5815dd6ed5b47097566f13b8d0ca110b04b60e07ed" "/opt/rustwide/cargo-home/bin/cargo" "+1.69.0" "build" "--frozen" "--message-format=json", kill_on_drop: false }`
[INFO] [stdout] 8825a36c3cfc16c02099df22db37782f8b4d592dd40892f75969f7b243e624e1
[INFO] running `Command { std: "docker" "start" "-a" "8825a36c3cfc16c02099df22db37782f8b4d592dd40892f75969f7b243e624e1", kill_on_drop: false }`
[INFO] [stderr]    Compiling log v0.4.17
[INFO] [stderr]    Compiling libc v0.2.126
[INFO] [stderr]    Compiling read-process-memory-ptrace v0.1.4 (/opt/rustwide/workdir)
[INFO] [stderr]     Finished dev [unoptimized + debuginfo] target(s) in 1.37s
[INFO] running `Command { std: "docker" "inspect" "8825a36c3cfc16c02099df22db37782f8b4d592dd40892f75969f7b243e624e1", kill_on_drop: false }`
[INFO] running `Command { std: "docker" "rm" "-f" "8825a36c3cfc16c02099df22db37782f8b4d592dd40892f75969f7b243e624e1", kill_on_drop: false }`
[INFO] [stdout] 8825a36c3cfc16c02099df22db37782f8b4d592dd40892f75969f7b243e624e1
[INFO] running `Command { std: "docker" "create" "-v" "/var/lib/crater-agent-workspace/builds/worker-3-tc1/target:/opt/rustwide/target:rw,Z" "-v" "/var/lib/crater-agent-workspace/builds/worker-3-tc1/source:/opt/rustwide/workdir:ro,Z" "-v" "/var/lib/crater-agent-workspace/cargo-home:/opt/rustwide/cargo-home:ro,Z" "-v" "/var/lib/crater-agent-workspace/rustup-home:/opt/rustwide/rustup-home:ro,Z" "-e" "SOURCE_DIR=/opt/rustwide/workdir" "-e" "CARGO_TARGET_DIR=/opt/rustwide/target" "-e" "CARGO_INCREMENTAL=0" "-e" "RUST_BACKTRACE=full" "-e" "RUSTFLAGS=--cap-lints=warn" "-e" "RUSTDOCFLAGS=--cap-lints=warn" "-e" "CARGO_HOME=/opt/rustwide/cargo-home" "-e" "RUSTUP_HOME=/opt/rustwide/rustup-home" "-w" "/opt/rustwide/workdir" "-m" "1610612736" "--user" "0:0" "--network" "none" "ghcr.io/rust-lang/crates-build-env/linux@sha256:5ff2268d62e97bff2cde7d5815dd6ed5b47097566f13b8d0ca110b04b60e07ed" "/opt/rustwide/cargo-home/bin/cargo" "+1.69.0" "test" "--frozen" "--no-run" "--message-format=json", kill_on_drop: false }`
[INFO] [stdout] abbb33c862af4e70b932c0a820ec2d9cafc7f4b69af99b626cdb04aa53a3cd6e
[INFO] running `Command { std: "docker" "start" "-a" "abbb33c862af4e70b932c0a820ec2d9cafc7f4b69af99b626cdb04aa53a3cd6e", kill_on_drop: false }`
[INFO] [stderr]     Blocking waiting for file lock on package cache
[INFO] [stderr]    Compiling read-process-memory-ptrace v0.1.4 (/opt/rustwide/workdir)
[INFO] [stdout] error[E0463]: can't find crate for `read_process_memory`
[INFO] [stdout]  --> examples/read-process-bytes.rs:2:1
[INFO] [stdout]   |
[INFO] [stdout] 2 | extern crate read_process_memory;
[INFO] [stdout]   | ^^^^^^^^^^^^^^^^^^^^^^^^^^^^^^^^^ can't find crate
[INFO] [stdout] 
[INFO] [stdout] 
[INFO] [stdout] error[E0412]: cannot find type `Pid` in this scope
[INFO] [stdout]   --> examples/read-process-bytes.rs:14:72
[INFO] [stdout]    |
[INFO] [stdout] 14 |     let pid = env::args().nth(1).unwrap().parse::<usize>().unwrap() as Pid;
[INFO] [stdout]    |                                                                        ^^^ not found in this scope
[INFO] [stdout]    |
[INFO] [stdout] help: consider importing this type alias
[INFO] [stdout]    |
[INFO] [stdout] 4  | use read_process_memory_ptrace::Pid;
[INFO] [stdout]    |
[INFO] [stdout] 
[INFO] [stdout] 
[INFO] [stdout] error[E0412]: cannot find type `ProcessHandle` in this scope
[INFO] [stdout]   --> examples/read-process-bytes.rs:17:17
[INFO] [stdout]    |
[INFO] [stdout] 17 |     let handle: ProcessHandle = pid.try_into().unwrap();
[INFO] [stdout]    |                 ^^^^^^^^^^^^^ not found in this scope
[INFO] [stdout]    |
[INFO] [stdout] help: consider importing this struct
[INFO] [stdout]    |
[INFO] [stdout] 4  | use read_process_memory_ptrace::ProcessHandle;
[INFO] [stdout]    |
[INFO] [stdout] 
[INFO] [stdout] 
[INFO] [stdout] error[E0425]: cannot find function `copy_address` in this scope
[INFO] [stdout]   --> examples/read-process-bytes.rs:18:5
[INFO] [stdout]    |
[INFO] [stdout] 18 |     copy_address(addr, size, &handle)
[INFO] [stdout]    |     ^^^^^^^^^^^^ not found in this scope
[INFO] [stdout]    |
[INFO] [stdout] help: consider importing this function
[INFO] [stdout]    |
[INFO] [stdout] 4  | use read_process_memory_ptrace::copy_address;
[INFO] [stdout]    |
[INFO] [stdout] 
[INFO] [stdout] 
[INFO] [stdout] error[E0277]: the size for values of type `[u8]` cannot be known at compilation time
[INFO] [stdout]   --> examples/read-process-bytes.rs:23:15
[INFO] [stdout]    |
[INFO] [stdout] 23 |         .map(|bytes| {
[INFO] [stdout]    |               ^^^^^ doesn't have a size known at compile-time
[INFO] [stdout]    |
[INFO] [stdout]    = help: the trait `Sized` is not implemented for `[u8]`
[INFO] [stdout] help: function arguments must have a statically known size, borrowed types always have a known size
[INFO] [stdout]    |
[INFO] [stdout] 23 |         .map(|&bytes| {
[INFO] [stdout]    |               +
[INFO] [stdout] 
[INFO] [stdout] 
[INFO] [stdout] warning: unused import: `std::convert::TryInto`
[INFO] [stdout]  --> examples/read-process-bytes.rs:5:5
[INFO] [stdout]   |
[INFO] [stdout] 5 | use std::convert::TryInto;
[INFO] [stdout]   |     ^^^^^^^^^^^^^^^^^^^^^
[INFO] [stdout]   |
[INFO] [stdout]   = note: `#[warn(unused_imports)]` on by default
[INFO] [stdout] 
[INFO] [stdout] 
[INFO] [stdout] error: aborting due to 5 previous errors; 1 warning emitted
[INFO] [stdout] 
[INFO] [stdout] 
[INFO] [stdout] Some errors have detailed explanations: E0277, E0412, E0425, E0463.
[INFO] [stdout] 
[INFO] [stdout] For more information about an error, try `rustc --explain E0277`.
[INFO] [stdout] 
[INFO] [stderr] error: could not compile `read-process-memory-ptrace` due to 6 previous errors; 1 warning emitted
[INFO] [stderr] warning: build failed, waiting for other jobs to finish...
[INFO] running `Command { std: "docker" "inspect" "abbb33c862af4e70b932c0a820ec2d9cafc7f4b69af99b626cdb04aa53a3cd6e", kill_on_drop: false }`
[INFO] running `Command { std: "docker" "rm" "-f" "abbb33c862af4e70b932c0a820ec2d9cafc7f4b69af99b626cdb04aa53a3cd6e", kill_on_drop: false }`
[INFO] [stdout] abbb33c862af4e70b932c0a820ec2d9cafc7f4b69af99b626cdb04aa53a3cd6e
