[INFO] fetching crate rcmath 0.0.1...
[INFO] testing rcmath-0.0.1 against beta-2023-04-20 for beta-1.70-1
[INFO] extracting crate rcmath 0.0.1 into /workspace/builds/worker-0-tc2/source
[INFO] validating manifest of crates.io crate rcmath 0.0.1 on toolchain beta-2023-04-20
[INFO] running `Command { std: CARGO_HOME="/workspace/cargo-home" RUSTUP_HOME="/workspace/rustup-home" "/workspace/cargo-home/bin/cargo" "+beta-2023-04-20" "metadata" "--manifest-path" "Cargo.toml" "--no-deps", kill_on_drop: false }`
[INFO] started tweaking crates.io crate rcmath 0.0.1
[INFO] finished tweaking crates.io crate rcmath 0.0.1
[INFO] tweaked toml for crates.io crate rcmath 0.0.1 written to /workspace/builds/worker-0-tc2/source/Cargo.toml
[INFO] running `Command { std: CARGO_HOME="/workspace/cargo-home" RUSTUP_HOME="/workspace/rustup-home" __CARGO_TEST_CHANNEL_OVERRIDE_DO_NOT_USE_THIS="nightly" "/workspace/cargo-home/bin/cargo" "+beta-2023-04-20" "generate-lockfile" "--manifest-path" "Cargo.toml" "-Zno-index-update", kill_on_drop: false }`
[INFO] running `Command { std: CARGO_HOME="/workspace/cargo-home" RUSTUP_HOME="/workspace/rustup-home" "/workspace/cargo-home/bin/cargo" "+beta-2023-04-20" "fetch" "--manifest-path" "Cargo.toml", kill_on_drop: false }`
[INFO] running `Command { std: "docker" "create" "-v" "/var/lib/crater-agent-workspace/builds/worker-0-tc2/target:/opt/rustwide/target:rw,Z" "-v" "/var/lib/crater-agent-workspace/builds/worker-0-tc2/source:/opt/rustwide/workdir:ro,Z" "-v" "/var/lib/crater-agent-workspace/cargo-home:/opt/rustwide/cargo-home:ro,Z" "-v" "/var/lib/crater-agent-workspace/rustup-home:/opt/rustwide/rustup-home:ro,Z" "-e" "SOURCE_DIR=/opt/rustwide/workdir" "-e" "CARGO_TARGET_DIR=/opt/rustwide/target" "-e" "CARGO_HOME=/opt/rustwide/cargo-home" "-e" "RUSTUP_HOME=/opt/rustwide/rustup-home" "-w" "/opt/rustwide/workdir" "-m" "1610612736" "--user" "0:0" "--network" "none" "ghcr.io/rust-lang/crates-build-env/linux@sha256:5ff2268d62e97bff2cde7d5815dd6ed5b47097566f13b8d0ca110b04b60e07ed" "/opt/rustwide/cargo-home/bin/cargo" "+beta-2023-04-20" "metadata" "--no-deps" "--format-version=1", kill_on_drop: false }`
[INFO] [stdout] bdf6c795e9d28925a2c0a139765d952d7be64af07c451fd21712cd6ebaec9156
[INFO] running `Command { std: "docker" "start" "-a" "bdf6c795e9d28925a2c0a139765d952d7be64af07c451fd21712cd6ebaec9156", kill_on_drop: false }`
[INFO] running `Command { std: "docker" "inspect" "bdf6c795e9d28925a2c0a139765d952d7be64af07c451fd21712cd6ebaec9156", kill_on_drop: false }`
[INFO] running `Command { std: "docker" "rm" "-f" "bdf6c795e9d28925a2c0a139765d952d7be64af07c451fd21712cd6ebaec9156", kill_on_drop: false }`
[INFO] [stdout] bdf6c795e9d28925a2c0a139765d952d7be64af07c451fd21712cd6ebaec9156
[INFO] running `Command { std: "docker" "create" "-v" "/var/lib/crater-agent-workspace/builds/worker-0-tc2/target:/opt/rustwide/target:rw,Z" "-v" "/var/lib/crater-agent-workspace/builds/worker-0-tc2/source:/opt/rustwide/workdir:ro,Z" "-v" "/var/lib/crater-agent-workspace/cargo-home:/opt/rustwide/cargo-home:ro,Z" "-v" "/var/lib/crater-agent-workspace/rustup-home:/opt/rustwide/rustup-home:ro,Z" "-e" "SOURCE_DIR=/opt/rustwide/workdir" "-e" "CARGO_TARGET_DIR=/opt/rustwide/target" "-e" "CARGO_INCREMENTAL=0" "-e" "RUST_BACKTRACE=full" "-e" "RUSTFLAGS=--cap-lints=warn" "-e" "RUSTDOCFLAGS=--cap-lints=warn" "-e" "CARGO_HOME=/opt/rustwide/cargo-home" "-e" "RUSTUP_HOME=/opt/rustwide/rustup-home" "-w" "/opt/rustwide/workdir" "-m" "1610612736" "--user" "0:0" "--network" "none" "ghcr.io/rust-lang/crates-build-env/linux@sha256:5ff2268d62e97bff2cde7d5815dd6ed5b47097566f13b8d0ca110b04b60e07ed" "/opt/rustwide/cargo-home/bin/cargo" "+beta-2023-04-20" "build" "--frozen" "--message-format=json", kill_on_drop: false }`
[INFO] [stdout] 50b78af5fb4720d4357b0d96e19c6dae815c6cad6ce7fbd13b2b40f9d660cc74
[INFO] running `Command { std: "docker" "start" "-a" "50b78af5fb4720d4357b0d96e19c6dae815c6cad6ce7fbd13b2b40f9d660cc74", kill_on_drop: false }`
[INFO] [stderr]    Compiling num-traits v0.2.15
[INFO] [stderr]    Compiling num-integer v0.1.45
[INFO] [stderr]    Compiling num-bigint v0.2.6
[INFO] [stderr]    Compiling rcmath v0.0.1 (/opt/rustwide/workdir)
[INFO] [stdout] error[E0407]: method `add_usize` is not a member of trait `Step`
[INFO] [stdout]    --> src/big_num.rs:413:5
[INFO] [stdout]     |
[INFO] [stdout] 413 | /     fn add_usize(&self, n: usize) -> Option<BigNum> {
[INFO] [stdout] 414 | |         Some(self.add_usize(n))
[INFO] [stdout] 415 | |     }
[INFO] [stdout]     | |_____^ not a member of trait `Step`
[INFO] [stdout] 
[INFO] [stdout] 
[INFO] [stdout] error[E0407]: method `replace_one` is not a member of trait `Step`
[INFO] [stdout]    --> src/big_num.rs:417:5
[INFO] [stdout]     |
[INFO] [stdout] 417 | /     fn replace_one(&mut self) -> BigNum {
[INFO] [stdout] 418 | |         self.clone()
[INFO] [stdout] 419 | |     }
[INFO] [stdout]     | |_____^ not a member of trait `Step`
[INFO] [stdout] 
[INFO] [stdout] 
[INFO] [stdout] error[E0407]: method `replace_zero` is not a member of trait `Step`
[INFO] [stdout]    --> src/big_num.rs:421:5
[INFO] [stdout]     |
[INFO] [stdout] 421 | /     fn replace_zero(&mut self) -> BigNum {
[INFO] [stdout] 422 | |         self.clone()
[INFO] [stdout] 423 | |     }
[INFO] [stdout]     | |_____^ not a member of trait `Step`
[INFO] [stdout] 
[INFO] [stdout] 
[INFO] [stdout] error[E0407]: method `add_one` is not a member of trait `Step`
[INFO] [stdout]    --> src/big_num.rs:425:5
[INFO] [stdout]     |
[INFO] [stdout] 425 | /     fn add_one(&self) -> BigNum {
[INFO] [stdout] 426 | |         self.clone() + BigNum::new_one()
[INFO] [stdout] 427 | |     }
[INFO] [stdout]     | |_____^ not a member of trait `Step`
[INFO] [stdout] 
[INFO] [stdout] 
[INFO] [stdout] error[E0407]: method `sub_one` is not a member of trait `Step`
[INFO] [stdout]    --> src/big_num.rs:429:5
[INFO] [stdout]     |
[INFO] [stdout] 429 | /     fn sub_one(&self) -> BigNum {
[INFO] [stdout] 430 | |         self.clone() - BigNum::new_one()
[INFO] [stdout] 431 | |     }
[INFO] [stdout]     | |_____^ not a member of trait `Step`
[INFO] [stdout] 
[INFO] [stdout] 
[INFO] [stdout] warning: unnecessary parentheses around block return value
[INFO] [stdout]   --> src/big_num.rs:58:9
[INFO] [stdout]    |
[INFO] [stdout] 58 |         (BigNum::new_empty()..self.clone())
[INFO] [stdout]    |         ^                                 ^
[INFO] [stdout]    |
[INFO] [stdout]    = note: `#[warn(unused_parens)]` on by default
[INFO] [stdout] help: remove these parentheses
[INFO] [stdout]    |
[INFO] [stdout] 58 -         (BigNum::new_empty()..self.clone())
[INFO] [stdout] 58 +         BigNum::new_empty()..self.clone()
[INFO] [stdout]    |
[INFO] [stdout] 
[INFO] [stdout] 
[INFO] [stdout] warning: unused import: `Add`
[INFO] [stdout]  --> src/math.rs:3:16
[INFO] [stdout]   |
[INFO] [stdout] 3 | use std::ops::{Add, Div, Mul, Rem};
[INFO] [stdout]   |                ^^^
[INFO] [stdout]   |
[INFO] [stdout]   = note: `#[warn(unused_imports)]` on by default
[INFO] [stdout] 
[INFO] [stdout] 
[INFO] [stdout] error[E0554]: `#![feature]` may not be used on the beta release channel
[INFO] [stdout]  --> src/lib.rs:1:12
[INFO] [stdout]   |
[INFO] [stdout] 1 | #![feature(step_trait)]
[INFO] [stdout]   |            ^^^^^^^^^^
[INFO] [stdout] 
[INFO] [stdout] 
[INFO] [stdout] error[E0046]: not all trait items implemented, missing: `forward_checked`, `backward_checked`
[INFO] [stdout]    --> src/big_num.rs:408:1
[INFO] [stdout]     |
[INFO] [stdout] 408 | impl Step for BigNum {
[INFO] [stdout]     | ^^^^^^^^^^^^^^^^^^^^ missing `forward_checked`, `backward_checked` in implementation
[INFO] [stdout]     |
[INFO] [stdout]     = help: implement the missing item: `fn forward_checked(_: Self, _: usize) -> Option<Self> { todo!() }`
[INFO] [stdout]     = help: implement the missing item: `fn backward_checked(_: Self, _: usize) -> Option<Self> { todo!() }`
[INFO] [stdout] 
[INFO] [stdout] 
[INFO] [stdout] error: aborting due to 7 previous errors; 2 warnings emitted
[INFO] [stdout] 
[INFO] [stdout] 
[INFO] [stdout] Some errors have detailed explanations: E0046, E0407, E0554.
[INFO] [stdout] 
[INFO] [stdout] For more information about an error, try `rustc --explain E0046`.
[INFO] [stdout] 
[INFO] [stderr] error: could not compile `rcmath` (lib) due to 8 previous errors; 2 warnings emitted
[INFO] [stderr] warning: build failed, waiting for other jobs to finish...
[INFO] running `Command { std: "docker" "inspect" "50b78af5fb4720d4357b0d96e19c6dae815c6cad6ce7fbd13b2b40f9d660cc74", kill_on_drop: false }`
[INFO] running `Command { std: "docker" "rm" "-f" "50b78af5fb4720d4357b0d96e19c6dae815c6cad6ce7fbd13b2b40f9d660cc74", kill_on_drop: false }`
[INFO] [stdout] 50b78af5fb4720d4357b0d96e19c6dae815c6cad6ce7fbd13b2b40f9d660cc74
