[INFO] fetching crate rayon-core-wasm 1.10.2...
[INFO] testing rayon-core-wasm-1.10.2 against beta-2023-04-20 for beta-1.70-1
[INFO] extracting crate rayon-core-wasm 1.10.2 into /workspace/builds/worker-4-tc2/source
[INFO] validating manifest of crates.io crate rayon-core-wasm 1.10.2 on toolchain beta-2023-04-20
[INFO] running `Command { std: CARGO_HOME="/workspace/cargo-home" RUSTUP_HOME="/workspace/rustup-home" "/workspace/cargo-home/bin/cargo" "+beta-2023-04-20" "metadata" "--manifest-path" "Cargo.toml" "--no-deps", kill_on_drop: false }`
[INFO] started tweaking crates.io crate rayon-core-wasm 1.10.2
[INFO] removed 0 missing tests
[INFO] finished tweaking crates.io crate rayon-core-wasm 1.10.2
[INFO] tweaked toml for crates.io crate rayon-core-wasm 1.10.2 written to /workspace/builds/worker-4-tc2/source/Cargo.toml
[INFO] running `Command { std: CARGO_HOME="/workspace/cargo-home" RUSTUP_HOME="/workspace/rustup-home" __CARGO_TEST_CHANNEL_OVERRIDE_DO_NOT_USE_THIS="nightly" "/workspace/cargo-home/bin/cargo" "+beta-2023-04-20" "generate-lockfile" "--manifest-path" "Cargo.toml" "-Zno-index-update", kill_on_drop: false }`
[INFO] running `Command { std: CARGO_HOME="/workspace/cargo-home" RUSTUP_HOME="/workspace/rustup-home" "/workspace/cargo-home/bin/cargo" "+beta-2023-04-20" "fetch" "--manifest-path" "Cargo.toml", kill_on_drop: false }`
[INFO] running `Command { std: "docker" "create" "-v" "/var/lib/crater-agent-workspace/builds/worker-4-tc2/target:/opt/rustwide/target:rw,Z" "-v" "/var/lib/crater-agent-workspace/builds/worker-4-tc2/source:/opt/rustwide/workdir:ro,Z" "-v" "/var/lib/crater-agent-workspace/cargo-home:/opt/rustwide/cargo-home:ro,Z" "-v" "/var/lib/crater-agent-workspace/rustup-home:/opt/rustwide/rustup-home:ro,Z" "-e" "SOURCE_DIR=/opt/rustwide/workdir" "-e" "CARGO_TARGET_DIR=/opt/rustwide/target" "-e" "CARGO_HOME=/opt/rustwide/cargo-home" "-e" "RUSTUP_HOME=/opt/rustwide/rustup-home" "-w" "/opt/rustwide/workdir" "-m" "1610612736" "--user" "0:0" "--network" "none" "ghcr.io/rust-lang/crates-build-env/linux@sha256:5ff2268d62e97bff2cde7d5815dd6ed5b47097566f13b8d0ca110b04b60e07ed" "/opt/rustwide/cargo-home/bin/cargo" "+beta-2023-04-20" "metadata" "--no-deps" "--format-version=1", kill_on_drop: false }`
[INFO] [stdout] 5fb1b37141c94627ac5a84b4bd017b83c1c927004a89dd8fc78793eca8c5e3f9
[INFO] running `Command { std: "docker" "start" "-a" "5fb1b37141c94627ac5a84b4bd017b83c1c927004a89dd8fc78793eca8c5e3f9", kill_on_drop: false }`
[INFO] running `Command { std: "docker" "inspect" "5fb1b37141c94627ac5a84b4bd017b83c1c927004a89dd8fc78793eca8c5e3f9", kill_on_drop: false }`
[INFO] running `Command { std: "docker" "rm" "-f" "5fb1b37141c94627ac5a84b4bd017b83c1c927004a89dd8fc78793eca8c5e3f9", kill_on_drop: false }`
[INFO] [stdout] 5fb1b37141c94627ac5a84b4bd017b83c1c927004a89dd8fc78793eca8c5e3f9
[INFO] running `Command { std: "docker" "create" "-v" "/var/lib/crater-agent-workspace/builds/worker-4-tc2/target:/opt/rustwide/target:rw,Z" "-v" "/var/lib/crater-agent-workspace/builds/worker-4-tc2/source:/opt/rustwide/workdir:ro,Z" "-v" "/var/lib/crater-agent-workspace/cargo-home:/opt/rustwide/cargo-home:ro,Z" "-v" "/var/lib/crater-agent-workspace/rustup-home:/opt/rustwide/rustup-home:ro,Z" "-e" "SOURCE_DIR=/opt/rustwide/workdir" "-e" "CARGO_TARGET_DIR=/opt/rustwide/target" "-e" "CARGO_INCREMENTAL=0" "-e" "RUST_BACKTRACE=full" "-e" "RUSTFLAGS=--cap-lints=warn" "-e" "RUSTDOCFLAGS=--cap-lints=warn" "-e" "CARGO_HOME=/opt/rustwide/cargo-home" "-e" "RUSTUP_HOME=/opt/rustwide/rustup-home" "-w" "/opt/rustwide/workdir" "-m" "1610612736" "--user" "0:0" "--network" "none" "ghcr.io/rust-lang/crates-build-env/linux@sha256:5ff2268d62e97bff2cde7d5815dd6ed5b47097566f13b8d0ca110b04b60e07ed" "/opt/rustwide/cargo-home/bin/cargo" "+beta-2023-04-20" "build" "--frozen" "--message-format=json", kill_on_drop: false }`
[INFO] [stdout] 3c460b4055c685a8e5c9dc3c02f6de92e6854f4d4bd6d8ec561507d30166d8a3
[INFO] running `Command { std: "docker" "start" "-a" "3c460b4055c685a8e5c9dc3c02f6de92e6854f4d4bd6d8ec561507d30166d8a3", kill_on_drop: false }`
[INFO] [stderr]    Compiling autocfg v1.1.0
[INFO] [stderr]    Compiling crossbeam-utils v0.8.15
[INFO] [stderr]    Compiling cfg-if v1.0.0
[INFO] [stderr]    Compiling libc v0.2.142
[INFO] [stderr]    Compiling scopeguard v1.1.0
[INFO] [stderr]    Compiling rayon-core-wasm v1.10.2 (/opt/rustwide/workdir)
[INFO] [stderr]    Compiling memoffset v0.8.0
[INFO] [stderr]    Compiling crossbeam-epoch v0.9.14
[INFO] [stderr]    Compiling crossbeam-channel v0.5.8
[INFO] [stderr]    Compiling num_cpus v1.15.0
[INFO] [stderr]    Compiling crossbeam-deque v0.8.3
[INFO] [stderr]     Finished dev [unoptimized + debuginfo] target(s) in 6.84s
[INFO] running `Command { std: "docker" "inspect" "3c460b4055c685a8e5c9dc3c02f6de92e6854f4d4bd6d8ec561507d30166d8a3", kill_on_drop: false }`
[INFO] running `Command { std: "docker" "rm" "-f" "3c460b4055c685a8e5c9dc3c02f6de92e6854f4d4bd6d8ec561507d30166d8a3", kill_on_drop: false }`
[INFO] [stdout] 3c460b4055c685a8e5c9dc3c02f6de92e6854f4d4bd6d8ec561507d30166d8a3
[INFO] running `Command { std: "docker" "create" "-v" "/var/lib/crater-agent-workspace/builds/worker-4-tc2/target:/opt/rustwide/target:rw,Z" "-v" "/var/lib/crater-agent-workspace/builds/worker-4-tc2/source:/opt/rustwide/workdir:ro,Z" "-v" "/var/lib/crater-agent-workspace/cargo-home:/opt/rustwide/cargo-home:ro,Z" "-v" "/var/lib/crater-agent-workspace/rustup-home:/opt/rustwide/rustup-home:ro,Z" "-e" "SOURCE_DIR=/opt/rustwide/workdir" "-e" "CARGO_TARGET_DIR=/opt/rustwide/target" "-e" "CARGO_INCREMENTAL=0" "-e" "RUST_BACKTRACE=full" "-e" "RUSTFLAGS=--cap-lints=warn" "-e" "RUSTDOCFLAGS=--cap-lints=warn" "-e" "CARGO_HOME=/opt/rustwide/cargo-home" "-e" "RUSTUP_HOME=/opt/rustwide/rustup-home" "-w" "/opt/rustwide/workdir" "-m" "1610612736" "--user" "0:0" "--network" "none" "ghcr.io/rust-lang/crates-build-env/linux@sha256:5ff2268d62e97bff2cde7d5815dd6ed5b47097566f13b8d0ca110b04b60e07ed" "/opt/rustwide/cargo-home/bin/cargo" "+beta-2023-04-20" "test" "--frozen" "--no-run" "--message-format=json", kill_on_drop: false }`
[INFO] [stdout] bd9cee3ee0450c15ca838436d42c1a94aefaa6576629744c3c021a0caf8c2f2e
[INFO] running `Command { std: "docker" "start" "-a" "bd9cee3ee0450c15ca838436d42c1a94aefaa6576629744c3c021a0caf8c2f2e", kill_on_drop: false }`
[INFO] [stderr]    Compiling ppv-lite86 v0.2.17
[INFO] [stderr]    Compiling scoped-tls v1.0.1
[INFO] [stderr]    Compiling getrandom v0.2.9
[INFO] [stderr]    Compiling rand_core v0.6.4
[INFO] [stderr]    Compiling rand_xorshift v0.3.0
[INFO] [stderr]    Compiling rand_chacha v0.3.1
[INFO] [stderr]    Compiling rand v0.8.5
[INFO] [stderr]    Compiling rayon-core-wasm v1.10.2 (/opt/rustwide/workdir)
[INFO] [stdout] error[E0432]: unresolved import `rayon_core`
[INFO] [stdout]  --> tests/stack_overflow_crash.rs:1:5
[INFO] [stdout]   |
[INFO] [stdout] 1 | use rayon_core::ThreadPoolBuilder;
[INFO] [stdout]   |     ^^^^^^^^^^ use of undeclared crate or module `rayon_core`
[INFO] [stdout] 
[INFO] [stdout] 
[INFO] [stdout] error: aborting due to previous error
[INFO] [stdout] 
[INFO] [stdout] 
[INFO] [stdout] For more information about this error, try `rustc --explain E0432`.
[INFO] [stdout] 
[INFO] [stderr] error: could not compile `rayon-core-wasm` (test "stack_overflow_crash") due to 2 previous errors
[INFO] [stderr] warning: build failed, waiting for other jobs to finish...
[INFO] [stdout] error[E0432]: unresolved import `rayon_core`
[INFO] [stdout]  --> tests/init_zero_threads.rs:1:5
[INFO] [stdout]   |
[INFO] [stdout] 1 | use rayon_core::ThreadPoolBuilder;
[INFO] [stdout]   |     ^^^^^^^^^^ use of undeclared crate or module `rayon_core`
[INFO] [stdout] 
[INFO] [stdout] 
[INFO] [stdout] error: aborting due to previous error
[INFO] [stdout] 
[INFO] [stdout] 
[INFO] [stdout] For more information about this error, try `rustc --explain E0432`.
[INFO] [stdout] 
[INFO] [stdout] error[E0432]: unresolved import `rayon_core`
[INFO] [stdout]  --> tests/double_init_fail.rs:1:5
[INFO] [stdout]   |
[INFO] [stdout] 1 | use rayon_core::ThreadPoolBuilder;
[INFO] [stdout]   |     ^^^^^^^^^^ use of undeclared crate or module `rayon_core`
[INFO] [stdout] 
[INFO] [stdout] 
[INFO] [stderr] error: could not compile `rayon-core-wasm` (test "init_zero_threads") due to 2 previous errors
[INFO] [stdout] warning: unused import: `std::error::Error`
[INFO] [stdout]  --> tests/double_init_fail.rs:2:5
[INFO] [stdout]   |
[INFO] [stdout] 2 | use std::error::Error;
[INFO] [stdout]   |     ^^^^^^^^^^^^^^^^^
[INFO] [stdout]   |
[INFO] [stdout]   = note: `#[warn(unused_imports)]` on by default
[INFO] [stdout] 
[INFO] [stdout] 
[INFO] [stdout] error: aborting due to previous error; 1 warning emitted
[INFO] [stdout] 
[INFO] [stdout] 
[INFO] [stdout] For more information about this error, try `rustc --explain E0432`.
[INFO] [stdout] 
[INFO] [stderr] error: could not compile `rayon-core-wasm` (test "double_init_fail") due to 2 previous errors; 1 warning emitted
[INFO] [stdout] error[E0432]: unresolved import `rayon_core`
[INFO] [stdout]  --> tests/simple_panic.rs:1:5
[INFO] [stdout]   |
[INFO] [stdout] 1 | use rayon_core::join;
[INFO] [stdout]   |     ^^^^^^^^^^ use of undeclared crate or module `rayon_core`
[INFO] [stdout] 
[INFO] [stdout] 
[INFO] [stdout] error: aborting due to previous error
[INFO] [stdout] 
[INFO] [stdout] 
[INFO] [stdout] For more information about this error, try `rustc --explain E0432`.
[INFO] [stdout] 
[INFO] [stderr] error: could not compile `rayon-core-wasm` (test "simple_panic") due to 2 previous errors
[INFO] [stdout] error[E0433]: failed to resolve: use of undeclared crate or module `rayon_core`
[INFO] [stdout]  --> tests/scope_join.rs:7:5
[INFO] [stdout]   |
[INFO] [stdout] 7 |     rayon_core::scope(|s| {
[INFO] [stdout]   |     ^^^^^^^^^^ use of undeclared crate or module `rayon_core`
[INFO] [stdout] 
[INFO] [stdout] 
[INFO] [stdout] error: aborting due to previous error
[INFO] [stdout] 
[INFO] [stdout] 
[INFO] [stdout] error[E0432]: unresolved import `rayon_core`
[INFO] [stdout]  --> tests/scoped_threadpool.rs:2:5
[INFO] [stdout]   |
[INFO] [stdout] 2 | use rayon_core::ThreadPoolBuilder;
[INFO] [stdout]   |     ^^^^^^^^^^ use of undeclared crate or module `rayon_core`
[INFO] [stdout] 
[INFO] [stdout] 
[INFO] [stdout] For more information about this error, try `rustc --explain E0433`.
[INFO] [stdout] 
[INFO] [stderr] error: could not compile `rayon-core-wasm` (test "scope_join") due to 2 previous errors
[INFO] [stdout] error: aborting due to previous error
[INFO] [stdout] 
[INFO] [stdout] 
[INFO] [stdout] For more information about this error, try `rustc --explain E0432`.
[INFO] [stdout] 
[INFO] [stderr] error: could not compile `rayon-core-wasm` (test "scoped_threadpool") due to 2 previous errors
[INFO] running `Command { std: "docker" "inspect" "bd9cee3ee0450c15ca838436d42c1a94aefaa6576629744c3c021a0caf8c2f2e", kill_on_drop: false }`
[INFO] running `Command { std: "docker" "rm" "-f" "bd9cee3ee0450c15ca838436d42c1a94aefaa6576629744c3c021a0caf8c2f2e", kill_on_drop: false }`
[INFO] [stdout] bd9cee3ee0450c15ca838436d42c1a94aefaa6576629744c3c021a0caf8c2f2e
