[INFO] fetching crate rato 0.1.2...
[INFO] testing rato-0.1.2 against beta-2023-04-20 for beta-1.70-1
[INFO] extracting crate rato 0.1.2 into /workspace/builds/worker-2-tc2/source
[INFO] validating manifest of crates.io crate rato 0.1.2 on toolchain beta-2023-04-20
[INFO] running `Command { std: CARGO_HOME="/workspace/cargo-home" RUSTUP_HOME="/workspace/rustup-home" "/workspace/cargo-home/bin/cargo" "+beta-2023-04-20" "metadata" "--manifest-path" "Cargo.toml" "--no-deps", kill_on_drop: false }`
[INFO] started tweaking crates.io crate rato 0.1.2
[INFO] finished tweaking crates.io crate rato 0.1.2
[INFO] tweaked toml for crates.io crate rato 0.1.2 written to /workspace/builds/worker-2-tc2/source/Cargo.toml
[INFO] running `Command { std: CARGO_HOME="/workspace/cargo-home" RUSTUP_HOME="/workspace/rustup-home" __CARGO_TEST_CHANNEL_OVERRIDE_DO_NOT_USE_THIS="nightly" "/workspace/cargo-home/bin/cargo" "+beta-2023-04-20" "generate-lockfile" "--manifest-path" "Cargo.toml" "-Zno-index-update", kill_on_drop: false }`
[INFO] running `Command { std: CARGO_HOME="/workspace/cargo-home" RUSTUP_HOME="/workspace/rustup-home" "/workspace/cargo-home/bin/cargo" "+beta-2023-04-20" "fetch" "--manifest-path" "Cargo.toml", kill_on_drop: false }`
[INFO] [stderr]     Blocking waiting for file lock on package cache
[INFO] running `Command { std: "docker" "create" "-v" "/var/lib/crater-agent-workspace/builds/worker-2-tc2/target:/opt/rustwide/target:rw,Z" "-v" "/var/lib/crater-agent-workspace/builds/worker-2-tc2/source:/opt/rustwide/workdir:ro,Z" "-v" "/var/lib/crater-agent-workspace/cargo-home:/opt/rustwide/cargo-home:ro,Z" "-v" "/var/lib/crater-agent-workspace/rustup-home:/opt/rustwide/rustup-home:ro,Z" "-e" "SOURCE_DIR=/opt/rustwide/workdir" "-e" "CARGO_TARGET_DIR=/opt/rustwide/target" "-e" "CARGO_HOME=/opt/rustwide/cargo-home" "-e" "RUSTUP_HOME=/opt/rustwide/rustup-home" "-w" "/opt/rustwide/workdir" "-m" "1610612736" "--user" "0:0" "--network" "none" "ghcr.io/rust-lang/crates-build-env/linux@sha256:5ff2268d62e97bff2cde7d5815dd6ed5b47097566f13b8d0ca110b04b60e07ed" "/opt/rustwide/cargo-home/bin/cargo" "+beta-2023-04-20" "metadata" "--no-deps" "--format-version=1", kill_on_drop: false }`
[INFO] [stdout] 77654a6a70043dcc41746b75f8bd5219d1e678b0f98cb2351699d42564d770f3
[INFO] running `Command { std: "docker" "start" "-a" "77654a6a70043dcc41746b75f8bd5219d1e678b0f98cb2351699d42564d770f3", kill_on_drop: false }`
[INFO] running `Command { std: "docker" "inspect" "77654a6a70043dcc41746b75f8bd5219d1e678b0f98cb2351699d42564d770f3", kill_on_drop: false }`
[INFO] running `Command { std: "docker" "rm" "-f" "77654a6a70043dcc41746b75f8bd5219d1e678b0f98cb2351699d42564d770f3", kill_on_drop: false }`
[INFO] [stdout] 77654a6a70043dcc41746b75f8bd5219d1e678b0f98cb2351699d42564d770f3
[INFO] running `Command { std: "docker" "create" "-v" "/var/lib/crater-agent-workspace/builds/worker-2-tc2/target:/opt/rustwide/target:rw,Z" "-v" "/var/lib/crater-agent-workspace/builds/worker-2-tc2/source:/opt/rustwide/workdir:ro,Z" "-v" "/var/lib/crater-agent-workspace/cargo-home:/opt/rustwide/cargo-home:ro,Z" "-v" "/var/lib/crater-agent-workspace/rustup-home:/opt/rustwide/rustup-home:ro,Z" "-e" "SOURCE_DIR=/opt/rustwide/workdir" "-e" "CARGO_TARGET_DIR=/opt/rustwide/target" "-e" "CARGO_INCREMENTAL=0" "-e" "RUST_BACKTRACE=full" "-e" "RUSTFLAGS=--cap-lints=warn" "-e" "RUSTDOCFLAGS=--cap-lints=warn" "-e" "CARGO_HOME=/opt/rustwide/cargo-home" "-e" "RUSTUP_HOME=/opt/rustwide/rustup-home" "-w" "/opt/rustwide/workdir" "-m" "1610612736" "--user" "0:0" "--network" "none" "ghcr.io/rust-lang/crates-build-env/linux@sha256:5ff2268d62e97bff2cde7d5815dd6ed5b47097566f13b8d0ca110b04b60e07ed" "/opt/rustwide/cargo-home/bin/cargo" "+beta-2023-04-20" "build" "--frozen" "--message-format=json", kill_on_drop: false }`
[INFO] [stdout] e9383a7629c94a133163a0714f9011f830a338808045f6ca0b9fc59bc73ae45b
[INFO] running `Command { std: "docker" "start" "-a" "e9383a7629c94a133163a0714f9011f830a338808045f6ca0b9fc59bc73ae45b", kill_on_drop: false }`
[INFO] [stderr]    Compiling crossbeam-utils v0.8.15
[INFO] [stderr]    Compiling memoffset v0.8.0
[INFO] [stderr]    Compiling crossbeam-epoch v0.9.14
[INFO] [stderr]    Compiling libc v0.2.142
[INFO] [stderr]    Compiling rayon-core v1.11.0
[INFO] [stderr]    Compiling log v0.4.17
[INFO] [stderr]    Compiling byteorder v1.4.3
[INFO] [stderr]    Compiling scopeguard v0.3.3
[INFO] [stderr]    Compiling either v1.8.1
[INFO] [stderr]    Compiling hashbrown v0.1.8
[INFO] [stderr]    Compiling log v0.3.9
[INFO] [stderr]    Compiling crossbeam-channel v0.5.8
[INFO] [stderr]    Compiling crossbeam-deque v0.8.3
[INFO] [stderr]    Compiling num_cpus v1.15.0
[INFO] [stderr]    Compiling rayon v1.7.0
[INFO] [stderr]    Compiling rato v0.1.2 (/opt/rustwide/workdir)
[INFO] [stdout] warning: unnecessary parentheses around block return value
[INFO] [stdout]    --> src/rato.rs:414:17
[INFO] [stdout]     |
[INFO] [stdout] 414 |                 (if let Err(e) = event_handler.on_cmd_flushdb(&db) {
[INFO] [stdout]     |                 ^
[INFO] [stdout] ...
[INFO] [stdout] 420 |                 })
[INFO] [stdout]     |                  ^
[INFO] [stdout]     |
[INFO] [stdout]     = note: `#[warn(unused_parens)]` on by default
[INFO] [stdout] help: remove these parentheses
[INFO] [stdout]     |
[INFO] [stdout] 414 ~                 if let Err(e) = event_handler.on_cmd_flushdb(&db) {
[INFO] [stdout] 415 |                     format!("-ERR FLUSHDB Failed '{}'\r\n", e.to_string())
[INFO] [stdout]   ...
[INFO] [stdout] 419 |                     b"+OK\r\n".to_vec()
[INFO] [stdout] 420 ~                 }
[INFO] [stdout]     |
[INFO] [stdout] 
[INFO] [stdout] 
[INFO] [stdout] warning: unnecessary parentheses around block return value
[INFO] [stdout]    --> src/rato.rs:423:17
[INFO] [stdout]     |
[INFO] [stdout] 423 |                 (match args.len() {
[INFO] [stdout]     |                 ^
[INFO] [stdout] ...
[INFO] [stdout] 443 |                 })
[INFO] [stdout]     |                  ^
[INFO] [stdout]     |
[INFO] [stdout] help: remove these parentheses
[INFO] [stdout]     |
[INFO] [stdout] 423 ~                 match args.len() {
[INFO] [stdout] 424 |                     1 => {
[INFO] [stdout]   ...
[INFO] [stdout] 442 |                     _ => RedisUtil::invalid_num_args(&args[0]),
[INFO] [stdout] 443 ~                 }
[INFO] [stdout]     |
[INFO] [stdout] 
[INFO] [stdout] 
[INFO] [stdout] warning: unnecessary parentheses around block return value
[INFO] [stdout]    --> src/rato.rs:446:17
[INFO] [stdout]     |
[INFO] [stdout] 446 |                 (match args.len() {
[INFO] [stdout]     |                 ^
[INFO] [stdout] ...
[INFO] [stdout] 472 |                 })
[INFO] [stdout]     |                  ^
[INFO] [stdout]     |
[INFO] [stdout] help: remove these parentheses
[INFO] [stdout]     |
[INFO] [stdout] 446 ~                 match args.len() {
[INFO] [stdout] 447 |                     1 => {
[INFO] [stdout]   ...
[INFO] [stdout] 471 |                     _ => RedisUtil::invalid_num_args(&args[0]),
[INFO] [stdout] 472 ~                 }
[INFO] [stdout]     |
[INFO] [stdout] 
[INFO] [stdout] 
[INFO] [stdout] warning: 3 warnings emitted
[INFO] [stdout] 
[INFO] [stdout] 
[INFO] [stderr]     Finished dev [unoptimized + debuginfo] target(s) in 6.50s
[INFO] running `Command { std: "docker" "inspect" "e9383a7629c94a133163a0714f9011f830a338808045f6ca0b9fc59bc73ae45b", kill_on_drop: false }`
[INFO] running `Command { std: "docker" "rm" "-f" "e9383a7629c94a133163a0714f9011f830a338808045f6ca0b9fc59bc73ae45b", kill_on_drop: false }`
[INFO] [stdout] e9383a7629c94a133163a0714f9011f830a338808045f6ca0b9fc59bc73ae45b
[INFO] running `Command { std: "docker" "create" "-v" "/var/lib/crater-agent-workspace/builds/worker-2-tc2/target:/opt/rustwide/target:rw,Z" "-v" "/var/lib/crater-agent-workspace/builds/worker-2-tc2/source:/opt/rustwide/workdir:ro,Z" "-v" "/var/lib/crater-agent-workspace/cargo-home:/opt/rustwide/cargo-home:ro,Z" "-v" "/var/lib/crater-agent-workspace/rustup-home:/opt/rustwide/rustup-home:ro,Z" "-e" "SOURCE_DIR=/opt/rustwide/workdir" "-e" "CARGO_TARGET_DIR=/opt/rustwide/target" "-e" "CARGO_INCREMENTAL=0" "-e" "RUST_BACKTRACE=full" "-e" "RUSTFLAGS=--cap-lints=warn" "-e" "RUSTDOCFLAGS=--cap-lints=warn" "-e" "CARGO_HOME=/opt/rustwide/cargo-home" "-e" "RUSTUP_HOME=/opt/rustwide/rustup-home" "-w" "/opt/rustwide/workdir" "-m" "1610612736" "--user" "0:0" "--network" "none" "ghcr.io/rust-lang/crates-build-env/linux@sha256:5ff2268d62e97bff2cde7d5815dd6ed5b47097566f13b8d0ca110b04b60e07ed" "/opt/rustwide/cargo-home/bin/cargo" "+beta-2023-04-20" "test" "--frozen" "--no-run" "--message-format=json", kill_on_drop: false }`
[INFO] [stdout] 32b537839aef7085184bbdeeae5df56ce93dc6026ba0ebf51b1a90460b36fb22
[INFO] running `Command { std: "docker" "start" "-a" "32b537839aef7085184bbdeeae5df56ce93dc6026ba0ebf51b1a90460b36fb22", kill_on_drop: false }`
[INFO] [stdout] warning: unnecessary parentheses around block return value
[INFO] [stdout]    --> src/rato.rs:414:17
[INFO] [stdout]     |
[INFO] [stdout] 414 |                 (if let Err(e) = event_handler.on_cmd_flushdb(&db) {
[INFO] [stdout]     |                 ^
[INFO] [stdout] ...
[INFO] [stdout] 420 |                 })
[INFO] [stdout]     |                  ^
[INFO] [stdout]     |
[INFO] [stdout]     = note: `#[warn(unused_parens)]` on by default
[INFO] [stdout] help: remove these parentheses
[INFO] [stdout]     |
[INFO] [stdout] 414 ~                 if let Err(e) = event_handler.on_cmd_flushdb(&db) {
[INFO] [stdout] 415 |                     format!("-ERR FLUSHDB Failed '{}'\r\n", e.to_string())
[INFO] [stdout]   ...
[INFO] [stdout] 419 |                     b"+OK\r\n".to_vec()
[INFO] [stdout] 420 ~                 }
[INFO] [stdout]     |
[INFO] [stdout] 
[INFO] [stdout] 
[INFO] [stdout] warning: unnecessary parentheses around block return value
[INFO] [stdout]    --> src/rato.rs:423:17
[INFO] [stdout]     |
[INFO] [stdout] 423 |                 (match args.len() {
[INFO] [stdout]     |                 ^
[INFO] [stdout] ...
[INFO] [stdout] 443 |                 })
[INFO] [stdout]     |                  ^
[INFO] [stdout]     |
[INFO] [stdout] help: remove these parentheses
[INFO] [stdout]     |
[INFO] [stdout] 423 ~                 match args.len() {
[INFO] [stdout] 424 |                     1 => {
[INFO] [stdout]   ...
[INFO] [stdout] 442 |                     _ => RedisUtil::invalid_num_args(&args[0]),
[INFO] [stdout] 443 ~                 }
[INFO] [stdout]     |
[INFO] [stdout] 
[INFO] [stdout] 
[INFO] [stdout] warning: unnecessary parentheses around block return value
[INFO] [stdout]    --> src/rato.rs:446:17
[INFO] [stdout]     |
[INFO] [stdout] 446 |                 (match args.len() {
[INFO] [stdout]     |                 ^
[INFO] [stdout] ...
[INFO] [stdout] 472 |                 })
[INFO] [stdout]     |                  ^
[INFO] [stdout]     |
[INFO] [stdout] help: remove these parentheses
[INFO] [stdout]     |
[INFO] [stdout] 446 ~                 match args.len() {
[INFO] [stdout] 447 |                     1 => {
[INFO] [stdout]   ...
[INFO] [stdout] 471 |                     _ => RedisUtil::invalid_num_args(&args[0]),
[INFO] [stdout] 472 ~                 }
[INFO] [stdout]     |
[INFO] [stdout] 
[INFO] [stdout] 
[INFO] [stdout] warning: 3 warnings emitted
[INFO] [stdout] 
[INFO] [stdout] 
[INFO] [stderr]    Compiling rato v0.1.2 (/opt/rustwide/workdir)
[INFO] [stdout] error[E0463]: can't find crate for `env_logger`
[INFO] [stdout]   --> src/lib.rs:20:5
[INFO] [stdout]    |
[INFO] [stdout] 20 |     extern crate env_logger;
[INFO] [stdout]    |     ^^^^^^^^^^^^^^^^^^^^^^^^ can't find crate
[INFO] [stdout] 
[INFO] [stdout] 
[INFO] [stdout] warning: unnecessary parentheses around block return value
[INFO] [stdout]    --> src/rato.rs:414:17
[INFO] [stdout]     |
[INFO] [stdout] 414 |                 (if let Err(e) = event_handler.on_cmd_flushdb(&db) {
[INFO] [stdout]     |                 ^
[INFO] [stdout] ...
[INFO] [stdout] 420 |                 })
[INFO] [stdout]     |                  ^
[INFO] [stdout]     |
[INFO] [stdout]     = note: `#[warn(unused_parens)]` on by default
[INFO] [stdout] help: remove these parentheses
[INFO] [stdout]     |
[INFO] [stdout] 414 ~                 if let Err(e) = event_handler.on_cmd_flushdb(&db) {
[INFO] [stdout] 415 |                     format!("-ERR FLUSHDB Failed '{}'\r\n", e.to_string())
[INFO] [stdout]   ...
[INFO] [stdout] 419 |                     b"+OK\r\n".to_vec()
[INFO] [stdout] 420 ~                 }
[INFO] [stdout]     |
[INFO] [stdout] 
[INFO] [stdout] 
[INFO] [stdout] warning: unnecessary parentheses around block return value
[INFO] [stdout]    --> src/rato.rs:423:17
[INFO] [stdout]     |
[INFO] [stdout] 423 |                 (match args.len() {
[INFO] [stdout]     |                 ^
[INFO] [stdout] ...
[INFO] [stdout] 443 |                 })
[INFO] [stdout]     |                  ^
[INFO] [stdout]     |
[INFO] [stdout] help: remove these parentheses
[INFO] [stdout]     |
[INFO] [stdout] 423 ~                 match args.len() {
[INFO] [stdout] 424 |                     1 => {
[INFO] [stdout]   ...
[INFO] [stdout] 442 |                     _ => RedisUtil::invalid_num_args(&args[0]),
[INFO] [stdout] 443 ~                 }
[INFO] [stdout]     |
[INFO] [stdout] 
[INFO] [stdout] 
[INFO] [stdout] warning: unnecessary parentheses around block return value
[INFO] [stdout]    --> src/rato.rs:446:17
[INFO] [stdout]     |
[INFO] [stdout] 446 |                 (match args.len() {
[INFO] [stdout]     |                 ^
[INFO] [stdout] ...
[INFO] [stdout] 472 |                 })
[INFO] [stdout]     |                  ^
[INFO] [stdout]     |
[INFO] [stdout] help: remove these parentheses
[INFO] [stdout]     |
[INFO] [stdout] 446 ~                 match args.len() {
[INFO] [stdout] 447 |                     1 => {
[INFO] [stdout]   ...
[INFO] [stdout] 471 |                     _ => RedisUtil::invalid_num_args(&args[0]),
[INFO] [stdout] 472 ~                 }
[INFO] [stdout]     |
[INFO] [stdout] 
[INFO] [stdout] 
[INFO] [stdout] warning: unused import: `super::*`
[INFO] [stdout]   --> src/lib.rs:13:9
[INFO] [stdout]    |
[INFO] [stdout] 13 |     use super::*;
[INFO] [stdout]    |         ^^^^^^^^
[INFO] [stdout]    |
[INFO] [stdout]    = note: `#[warn(unused_imports)]` on by default
[INFO] [stdout] 
[INFO] [stdout] 
[INFO] [stdout] warning: unused import: `std::sync::Arc`
[INFO] [stdout]   --> src/lib.rs:18:9
[INFO] [stdout]    |
[INFO] [stdout] 18 |     use std::sync::Arc;
[INFO] [stdout]    |         ^^^^^^^^^^^^^^
[INFO] [stdout] 
[INFO] [stdout] 
[INFO] [stdout] error[E0061]: this function takes 5 arguments but 3 arguments were supplied
[INFO] [stdout]    --> src/lib.rs:150:19
[INFO] [stdout]     |
[INFO] [stdout] 150 |         let res = Rato::parse_input(&redis_test, &mut tags, &mut b"AUTH secret\r\n".to_vec());
[INFO] [stdout]     |                   ^^^^^^^^^^^^^^^^^---------------------------------------------------------- two arguments of type `&mut Vec<u8>` and `usize` are missing
[INFO] [stdout]     |
[INFO] [stdout] note: associated function defined here
[INFO] [stdout]    --> src/rato.rs:137:12
[INFO] [stdout]     |
[INFO] [stdout] 137 |     pub fn parse_input<T>(
[INFO] [stdout]     |            ^^^^^^^^^^^
[INFO] [stdout] 138 |         event_handler: &T,
[INFO] [stdout]     |         -----------------
[INFO] [stdout] 139 |         conn_tags: &mut HashMap<String, String>,
[INFO] [stdout]     |         ---------------------------------------
[INFO] [stdout] 140 |         input: &mut Vec<u8>,
[INFO] [stdout]     |         -------------------
[INFO] [stdout] 141 |         output: &mut Vec<u8>,
[INFO] [stdout]     |         --------------------
[INFO] [stdout] 142 |         parallel_parsing_threshold: usize,
[INFO] [stdout]     |         ---------------------------------
[INFO] [stdout] help: provide the arguments
[INFO] [stdout]     |
[INFO] [stdout] 150 |         let res = Rato::parse_input(&redis_test, &mut tags, &mut b"AUTH secret\r\n".to_vec(), /* &mut Vec<u8> */, /* usize */);
[INFO] [stdout]     |                                    ~~~~~~~~~~~~~~~~~~~~~~~~~~~~~~~~~~~~~~~~~~~~~~~~~~~~~~~~~~~~~~~~~~~~~~~~~~~~~~~~~~~~~~~~~~~
[INFO] [stdout] 
[INFO] [stdout] 
[INFO] [stdout] error[E0308]: mismatched types
[INFO] [stdout]    --> src/lib.rs:151:44
[INFO] [stdout]     |
[INFO] [stdout] 151 |         assert_eq!(String::from_utf8_lossy(&res.0), "+OK\r\n");
[INFO] [stdout]     |                    ----------------------- ^^^^^^ expected `&[u8]`, found `&bool`
[INFO] [stdout]     |                    |
[INFO] [stdout]     |                    arguments to this function are incorrect
[INFO] [stdout]     |
[INFO] [stdout]     = note: expected reference `&[u8]`
[INFO] [stdout]                found reference `&bool`
[INFO] [stdout] note: associated function defined here
[INFO] [stdout]    --> /rustc/1b7dd2252b99671ce5d1cb9664c5f8636329436d/library/alloc/src/string.rs:629:12
[INFO] [stdout] 
[INFO] [stdout] 
[INFO] [stdout] error[E0061]: this function takes 5 arguments but 3 arguments were supplied
[INFO] [stdout]    --> src/lib.rs:153:19
[INFO] [stdout]     |
[INFO] [stdout] 153 |         let res = Rato::parse_input(&redis_test, &mut tags, &mut b"AUTH abc\r\n".to_vec());
[INFO] [stdout]     |                   ^^^^^^^^^^^^^^^^^------------------------------------------------------- two arguments of type `&mut Vec<u8>` and `usize` are missing
[INFO] [stdout]     |
[INFO] [stdout] note: associated function defined here
[INFO] [stdout]    --> src/rato.rs:137:12
[INFO] [stdout]     |
[INFO] [stdout] 137 |     pub fn parse_input<T>(
[INFO] [stdout]     |            ^^^^^^^^^^^
[INFO] [stdout] 138 |         event_handler: &T,
[INFO] [stdout]     |         -----------------
[INFO] [stdout] 139 |         conn_tags: &mut HashMap<String, String>,
[INFO] [stdout]     |         ---------------------------------------
[INFO] [stdout] 140 |         input: &mut Vec<u8>,
[INFO] [stdout]     |         -------------------
[INFO] [stdout] 141 |         output: &mut Vec<u8>,
[INFO] [stdout]     |         --------------------
[INFO] [stdout] 142 |         parallel_parsing_threshold: usize,
[INFO] [stdout]     |         ---------------------------------
[INFO] [stdout] help: provide the arguments
[INFO] [stdout]     |
[INFO] [stdout] 153 |         let res = Rato::parse_input(&redis_test, &mut tags, &mut b"AUTH abc\r\n".to_vec(), /* &mut Vec<u8> */, /* usize */);
[INFO] [stdout]     |                                    ~~~~~~~~~~~~~~~~~~~~~~~~~~~~~~~~~~~~~~~~~~~~~~~~~~~~~~~~~~~~~~~~~~~~~~~~~~~~~~~~~~~~~~~~
[INFO] [stdout] 
[INFO] [stdout] 
[INFO] [stdout] error[E0308]: mismatched types
[INFO] [stdout]    --> src/lib.rs:154:44
[INFO] [stdout]     |
[INFO] [stdout] 154 |         assert_ne!(String::from_utf8_lossy(&res.0), "+OK\r\n");
[INFO] [stdout]     |                    ----------------------- ^^^^^^ expected `&[u8]`, found `&bool`
[INFO] [stdout]     |                    |
[INFO] [stdout]     |                    arguments to this function are incorrect
[INFO] [stdout]     |
[INFO] [stdout]     = note: expected reference `&[u8]`
[INFO] [stdout]                found reference `&bool`
[INFO] [stdout] note: associated function defined here
[INFO] [stdout]    --> /rustc/1b7dd2252b99671ce5d1cb9664c5f8636329436d/library/alloc/src/string.rs:629:12
[INFO] [stdout] 
[INFO] [stdout] 
[INFO] [stdout] error[E0061]: this function takes 5 arguments but 3 arguments were supplied
[INFO] [stdout]    --> src/lib.rs:170:19
[INFO] [stdout]     |
[INFO] [stdout] 170 |         let res = Rato::parse_input(&redis_test, &mut tags, &mut b"PING\r\n".to_vec());
[INFO] [stdout]     |                   ^^^^^^^^^^^^^^^^^--------------------------------------------------- two arguments of type `&mut Vec<u8>` and `usize` are missing
[INFO] [stdout]     |
[INFO] [stdout] note: associated function defined here
[INFO] [stdout]    --> src/rato.rs:137:12
[INFO] [stdout]     |
[INFO] [stdout] 137 |     pub fn parse_input<T>(
[INFO] [stdout]     |            ^^^^^^^^^^^
[INFO] [stdout] 138 |         event_handler: &T,
[INFO] [stdout]     |         -----------------
[INFO] [stdout] 139 |         conn_tags: &mut HashMap<String, String>,
[INFO] [stdout]     |         ---------------------------------------
[INFO] [stdout] 140 |         input: &mut Vec<u8>,
[INFO] [stdout]     |         -------------------
[INFO] [stdout] 141 |         output: &mut Vec<u8>,
[INFO] [stdout]     |         --------------------
[INFO] [stdout] 142 |         parallel_parsing_threshold: usize,
[INFO] [stdout]     |         ---------------------------------
[INFO] [stdout] help: provide the arguments
[INFO] [stdout]     |
[INFO] [stdout] 170 |         let res = Rato::parse_input(&redis_test, &mut tags, &mut b"PING\r\n".to_vec(), /* &mut Vec<u8> */, /* usize */);
[INFO] [stdout]     |                                    ~~~~~~~~~~~~~~~~~~~~~~~~~~~~~~~~~~~~~~~~~~~~~~~~~~~~~~~~~~~~~~~~~~~~~~~~~~~~~~~~~~~~
[INFO] [stdout] 
[INFO] [stdout] 
[INFO] [stdout] error[E0308]: mismatched types
[INFO] [stdout]    --> src/lib.rs:171:44
[INFO] [stdout]     |
[INFO] [stdout] 171 |         assert_eq!(String::from_utf8_lossy(&res.0), "+PONG\r\n");
[INFO] [stdout]     |                    ----------------------- ^^^^^^ expected `&[u8]`, found `&bool`
[INFO] [stdout]     |                    |
[INFO] [stdout]     |                    arguments to this function are incorrect
[INFO] [stdout]     |
[INFO] [stdout]     = note: expected reference `&[u8]`
[INFO] [stdout]                found reference `&bool`
[INFO] [stdout] note: associated function defined here
[INFO] [stdout]    --> /rustc/1b7dd2252b99671ce5d1cb9664c5f8636329436d/library/alloc/src/string.rs:629:12
[INFO] [stdout] 
[INFO] [stdout] 
[INFO] [stdout] error[E0061]: this function takes 5 arguments but 3 arguments were supplied
[INFO] [stdout]    --> src/lib.rs:173:19
[INFO] [stdout]     |
[INFO] [stdout] 173 |         let res = Rato::parse_input(&redis_test, &mut tags, &mut b"PING test_key\r\n".to_vec());
[INFO] [stdout]     |                   ^^^^^^^^^^^^^^^^^------------------------------------------------------------ two arguments of type `&mut Vec<u8>` and `usize` are missing
[INFO] [stdout]     |
[INFO] [stdout] note: associated function defined here
[INFO] [stdout]    --> src/rato.rs:137:12
[INFO] [stdout]     |
[INFO] [stdout] 137 |     pub fn parse_input<T>(
[INFO] [stdout]     |            ^^^^^^^^^^^
[INFO] [stdout] 138 |         event_handler: &T,
[INFO] [stdout]     |         -----------------
[INFO] [stdout] 139 |         conn_tags: &mut HashMap<String, String>,
[INFO] [stdout]     |         ---------------------------------------
[INFO] [stdout] 140 |         input: &mut Vec<u8>,
[INFO] [stdout]     |         -------------------
[INFO] [stdout] 141 |         output: &mut Vec<u8>,
[INFO] [stdout]     |         --------------------
[INFO] [stdout] 142 |         parallel_parsing_threshold: usize,
[INFO] [stdout]     |         ---------------------------------
[INFO] [stdout] help: provide the arguments
[INFO] [stdout]     |
[INFO] [stdout] 173 |         let res = Rato::parse_input(&redis_test, &mut tags, &mut b"PING test_key\r\n".to_vec(), /* &mut Vec<u8> */, /* usize */);
[INFO] [stdout]     |                                    ~~~~~~~~~~~~~~~~~~~~~~~~~~~~~~~~~~~~~~~~~~~~~~~~~~~~~~~~~~~~~~~~~~~~~~~~~~~~~~~~~~~~~~~~~~~~~
[INFO] [stdout] 
[INFO] [stdout] 
[INFO] [stdout] error[E0308]: mismatched types
[INFO] [stdout]    --> src/lib.rs:174:44
[INFO] [stdout]     |
[INFO] [stdout] 174 |         assert_eq!(String::from_utf8_lossy(&res.0), "$8\r\ntest_key\r\n");
[INFO] [stdout]     |                    ----------------------- ^^^^^^ expected `&[u8]`, found `&bool`
[INFO] [stdout]     |                    |
[INFO] [stdout]     |                    arguments to this function are incorrect
[INFO] [stdout]     |
[INFO] [stdout]     = note: expected reference `&[u8]`
[INFO] [stdout]                found reference `&bool`
[INFO] [stdout] note: associated function defined here
[INFO] [stdout]    --> /rustc/1b7dd2252b99671ce5d1cb9664c5f8636329436d/library/alloc/src/string.rs:629:12
[INFO] [stdout] 
[INFO] [stdout] 
[INFO] [stdout] error[E0061]: this function takes 5 arguments but 3 arguments were supplied
[INFO] [stdout]    --> src/lib.rs:190:19
[INFO] [stdout]     |
[INFO] [stdout] 190 |         let res = Rato::parse_input(&redis_test, &mut tags, &mut b"SET a b\r\n".to_vec());
[INFO] [stdout]     |                   ^^^^^^^^^^^^^^^^^------------------------------------------------------ two arguments of type `&mut Vec<u8>` and `usize` are missing
[INFO] [stdout]     |
[INFO] [stdout] note: associated function defined here
[INFO] [stdout]    --> src/rato.rs:137:12
[INFO] [stdout]     |
[INFO] [stdout] 137 |     pub fn parse_input<T>(
[INFO] [stdout]     |            ^^^^^^^^^^^
[INFO] [stdout] 138 |         event_handler: &T,
[INFO] [stdout]     |         -----------------
[INFO] [stdout] 139 |         conn_tags: &mut HashMap<String, String>,
[INFO] [stdout]     |         ---------------------------------------
[INFO] [stdout] 140 |         input: &mut Vec<u8>,
[INFO] [stdout]     |         -------------------
[INFO] [stdout] 141 |         output: &mut Vec<u8>,
[INFO] [stdout]     |         --------------------
[INFO] [stdout] 142 |         parallel_parsing_threshold: usize,
[INFO] [stdout]     |         ---------------------------------
[INFO] [stdout] help: provide the arguments
[INFO] [stdout]     |
[INFO] [stdout] 190 |         let res = Rato::parse_input(&redis_test, &mut tags, &mut b"SET a b\r\n".to_vec(), /* &mut Vec<u8> */, /* usize */);
[INFO] [stdout]     |                                    ~~~~~~~~~~~~~~~~~~~~~~~~~~~~~~~~~~~~~~~~~~~~~~~~~~~~~~~~~~~~~~~~~~~~~~~~~~~~~~~~~~~~~~~
[INFO] [stdout] 
[INFO] [stdout] 
[INFO] [stdout] error[E0308]: mismatched types
[INFO] [stdout]    --> src/lib.rs:191:44
[INFO] [stdout]     |
[INFO] [stdout] 191 |         assert_eq!(String::from_utf8_lossy(&res.0), "+OK\r\n");
[INFO] [stdout]     |                    ----------------------- ^^^^^^ expected `&[u8]`, found `&bool`
[INFO] [stdout]     |                    |
[INFO] [stdout]     |                    arguments to this function are incorrect
[INFO] [stdout]     |
[INFO] [stdout]     = note: expected reference `&[u8]`
[INFO] [stdout]                found reference `&bool`
[INFO] [stdout] note: associated function defined here
[INFO] [stdout]    --> /rustc/1b7dd2252b99671ce5d1cb9664c5f8636329436d/library/alloc/src/string.rs:629:12
[INFO] [stdout] 
[INFO] [stdout] 
[INFO] [stdout] error[E0061]: this function takes 5 arguments but 3 arguments were supplied
[INFO] [stdout]    --> src/lib.rs:207:19
[INFO] [stdout]     |
[INFO] [stdout] 207 |         let res = Rato::parse_input(&redis_test, &mut tags, &mut b"GET a\r\n".to_vec());
[INFO] [stdout]     |                   ^^^^^^^^^^^^^^^^^---------------------------------------------------- two arguments of type `&mut Vec<u8>` and `usize` are missing
[INFO] [stdout]     |
[INFO] [stdout] note: associated function defined here
[INFO] [stdout]    --> src/rato.rs:137:12
[INFO] [stdout]     |
[INFO] [stdout] 137 |     pub fn parse_input<T>(
[INFO] [stdout]     |            ^^^^^^^^^^^
[INFO] [stdout] 138 |         event_handler: &T,
[INFO] [stdout]     |         -----------------
[INFO] [stdout] 139 |         conn_tags: &mut HashMap<String, String>,
[INFO] [stdout]     |         ---------------------------------------
[INFO] [stdout] 140 |         input: &mut Vec<u8>,
[INFO] [stdout]     |         -------------------
[INFO] [stdout] 141 |         output: &mut Vec<u8>,
[INFO] [stdout]     |         --------------------
[INFO] [stdout] 142 |         parallel_parsing_threshold: usize,
[INFO] [stdout]     |         ---------------------------------
[INFO] [stdout] help: provide the arguments
[INFO] [stdout]     |
[INFO] [stdout] 207 |         let res = Rato::parse_input(&redis_test, &mut tags, &mut b"GET a\r\n".to_vec(), /* &mut Vec<u8> */, /* usize */);
[INFO] [stdout]     |                                    ~~~~~~~~~~~~~~~~~~~~~~~~~~~~~~~~~~~~~~~~~~~~~~~~~~~~~~~~~~~~~~~~~~~~~~~~~~~~~~~~~~~~~
[INFO] [stdout] 
[INFO] [stdout] 
[INFO] [stdout] error[E0308]: mismatched types
[INFO] [stdout]    --> src/lib.rs:208:44
[INFO] [stdout]     |
[INFO] [stdout] 208 |         assert_eq!(String::from_utf8_lossy(&res.0), "$1\r\nb\r\n");
[INFO] [stdout]     |                    ----------------------- ^^^^^^ expected `&[u8]`, found `&bool`
[INFO] [stdout]     |                    |
[INFO] [stdout]     |                    arguments to this function are incorrect
[INFO] [stdout]     |
[INFO] [stdout]     = note: expected reference `&[u8]`
[INFO] [stdout]                found reference `&bool`
[INFO] [stdout] note: associated function defined here
[INFO] [stdout]    --> /rustc/1b7dd2252b99671ce5d1cb9664c5f8636329436d/library/alloc/src/string.rs:629:12
[INFO] [stdout] 
[INFO] [stdout] 
[INFO] [stdout] error[E0061]: this function takes 5 arguments but 3 arguments were supplied
[INFO] [stdout]    --> src/lib.rs:224:19
[INFO] [stdout]     |
[INFO] [stdout] 224 |         let res = Rato::parse_input(&redis_test, &mut tags, &mut b"SELECT PAN_DB\r\n".to_vec());
[INFO] [stdout]     |                   ^^^^^^^^^^^^^^^^^------------------------------------------------------------ two arguments of type `&mut Vec<u8>` and `usize` are missing
[INFO] [stdout]     |
[INFO] [stdout] note: associated function defined here
[INFO] [stdout]    --> src/rato.rs:137:12
[INFO] [stdout]     |
[INFO] [stdout] 137 |     pub fn parse_input<T>(
[INFO] [stdout]     |            ^^^^^^^^^^^
[INFO] [stdout] 138 |         event_handler: &T,
[INFO] [stdout]     |         -----------------
[INFO] [stdout] 139 |         conn_tags: &mut HashMap<String, String>,
[INFO] [stdout]     |         ---------------------------------------
[INFO] [stdout] 140 |         input: &mut Vec<u8>,
[INFO] [stdout]     |         -------------------
[INFO] [stdout] 141 |         output: &mut Vec<u8>,
[INFO] [stdout]     |         --------------------
[INFO] [stdout] 142 |         parallel_parsing_threshold: usize,
[INFO] [stdout]     |         ---------------------------------
[INFO] [stdout] help: provide the arguments
[INFO] [stdout]     |
[INFO] [stdout] 224 |         let res = Rato::parse_input(&redis_test, &mut tags, &mut b"SELECT PAN_DB\r\n".to_vec(), /* &mut Vec<u8> */, /* usize */);
[INFO] [stdout]     |                                    ~~~~~~~~~~~~~~~~~~~~~~~~~~~~~~~~~~~~~~~~~~~~~~~~~~~~~~~~~~~~~~~~~~~~~~~~~~~~~~~~~~~~~~~~~~~~~
[INFO] [stdout] 
[INFO] [stdout] 
[INFO] [stdout] error[E0061]: this function takes 5 arguments but 3 arguments were supplied
[INFO] [stdout]    --> src/lib.rs:226:19
[INFO] [stdout]     |
[INFO] [stdout] 226 |         let res = Rato::parse_input(&redis_test, &mut tags, &mut b"GET a\r\n".to_vec());
[INFO] [stdout]     |                   ^^^^^^^^^^^^^^^^^---------------------------------------------------- two arguments of type `&mut Vec<u8>` and `usize` are missing
[INFO] [stdout]     |
[INFO] [stdout] note: associated function defined here
[INFO] [stdout]    --> src/rato.rs:137:12
[INFO] [stdout]     |
[INFO] [stdout] 137 |     pub fn parse_input<T>(
[INFO] [stdout]     |            ^^^^^^^^^^^
[INFO] [stdout] 138 |         event_handler: &T,
[INFO] [stdout]     |         -----------------
[INFO] [stdout] 139 |         conn_tags: &mut HashMap<String, String>,
[INFO] [stdout]     |         ---------------------------------------
[INFO] [stdout] 140 |         input: &mut Vec<u8>,
[INFO] [stdout]     |         -------------------
[INFO] [stdout] 141 |         output: &mut Vec<u8>,
[INFO] [stdout]     |         --------------------
[INFO] [stdout] 142 |         parallel_parsing_threshold: usize,
[INFO] [stdout]     |         ---------------------------------
[INFO] [stdout] help: provide the arguments
[INFO] [stdout]     |
[INFO] [stdout] 226 |         let res = Rato::parse_input(&redis_test, &mut tags, &mut b"GET a\r\n".to_vec(), /* &mut Vec<u8> */, /* usize */);
[INFO] [stdout]     |                                    ~~~~~~~~~~~~~~~~~~~~~~~~~~~~~~~~~~~~~~~~~~~~~~~~~~~~~~~~~~~~~~~~~~~~~~~~~~~~~~~~~~~~~
[INFO] [stdout] 
[INFO] [stdout] 
[INFO] [stdout] error: aborting due to 15 previous errors; 5 warnings emitted
[INFO] [stdout] 
[INFO] [stdout] 
[INFO] [stdout] Some errors have detailed explanations: E0061, E0308, E0463.
[INFO] [stdout] 
[INFO] [stdout] For more information about an error, try `rustc --explain E0061`.
[INFO] [stdout] 
[INFO] [stderr] error: could not compile `rato` (lib test) due to 16 previous errors; 5 warnings emitted
[INFO] running `Command { std: "docker" "inspect" "32b537839aef7085184bbdeeae5df56ce93dc6026ba0ebf51b1a90460b36fb22", kill_on_drop: false }`
[INFO] running `Command { std: "docker" "rm" "-f" "32b537839aef7085184bbdeeae5df56ce93dc6026ba0ebf51b1a90460b36fb22", kill_on_drop: false }`
[INFO] [stdout] 32b537839aef7085184bbdeeae5df56ce93dc6026ba0ebf51b1a90460b36fb22
