[INFO] fetching crate ratmom 0.1.0...
[INFO] testing ratmom-0.1.0 against 1.69.0 for beta-1.70-1
[INFO] extracting crate ratmom 0.1.0 into /workspace/builds/worker-3-tc1/source
[INFO] validating manifest of crates.io crate ratmom 0.1.0 on toolchain 1.69.0
[INFO] running `Command { std: CARGO_HOME="/workspace/cargo-home" RUSTUP_HOME="/workspace/rustup-home" "/workspace/cargo-home/bin/cargo" "+1.69.0" "metadata" "--manifest-path" "Cargo.toml" "--no-deps", kill_on_drop: false }`
[INFO] started tweaking crates.io crate ratmom 0.1.0
[INFO] removed 0 missing examples
[INFO] finished tweaking crates.io crate ratmom 0.1.0
[INFO] tweaked toml for crates.io crate ratmom 0.1.0 written to /workspace/builds/worker-3-tc1/source/Cargo.toml
[INFO] crate crates.io crate ratmom 0.1.0 already has a lockfile, it will not be regenerated
[INFO] running `Command { std: CARGO_HOME="/workspace/cargo-home" RUSTUP_HOME="/workspace/rustup-home" "/workspace/cargo-home/bin/cargo" "+1.69.0" "fetch" "--manifest-path" "Cargo.toml", kill_on_drop: false }`
[INFO] [stderr]  Downloading crates ...
[INFO] [stderr]   Downloaded toml v0.5.10
[INFO] [stderr]   Downloaded console v0.15.4
[INFO] [stderr]   Downloaded ratcurl-sys v0.1.0+curl-7.86.0
[INFO] [stderr]   Downloaded ratcurl v0.1.0
[INFO] [stderr]   Downloaded rustls-ffi v0.8.2
[INFO] running `Command { std: "docker" "create" "-v" "/var/lib/crater-agent-workspace/builds/worker-3-tc1/target:/opt/rustwide/target:rw,Z" "-v" "/var/lib/crater-agent-workspace/builds/worker-3-tc1/source:/opt/rustwide/workdir:ro,Z" "-v" "/var/lib/crater-agent-workspace/cargo-home:/opt/rustwide/cargo-home:ro,Z" "-v" "/var/lib/crater-agent-workspace/rustup-home:/opt/rustwide/rustup-home:ro,Z" "-e" "SOURCE_DIR=/opt/rustwide/workdir" "-e" "CARGO_TARGET_DIR=/opt/rustwide/target" "-e" "CARGO_HOME=/opt/rustwide/cargo-home" "-e" "RUSTUP_HOME=/opt/rustwide/rustup-home" "-w" "/opt/rustwide/workdir" "-m" "1610612736" "--user" "0:0" "--network" "none" "ghcr.io/rust-lang/crates-build-env/linux@sha256:5ff2268d62e97bff2cde7d5815dd6ed5b47097566f13b8d0ca110b04b60e07ed" "/opt/rustwide/cargo-home/bin/cargo" "+1.69.0" "metadata" "--no-deps" "--format-version=1", kill_on_drop: false }`
[INFO] [stdout] f01528c521a55fe1c8cff5f1fb8d227ac56a9d0717dd83cafc51793774a4c6e9
[INFO] running `Command { std: "docker" "start" "-a" "f01528c521a55fe1c8cff5f1fb8d227ac56a9d0717dd83cafc51793774a4c6e9", kill_on_drop: false }`
[INFO] running `Command { std: "docker" "inspect" "f01528c521a55fe1c8cff5f1fb8d227ac56a9d0717dd83cafc51793774a4c6e9", kill_on_drop: false }`
[INFO] running `Command { std: "docker" "rm" "-f" "f01528c521a55fe1c8cff5f1fb8d227ac56a9d0717dd83cafc51793774a4c6e9", kill_on_drop: false }`
[INFO] [stdout] f01528c521a55fe1c8cff5f1fb8d227ac56a9d0717dd83cafc51793774a4c6e9
[INFO] running `Command { std: "docker" "create" "-v" "/var/lib/crater-agent-workspace/builds/worker-3-tc1/target:/opt/rustwide/target:rw,Z" "-v" "/var/lib/crater-agent-workspace/builds/worker-3-tc1/source:/opt/rustwide/workdir:ro,Z" "-v" "/var/lib/crater-agent-workspace/cargo-home:/opt/rustwide/cargo-home:ro,Z" "-v" "/var/lib/crater-agent-workspace/rustup-home:/opt/rustwide/rustup-home:ro,Z" "-e" "SOURCE_DIR=/opt/rustwide/workdir" "-e" "CARGO_TARGET_DIR=/opt/rustwide/target" "-e" "CARGO_INCREMENTAL=0" "-e" "RUST_BACKTRACE=full" "-e" "RUSTFLAGS=--cap-lints=warn" "-e" "RUSTDOCFLAGS=--cap-lints=warn" "-e" "CARGO_HOME=/opt/rustwide/cargo-home" "-e" "RUSTUP_HOME=/opt/rustwide/rustup-home" "-w" "/opt/rustwide/workdir" "-m" "1610612736" "--user" "0:0" "--network" "none" "ghcr.io/rust-lang/crates-build-env/linux@sha256:5ff2268d62e97bff2cde7d5815dd6ed5b47097566f13b8d0ca110b04b60e07ed" "/opt/rustwide/cargo-home/bin/cargo" "+1.69.0" "build" "--frozen" "--message-format=json", kill_on_drop: false }`
[INFO] [stdout] 804a1294c90ce41b7cb748943e04d8624a31afad0a8b319fd130f33002c17536
[INFO] running `Command { std: "docker" "start" "-a" "804a1294c90ce41b7cb748943e04d8624a31afad0a8b319fd130f33002c17536", kill_on_drop: false }`
[INFO] [stderr]    Compiling cc v1.0.78
[INFO] [stderr]    Compiling libc v0.2.139
[INFO] [stderr]    Compiling syn v1.0.107
[INFO] [stderr]    Compiling crossbeam-utils v0.8.14
[INFO] [stderr]    Compiling log v0.4.17
[INFO] [stderr]    Compiling tinyvec_macros v0.1.0
[INFO] [stderr]    Compiling rustversion v1.0.11
[INFO] [stderr]    Compiling polling v2.5.2
[INFO] [stderr]    Compiling tracing-core v0.1.30
[INFO] [stderr]    Compiling encoding_rs v0.8.31
[INFO] [stderr]    Compiling ratcurl v0.1.0
[INFO] [stderr]    Compiling unicode-bidi v0.3.8
[INFO] [stderr]    Compiling form_urlencoded v1.1.0
[INFO] [stderr]    Compiling bytes v1.3.0
[INFO] [stderr]    Compiling openssl-probe v0.1.5
[INFO] [stderr]    Compiling ratmom v0.1.0 (/opt/rustwide/workdir)
[INFO] [stderr]    Compiling tinyvec v1.6.0
[INFO] [stderr]    Compiling futures-io v0.3.25
[INFO] [stderr]    Compiling futures-lite v1.12.0
[INFO] [stderr]    Compiling mime v0.3.16
[INFO] [stderr]    Compiling concurrent-queue v2.0.0
[INFO] [stderr]    Compiling http v0.2.8
[INFO] [stderr]    Compiling async-channel v1.8.0
[INFO] [stderr]    Compiling openssl-sys v0.9.80
[INFO] [stderr]    Compiling libz-sys v1.1.8
[INFO] [stderr]    Compiling libnghttp2-sys v0.1.7+1.45.0
[INFO] [stderr]    Compiling ratcurl-sys v0.1.0+curl-7.86.0
[INFO] [stderr]    Compiling unicode-normalization v0.1.22
[INFO] [stderr]    Compiling socket2 v0.4.7
[INFO] [stderr]    Compiling sluice v0.5.5
[INFO] [stderr]    Compiling castaway v0.2.2
[INFO] [stderr]    Compiling idna v0.3.0
[INFO] [stderr]    Compiling url v2.3.1
[INFO] [stderr]    Compiling tracing-attributes v0.1.23
[INFO] [stderr]    Compiling pin-project-internal v1.0.12
[INFO] [stderr]    Compiling pin-project v1.0.12
[INFO] [stderr]    Compiling tracing v0.1.37
[INFO] [stderr]    Compiling tracing-futures v0.2.5
[INFO] [stderr]     Finished dev [unoptimized + debuginfo] target(s) in 14.89s
[INFO] running `Command { std: "docker" "inspect" "804a1294c90ce41b7cb748943e04d8624a31afad0a8b319fd130f33002c17536", kill_on_drop: false }`
[INFO] running `Command { std: "docker" "rm" "-f" "804a1294c90ce41b7cb748943e04d8624a31afad0a8b319fd130f33002c17536", kill_on_drop: false }`
[INFO] [stdout] 804a1294c90ce41b7cb748943e04d8624a31afad0a8b319fd130f33002c17536
[INFO] running `Command { std: "docker" "create" "-v" "/var/lib/crater-agent-workspace/builds/worker-3-tc1/target:/opt/rustwide/target:rw,Z" "-v" "/var/lib/crater-agent-workspace/builds/worker-3-tc1/source:/opt/rustwide/workdir:ro,Z" "-v" "/var/lib/crater-agent-workspace/cargo-home:/opt/rustwide/cargo-home:ro,Z" "-v" "/var/lib/crater-agent-workspace/rustup-home:/opt/rustwide/rustup-home:ro,Z" "-e" "SOURCE_DIR=/opt/rustwide/workdir" "-e" "CARGO_TARGET_DIR=/opt/rustwide/target" "-e" "CARGO_INCREMENTAL=0" "-e" "RUST_BACKTRACE=full" "-e" "RUSTFLAGS=--cap-lints=warn" "-e" "RUSTDOCFLAGS=--cap-lints=warn" "-e" "CARGO_HOME=/opt/rustwide/cargo-home" "-e" "RUSTUP_HOME=/opt/rustwide/rustup-home" "-w" "/opt/rustwide/workdir" "-m" "1610612736" "--user" "0:0" "--network" "none" "ghcr.io/rust-lang/crates-build-env/linux@sha256:5ff2268d62e97bff2cde7d5815dd6ed5b47097566f13b8d0ca110b04b60e07ed" "/opt/rustwide/cargo-home/bin/cargo" "+1.69.0" "test" "--frozen" "--no-run" "--message-format=json", kill_on_drop: false }`
[INFO] [stdout] 277e465c2b10fa59e9d60f5f18ee1135b3090376c56b9711c6beb5a7c06bb943
[INFO] running `Command { std: "docker" "start" "-a" "277e465c2b10fa59e9d60f5f18ee1135b3090376c56b9711c6beb5a7c06bb943", kill_on_drop: false }`
[INFO] [stderr]    Compiling proc-macro-error-attr v1.0.4
[INFO] [stderr]    Compiling proc-macro-error v1.0.4
[INFO] [stderr]    Compiling memoffset v0.7.1
[INFO] [stderr]    Compiling crossbeam-epoch v0.9.13
[INFO] [stderr]    Compiling atty v0.2.14
[INFO] [stderr]    Compiling unicode-segmentation v1.10.0
[INFO] [stderr]    Compiling serde v1.0.152
[INFO] [stderr]    Compiling fastrand v1.8.0
[INFO] [stderr]    Compiling regex-syntax v0.6.28
[INFO] [stderr]    Compiling rayon-core v1.10.1
[INFO] [stderr]    Compiling tracing v0.1.37
[INFO] [stderr]    Compiling crossbeam-channel v0.5.6
[INFO] [stderr]    Compiling num_cpus v1.15.0
[INFO] [stderr]    Compiling serde_json v1.0.91
[INFO] [stderr]    Compiling ansi_term v0.12.1
[INFO] [stderr]    Compiling strsim v0.8.0
[INFO] [stderr]    Compiling miniz_oxide v0.6.2
[INFO] [stderr]    Compiling futures-lite v1.12.0
[INFO] [stderr]    Compiling tracing-futures v0.2.5
[INFO] [stderr]    Compiling polling v2.5.2
[INFO] [stderr]    Compiling console v0.15.4
[INFO] [stderr]    Compiling number_prefix v0.3.0
[INFO] [stderr]    Compiling termcolor v1.1.3
[INFO] [stderr]    Compiling either v1.8.0
[INFO] [stderr]    Compiling humantime v2.1.0
[INFO] [stderr]    Compiling heck v0.3.3
[INFO] [stderr]    Compiling clap v2.34.0
[INFO] [stderr]    Compiling remove_dir_all v0.5.3
[INFO] [stderr]    Compiling flate2 v1.0.25
[INFO] [stderr]    Compiling tempfile v3.3.0
[INFO] [stderr]    Compiling crossbeam-deque v0.8.2
[INFO] [stderr]    Compiling ratmom v0.1.0 (/opt/rustwide/workdir)
[INFO] [stderr]    Compiling test-case-macros v2.2.2
[INFO] [stderr]    Compiling structopt-derive v0.4.18
[INFO] [stderr]    Compiling regex v1.7.0
[INFO] [stderr]    Compiling rayon v1.6.1
[INFO] [stderr]    Compiling test-case v2.2.2
[INFO] [stderr]    Compiling indicatif v0.15.0
[INFO] [stderr]    Compiling env_logger v0.9.3
[INFO] [stderr]    Compiling structopt v0.3.26
[INFO] [stdout] error[E0432]: unresolved import `testserver`
[INFO] [stdout]  --> tests/metrics.rs:3:5
[INFO] [stdout]   |
[INFO] [stdout] 3 | use testserver::mock;
[INFO] [stdout]   |     ^^^^^^^^^^ use of undeclared crate or module `testserver`
[INFO] [stdout] 
[INFO] [stdout] 
[INFO] [stdout] error: cannot determine resolution for the macro `mock`
[INFO] [stdout]  --> tests/metrics.rs:7:13
[INFO] [stdout]   |
[INFO] [stdout] 7 |     let m = mock!();
[INFO] [stdout]   |             ^^^^
[INFO] [stdout]   |
[INFO] [stdout]   = note: import resolution is stuck, try simplifying macro imports
[INFO] [stdout] 
[INFO] [stdout] 
[INFO] [stdout] error: cannot determine resolution for the macro `mock`
[INFO] [stdout]   --> tests/metrics.rs:17:13
[INFO] [stdout]    |
[INFO] [stdout] 17 |     let m = mock! {
[INFO] [stdout]    |             ^^^^
[INFO] [stdout]    |
[INFO] [stdout]    = note: import resolution is stuck, try simplifying macro imports
[INFO] [stdout] 
[INFO] [stdout] 
[INFO] [stdout] error[E0432]: unresolved import `testserver`
[INFO] [stdout]  --> tests/expect.rs:2:5
[INFO] [stdout]   |
[INFO] [stdout] 2 | use testserver::mock;
[INFO] [stdout]   |     ^^^^^^^^^^ use of undeclared crate or module `testserver`
[INFO] [stdout] 
[INFO] [stdout] 
[INFO] [stdout] error: cannot determine resolution for the macro `mock`
[INFO] [stdout]  --> tests/expect.rs:6:13
[INFO] [stdout]   |
[INFO] [stdout] 6 |     let m = mock!();
[INFO] [stdout]   |             ^^^^
[INFO] [stdout]   |
[INFO] [stdout]   = note: import resolution is stuck, try simplifying macro imports
[INFO] [stdout] 
[INFO] [stdout] 
[INFO] [stdout] error: cannot determine resolution for the macro `mock`
[INFO] [stdout]   --> tests/expect.rs:17:13
[INFO] [stdout]    |
[INFO] [stdout] 17 |     let m = mock!();
[INFO] [stdout]    |             ^^^^
[INFO] [stdout]    |
[INFO] [stdout]    = note: import resolution is stuck, try simplifying macro imports
[INFO] [stdout] 
[INFO] [stdout] 
[INFO] [stdout] error[E0432]: unresolved import `testserver`
[INFO] [stdout]  --> tests/methods.rs:2:5
[INFO] [stdout]   |
[INFO] [stdout] 2 | use testserver::mock;
[INFO] [stdout]   |     ^^^^^^^^^^ use of undeclared crate or module `testserver`
[INFO] [stdout] 
[INFO] [stdout] 
[INFO] [stdout] error[E0432]: unresolved import `testserver`
[INFO] [stdout]   --> tests/request_body.rs:11:5
[INFO] [stdout]    |
[INFO] [stdout] 11 | use testserver::mock;
[INFO] [stdout]    |     ^^^^^^^^^^ use of undeclared crate or module `testserver`
[INFO] [stdout] 
[INFO] [stdout] 
[INFO] [stdout] error: cannot determine resolution for the macro `mock`
[INFO] [stdout]  --> tests/methods.rs:6:13
[INFO] [stdout]   |
[INFO] [stdout] 6 |     let m = mock!();
[INFO] [stdout]   |             ^^^^
[INFO] [stdout]   |
[INFO] [stdout]   = note: import resolution is stuck, try simplifying macro imports
[INFO] [stdout] 
[INFO] [stdout] 
[INFO] [stdout] error: cannot determine resolution for the macro `mock`
[INFO] [stdout]   --> tests/request_body.rs:26:13
[INFO] [stdout]    |
[INFO] [stdout] 26 |     let m = mock!();
[INFO] [stdout]    |             ^^^^
[INFO] [stdout]    |
[INFO] [stdout]    = note: import resolution is stuck, try simplifying macro imports
[INFO] [stdout] 
[INFO] [stdout] 
[INFO] [stdout] error: cannot determine resolution for the macro `mock`
[INFO] [stdout]   --> tests/request_body.rs:55:13
[INFO] [stdout]    |
[INFO] [stdout] 55 |     let m = mock!();
[INFO] [stdout]    |             ^^^^
[INFO] [stdout]    |
[INFO] [stdout]    = note: import resolution is stuck, try simplifying macro imports
[INFO] [stdout] 
[INFO] [stdout] 
[INFO] [stdout] error: cannot determine resolution for the macro `mock`
[INFO] [stdout]   --> tests/methods.rs:15:13
[INFO] [stdout]    |
[INFO] [stdout] 15 |     let m = mock!();
[INFO] [stdout]    |             ^^^^
[INFO] [stdout]    |
[INFO] [stdout]    = note: import resolution is stuck, try simplifying macro imports
[INFO] [stdout] 
[INFO] [stdout] 
[INFO] [stdout] error: cannot determine resolution for the macro `mock`
[INFO] [stdout]   --> tests/methods.rs:24:13
[INFO] [stdout]    |
[INFO] [stdout] 24 |     let m = mock!();
[INFO] [stdout]    |             ^^^^
[INFO] [stdout]    |
[INFO] [stdout]    = note: import resolution is stuck, try simplifying macro imports
[INFO] [stdout] 
[INFO] [stdout] 
[INFO] [stdout] error: cannot determine resolution for the macro `mock`
[INFO] [stdout]   --> tests/methods.rs:33:13
[INFO] [stdout]    |
[INFO] [stdout] 33 |     let m = mock!();
[INFO] [stdout]    |             ^^^^
[INFO] [stdout]    |
[INFO] [stdout]    = note: import resolution is stuck, try simplifying macro imports
[INFO] [stdout] 
[INFO] [stdout] 
[INFO] [stdout] error: cannot determine resolution for the macro `mock`
[INFO] [stdout]   --> tests/request_body.rs:80:13
[INFO] [stdout]    |
[INFO] [stdout] 80 |     let m = mock!();
[INFO] [stdout]    |             ^^^^
[INFO] [stdout]    |
[INFO] [stdout]    = note: import resolution is stuck, try simplifying macro imports
[INFO] [stdout] 
[INFO] [stdout] 
[INFO] [stdout] error: aborting due to 3 previous errors
[INFO] [stdout] 
[INFO] [stdout] 
[INFO] [stdout] error: cannot determine resolution for the macro `mock`
[INFO] [stdout]   --> tests/methods.rs:42:13
[INFO] [stdout]    |
[INFO] [stdout] 42 |     let m = mock!();
[INFO] [stdout]    |             ^^^^
[INFO] [stdout]    |
[INFO] [stdout]    = note: import resolution is stuck, try simplifying macro imports
[INFO] [stdout] 
[INFO] [stdout] 
[INFO] [stdout] For more information about this error, try `rustc --explain E0432`.
[INFO] [stdout] 
[INFO] [stdout] error: cannot determine resolution for the macro `mock`
[INFO] [stdout]   --> tests/request_body.rs:99:13
[INFO] [stdout]    |
[INFO] [stdout] 99 |     let m = mock!();
[INFO] [stdout]    |             ^^^^
[INFO] [stdout]    |
[INFO] [stdout]    = note: import resolution is stuck, try simplifying macro imports
[INFO] [stdout] 
[INFO] [stdout] 
[INFO] [stdout] error: cannot determine resolution for the macro `mock`
[INFO] [stdout]   --> tests/methods.rs:51:13
[INFO] [stdout]    |
[INFO] [stdout] 51 |     let m = mock!();
[INFO] [stdout]    |             ^^^^
[INFO] [stdout]    |
[INFO] [stdout]    = note: import resolution is stuck, try simplifying macro imports
[INFO] [stdout] 
[INFO] [stdout] 
[INFO] [stdout] error: cannot determine resolution for the macro `mock`
[INFO] [stdout]    --> tests/request_body.rs:126:13
[INFO] [stdout]     |
[INFO] [stdout] 126 |     let m = mock!();
[INFO] [stdout]     |             ^^^^
[INFO] [stdout]     |
[INFO] [stdout]     = note: import resolution is stuck, try simplifying macro imports
[INFO] [stdout] 
[INFO] [stdout] 
[INFO] [stderr] error: could not compile `ratmom` due to 4 previous errors
[INFO] [stderr] warning: build failed, waiting for other jobs to finish...
[INFO] [stdout] error[E0432]: unresolved import `testserver`
[INFO] [stdout]  --> tests/encoding.rs:7:5
[INFO] [stdout]   |
[INFO] [stdout] 7 | use testserver::mock;
[INFO] [stdout]   |     ^^^^^^^^^^ use of undeclared crate or module `testserver`
[INFO] [stdout] 
[INFO] [stdout] 
[INFO] [stdout] error: cannot determine resolution for the macro `mock`
[INFO] [stdout]   --> tests/encoding.rs:18:13
[INFO] [stdout]    |
[INFO] [stdout] 18 |     let m = mock! {
[INFO] [stdout]    |             ^^^^
[INFO] [stdout]    |
[INFO] [stdout]    = note: import resolution is stuck, try simplifying macro imports
[INFO] [stdout] 
[INFO] [stdout] 
[INFO] [stdout] error: cannot determine resolution for the macro `mock`
[INFO] [stdout]   --> tests/encoding.rs:47:9
[INFO] [stdout]    |
[INFO] [stdout] 47 |         mock! {
[INFO] [stdout]    |         ^^^^
[INFO] [stdout]    |
[INFO] [stdout]    = note: import resolution is stuck, try simplifying macro imports
[INFO] [stdout] 
[INFO] [stdout] 
[INFO] [stdout] error: cannot determine resolution for the macro `mock`
[INFO] [stdout]   --> tests/encoding.rs:81:13
[INFO] [stdout]    |
[INFO] [stdout] 81 |     let m = mock! {
[INFO] [stdout]    |             ^^^^
[INFO] [stdout]    |
[INFO] [stdout]    = note: import resolution is stuck, try simplifying macro imports
[INFO] [stdout] 
[INFO] [stdout] 
[INFO] [stdout] error: cannot determine resolution for the macro `mock`
[INFO] [stdout]    --> tests/encoding.rs:108:13
[INFO] [stdout]     |
[INFO] [stdout] 108 |     let m = mock! {
[INFO] [stdout]     |             ^^^^
[INFO] [stdout]     |
[INFO] [stdout]     = note: import resolution is stuck, try simplifying macro imports
[INFO] [stdout] 
[INFO] [stdout] 
[INFO] [stdout] error: aborting due to 7 previous errors
[INFO] [stdout] 
[INFO] [stdout] 
[INFO] [stdout] error: cannot determine resolution for the macro `mock`
[INFO] [stdout]    --> tests/encoding.rs:128:13
[INFO] [stdout]     |
[INFO] [stdout] 128 |     let m = mock! {
[INFO] [stdout]     |             ^^^^
[INFO] [stdout]     |
[INFO] [stdout]     = note: import resolution is stuck, try simplifying macro imports
[INFO] [stdout] 
[INFO] [stdout] 
[INFO] [stdout] For more information about this error, try `rustc --explain E0432`.
[INFO] [stdout] 
[INFO] [stdout] error: aborting due to 3 previous errors
[INFO] [stdout] 
[INFO] [stdout] 
[INFO] [stdout] For more information about this error, try `rustc --explain E0432`.
[INFO] [stdout] 
[INFO] [stderr] error: could not compile `ratmom` due to 8 previous errors
[INFO] [stderr] error: could not compile `ratmom` due to 4 previous errors
[INFO] [stdout] error: aborting due to 6 previous errors
[INFO] [stdout] 
[INFO] [stdout] 
[INFO] [stdout] For more information about this error, try `rustc --explain E0432`.
[INFO] [stdout] 
[INFO] [stderr] error: could not compile `ratmom` due to 7 previous errors
[INFO] [stdout] error[E0433]: failed to resolve: use of undeclared crate or module `testserver`
[INFO] [stdout]  --> tests/proxy.rs:2:5
[INFO] [stdout]   |
[INFO] [stdout] 2 | use testserver::{mock, socks4::Socks4Server};
[INFO] [stdout]   |     ^^^^^^^^^^ use of undeclared crate or module `testserver`
[INFO] [stdout] 
[INFO] [stdout] 
[INFO] [stdout] error[E0432]: unresolved import `testserver`
[INFO] [stdout]  --> tests/proxy.rs:2:5
[INFO] [stdout]   |
[INFO] [stdout] 2 | use testserver::{mock, socks4::Socks4Server};
[INFO] [stdout]   |     ^^^^^^^^^^ use of undeclared crate or module `testserver`
[INFO] [stdout] 
[INFO] [stdout] 
[INFO] [stdout] error: cannot determine resolution for the macro `mock`
[INFO] [stdout]  --> tests/proxy.rs:6:13
[INFO] [stdout]   |
[INFO] [stdout] 6 |     let m = mock!();
[INFO] [stdout]   |             ^^^^
[INFO] [stdout]   |
[INFO] [stdout]   = note: import resolution is stuck, try simplifying macro imports
[INFO] [stdout] 
[INFO] [stdout] 
[INFO] [stdout] error: cannot determine resolution for the macro `mock`
[INFO] [stdout]   --> tests/proxy.rs:21:13
[INFO] [stdout]    |
[INFO] [stdout] 21 |     let m = mock!();
[INFO] [stdout]    |             ^^^^
[INFO] [stdout]    |
[INFO] [stdout]    = note: import resolution is stuck, try simplifying macro imports
[INFO] [stdout] 
[INFO] [stdout] 
[INFO] [stdout] error: cannot determine resolution for the macro `mock`
[INFO] [stdout]   --> tests/proxy.rs:63:13
[INFO] [stdout]    |
[INFO] [stdout] 63 |     let m = mock!();
[INFO] [stdout]    |             ^^^^
[INFO] [stdout]    |
[INFO] [stdout]    = note: import resolution is stuck, try simplifying macro imports
[INFO] [stdout] 
[INFO] [stdout] 
[INFO] [stdout] error: cannot determine resolution for the macro `mock`
[INFO] [stdout]   --> tests/proxy.rs:84:13
[INFO] [stdout]    |
[INFO] [stdout] 84 |     let m = mock!();
[INFO] [stdout]    |             ^^^^
[INFO] [stdout]    |
[INFO] [stdout]    = note: import resolution is stuck, try simplifying macro imports
[INFO] [stdout] 
[INFO] [stdout] 
[INFO] [stdout] error: aborting due to 6 previous errors
[INFO] [stdout] 
[INFO] [stdout] 
[INFO] [stdout] For more information about this error, try `rustc --explain E0432`.
[INFO] [stdout] 
[INFO] [stderr] error: could not compile `ratmom` due to 7 previous errors
[INFO] [stdout] error: aborting due to 6 previous errors
[INFO] [stdout] 
[INFO] [stdout] 
[INFO] [stdout] Some errors have detailed explanations: E0432, E0433.
[INFO] [stdout] 
[INFO] [stderr] error: could not compile `ratmom` due to 7 previous errors
[INFO] [stdout] For more information about an error, try `rustc --explain E0432`.
[INFO] [stdout] 
[INFO] running `Command { std: "docker" "inspect" "277e465c2b10fa59e9d60f5f18ee1135b3090376c56b9711c6beb5a7c06bb943", kill_on_drop: false }`
[INFO] running `Command { std: "docker" "rm" "-f" "277e465c2b10fa59e9d60f5f18ee1135b3090376c56b9711c6beb5a7c06bb943", kill_on_drop: false }`
[INFO] [stdout] 277e465c2b10fa59e9d60f5f18ee1135b3090376c56b9711c6beb5a7c06bb943
