[INFO] fetching crate qws 0.7.9...
[INFO] testing qws-0.7.9 against beta-2023-04-20 for beta-1.70-1
[INFO] extracting crate qws 0.7.9 into /workspace/builds/worker-0-tc2/source
[INFO] validating manifest of crates.io crate qws 0.7.9 on toolchain beta-2023-04-20
[INFO] running `Command { std: CARGO_HOME="/workspace/cargo-home" RUSTUP_HOME="/workspace/rustup-home" "/workspace/cargo-home/bin/cargo" "+beta-2023-04-20" "metadata" "--manifest-path" "Cargo.toml" "--no-deps", kill_on_drop: false }`
[INFO] started tweaking crates.io crate qws 0.7.9
[INFO] finished tweaking crates.io crate qws 0.7.9
[INFO] tweaked toml for crates.io crate qws 0.7.9 written to /workspace/builds/worker-0-tc2/source/Cargo.toml
[INFO] crate crates.io crate qws 0.7.9 already has a lockfile, it will not be regenerated
[INFO] running `Command { std: CARGO_HOME="/workspace/cargo-home" RUSTUP_HOME="/workspace/rustup-home" "/workspace/cargo-home/bin/cargo" "+beta-2023-04-20" "fetch" "--manifest-path" "Cargo.toml", kill_on_drop: false }`
[INFO] [stderr]  Downloading crates ...
[INFO] [stderr]   Downloaded core-foundation-sys v0.2.3
[INFO] [stderr]   Downloaded openssl v0.9.24
[INFO] [stderr]   Downloaded core-foundation v0.2.3
[INFO] [stderr]   Downloaded regex v1.4.5
[INFO] [stderr]   Downloaded security-framework v0.1.16
[INFO] [stderr]   Downloaded security-framework-sys v0.1.16
[INFO] [stderr]   Downloaded native-tls v0.1.5
[INFO] running `Command { std: "docker" "create" "-v" "/var/lib/crater-agent-workspace/builds/worker-0-tc2/target:/opt/rustwide/target:rw,Z" "-v" "/var/lib/crater-agent-workspace/builds/worker-0-tc2/source:/opt/rustwide/workdir:ro,Z" "-v" "/var/lib/crater-agent-workspace/cargo-home:/opt/rustwide/cargo-home:ro,Z" "-v" "/var/lib/crater-agent-workspace/rustup-home:/opt/rustwide/rustup-home:ro,Z" "-e" "SOURCE_DIR=/opt/rustwide/workdir" "-e" "CARGO_TARGET_DIR=/opt/rustwide/target" "-e" "CARGO_HOME=/opt/rustwide/cargo-home" "-e" "RUSTUP_HOME=/opt/rustwide/rustup-home" "-w" "/opt/rustwide/workdir" "-m" "1610612736" "--user" "0:0" "--network" "none" "ghcr.io/rust-lang/crates-build-env/linux@sha256:5ff2268d62e97bff2cde7d5815dd6ed5b47097566f13b8d0ca110b04b60e07ed" "/opt/rustwide/cargo-home/bin/cargo" "+beta-2023-04-20" "metadata" "--no-deps" "--format-version=1", kill_on_drop: false }`
[INFO] [stdout] 3958c819b1ba287fbf14f208cb5140c0ea3ae5c8fbec2a4cc6832ea42952b0c9
[INFO] running `Command { std: "docker" "start" "-a" "3958c819b1ba287fbf14f208cb5140c0ea3ae5c8fbec2a4cc6832ea42952b0c9", kill_on_drop: false }`
[INFO] running `Command { std: "docker" "inspect" "3958c819b1ba287fbf14f208cb5140c0ea3ae5c8fbec2a4cc6832ea42952b0c9", kill_on_drop: false }`
[INFO] running `Command { std: "docker" "rm" "-f" "3958c819b1ba287fbf14f208cb5140c0ea3ae5c8fbec2a4cc6832ea42952b0c9", kill_on_drop: false }`
[INFO] [stdout] 3958c819b1ba287fbf14f208cb5140c0ea3ae5c8fbec2a4cc6832ea42952b0c9
[INFO] running `Command { std: "docker" "create" "-v" "/var/lib/crater-agent-workspace/builds/worker-0-tc2/target:/opt/rustwide/target:rw,Z" "-v" "/var/lib/crater-agent-workspace/builds/worker-0-tc2/source:/opt/rustwide/workdir:ro,Z" "-v" "/var/lib/crater-agent-workspace/cargo-home:/opt/rustwide/cargo-home:ro,Z" "-v" "/var/lib/crater-agent-workspace/rustup-home:/opt/rustwide/rustup-home:ro,Z" "-e" "SOURCE_DIR=/opt/rustwide/workdir" "-e" "CARGO_TARGET_DIR=/opt/rustwide/target" "-e" "CARGO_INCREMENTAL=0" "-e" "RUST_BACKTRACE=full" "-e" "RUSTFLAGS=--cap-lints=warn" "-e" "RUSTDOCFLAGS=--cap-lints=warn" "-e" "CARGO_HOME=/opt/rustwide/cargo-home" "-e" "RUSTUP_HOME=/opt/rustwide/rustup-home" "-w" "/opt/rustwide/workdir" "-m" "1610612736" "--user" "0:0" "--network" "none" "ghcr.io/rust-lang/crates-build-env/linux@sha256:5ff2268d62e97bff2cde7d5815dd6ed5b47097566f13b8d0ca110b04b60e07ed" "/opt/rustwide/cargo-home/bin/cargo" "+beta-2023-04-20" "build" "--frozen" "--message-format=json", kill_on_drop: false }`
[INFO] [stdout] 4ba6c0107dea5d3a6a141f9888002c386a051b8c60b749d5c39046995af22508
[INFO] running `Command { std: "docker" "start" "-a" "4ba6c0107dea5d3a6a141f9888002c386a051b8c60b749d5c39046995af22508", kill_on_drop: false }`
[INFO] [stderr]    Compiling libc v0.2.93
[INFO] [stderr]    Compiling tinyvec_macros v0.1.0
[INFO] [stderr]    Compiling log v0.4.14
[INFO] [stderr]    Compiling matches v0.1.8
[INFO] [stderr]    Compiling cfg-if v1.0.0
[INFO] [stderr]    Compiling cfg-if v0.1.10
[INFO] [stderr]    Compiling slab v0.4.2
[INFO] [stderr]    Compiling httparse v1.3.5
[INFO] [stderr]    Compiling lazycell v1.3.0
[INFO] [stderr]    Compiling percent-encoding v1.0.1
[INFO] [stderr]    Compiling byteorder v1.4.3
[INFO] [stderr]    Compiling sha1 v0.6.0
[INFO] [stderr]    Compiling tinyvec v1.2.0
[INFO] [stderr]    Compiling unicode-bidi v0.3.5
[INFO] [stderr]    Compiling iovec v0.1.4
[INFO] [stderr]    Compiling net2 v0.2.37
[INFO] [stderr]    Compiling rand v0.4.6
[INFO] [stderr]    Compiling bytes v0.4.12
[INFO] [stderr]    Compiling unicode-normalization v0.1.17
[INFO] [stderr]    Compiling mio v0.6.23
[INFO] [stderr]    Compiling mio-extras v2.0.6
[INFO] [stderr]    Compiling idna v0.1.5
[INFO] [stderr]    Compiling url v1.7.2
[INFO] [stderr]    Compiling qws v0.7.9 (/opt/rustwide/workdir)
[INFO] [stdout] warning: trait objects without an explicit `dyn` are deprecated
[INFO] [stdout]   --> src/result.rs:64:16
[INFO] [stdout]    |
[INFO] [stdout] 64 |     Custom(Box<StdError + Send + Sync>),
[INFO] [stdout]    |                ^^^^^^^^^^^^^^^^^^^^^^
[INFO] [stdout]    |
[INFO] [stdout]    = warning: this is accepted in the current edition (Rust 2015) but is a hard error in Rust 2021!
[INFO] [stdout]    = note: for more information, see <https://doc.rust-lang.org/nightly/edition-guide/rust-2021/warnings-promoted-to-error.html>
[INFO] [stdout]    = note: `#[warn(bare_trait_objects)]` on by default
[INFO] [stdout] help: use `dyn`
[INFO] [stdout]    |
[INFO] [stdout] 64 |     Custom(Box<dyn StdError + Send + Sync>),
[INFO] [stdout]    |                +++
[INFO] [stdout] 
[INFO] [stdout] 
[INFO] [stdout] warning: trait objects without an explicit `dyn` are deprecated
[INFO] [stdout]   --> src/result.rs:84:34
[INFO] [stdout]    |
[INFO] [stdout] 84 |     pub fn into_box(self) -> Box<StdError> {
[INFO] [stdout]    |                                  ^^^^^^^^
[INFO] [stdout]    |
[INFO] [stdout]    = warning: this is accepted in the current edition (Rust 2015) but is a hard error in Rust 2021!
[INFO] [stdout]    = note: for more information, see <https://doc.rust-lang.org/nightly/edition-guide/rust-2021/warnings-promoted-to-error.html>
[INFO] [stdout] help: use `dyn`
[INFO] [stdout]    |
[INFO] [stdout] 84 |     pub fn into_box(self) -> Box<dyn StdError> {
[INFO] [stdout]    |                                  +++
[INFO] [stdout] 
[INFO] [stdout] 
[INFO] [stdout] warning: trait objects without an explicit `dyn` are deprecated
[INFO] [stdout]    --> src/result.rs:130:32
[INFO] [stdout]     |
[INFO] [stdout] 130 |     fn cause(&self) -> Option<&StdError> {
[INFO] [stdout]     |                                ^^^^^^^^
[INFO] [stdout]     |
[INFO] [stdout]     = warning: this is accepted in the current edition (Rust 2015) but is a hard error in Rust 2021!
[INFO] [stdout]     = note: for more information, see <https://doc.rust-lang.org/nightly/edition-guide/rust-2021/warnings-promoted-to-error.html>
[INFO] [stdout] help: use `dyn`
[INFO] [stdout]     |
[INFO] [stdout] 130 |     fn cause(&self) -> Option<&dyn StdError> {
[INFO] [stdout]     |                                +++
[INFO] [stdout] 
[INFO] [stdout] 
[INFO] [stdout] warning: 3 warnings emitted
[INFO] [stdout] 
[INFO] [stdout] 
[INFO] [stderr]     Finished dev [unoptimized + debuginfo] target(s) in 3.43s
[INFO] running `Command { std: "docker" "inspect" "4ba6c0107dea5d3a6a141f9888002c386a051b8c60b749d5c39046995af22508", kill_on_drop: false }`
[INFO] running `Command { std: "docker" "rm" "-f" "4ba6c0107dea5d3a6a141f9888002c386a051b8c60b749d5c39046995af22508", kill_on_drop: false }`
[INFO] [stdout] 4ba6c0107dea5d3a6a141f9888002c386a051b8c60b749d5c39046995af22508
[INFO] running `Command { std: "docker" "create" "-v" "/var/lib/crater-agent-workspace/builds/worker-0-tc2/target:/opt/rustwide/target:rw,Z" "-v" "/var/lib/crater-agent-workspace/builds/worker-0-tc2/source:/opt/rustwide/workdir:ro,Z" "-v" "/var/lib/crater-agent-workspace/cargo-home:/opt/rustwide/cargo-home:ro,Z" "-v" "/var/lib/crater-agent-workspace/rustup-home:/opt/rustwide/rustup-home:ro,Z" "-e" "SOURCE_DIR=/opt/rustwide/workdir" "-e" "CARGO_TARGET_DIR=/opt/rustwide/target" "-e" "CARGO_INCREMENTAL=0" "-e" "RUST_BACKTRACE=full" "-e" "RUSTFLAGS=--cap-lints=warn" "-e" "RUSTDOCFLAGS=--cap-lints=warn" "-e" "CARGO_HOME=/opt/rustwide/cargo-home" "-e" "RUSTUP_HOME=/opt/rustwide/rustup-home" "-w" "/opt/rustwide/workdir" "-m" "1610612736" "--user" "0:0" "--network" "none" "ghcr.io/rust-lang/crates-build-env/linux@sha256:5ff2268d62e97bff2cde7d5815dd6ed5b47097566f13b8d0ca110b04b60e07ed" "/opt/rustwide/cargo-home/bin/cargo" "+beta-2023-04-20" "test" "--frozen" "--no-run" "--message-format=json", kill_on_drop: false }`
[INFO] [stdout] 1bdd04858c5eab25a16f7e1a51d7f5440efb6064b12ba6e0304ce14a8472a3f9
[INFO] running `Command { std: "docker" "start" "-a" "1bdd04858c5eab25a16f7e1a51d7f5440efb6064b12ba6e0304ce14a8472a3f9", kill_on_drop: false }`
[INFO] [stderr]    Compiling memchr v2.3.4
[INFO] [stderr]    Compiling bitflags v1.2.1
[INFO] [stderr]    Compiling atty v0.2.14
[INFO] [stderr]    Compiling regex-syntax v0.6.23
[INFO] [stderr]    Compiling unicode-width v0.1.8
[INFO] [stderr]    Compiling quick-error v1.2.3
[INFO] [stderr]    Compiling dirs v1.0.5
[INFO] [stderr]    Compiling termcolor v1.1.2
[INFO] [stderr]    Compiling strsim v0.8.0
[INFO] [stderr]    Compiling ansi_term v0.11.0
[INFO] [stderr]    Compiling vec_map v0.8.2
[INFO] [stderr]    Compiling time v0.1.44
[INFO] [stdout] warning: trait objects without an explicit `dyn` are deprecated
[INFO] [stdout]   --> src/result.rs:64:16
[INFO] [stdout]    |
[INFO] [stdout] 64 |     Custom(Box<StdError + Send + Sync>),
[INFO] [stdout]    |                ^^^^^^^^^^^^^^^^^^^^^^
[INFO] [stdout]    |
[INFO] [stdout]    = warning: this is accepted in the current edition (Rust 2015) but is a hard error in Rust 2021!
[INFO] [stdout]    = note: for more information, see <https://doc.rust-lang.org/nightly/edition-guide/rust-2021/warnings-promoted-to-error.html>
[INFO] [stdout]    = note: `#[warn(bare_trait_objects)]` on by default
[INFO] [stdout] help: use `dyn`
[INFO] [stdout]    |
[INFO] [stdout] 64 |     Custom(Box<dyn StdError + Send + Sync>),
[INFO] [stdout]    |                +++
[INFO] [stdout] 
[INFO] [stdout] 
[INFO] [stdout] warning: trait objects without an explicit `dyn` are deprecated
[INFO] [stdout]   --> src/result.rs:84:34
[INFO] [stdout]    |
[INFO] [stdout] 84 |     pub fn into_box(self) -> Box<StdError> {
[INFO] [stdout]    |                                  ^^^^^^^^
[INFO] [stdout]    |
[INFO] [stdout]    = warning: this is accepted in the current edition (Rust 2015) but is a hard error in Rust 2021!
[INFO] [stdout]    = note: for more information, see <https://doc.rust-lang.org/nightly/edition-guide/rust-2021/warnings-promoted-to-error.html>
[INFO] [stdout] help: use `dyn`
[INFO] [stdout]    |
[INFO] [stdout] 84 |     pub fn into_box(self) -> Box<dyn StdError> {
[INFO] [stdout]    |                                  +++
[INFO] [stdout] 
[INFO] [stdout] 
[INFO] [stdout] warning: trait objects without an explicit `dyn` are deprecated
[INFO] [stdout]    --> src/result.rs:130:32
[INFO] [stdout]     |
[INFO] [stdout] 130 |     fn cause(&self) -> Option<&StdError> {
[INFO] [stdout]     |                                ^^^^^^^^
[INFO] [stdout]     |
[INFO] [stdout]     = warning: this is accepted in the current edition (Rust 2015) but is a hard error in Rust 2021!
[INFO] [stdout]     = note: for more information, see <https://doc.rust-lang.org/nightly/edition-guide/rust-2021/warnings-promoted-to-error.html>
[INFO] [stdout] help: use `dyn`
[INFO] [stdout]     |
[INFO] [stdout] 130 |     fn cause(&self) -> Option<&dyn StdError> {
[INFO] [stdout]     |                                +++
[INFO] [stdout] 
[INFO] [stdout] 
[INFO] [stdout] warning: 3 warnings emitted
[INFO] [stdout] 
[INFO] [stdout] 
[INFO] [stderr]    Compiling humantime v1.3.0
[INFO] [stderr]    Compiling textwrap v0.11.0
[INFO] [stderr]    Compiling term v0.5.2
[INFO] [stderr]    Compiling clap v2.33.3
[INFO] [stderr]    Compiling aho-corasick v0.7.15
[INFO] [stderr]    Compiling regex v1.4.5
[INFO] [stderr]    Compiling env_logger v0.5.13
[INFO] [stderr]    Compiling qws v0.7.9 (/opt/rustwide/workdir)
[INFO] [stdout] error[E0463]: can't find crate for `ws`
[INFO] [stdout]  --> examples/external_shutdown.rs:1:1
[INFO] [stdout]   |
[INFO] [stdout] 1 | extern crate ws;
[INFO] [stdout]   | ^^^^^^^^^^^^^^^^ can't find crate
[INFO] [stdout] 
[INFO] [stdout] 
[INFO] [stdout] error[E0463]: can't find crate for `ws`
[INFO] [stdout]  --> examples/shared.rs:5:1
[INFO] [stdout]   |
[INFO] [stdout] 5 | extern crate ws;
[INFO] [stdout]   | ^^^^^^^^^^^^^^^^ can't find crate
[INFO] [stdout] 
[INFO] [stdout] 
[INFO] [stdout] error[E0463]: can't find crate for `ws`
[INFO] [stdout]  --> examples/client.rs:4:1
[INFO] [stdout]   |
[INFO] [stdout] 4 | extern crate ws;
[INFO] [stdout]   | ^^^^^^^^^^^^^^^^ can't find crate
[INFO] [stdout] 
[INFO] [stdout] 
[INFO] [stdout] error[E0463]: can't find crate for `ws`
[INFO] [stdout]  --> examples/unsafe-ssl-client.rs:5:1
[INFO] [stdout]   |
[INFO] [stdout] 5 | extern crate ws;
[INFO] [stdout]   | ^^^^^^^^^^^^^^^^ can't find crate
[INFO] [stdout] 
[INFO] [stdout] 
[INFO] [stdout] error: aborting due to previous error
[INFO] [stdout] 
[INFO] [stdout] 
[INFO] [stdout] For more information about this error, try `rustc --explain E0463`.
[INFO] [stdout] 
[INFO] [stdout] error[E0463]: can't find crate for `ws`
[INFO] [stdout]  --> examples/bench-server.rs:2:1
[INFO] [stdout]   |
[INFO] [stdout] 2 | extern crate ws;
[INFO] [stdout]   | ^^^^^^^^^^^^^^^^ can't find crate
[INFO] [stdout] 
[INFO] [stdout] 
[INFO] [stdout] error[E0463]: can't find crate for `ws`
[INFO] [stdout]  --> examples/server.rs:4:1
[INFO] [stdout]   |
[INFO] [stdout] 4 | extern crate ws;
[INFO] [stdout]   | ^^^^^^^^^^^^^^^^ can't find crate
[INFO] [stdout] 
[INFO] [stdout] 
[INFO] [stdout] error[E0463]: can't find crate for `ws`
[INFO] [stdout]  --> examples/threaded.rs:4:1
[INFO] [stdout]   |
[INFO] [stdout] 4 | extern crate ws;
[INFO] [stdout]   | ^^^^^^^^^^^^^^^^ can't find crate
[INFO] [stdout] 
[INFO] [stdout] 
[INFO] [stdout] error[E0463]: can't find crate for `ws`
[INFO] [stdout]  --> examples/cli.rs:7:1
[INFO] [stdout]   |
[INFO] [stdout] 7 | extern crate ws;
[INFO] [stdout]   | ^^^^^^^^^^^^^^^^ can't find crate
[INFO] [stdout] 
[INFO] [stdout] 
[INFO] [stderr] error: could not compile `qws` (example "unsafe-ssl-client") due to 2 previous errors
[INFO] [stderr] warning: build failed, waiting for other jobs to finish...
[INFO] [stdout] error[E0463]: can't find crate for `ws`
[INFO] [stdout]  --> examples/autobahn-server.rs:4:1
[INFO] [stdout]   |
[INFO] [stdout] 4 | extern crate ws;
[INFO] [stdout]   | ^^^^^^^^^^^^^^^^ can't find crate
[INFO] [stdout] 
[INFO] [stdout] 
[INFO] [stdout] error: aborting due to previous error
[INFO] [stdout] 
[INFO] [stdout] 
[INFO] [stdout] For more information about this error, try `rustc --explain E0463`.
[INFO] [stdout] 
[INFO] [stdout] error: aborting due to previous error
[INFO] [stdout] 
[INFO] [stdout] 
[INFO] [stdout] For more information about this error, try `rustc --explain E0463`.
[INFO] [stdout] 
[INFO] [stdout] error: aborting due to previous error
[INFO] [stdout] 
[INFO] [stdout] 
[INFO] [stdout] For more information about this error, try `rustc --explain E0463`.
[INFO] [stdout] 
[INFO] [stdout] error: aborting due to previous error
[INFO] [stdout] 
[INFO] [stdout] 
[INFO] [stdout] For more information about this error, try `rustc --explain E0463`.
[INFO] [stdout] 
[INFO] [stdout] error[E0463]: can't find crate for `ws`
[INFO] [stdout]  --> examples/autobahn-client.rs:2:1
[INFO] [stdout]   |
[INFO] [stdout] 2 | extern crate ws;
[INFO] [stdout]   | ^^^^^^^^^^^^^^^^ can't find crate
[INFO] [stdout] 
[INFO] [stdout] 
[INFO] [stdout] error[E0463]: can't find crate for `ws`
[INFO] [stdout]   --> examples/channel.rs:11:1
[INFO] [stdout]    |
[INFO] [stdout] 11 | extern crate ws;
[INFO] [stdout]    | ^^^^^^^^^^^^^^^^ can't find crate
[INFO] [stdout] 
[INFO] [stdout] 
[INFO] [stdout] error[E0463]: can't find crate for `ws`
[INFO] [stdout]   --> examples/peer2peer.rs:29:1
[INFO] [stdout]    |
[INFO] [stdout] 29 | extern crate ws;
[INFO] [stdout]    | ^^^^^^^^^^^^^^^^ can't find crate
[INFO] [stdout] 
[INFO] [stdout] 
[INFO] [stderr] error: could not compile `qws` (example "bench-server") due to 2 previous errors
[INFO] [stderr] error: could not compile `qws` (example "server") due to 2 previous errors
[INFO] [stderr] error: could not compile `qws` (example "shared") due to 2 previous errors
[INFO] [stdout] error[E0463]: can't find crate for `ws`
[INFO] [stdout]  --> examples/bench.rs:7:1
[INFO] [stdout]   |
[INFO] [stdout] 7 | extern crate ws;
[INFO] [stdout]   | ^^^^^^^^^^^^^^^^ can't find crate
[INFO] [stdout] 
[INFO] [stdout] 
[INFO] [stdout] error: aborting due to previous error
[INFO] [stdout] 
[INFO] [stdout] 
[INFO] [stdout] For more information about this error, try `rustc --explain E0463`.
[INFO] [stdout] 
[INFO] [stderr] error: could not compile `qws` (example "autobahn-server") due to 2 previous errors
[INFO] [stderr] error: could not compile `qws` (example "client") due to 2 previous errors
[INFO] [stdout] error: aborting due to previous error
[INFO] [stdout] 
[INFO] [stdout] 
[INFO] [stdout] For more information about this error, try `rustc --explain E0463`.
[INFO] [stdout] 
[INFO] [stdout] error: aborting due to previous error
[INFO] [stdout] 
[INFO] [stdout] 
[INFO] [stdout] error: aborting due to previous error
[INFO] [stdout] 
[INFO] [stdout] 
[INFO] [stdout] For more information about this error, try `rustc --explain E0463`.
[INFO] [stdout] 
[INFO] [stdout] For more information about this error, try `rustc --explain E0463`.
[INFO] [stdout] 
[INFO] [stdout] error: aborting due to previous error
[INFO] [stdout] 
[INFO] [stdout] 
[INFO] [stdout] For more information about this error, try `rustc --explain E0463`.
[INFO] [stdout] 
[INFO] [stdout] error[E0463]: can't find crate for `ws`
[INFO] [stdout]  --> tests/shutdown.rs:1:1
[INFO] [stdout]   |
[INFO] [stdout] 1 | extern crate ws;
[INFO] [stdout]   | ^^^^^^^^^^^^^^^^ can't find crate
[INFO] [stdout] 
[INFO] [stdout] 
[INFO] [stderr] error: could not compile `qws` (example "threaded") due to 2 previous errors
[INFO] [stderr] error: could not compile `qws` (example "bench") due to 2 previous errors
[INFO] [stderr] error: could not compile `qws` (example "cli") due to 2 previous errors
[INFO] [stderr] error: could not compile `qws` (example "channel") due to 2 previous errors
[INFO] [stdout] error[E0463]: can't find crate for `ws`
[INFO] [stdout]  --> examples/router.rs:4:1
[INFO] [stdout]   |
[INFO] [stdout] 4 | extern crate ws;
[INFO] [stdout]   | ^^^^^^^^^^^^^^^^ can't find crate
[INFO] [stdout] 
[INFO] [stdout] 
[INFO] [stdout] error: aborting due to previous error
[INFO] [stdout] 
[INFO] [stdout] 
[INFO] [stdout] For more information about this error, try `rustc --explain E0463`.
[INFO] [stdout] 
[INFO] [stdout] error: aborting due to previous error
[INFO] [stdout] 
[INFO] [stdout] 
[INFO] [stdout] For more information about this error, try `rustc --explain E0463`.
[INFO] [stdout] 
[INFO] [stdout] warning: unnecessary parentheses around type
[INFO] [stdout]   --> examples/router.rs:13:63
[INFO] [stdout]    |
[INFO] [stdout] 13 |     fn on_request(&mut self, req: &ws::Request) -> ws::Result<(ws::Response)> {
[INFO] [stdout]    |                                                               ^            ^
[INFO] [stdout]    |
[INFO] [stdout]    = note: `#[warn(unused_parens)]` on by default
[INFO] [stdout] help: remove these parentheses
[INFO] [stdout]    |
[INFO] [stdout] 13 -     fn on_request(&mut self, req: &ws::Request) -> ws::Result<(ws::Response)> {
[INFO] [stdout] 13 +     fn on_request(&mut self, req: &ws::Request) -> ws::Result<ws::Response> {
[INFO] [stdout]    |
[INFO] [stdout] 
[INFO] [stdout] 
[INFO] [stdout] warning: unnecessary parentheses around type
[INFO] [stdout]   --> examples/router.rs:82:63
[INFO] [stdout]    |
[INFO] [stdout] 82 |     fn on_request(&mut self, req: &ws::Request) -> ws::Result<(ws::Response)> {
[INFO] [stdout]    |                                                               ^            ^
[INFO] [stdout]    |
[INFO] [stdout] help: remove these parentheses
[INFO] [stdout]    |
[INFO] [stdout] 82 -     fn on_request(&mut self, req: &ws::Request) -> ws::Result<(ws::Response)> {
[INFO] [stdout] 82 +     fn on_request(&mut self, req: &ws::Request) -> ws::Result<ws::Response> {
[INFO] [stdout]    |
[INFO] [stdout] 
[INFO] [stdout] 
[INFO] [stdout] error: aborting due to previous error
[INFO] [stdout] 
[INFO] [stdout] 
[INFO] [stdout] For more information about this error, try `rustc --explain E0463`.
[INFO] [stdout] 
[INFO] [stdout] error: aborting due to previous error; 2 warnings emitted
[INFO] [stdout] 
[INFO] [stdout] 
[INFO] [stdout] For more information about this error, try `rustc --explain E0463`.
[INFO] [stdout] 
[INFO] [stderr] error: could not compile `qws` (example "peer2peer") due to 2 previous errors
[INFO] [stderr] error: could not compile `qws` (example "autobahn-client") due to 2 previous errors
[INFO] [stdout] error: aborting due to previous error
[INFO] [stdout] 
[INFO] [stdout] 
[INFO] [stdout] For more information about this error, try `rustc --explain E0463`.
[INFO] [stdout] 
[INFO] [stderr] error: could not compile `qws` (example "router") due to 2 previous errors; 2 warnings emitted
[INFO] [stderr] error: could not compile `qws` (example "external_shutdown") due to 2 previous errors
[INFO] [stderr] error: could not compile `qws` (test "shutdown") due to 2 previous errors
[INFO] running `Command { std: "docker" "inspect" "1bdd04858c5eab25a16f7e1a51d7f5440efb6064b12ba6e0304ce14a8472a3f9", kill_on_drop: false }`
[INFO] running `Command { std: "docker" "rm" "-f" "1bdd04858c5eab25a16f7e1a51d7f5440efb6064b12ba6e0304ce14a8472a3f9", kill_on_drop: false }`
[INFO] [stdout] 1bdd04858c5eab25a16f7e1a51d7f5440efb6064b12ba6e0304ce14a8472a3f9
