[INFO] fetching crate quick-protobuf 0.8.1...
[INFO] testing quick-protobuf-0.8.1 against beta-2023-04-20 for beta-1.70-1
[INFO] extracting crate quick-protobuf 0.8.1 into /workspace/builds/worker-3-tc2/source
[INFO] validating manifest of crates.io crate quick-protobuf 0.8.1 on toolchain beta-2023-04-20
[INFO] running `Command { std: CARGO_HOME="/workspace/cargo-home" RUSTUP_HOME="/workspace/rustup-home" "/workspace/cargo-home/bin/cargo" "+beta-2023-04-20" "metadata" "--manifest-path" "Cargo.toml" "--no-deps", kill_on_drop: false }`
[INFO] started tweaking crates.io crate quick-protobuf 0.8.1
[INFO] finished tweaking crates.io crate quick-protobuf 0.8.1
[INFO] tweaked toml for crates.io crate quick-protobuf 0.8.1 written to /workspace/builds/worker-3-tc2/source/Cargo.toml
[INFO] crate crates.io crate quick-protobuf 0.8.1 already has a lockfile, it will not be regenerated
[INFO] running `Command { std: CARGO_HOME="/workspace/cargo-home" RUSTUP_HOME="/workspace/rustup-home" "/workspace/cargo-home/bin/cargo" "+beta-2023-04-20" "fetch" "--manifest-path" "Cargo.toml", kill_on_drop: false }`
[INFO] [stderr]     Blocking waiting for file lock on package cache
[INFO] [stderr]     Updating crates.io index
[INFO] [stderr]     Blocking waiting for file lock on package cache
[INFO] [stderr]  Downloading crates ...
[INFO] [stderr]   Downloaded trybuild v1.0.71
[INFO] running `Command { std: "docker" "create" "-v" "/var/lib/crater-agent-workspace/builds/worker-3-tc2/target:/opt/rustwide/target:rw,Z" "-v" "/var/lib/crater-agent-workspace/builds/worker-3-tc2/source:/opt/rustwide/workdir:ro,Z" "-v" "/var/lib/crater-agent-workspace/cargo-home:/opt/rustwide/cargo-home:ro,Z" "-v" "/var/lib/crater-agent-workspace/rustup-home:/opt/rustwide/rustup-home:ro,Z" "-e" "SOURCE_DIR=/opt/rustwide/workdir" "-e" "CARGO_TARGET_DIR=/opt/rustwide/target" "-e" "CARGO_HOME=/opt/rustwide/cargo-home" "-e" "RUSTUP_HOME=/opt/rustwide/rustup-home" "-w" "/opt/rustwide/workdir" "-m" "1610612736" "--user" "0:0" "--network" "none" "ghcr.io/rust-lang/crates-build-env/linux@sha256:5ff2268d62e97bff2cde7d5815dd6ed5b47097566f13b8d0ca110b04b60e07ed" "/opt/rustwide/cargo-home/bin/cargo" "+beta-2023-04-20" "metadata" "--no-deps" "--format-version=1", kill_on_drop: false }`
[INFO] [stdout] e3e62d90d989c6fbadb550e232bcc27987f2b934229bde7dffa8b9290d5ba795
[INFO] running `Command { std: "docker" "start" "-a" "e3e62d90d989c6fbadb550e232bcc27987f2b934229bde7dffa8b9290d5ba795", kill_on_drop: false }`
[INFO] running `Command { std: "docker" "inspect" "e3e62d90d989c6fbadb550e232bcc27987f2b934229bde7dffa8b9290d5ba795", kill_on_drop: false }`
[INFO] running `Command { std: "docker" "rm" "-f" "e3e62d90d989c6fbadb550e232bcc27987f2b934229bde7dffa8b9290d5ba795", kill_on_drop: false }`
[INFO] [stdout] e3e62d90d989c6fbadb550e232bcc27987f2b934229bde7dffa8b9290d5ba795
[INFO] running `Command { std: "docker" "create" "-v" "/var/lib/crater-agent-workspace/builds/worker-3-tc2/target:/opt/rustwide/target:rw,Z" "-v" "/var/lib/crater-agent-workspace/builds/worker-3-tc2/source:/opt/rustwide/workdir:ro,Z" "-v" "/var/lib/crater-agent-workspace/cargo-home:/opt/rustwide/cargo-home:ro,Z" "-v" "/var/lib/crater-agent-workspace/rustup-home:/opt/rustwide/rustup-home:ro,Z" "-e" "SOURCE_DIR=/opt/rustwide/workdir" "-e" "CARGO_TARGET_DIR=/opt/rustwide/target" "-e" "CARGO_INCREMENTAL=0" "-e" "RUST_BACKTRACE=full" "-e" "RUSTFLAGS=--cap-lints=warn" "-e" "RUSTDOCFLAGS=--cap-lints=warn" "-e" "CARGO_HOME=/opt/rustwide/cargo-home" "-e" "RUSTUP_HOME=/opt/rustwide/rustup-home" "-w" "/opt/rustwide/workdir" "-m" "1610612736" "--user" "0:0" "--network" "none" "ghcr.io/rust-lang/crates-build-env/linux@sha256:5ff2268d62e97bff2cde7d5815dd6ed5b47097566f13b8d0ca110b04b60e07ed" "/opt/rustwide/cargo-home/bin/cargo" "+beta-2023-04-20" "build" "--frozen" "--message-format=json", kill_on_drop: false }`
[INFO] [stdout] 92211a51ce73f681e5879a3f35fcb27d7fa1eab10d36e52bfd270e1923d149dc
[INFO] running `Command { std: "docker" "start" "-a" "92211a51ce73f681e5879a3f35fcb27d7fa1eab10d36e52bfd270e1923d149dc", kill_on_drop: false }`
[INFO] [stderr]    Compiling byteorder v1.4.3
[INFO] [stderr]    Compiling quick-protobuf v0.8.1 (/opt/rustwide/workdir)
[INFO] [stderr]     Finished dev [unoptimized + debuginfo] target(s) in 0.52s
[INFO] running `Command { std: "docker" "inspect" "92211a51ce73f681e5879a3f35fcb27d7fa1eab10d36e52bfd270e1923d149dc", kill_on_drop: false }`
[INFO] running `Command { std: "docker" "rm" "-f" "92211a51ce73f681e5879a3f35fcb27d7fa1eab10d36e52bfd270e1923d149dc", kill_on_drop: false }`
[INFO] [stdout] 92211a51ce73f681e5879a3f35fcb27d7fa1eab10d36e52bfd270e1923d149dc
[INFO] running `Command { std: "docker" "create" "-v" "/var/lib/crater-agent-workspace/builds/worker-3-tc2/target:/opt/rustwide/target:rw,Z" "-v" "/var/lib/crater-agent-workspace/builds/worker-3-tc2/source:/opt/rustwide/workdir:ro,Z" "-v" "/var/lib/crater-agent-workspace/cargo-home:/opt/rustwide/cargo-home:ro,Z" "-v" "/var/lib/crater-agent-workspace/rustup-home:/opt/rustwide/rustup-home:ro,Z" "-e" "SOURCE_DIR=/opt/rustwide/workdir" "-e" "CARGO_TARGET_DIR=/opt/rustwide/target" "-e" "CARGO_INCREMENTAL=0" "-e" "RUST_BACKTRACE=full" "-e" "RUSTFLAGS=--cap-lints=warn" "-e" "RUSTDOCFLAGS=--cap-lints=warn" "-e" "CARGO_HOME=/opt/rustwide/cargo-home" "-e" "RUSTUP_HOME=/opt/rustwide/rustup-home" "-w" "/opt/rustwide/workdir" "-m" "1610612736" "--user" "0:0" "--network" "none" "ghcr.io/rust-lang/crates-build-env/linux@sha256:5ff2268d62e97bff2cde7d5815dd6ed5b47097566f13b8d0ca110b04b60e07ed" "/opt/rustwide/cargo-home/bin/cargo" "+beta-2023-04-20" "test" "--frozen" "--no-run" "--message-format=json", kill_on_drop: false }`
[INFO] [stdout] 275d36ce345214d983fee5bcdadeb8124449a4fcf3f31ffab3d6a9a8f1345c81
[INFO] running `Command { std: "docker" "start" "-a" "275d36ce345214d983fee5bcdadeb8124449a4fcf3f31ffab3d6a9a8f1345c81", kill_on_drop: false }`
[INFO] [stderr]    Compiling proc-macro2 v1.0.47
[INFO] [stderr]    Compiling unicode-ident v1.0.5
[INFO] [stderr]    Compiling quote v1.0.21
[INFO] [stderr]    Compiling serde v1.0.147
[INFO] [stderr]    Compiling syn v1.0.103
[INFO] [stderr]    Compiling serde_derive v1.0.147
[INFO] [stderr]    Compiling serde_json v1.0.89
[INFO] [stderr]    Compiling trybuild v1.0.71
[INFO] [stderr]    Compiling ryu v1.0.11
[INFO] [stderr]    Compiling itoa v1.0.4
[INFO] [stderr]    Compiling glob v0.3.0
[INFO] [stderr]    Compiling once_cell v1.16.0
[INFO] [stderr]    Compiling toml v0.5.9
[INFO] [stderr]    Compiling quick-protobuf v0.8.1 (/opt/rustwide/workdir)
[INFO] [stdout] error[E0583]: file not found for module `packed_primitives`
[INFO] [stdout]  --> tests/rust_proto.rs:3:1
[INFO] [stdout]   |
[INFO] [stdout] 3 | mod packed_primitives;
[INFO] [stdout]   | ^^^^^^^^^^^^^^^^^^^^^^
[INFO] [stdout]   |
[INFO] [stdout]   = help: to create the module `packed_primitives`, create file "tests/packed_primitives.rs" or "tests/packed_primitives/mod.rs"
[INFO] [stdout] 
[INFO] [stdout] 
[INFO] [stdout] error[E0583]: file not found for module `basic`
[INFO] [stdout]  --> tests/rust_protobuf/v2/mod.rs:5:1
[INFO] [stdout]   |
[INFO] [stdout] 5 | pub mod basic;
[INFO] [stdout]   | ^^^^^^^^^^^^^^
[INFO] [stdout]   |
[INFO] [stdout]   = help: to create the module `basic`, create file "tests/rust_protobuf/v2/basic.rs" or "tests/rust_protobuf/v2/basic/mod.rs"
[INFO] [stdout] 
[INFO] [stdout] 
[INFO] [stdout] error[E0583]: file not found for module `issue118`
[INFO] [stdout]  --> tests/rust_protobuf/v2/mod.rs:6:1
[INFO] [stdout]   |
[INFO] [stdout] 6 | pub mod issue118;
[INFO] [stdout]   | ^^^^^^^^^^^^^^^^^
[INFO] [stdout]   |
[INFO] [stdout]   = help: to create the module `issue118`, create file "tests/rust_protobuf/v2/issue118.rs" or "tests/rust_protobuf/v2/issue118/mod.rs"
[INFO] [stdout] 
[INFO] [stdout] 
[INFO] [stdout] error[E0583]: file not found for module `issue118_2`
[INFO] [stdout]  --> tests/rust_protobuf/v2/mod.rs:7:1
[INFO] [stdout]   |
[INFO] [stdout] 7 | pub mod issue118_2;
[INFO] [stdout]   | ^^^^^^^^^^^^^^^^^^^
[INFO] [stdout]   |
[INFO] [stdout]   = help: to create the module `issue118_2`, create file "tests/rust_protobuf/v2/issue118_2.rs" or "tests/rust_protobuf/v2/issue118_2/mod.rs"
[INFO] [stdout] 
[INFO] [stdout] 
[INFO] [stdout] error[E0583]: file not found for module `issue_170_a`
[INFO] [stdout]  --> tests/rust_protobuf/v2/mod.rs:9:1
[INFO] [stdout]   |
[INFO] [stdout] 9 | pub mod issue_170_a;
[INFO] [stdout]   | ^^^^^^^^^^^^^^^^^^^^
[INFO] [stdout]   |
[INFO] [stdout]   = help: to create the module `issue_170_a`, create file "tests/rust_protobuf/v2/issue_170_a.rs" or "tests/rust_protobuf/v2/issue_170_a/mod.rs"
[INFO] [stdout] 
[INFO] [stdout] 
[INFO] [stdout] error[E0583]: file not found for module `issue_170_b`
[INFO] [stdout]   --> tests/rust_protobuf/v2/mod.rs:10:1
[INFO] [stdout]    |
[INFO] [stdout] 10 | pub mod issue_170_b;
[INFO] [stdout]    | ^^^^^^^^^^^^^^^^^^^^
[INFO] [stdout]    |
[INFO] [stdout]    = help: to create the module `issue_170_b`, create file "tests/rust_protobuf/v2/issue_170_b.rs" or "tests/rust_protobuf/v2/issue_170_b/mod.rs"
[INFO] [stdout] 
[INFO] [stdout] 
[INFO] [stdout] error[E0583]: file not found for module `issue_170_c`
[INFO] [stdout]   --> tests/rust_protobuf/v2/mod.rs:11:1
[INFO] [stdout]    |
[INFO] [stdout] 11 | pub mod issue_170_c;
[INFO] [stdout]    | ^^^^^^^^^^^^^^^^^^^^
[INFO] [stdout]    |
[INFO] [stdout]    = help: to create the module `issue_170_c`, create file "tests/rust_protobuf/v2/issue_170_c.rs" or "tests/rust_protobuf/v2/issue_170_c/mod.rs"
[INFO] [stdout] 
[INFO] [stdout] 
[INFO] [stdout] error[E0583]: file not found for module `issue_170_common`
[INFO] [stdout]   --> tests/rust_protobuf/v2/mod.rs:12:1
[INFO] [stdout]    |
[INFO] [stdout] 12 | pub mod issue_170_common;
[INFO] [stdout]    | ^^^^^^^^^^^^^^^^^^^^^^^^^
[INFO] [stdout]    |
[INFO] [stdout]    = help: to create the module `issue_170_common`, create file "tests/rust_protobuf/v2/issue_170_common.rs" or "tests/rust_protobuf/v2/issue_170_common/mod.rs"
[INFO] [stdout] 
[INFO] [stdout] 
[INFO] [stdout] error[E0583]: file not found for module `issue_170_d`
[INFO] [stdout]   --> tests/rust_protobuf/v2/mod.rs:13:1
[INFO] [stdout]    |
[INFO] [stdout] 13 | pub mod issue_170_d;
[INFO] [stdout]    | ^^^^^^^^^^^^^^^^^^^^
[INFO] [stdout]    |
[INFO] [stdout]    = help: to create the module `issue_170_d`, create file "tests/rust_protobuf/v2/issue_170_d.rs" or "tests/rust_protobuf/v2/issue_170_d/mod.rs"
[INFO] [stdout] 
[INFO] [stdout] 
[INFO] [stdout] error[E0583]: file not found for module `issue_170_e`
[INFO] [stdout]   --> tests/rust_protobuf/v2/mod.rs:14:1
[INFO] [stdout]    |
[INFO] [stdout] 14 | pub mod issue_170_e;
[INFO] [stdout]    | ^^^^^^^^^^^^^^^^^^^^
[INFO] [stdout]    |
[INFO] [stdout]    = help: to create the module `issue_170_e`, create file "tests/rust_protobuf/v2/issue_170_e.rs" or "tests/rust_protobuf/v2/issue_170_e/mod.rs"
[INFO] [stdout] 
[INFO] [stdout] 
[INFO] [stdout] error[E0583]: file not found for module `nonunique_1`
[INFO] [stdout]   --> tests/rust_protobuf/v2/mod.rs:15:1
[INFO] [stdout]    |
[INFO] [stdout] 15 | pub mod nonunique_1;
[INFO] [stdout]    | ^^^^^^^^^^^^^^^^^^^^
[INFO] [stdout]    |
[INFO] [stdout]    = help: to create the module `nonunique_1`, create file "tests/rust_protobuf/v2/nonunique_1.rs" or "tests/rust_protobuf/v2/nonunique_1/mod.rs"
[INFO] [stdout] 
[INFO] [stdout] 
[INFO] [stdout] error[E0583]: file not found for module `nonunique_2`
[INFO] [stdout]   --> tests/rust_protobuf/v2/mod.rs:16:1
[INFO] [stdout]    |
[INFO] [stdout] 16 | pub mod nonunique_2;
[INFO] [stdout]    | ^^^^^^^^^^^^^^^^^^^^
[INFO] [stdout]    |
[INFO] [stdout]    = help: to create the module `nonunique_2`, create file "tests/rust_protobuf/v2/nonunique_2.rs" or "tests/rust_protobuf/v2/nonunique_2/mod.rs"
[INFO] [stdout] 
[INFO] [stdout] 
[INFO] [stdout] error[E0583]: file not found for module `shared0`
[INFO] [stdout]   --> tests/rust_protobuf/v2/mod.rs:17:1
[INFO] [stdout]    |
[INFO] [stdout] 17 | pub mod shared0;
[INFO] [stdout]    | ^^^^^^^^^^^^^^^^
[INFO] [stdout]    |
[INFO] [stdout]    = help: to create the module `shared0`, create file "tests/rust_protobuf/v2/shared0.rs" or "tests/rust_protobuf/v2/shared0/mod.rs"
[INFO] [stdout] 
[INFO] [stdout] 
[INFO] [stdout] error[E0583]: file not found for module `special`
[INFO] [stdout]   --> tests/rust_protobuf/v2/mod.rs:18:1
[INFO] [stdout]    |
[INFO] [stdout] 18 | pub mod special;
[INFO] [stdout]    | ^^^^^^^^^^^^^^^^
[INFO] [stdout]    |
[INFO] [stdout]    = help: to create the module `special`, create file "tests/rust_protobuf/v2/special.rs" or "tests/rust_protobuf/v2/special/mod.rs"
[INFO] [stdout] 
[INFO] [stdout] 
[INFO] [stdout] error[E0583]: file not found for module `struct_pb`
[INFO] [stdout]   --> tests/rust_protobuf/v2/mod.rs:19:1
[INFO] [stdout]    |
[INFO] [stdout] 19 | pub mod struct_pb;
[INFO] [stdout]    | ^^^^^^^^^^^^^^^^^^
[INFO] [stdout]    |
[INFO] [stdout]    = help: to create the module `struct_pb`, create file "tests/rust_protobuf/v2/struct_pb.rs" or "tests/rust_protobuf/v2/struct_pb/mod.rs"
[INFO] [stdout] 
[INFO] [stdout] 
[INFO] [stdout] error[E0583]: file not found for module `test_default_values`
[INFO] [stdout]   --> tests/rust_protobuf/v2/mod.rs:21:1
[INFO] [stdout]    |
[INFO] [stdout] 21 | pub mod test_default_values;
[INFO] [stdout]    | ^^^^^^^^^^^^^^^^^^^^^^^^^^^^
[INFO] [stdout]    |
[INFO] [stdout]    = help: to create the module `test_default_values`, create file "tests/rust_protobuf/v2/test_default_values.rs" or "tests/rust_protobuf/v2/test_default_values/mod.rs"
[INFO] [stdout] 
[INFO] [stdout] 
[INFO] [stdout] error[E0583]: file not found for module `test_deprecated_lifetime_can_compile`
[INFO] [stdout]   --> tests/rust_protobuf/v2/mod.rs:24:1
[INFO] [stdout]    |
[INFO] [stdout] 24 | pub mod test_deprecated_lifetime_can_compile;
[INFO] [stdout]    | ^^^^^^^^^^^^^^^^^^^^^^^^^^^^^^^^^^^^^^^^^^^^^
[INFO] [stdout]    |
[INFO] [stdout]    = help: to create the module `test_deprecated_lifetime_can_compile`, create file "tests/rust_protobuf/v2/test_deprecated_lifetime_can_compile.rs" or "tests/rust_protobuf/v2/test_deprecated_lifetime_can_compile/mod.rs"
[INFO] [stdout] 
[INFO] [stdout] 
[INFO] [stdout] error[E0583]: file not found for module `test_enum_values_pb`
[INFO] [stdout]   --> tests/rust_protobuf/v2/mod.rs:25:1
[INFO] [stdout]    |
[INFO] [stdout] 25 | pub mod test_enum_values_pb;
[INFO] [stdout]    | ^^^^^^^^^^^^^^^^^^^^^^^^^^^^
[INFO] [stdout]    |
[INFO] [stdout]    = help: to create the module `test_enum_values_pb`, create file "tests/rust_protobuf/v2/test_enum_values_pb.rs" or "tests/rust_protobuf/v2/test_enum_values_pb/mod.rs"
[INFO] [stdout] 
[INFO] [stdout] 
[INFO] [stdout] error[E0583]: file not found for module `test_ident_pb`
[INFO] [stdout]   --> tests/rust_protobuf/v2/mod.rs:26:1
[INFO] [stdout]    |
[INFO] [stdout] 26 | pub mod test_ident_pb;
[INFO] [stdout]    | ^^^^^^^^^^^^^^^^^^^^^^
[INFO] [stdout]    |
[INFO] [stdout]    = help: to create the module `test_ident_pb`, create file "tests/rust_protobuf/v2/test_ident_pb.rs" or "tests/rust_protobuf/v2/test_ident_pb/mod.rs"
[INFO] [stdout] 
[INFO] [stdout] 
[INFO] [stdout] error[E0583]: file not found for module `test_import_nested_imported_pb`
[INFO] [stdout]   --> tests/rust_protobuf/v2/mod.rs:27:1
[INFO] [stdout]    |
[INFO] [stdout] 27 | pub mod test_import_nested_imported_pb;
[INFO] [stdout]    | ^^^^^^^^^^^^^^^^^^^^^^^^^^^^^^^^^^^^^^^
[INFO] [stdout]    |
[INFO] [stdout]    = help: to create the module `test_import_nested_imported_pb`, create file "tests/rust_protobuf/v2/test_import_nested_imported_pb.rs" or "tests/rust_protobuf/v2/test_import_nested_imported_pb/mod.rs"
[INFO] [stdout] 
[INFO] [stdout] 
[INFO] [stdout] error[E0583]: file not found for module `test_import_nested_pb`
[INFO] [stdout]   --> tests/rust_protobuf/v2/mod.rs:28:1
[INFO] [stdout]    |
[INFO] [stdout] 28 | pub mod test_import_nested_pb;
[INFO] [stdout]    | ^^^^^^^^^^^^^^^^^^^^^^^^^^^^^^
[INFO] [stdout]    |
[INFO] [stdout]    = help: to create the module `test_import_nested_pb`, create file "tests/rust_protobuf/v2/test_import_nested_pb.rs" or "tests/rust_protobuf/v2/test_import_nested_pb/mod.rs"
[INFO] [stdout] 
[INFO] [stdout] 
[INFO] [stdout] error[E0583]: file not found for module `test_import_nonunique_pb`
[INFO] [stdout]   --> tests/rust_protobuf/v2/mod.rs:29:1
[INFO] [stdout]    |
[INFO] [stdout] 29 | pub mod test_import_nonunique_pb;
[INFO] [stdout]    | ^^^^^^^^^^^^^^^^^^^^^^^^^^^^^^^^^
[INFO] [stdout]    |
[INFO] [stdout]    = help: to create the module `test_import_nonunique_pb`, create file "tests/rust_protobuf/v2/test_import_nonunique_pb.rs" or "tests/rust_protobuf/v2/test_import_nonunique_pb/mod.rs"
[INFO] [stdout] 
[INFO] [stdout] 
[INFO] [stdout] error[E0583]: file not found for module `test_import_root_imported_pb`
[INFO] [stdout]   --> tests/rust_protobuf/v2/mod.rs:30:1
[INFO] [stdout]    |
[INFO] [stdout] 30 | pub mod test_import_root_imported_pb;
[INFO] [stdout]    | ^^^^^^^^^^^^^^^^^^^^^^^^^^^^^^^^^^^^^
[INFO] [stdout]    |
[INFO] [stdout]    = help: to create the module `test_import_root_imported_pb`, create file "tests/rust_protobuf/v2/test_import_root_imported_pb.rs" or "tests/rust_protobuf/v2/test_import_root_imported_pb/mod.rs"
[INFO] [stdout] 
[INFO] [stdout] 
[INFO] [stdout] error[E0583]: file not found for module `test_import_root_pb`
[INFO] [stdout]   --> tests/rust_protobuf/v2/mod.rs:31:1
[INFO] [stdout]    |
[INFO] [stdout] 31 | pub mod test_import_root_pb;
[INFO] [stdout]    | ^^^^^^^^^^^^^^^^^^^^^^^^^^^^
[INFO] [stdout]    |
[INFO] [stdout]    = help: to create the module `test_import_root_pb`, create file "tests/rust_protobuf/v2/test_import_root_pb.rs" or "tests/rust_protobuf/v2/test_import_root_pb/mod.rs"
[INFO] [stdout] 
[INFO] [stdout] 
[INFO] [stdout] error[E0583]: file not found for module `test_lite_runtime`
[INFO] [stdout]   --> tests/rust_protobuf/v2/mod.rs:32:1
[INFO] [stdout]    |
[INFO] [stdout] 32 | pub mod test_lite_runtime;
[INFO] [stdout]    | ^^^^^^^^^^^^^^^^^^^^^^^^^^
[INFO] [stdout]    |
[INFO] [stdout]    = help: to create the module `test_lite_runtime`, create file "tests/rust_protobuf/v2/test_lite_runtime.rs" or "tests/rust_protobuf/v2/test_lite_runtime/mod.rs"
[INFO] [stdout] 
[INFO] [stdout] 
[INFO] [stdout] error[E0583]: file not found for module `test_name_resolution_p2`
[INFO] [stdout]   --> tests/rust_protobuf/v2/mod.rs:35:1
[INFO] [stdout]    |
[INFO] [stdout] 35 | pub mod test_name_resolution_p2;
[INFO] [stdout]    | ^^^^^^^^^^^^^^^^^^^^^^^^^^^^^^^^
[INFO] [stdout]    |
[INFO] [stdout]    = help: to create the module `test_name_resolution_p2`, create file "tests/rust_protobuf/v2/test_name_resolution_p2.rs" or "tests/rust_protobuf/v2/test_name_resolution_p2/mod.rs"
[INFO] [stdout] 
[INFO] [stdout] 
[INFO] [stdout] error[E0583]: file not found for module `test_name_resolution_p3`
[INFO] [stdout]   --> tests/rust_protobuf/v2/mod.rs:36:1
[INFO] [stdout]    |
[INFO] [stdout] 36 | pub mod test_name_resolution_p3;
[INFO] [stdout]    | ^^^^^^^^^^^^^^^^^^^^^^^^^^^^^^^^
[INFO] [stdout]    |
[INFO] [stdout]    = help: to create the module `test_name_resolution_p3`, create file "tests/rust_protobuf/v2/test_name_resolution_p3.rs" or "tests/rust_protobuf/v2/test_name_resolution_p3/mod.rs"
[INFO] [stdout] 
[INFO] [stdout] 
[INFO] [stdout] error: couldn't read examples/pb_rs_v3/owned/mod.rs: No such file or directory (os error 2)
[INFO] [stdout]  --> examples/pb_rs_example_v3_owned.rs:4:5
[INFO] [stdout]   |
[INFO] [stdout] 4 |     include!("pb_rs_v3/owned/mod.rs");
[INFO] [stdout]   |     ^^^^^^^^^^^^^^^^^^^^^^^^^^^^^^^^^
[INFO] [stdout]   |
[INFO] [stdout]   = note: this error originates in the macro `include` (in Nightly builds, run with -Z macro-backtrace for more info)
[INFO] [stdout] 
[INFO] [stdout] 
[INFO] [stdout] error[E0583]: file not found for module `test_name_resolution_p4`
[INFO] [stdout]   --> tests/rust_protobuf/v2/mod.rs:37:1
[INFO] [stdout]    |
[INFO] [stdout] 37 | pub mod test_name_resolution_p4;
[INFO] [stdout]    | ^^^^^^^^^^^^^^^^^^^^^^^^^^^^^^^^
[INFO] [stdout]    |
[INFO] [stdout]    = help: to create the module `test_name_resolution_p4`, create file "tests/rust_protobuf/v2/test_name_resolution_p4.rs" or "tests/rust_protobuf/v2/test_name_resolution_p4/mod.rs"
[INFO] [stdout] 
[INFO] [stdout] 
[INFO] [stdout] error[E0583]: file not found for module `test_nested_package_dir`
[INFO] [stdout]   --> tests/rust_protobuf/v2/mod.rs:38:1
[INFO] [stdout]    |
[INFO] [stdout] 38 | pub mod test_nested_package_dir;
[INFO] [stdout]    | ^^^^^^^^^^^^^^^^^^^^^^^^^^^^^^^^
[INFO] [stdout]    |
[INFO] [stdout]    = help: to create the module `test_nested_package_dir`, create file "tests/rust_protobuf/v2/test_nested_package_dir.rs" or "tests/rust_protobuf/v2/test_nested_package_dir/mod.rs"
[INFO] [stdout] 
[INFO] [stdout] 
[INFO] [stdout] error[E0583]: file not found for module `test_nested_package_dir_alt`
[INFO] [stdout]   --> tests/rust_protobuf/v2/mod.rs:39:1
[INFO] [stdout]    |
[INFO] [stdout] 39 | pub mod test_nested_package_dir_alt;
[INFO] [stdout]    | ^^^^^^^^^^^^^^^^^^^^^^^^^^^^^^^^^^^^
[INFO] [stdout]    |
[INFO] [stdout]    = help: to create the module `test_nested_package_dir_alt`, create file "tests/rust_protobuf/v2/test_nested_package_dir_alt.rs" or "tests/rust_protobuf/v2/test_nested_package_dir_alt/mod.rs"
[INFO] [stdout] 
[INFO] [stdout] 
[INFO] [stdout] error[E0583]: file not found for module `test_nonunique_enum_pb`
[INFO] [stdout]   --> tests/rust_protobuf/v2/mod.rs:40:1
[INFO] [stdout]    |
[INFO] [stdout] 40 | pub mod test_nonunique_enum_pb;
[INFO] [stdout]    | ^^^^^^^^^^^^^^^^^^^^^^^^^^^^^^^
[INFO] [stdout]    |
[INFO] [stdout]    = help: to create the module `test_nonunique_enum_pb`, create file "tests/rust_protobuf/v2/test_nonunique_enum_pb.rs" or "tests/rust_protobuf/v2/test_nonunique_enum_pb/mod.rs"
[INFO] [stdout] 
[INFO] [stdout] 
[INFO] [stdout] error[E0583]: file not found for module `test_oneof_pb`
[INFO] [stdout]   --> tests/rust_protobuf/v2/mod.rs:42:1
[INFO] [stdout]    |
[INFO] [stdout] 42 | pub mod test_oneof_pb;
[INFO] [stdout]    | ^^^^^^^^^^^^^^^^^^^^^^
[INFO] [stdout]    |
[INFO] [stdout]    = help: to create the module `test_oneof_pb`, create file "tests/rust_protobuf/v2/test_oneof_pb.rs" or "tests/rust_protobuf/v2/test_oneof_pb/mod.rs"
[INFO] [stdout] 
[INFO] [stdout] 
[INFO] [stdout] error[E0583]: file not found for module `test_owned_pb`
[INFO] [stdout]   --> tests/rust_protobuf/v2/mod.rs:44:1
[INFO] [stdout]    |
[INFO] [stdout] 44 | pub mod test_owned_pb;
[INFO] [stdout]    | ^^^^^^^^^^^^^^^^^^^^^^
[INFO] [stdout]    |
[INFO] [stdout]    = help: to create the module `test_owned_pb`, create file "tests/rust_protobuf/v2/test_owned_pb.rs" or "tests/rust_protobuf/v2/test_owned_pb/mod.rs"
[INFO] [stdout] 
[INFO] [stdout] 
[INFO] [stdout] error[E0583]: file not found for module `test_required`
[INFO] [stdout]   --> tests/rust_protobuf/v2/mod.rs:45:1
[INFO] [stdout]    |
[INFO] [stdout] 45 | pub mod test_required;
[INFO] [stdout]    | ^^^^^^^^^^^^^^^^^^^^^^
[INFO] [stdout]    |
[INFO] [stdout]    = help: to create the module `test_required`, create file "tests/rust_protobuf/v2/test_required.rs" or "tests/rust_protobuf/v2/test_required/mod.rs"
[INFO] [stdout] 
[INFO] [stdout] 
[INFO] [stdout] error[E0583]: file not found for module `test_sanitize_file_name_pb`
[INFO] [stdout]   --> tests/rust_protobuf/v2/mod.rs:47:1
[INFO] [stdout]    |
[INFO] [stdout] 47 | pub mod test_sanitize_file_name_pb;
[INFO] [stdout]    | ^^^^^^^^^^^^^^^^^^^^^^^^^^^^^^^^^^^
[INFO] [stdout]    |
[INFO] [stdout]    = help: to create the module `test_sanitize_file_name_pb`, create file "tests/rust_protobuf/v2/test_sanitize_file_name_pb.rs" or "tests/rust_protobuf/v2/test_sanitize_file_name_pb/mod.rs"
[INFO] [stdout] 
[INFO] [stdout] 
[INFO] [stdout] error[E0583]: file not found for module `test_text_format_pb`
[INFO] [stdout]   --> tests/rust_protobuf/v2/mod.rs:50:1
[INFO] [stdout]    |
[INFO] [stdout] 50 | pub mod test_text_format_pb;
[INFO] [stdout]    | ^^^^^^^^^^^^^^^^^^^^^^^^^^^^
[INFO] [stdout]    |
[INFO] [stdout]    = help: to create the module `test_text_format_pb`, create file "tests/rust_protobuf/v2/test_text_format_pb.rs" or "tests/rust_protobuf/v2/test_text_format_pb/mod.rs"
[INFO] [stdout] 
[INFO] [stdout] 
[INFO] [stdout] error[E0583]: file not found for module `basic`
[INFO] [stdout]  --> tests/rust_protobuf/v3/mod.rs:1:1
[INFO] [stdout]   |
[INFO] [stdout] 1 | mod basic;
[INFO] [stdout]   | ^^^^^^^^^^
[INFO] [stdout]   |
[INFO] [stdout]   = help: to create the module `basic`, create file "tests/rust_protobuf/v3/basic.rs" or "tests/rust_protobuf/v3/basic/mod.rs"
[INFO] [stdout] 
[INFO] [stdout] 
[INFO] [stdout] error[E0583]: file not found for module `test_map_pb`
[INFO] [stdout]  --> tests/rust_protobuf/v3/mod.rs:7:1
[INFO] [stdout]   |
[INFO] [stdout] 7 | mod test_map_pb;
[INFO] [stdout]   | ^^^^^^^^^^^^^^^^
[INFO] [stdout]   |
[INFO] [stdout]   = help: to create the module `test_map_pb`, create file "tests/rust_protobuf/v3/test_map_pb.rs" or "tests/rust_protobuf/v3/test_map_pb/mod.rs"
[INFO] [stdout] 
[INFO] [stdout] 
[INFO] [stdout] error[E0583]: file not found for module `test_ident_pb`
[INFO] [stdout]   --> tests/rust_protobuf/v3/mod.rs:12:1
[INFO] [stdout]    |
[INFO] [stdout] 12 | mod test_ident_pb;
[INFO] [stdout]    | ^^^^^^^^^^^^^^^^^^
[INFO] [stdout]    |
[INFO] [stdout]    = help: to create the module `test_ident_pb`, create file "tests/rust_protobuf/v3/test_ident_pb.rs" or "tests/rust_protobuf/v3/test_ident_pb/mod.rs"
[INFO] [stdout] 
[INFO] [stdout] 
[INFO] [stdout] error[E0583]: file not found for module `test_deprecated_lifetime_can_compile`
[INFO] [stdout]   --> tests/rust_protobuf/v3/mod.rs:15:1
[INFO] [stdout]    |
[INFO] [stdout] 15 | mod test_deprecated_lifetime_can_compile;
[INFO] [stdout]    | ^^^^^^^^^^^^^^^^^^^^^^^^^^^^^^^^^^^^^^^^^
[INFO] [stdout]    |
[INFO] [stdout]    = help: to create the module `test_deprecated_lifetime_can_compile`, create file "tests/rust_protobuf/v3/test_deprecated_lifetime_can_compile.rs" or "tests/rust_protobuf/v3/test_deprecated_lifetime_can_compile/mod.rs"
[INFO] [stdout] 
[INFO] [stdout] 
[INFO] [stdout] error[E0583]: file not found for module `test_deprecated_lifetime_pb`
[INFO] [stdout]   --> tests/rust_protobuf/v3/mod.rs:16:1
[INFO] [stdout]    |
[INFO] [stdout] 16 | mod test_deprecated_lifetime_pb;
[INFO] [stdout]    | ^^^^^^^^^^^^^^^^^^^^^^^^^^^^^^^^
[INFO] [stdout]    |
[INFO] [stdout]    = help: to create the module `test_deprecated_lifetime_pb`, create file "tests/rust_protobuf/v3/test_deprecated_lifetime_pb.rs" or "tests/rust_protobuf/v3/test_deprecated_lifetime_pb/mod.rs"
[INFO] [stdout] 
[INFO] [stdout] 
[INFO] [stdout] error[E0583]: file not found for module `test_oneof_pb`
[INFO] [stdout]   --> tests/rust_protobuf/v3/mod.rs:18:1
[INFO] [stdout]    |
[INFO] [stdout] 18 | mod test_oneof_pb;
[INFO] [stdout]    | ^^^^^^^^^^^^^^^^^^
[INFO] [stdout]    |
[INFO] [stdout]    = help: to create the module `test_oneof_pb`, create file "tests/rust_protobuf/v3/test_oneof_pb.rs" or "tests/rust_protobuf/v3/test_oneof_pb/mod.rs"
[INFO] [stdout] 
[INFO] [stdout] 
[INFO] [stdout] error[E0583]: file not found for module `test_owned_pb`
[INFO] [stdout]   --> tests/rust_protobuf/v3/mod.rs:20:1
[INFO] [stdout]    |
[INFO] [stdout] 20 | mod test_owned_pb;
[INFO] [stdout]    | ^^^^^^^^^^^^^^^^^^
[INFO] [stdout]    |
[INFO] [stdout]    = help: to create the module `test_owned_pb`, create file "tests/rust_protobuf/v3/test_owned_pb.rs" or "tests/rust_protobuf/v3/test_owned_pb/mod.rs"
[INFO] [stdout] 
[INFO] [stdout] 
[INFO] [stdout] error: aborting due to previous error
[INFO] [stdout] 
[INFO] [stdout] 
[INFO] [stdout] error[E0432]: unresolved imports `super::test_deprecated_lifetime_can_compile::AndThisToo`, `super::test_deprecated_lifetime_can_compile::HasLifetimeParameterIfAddDeprecatedFields`, `super::test_deprecated_lifetime_can_compile::SameHere`
[INFO] [stdout]  --> tests/rust_protobuf/v2/test_deprecated_lifetime.rs:2:5
[INFO] [stdout]   |
[INFO] [stdout] 2 |     AndThisToo, HasLifetimeParameterIfAddDeprecatedFields, SameHere,
[INFO] [stdout]   |     ^^^^^^^^^^  ^^^^^^^^^^^^^^^^^^^^^^^^^^^^^^^^^^^^^^^^^  ^^^^^^^^ no `SameHere` in `rust_protobuf::v2::test_deprecated_lifetime_can_compile`
[INFO] [stdout]   |     |           |
[INFO] [stdout]   |     |           no `HasLifetimeParameterIfAddDeprecatedFields` in `rust_protobuf::v2::test_deprecated_lifetime_can_compile`
[INFO] [stdout]   |     no `AndThisToo` in `rust_protobuf::v2::test_deprecated_lifetime_can_compile`
[INFO] [stdout] 
[INFO] [stdout] 
[INFO] [stderr] error: could not compile `quick-protobuf` (example "pb_rs_example_v3_owned") due to 2 previous errors
[INFO] [stderr] warning: build failed, waiting for other jobs to finish...
[INFO] [stdout] error[E0432]: unresolved imports `super::test_deprecated_lifetime_can_compile::AndThisToo`, `super::test_deprecated_lifetime_can_compile::HasLifetimeParameterIfAddDeprecatedFields`, `super::test_deprecated_lifetime_can_compile::SameHere`
[INFO] [stdout]  --> tests/rust_protobuf/v3/test_deprecated_lifetime.rs:2:5
[INFO] [stdout]   |
[INFO] [stdout] 2 |     AndThisToo, HasLifetimeParameterIfAddDeprecatedFields, SameHere,
[INFO] [stdout]   |     ^^^^^^^^^^  ^^^^^^^^^^^^^^^^^^^^^^^^^^^^^^^^^^^^^^^^^  ^^^^^^^^ no `SameHere` in `rust_protobuf::v3::test_deprecated_lifetime_can_compile`
[INFO] [stdout]   |     |           |
[INFO] [stdout]   |     |           no `HasLifetimeParameterIfAddDeprecatedFields` in `rust_protobuf::v3::test_deprecated_lifetime_can_compile`
[INFO] [stdout]   |     no `AndThisToo` in `rust_protobuf::v3::test_deprecated_lifetime_can_compile`
[INFO] [stdout] 
[INFO] [stdout] 
[INFO] [stdout] error[E0432]: unresolved imports `super::issue_170_a::A`, `super::issue_170_b::B`, `super::issue_170_c::C`, `super::issue_170_common::Common`, `super::issue_170_d::D`, `super::issue_170_e::E`
[INFO] [stdout]  --> tests/rust_protobuf/v2/issue_170.rs:4:9
[INFO] [stdout]   |
[INFO] [stdout] 4 |         issue_170_a::A, issue_170_b::B, issue_170_c::C, issue_170_common::Common, issue_170_d::D,
[INFO] [stdout]   |         ^^^^^^^^^^^^^^  ^^^^^^^^^^^^^^  ^^^^^^^^^^^^^^  ^^^^^^^^^^^^^^^^^^^^^^^^  ^^^^^^^^^^^^^^ no `D` in `rust_protobuf::v2::issue_170_d`
[INFO] [stdout]   |         |               |               |               |
[INFO] [stdout]   |         |               |               |               no `Common` in `rust_protobuf::v2::issue_170_common`
[INFO] [stdout]   |         |               |               no `C` in `rust_protobuf::v2::issue_170_c`
[INFO] [stdout]   |         |               no `B` in `rust_protobuf::v2::issue_170_b`
[INFO] [stdout]   |         no `A` in `rust_protobuf::v2::issue_170_a`
[INFO] [stdout] 5 |         issue_170_e::E,
[INFO] [stdout]   |         ^^^^^^^^^^^^^^ no `E` in `rust_protobuf::v2::issue_170_e`
[INFO] [stdout] 
[INFO] [stdout] 
[INFO] [stdout] error[E0433]: failed to resolve: use of undeclared type `TestEnumDescriptor`
[INFO] [stdout]    --> tests/rust_protobuf/v2/test_basic.rs:100:31
[INFO] [stdout]     |
[INFO] [stdout] 100 |     message.enum_field = Some(TestEnumDescriptor::BLUE);
[INFO] [stdout]     |                               ^^^^^^^^^^^^^^^^^^ use of undeclared type `TestEnumDescriptor`
[INFO] [stdout] 
[INFO] [stdout] 
[INFO] [stdout] error[E0433]: failed to resolve: use of undeclared type `TestEnumDescriptor`
[INFO] [stdout]    --> tests/rust_protobuf/v2/test_basic.rs:122:31
[INFO] [stdout]     |
[INFO] [stdout] 122 |     message.enum_field = vec![TestEnumDescriptor::BLUE, TestEnumDescriptor::GREEN];
[INFO] [stdout]     |                               ^^^^^^^^^^^^^^^^^^ use of undeclared type `TestEnumDescriptor`
[INFO] [stdout] 
[INFO] [stdout] 
[INFO] [stdout] error[E0433]: failed to resolve: use of undeclared type `TestEnumDescriptor`
[INFO] [stdout]    --> tests/rust_protobuf/v2/test_basic.rs:122:57
[INFO] [stdout]     |
[INFO] [stdout] 122 |     message.enum_field = vec![TestEnumDescriptor::BLUE, TestEnumDescriptor::GREEN];
[INFO] [stdout]     |                                                         ^^^^^^^^^^^^^^^^^^ use of undeclared type `TestEnumDescriptor`
[INFO] [stdout] 
[INFO] [stdout] 
[INFO] [stdout] error[E0433]: failed to resolve: use of undeclared type `TestEnumDescriptor`
[INFO] [stdout]    --> tests/rust_protobuf/v2/test_basic.rs:144:31
[INFO] [stdout]     |
[INFO] [stdout] 144 |     message.enum_field = vec![TestEnumDescriptor::BLUE, TestEnumDescriptor::GREEN];
[INFO] [stdout]     |                               ^^^^^^^^^^^^^^^^^^ use of undeclared type `TestEnumDescriptor`
[INFO] [stdout] 
[INFO] [stdout] 
[INFO] [stdout] error[E0433]: failed to resolve: use of undeclared type `TestEnumDescriptor`
[INFO] [stdout]    --> tests/rust_protobuf/v2/test_basic.rs:144:57
[INFO] [stdout]     |
[INFO] [stdout] 144 |     message.enum_field = vec![TestEnumDescriptor::BLUE, TestEnumDescriptor::GREEN];
[INFO] [stdout]     |                                                         ^^^^^^^^^^^^^^^^^^ use of undeclared type `TestEnumDescriptor`
[INFO] [stdout] 
[INFO] [stdout] 
[INFO] [stdout] error[E0433]: failed to resolve: use of undeclared type `EnumForDefaultValue`
[INFO] [stdout]   --> tests/rust_protobuf/v2/test_default_values_test.rs:27:13
[INFO] [stdout]    |
[INFO] [stdout] 27 |     assert!(EnumForDefaultValue::TWO.eq(&d.enum_field));
[INFO] [stdout]    |             ^^^^^^^^^^^^^^^^^^^ use of undeclared type `EnumForDefaultValue`
[INFO] [stdout] 
[INFO] [stdout] 
[INFO] [stdout] error[E0433]: failed to resolve: use of undeclared type `EnumForDefaultValue`
[INFO] [stdout]   --> tests/rust_protobuf/v2/test_default_values_test.rs:30:33
[INFO] [stdout]    |
[INFO] [stdout] 30 |         .map_or(true, |e| e.eq(&EnumForDefaultValue::ONE)));
[INFO] [stdout]    |                                 ^^^^^^^^^^^^^^^^^^^ use of undeclared type `EnumForDefaultValue`
[INFO] [stdout] 
[INFO] [stdout] 
[INFO] [stdout] error[E0433]: failed to resolve: could not find `shared1` in `shared0`
[INFO] [stdout]   --> tests/rust_protobuf/v2/test_name_resolution.rs:13:25
[INFO] [stdout]    |
[INFO] [stdout] 13 |         super::shared0::shared1::shared2::first0::first1::first2::TestPackagePrefixedFieldNames {
[INFO] [stdout]    |                         ^^^^^^^ could not find `shared1` in `shared0`
[INFO] [stdout] 
[INFO] [stdout] 
[INFO] [stdout] error[E0433]: failed to resolve: could not find `shared1` in `shared0`
[INFO] [stdout]   --> tests/rust_protobuf/v2/test_name_resolution.rs:14:37
[INFO] [stdout]    |
[INFO] [stdout] 14 |             b: Some(super::shared0::shared1::shared2::second0::second1::second2::B {}),
[INFO] [stdout]    |                                     ^^^^^^^ could not find `shared1` in `shared0`
[INFO] [stdout] 
[INFO] [stdout] 
[INFO] [stdout] error[E0433]: failed to resolve: could not find `shared1` in `shared0`
[INFO] [stdout]   --> tests/rust_protobuf/v2/test_name_resolution.rs:18:25
[INFO] [stdout]    |
[INFO] [stdout] 18 |         super::shared0::shared1::shared2::first0::first1::first2::TestNonUniquePackagePrefixedFieldNames {
[INFO] [stdout]    |                         ^^^^^^^ could not find `shared1` in `shared0`
[INFO] [stdout] 
[INFO] [stdout] 
[INFO] [stdout] error[E0433]: failed to resolve: could not find `shared1` in `shared0`
[INFO] [stdout]   --> tests/rust_protobuf/v2/test_name_resolution.rs:19:37
[INFO] [stdout]    |
[INFO] [stdout] 19 |             b: Some(super::shared0::shared1::shared2::second0::second1::second2::B {}),
[INFO] [stdout]    |                                     ^^^^^^^ could not find `shared1` in `shared0`
[INFO] [stdout] 
[INFO] [stdout] 
[INFO] [stdout] error[E0433]: failed to resolve: could not find `shared1` in `shared0`
[INFO] [stdout]   --> tests/rust_protobuf/v2/test_name_resolution.rs:23:25
[INFO] [stdout]    |
[INFO] [stdout] 23 |         super::shared0::shared1::shared2::first0::first1::first2::TestAbsoluteFieldNames {
[INFO] [stdout]    |                         ^^^^^^^ could not find `shared1` in `shared0`
[INFO] [stdout] 
[INFO] [stdout] 
[INFO] [stdout] error[E0433]: failed to resolve: could not find `shared1` in `shared0`
[INFO] [stdout]   --> tests/rust_protobuf/v2/test_name_resolution.rs:24:37
[INFO] [stdout]    |
[INFO] [stdout] 24 |             b: Some(super::shared0::shared1::shared2::second0::second1::second2::B {}),
[INFO] [stdout]    |                                     ^^^^^^^ could not find `shared1` in `shared0`
[INFO] [stdout] 
[INFO] [stdout] 
[INFO] [stdout] error[E0433]: failed to resolve: could not find `shared1` in `shared0`
[INFO] [stdout]   --> tests/rust_protobuf/v2/test_name_resolution.rs:28:25
[INFO] [stdout]    |
[INFO] [stdout] 28 |         super::shared0::shared1::shared2::first0::first1::first2::ShouldUseInternalB {
[INFO] [stdout]    |                         ^^^^^^^ could not find `shared1` in `shared0`
[INFO] [stdout] 
[INFO] [stdout] 
[INFO] [stdout] error[E0433]: failed to resolve: could not find `shared1` in `shared0`
[INFO] [stdout]   --> tests/rust_protobuf/v2/test_name_resolution.rs:29:37
[INFO] [stdout]    |
[INFO] [stdout] 29 |             b: Some(super::shared0::shared1::shared2::first0::first1::first2::mod_ShouldUseInternalB::B {}),
[INFO] [stdout]    |                                     ^^^^^^^ could not find `shared1` in `shared0`
[INFO] [stdout] 
[INFO] [stdout] 
[INFO] [stdout] error[E0433]: failed to resolve: could not find `shared1` in `shared0`
[INFO] [stdout]   --> tests/rust_protobuf/v2/test_name_resolution.rs:33:25
[INFO] [stdout]    |
[INFO] [stdout] 33 |         super::shared0::shared1::shared2::first0::first1::first2::ShouldUseSamePackageB {
[INFO] [stdout]    |                         ^^^^^^^ could not find `shared1` in `shared0`
[INFO] [stdout] 
[INFO] [stdout] 
[INFO] [stdout] error[E0433]: failed to resolve: could not find `shared1` in `shared0`
[INFO] [stdout]   --> tests/rust_protobuf/v2/test_name_resolution.rs:34:37
[INFO] [stdout]    |
[INFO] [stdout] 34 |             b: Some(super::shared0::shared1::shared2::first0::first1::first2::B {}),
[INFO] [stdout]    |                                     ^^^^^^^ could not find `shared1` in `shared0`
[INFO] [stdout] 
[INFO] [stdout] 
[INFO] [stdout] error[E0433]: failed to resolve: could not find `mod_ShouldUseInternalB` in `test_name_resolution_p2`
[INFO] [stdout]   --> tests/rust_protobuf/v2/test_name_resolution.rs:43:49
[INFO] [stdout]    |
[INFO] [stdout] 43 |         b: Some(super::test_name_resolution_p2::mod_ShouldUseInternalB::B {}),
[INFO] [stdout]    |                                                 ^^^^^^^^^^^^^^^^^^^^^^ could not find `mod_ShouldUseInternalB` in `test_name_resolution_p2`
[INFO] [stdout] 
[INFO] [stdout] 
[INFO] [stdout] error[E0433]: failed to resolve: could not find `mod_ShouldUseInternalB` in `test_name_resolution_p3`
[INFO] [stdout]   --> tests/rust_protobuf/v2/test_name_resolution.rs:54:49
[INFO] [stdout]    |
[INFO] [stdout] 54 |         b: Some(super::test_name_resolution_p3::mod_ShouldUseInternalB::B {}),
[INFO] [stdout]    |                                                 ^^^^^^^^^^^^^^^^^^^^^^ could not find `mod_ShouldUseInternalB` in `test_name_resolution_p3`
[INFO] [stdout] 
[INFO] [stdout] 
[INFO] [stdout] error[E0433]: failed to resolve: use of undeclared crate or module `mod_TestOneof`
[INFO] [stdout]   --> tests/rust_protobuf/v2/../common/test_oneof.rs:18:24
[INFO] [stdout]    |
[INFO] [stdout] 18 |     test_message.one = mod_TestOneof::OneOfone::uint32_field(150);
[INFO] [stdout]    |                        ^^^^^^^^^^^^^ use of undeclared crate or module `mod_TestOneof`
[INFO] [stdout] 
[INFO] [stdout] 
[INFO] [stdout] error[E0433]: failed to resolve: use of undeclared crate or module `mod_TestOneof`
[INFO] [stdout]   --> tests/rust_protobuf/v2/../common/test_oneof.rs:24:19
[INFO] [stdout]    |
[INFO] [stdout] 24 |     t(|o| o.one = mod_TestOneof::OneOfone::double_field(10.0));
[INFO] [stdout]    |                   ^^^^^^^^^^^^^ use of undeclared crate or module `mod_TestOneof`
[INFO] [stdout] 
[INFO] [stdout] 
[INFO] [stdout] error[E0433]: failed to resolve: use of undeclared crate or module `mod_TestOneof`
[INFO] [stdout]   --> tests/rust_protobuf/v2/../common/test_oneof.rs:25:19
[INFO] [stdout]    |
[INFO] [stdout] 25 |     t(|o| o.one = mod_TestOneof::OneOfone::float_field(11.0));
[INFO] [stdout]    |                   ^^^^^^^^^^^^^ use of undeclared crate or module `mod_TestOneof`
[INFO] [stdout] 
[INFO] [stdout] 
[INFO] [stdout] error[E0433]: failed to resolve: use of undeclared crate or module `mod_TestOneof`
[INFO] [stdout]   --> tests/rust_protobuf/v2/../common/test_oneof.rs:26:19
[INFO] [stdout]    |
[INFO] [stdout] 26 |     t(|o| o.one = mod_TestOneof::OneOfone::int32_field(12));
[INFO] [stdout]    |                   ^^^^^^^^^^^^^ use of undeclared crate or module `mod_TestOneof`
[INFO] [stdout] 
[INFO] [stdout] 
[INFO] [stdout] error[E0433]: failed to resolve: use of undeclared crate or module `mod_TestOneof`
[INFO] [stdout]   --> tests/rust_protobuf/v2/../common/test_oneof.rs:27:19
[INFO] [stdout]    |
[INFO] [stdout] 27 |     t(|o| o.one = mod_TestOneof::OneOfone::int64_field(13));
[INFO] [stdout]    |                   ^^^^^^^^^^^^^ use of undeclared crate or module `mod_TestOneof`
[INFO] [stdout] 
[INFO] [stdout] 
[INFO] [stdout] error[E0433]: failed to resolve: use of undeclared crate or module `mod_TestOneof`
[INFO] [stdout]   --> tests/rust_protobuf/v2/../common/test_oneof.rs:28:19
[INFO] [stdout]    |
[INFO] [stdout] 28 |     t(|o| o.one = mod_TestOneof::OneOfone::uint32_field(14));
[INFO] [stdout]    |                   ^^^^^^^^^^^^^ use of undeclared crate or module `mod_TestOneof`
[INFO] [stdout] 
[INFO] [stdout] 
[INFO] [stdout] error[E0433]: failed to resolve: use of undeclared crate or module `mod_TestOneof`
[INFO] [stdout]   --> tests/rust_protobuf/v2/../common/test_oneof.rs:29:19
[INFO] [stdout]    |
[INFO] [stdout] 29 |     t(|o| o.one = mod_TestOneof::OneOfone::uint64_field(15));
[INFO] [stdout]    |                   ^^^^^^^^^^^^^ use of undeclared crate or module `mod_TestOneof`
[INFO] [stdout] 
[INFO] [stdout] 
[INFO] [stdout] error[E0433]: failed to resolve: use of undeclared crate or module `mod_TestOneof`
[INFO] [stdout]   --> tests/rust_protobuf/v2/../common/test_oneof.rs:30:19
[INFO] [stdout]    |
[INFO] [stdout] 30 |     t(|o| o.one = mod_TestOneof::OneOfone::sint32_field(16));
[INFO] [stdout]    |                   ^^^^^^^^^^^^^ use of undeclared crate or module `mod_TestOneof`
[INFO] [stdout] 
[INFO] [stdout] 
[INFO] [stdout] error[E0433]: failed to resolve: use of undeclared crate or module `mod_TestOneof`
[INFO] [stdout]   --> tests/rust_protobuf/v2/../common/test_oneof.rs:31:19
[INFO] [stdout]    |
[INFO] [stdout] 31 |     t(|o| o.one = mod_TestOneof::OneOfone::sint64_field(17));
[INFO] [stdout]    |                   ^^^^^^^^^^^^^ use of undeclared crate or module `mod_TestOneof`
[INFO] [stdout] 
[INFO] [stdout] 
[INFO] [stdout] error[E0433]: failed to resolve: use of undeclared crate or module `mod_TestOneof`
[INFO] [stdout]   --> tests/rust_protobuf/v2/../common/test_oneof.rs:32:19
[INFO] [stdout]    |
[INFO] [stdout] 32 |     t(|o| o.one = mod_TestOneof::OneOfone::fixed32_field(18));
[INFO] [stdout]    |                   ^^^^^^^^^^^^^ use of undeclared crate or module `mod_TestOneof`
[INFO] [stdout] 
[INFO] [stdout] 
[INFO] [stdout] error[E0433]: failed to resolve: use of undeclared crate or module `mod_TestOneof`
[INFO] [stdout]   --> tests/rust_protobuf/v2/../common/test_oneof.rs:33:19
[INFO] [stdout]    |
[INFO] [stdout] 33 |     t(|o| o.one = mod_TestOneof::OneOfone::fixed64_field(19));
[INFO] [stdout]    |                   ^^^^^^^^^^^^^ use of undeclared crate or module `mod_TestOneof`
[INFO] [stdout] 
[INFO] [stdout] 
[INFO] [stdout] error[E0433]: failed to resolve: use of undeclared crate or module `mod_TestOneof`
[INFO] [stdout]   --> tests/rust_protobuf/v2/../common/test_oneof.rs:34:19
[INFO] [stdout]    |
[INFO] [stdout] 34 |     t(|o| o.one = mod_TestOneof::OneOfone::sfixed32_field(20));
[INFO] [stdout]    |                   ^^^^^^^^^^^^^ use of undeclared crate or module `mod_TestOneof`
[INFO] [stdout] 
[INFO] [stdout] 
[INFO] [stdout] error[E0433]: failed to resolve: use of undeclared crate or module `mod_TestOneof`
[INFO] [stdout]   --> tests/rust_protobuf/v2/../common/test_oneof.rs:35:19
[INFO] [stdout]    |
[INFO] [stdout] 35 |     t(|o| o.one = mod_TestOneof::OneOfone::sfixed64_field(21));
[INFO] [stdout]    |                   ^^^^^^^^^^^^^ use of undeclared crate or module `mod_TestOneof`
[INFO] [stdout] 
[INFO] [stdout] 
[INFO] [stdout] error[E0433]: failed to resolve: use of undeclared crate or module `mod_TestOneof`
[INFO] [stdout]   --> tests/rust_protobuf/v2/../common/test_oneof.rs:36:19
[INFO] [stdout]    |
[INFO] [stdout] 36 |     t(|o| o.one = mod_TestOneof::OneOfone::bool_field(true));
[INFO] [stdout]    |                   ^^^^^^^^^^^^^ use of undeclared crate or module `mod_TestOneof`
[INFO] [stdout] 
[INFO] [stdout] 
[INFO] [stdout] error[E0433]: failed to resolve: use of undeclared crate or module `mod_TestOneof`
[INFO] [stdout]   --> tests/rust_protobuf/v2/../common/test_oneof.rs:37:19
[INFO] [stdout]    |
[INFO] [stdout] 37 |     t(|o| o.one = mod_TestOneof::OneOfone::string_field("asas".into()));
[INFO] [stdout]    |                   ^^^^^^^^^^^^^ use of undeclared crate or module `mod_TestOneof`
[INFO] [stdout] 
[INFO] [stdout] 
[INFO] [stdout] error[E0433]: failed to resolve: use of undeclared crate or module `mod_TestOneof`
[INFO] [stdout]   --> tests/rust_protobuf/v2/../common/test_oneof.rs:38:19
[INFO] [stdout]    |
[INFO] [stdout] 38 |     t(|o| o.one = mod_TestOneof::OneOfone::bytes_field(vec![99, 100].into()));
[INFO] [stdout]    |                   ^^^^^^^^^^^^^ use of undeclared crate or module `mod_TestOneof`
[INFO] [stdout] 
[INFO] [stdout] 
[INFO] [stdout] error[E0433]: failed to resolve: use of undeclared crate or module `mod_TestOneof`
[INFO] [stdout]   --> tests/rust_protobuf/v2/../common/test_oneof.rs:39:19
[INFO] [stdout]    |
[INFO] [stdout] 39 |     t(|o| o.one = mod_TestOneof::OneOfone::enum_field(EnumForOneof::A));
[INFO] [stdout]    |                   ^^^^^^^^^^^^^ use of undeclared crate or module `mod_TestOneof`
[INFO] [stdout] 
[INFO] [stdout] 
[INFO] [stdout] error[E0433]: failed to resolve: use of undeclared type `EnumForOneof`
[INFO] [stdout]   --> tests/rust_protobuf/v2/../common/test_oneof.rs:39:55
[INFO] [stdout]    |
[INFO] [stdout] 39 |     t(|o| o.one = mod_TestOneof::OneOfone::enum_field(EnumForOneof::A));
[INFO] [stdout]    |                                                       ^^^^^^^^^^^^ use of undeclared type `EnumForOneof`
[INFO] [stdout] 
[INFO] [stdout] 
[INFO] [stdout] error[E0433]: failed to resolve: use of undeclared crate or module `mod_TestOneof`
[INFO] [stdout]  --> tests/rust_protobuf/v2/test_oneof.rs:9:17
[INFO] [stdout]   |
[INFO] [stdout] 9 |         o.one = mod_TestOneof::OneOfone::message_field(msg);
[INFO] [stdout]   |                 ^^^^^^^^^^^^^ use of undeclared crate or module `mod_TestOneof`
[INFO] [stdout] 
[INFO] [stdout] 
[INFO] [stdout] error[E0433]: failed to resolve: use of undeclared type `TestEnum`
[INFO] [stdout]   --> tests/rust_protobuf/v2/test_text_format.rs:33:37
[INFO] [stdout]    |
[INFO] [stdout] 33 |         m.test_enum_singular = Some(TestEnum::DARK)
[INFO] [stdout]    |                                     ^^^^^^^^ use of undeclared type `TestEnum`
[INFO] [stdout] 
[INFO] [stdout] 
[INFO] [stdout] error[E0433]: failed to resolve: use of undeclared type `TestEnum`
[INFO] [stdout]   --> tests/rust_protobuf/v2/test_text_format.rs:63:35
[INFO] [stdout]    |
[INFO] [stdout] 63 |         m.test_enum_repeated.push(TestEnum::DARK)
[INFO] [stdout]    |                                   ^^^^^^^^ use of undeclared type `TestEnum`
[INFO] [stdout] 
[INFO] [stdout] 
[INFO] [stdout] error[E0433]: failed to resolve: use of undeclared type `TestEnumDescriptor`
[INFO] [stdout]    --> tests/rust_protobuf/v3/test_basic.rs:101:26
[INFO] [stdout]     |
[INFO] [stdout] 101 |     message.enum_field = TestEnumDescriptor::BLUE;
[INFO] [stdout]     |                          ^^^^^^^^^^^^^^^^^^ use of undeclared type `TestEnumDescriptor`
[INFO] [stdout] 
[INFO] [stdout] 
[INFO] [stdout] error[E0433]: failed to resolve: use of undeclared type `TestEnumDescriptor`
[INFO] [stdout]    --> tests/rust_protobuf/v3/test_basic.rs:123:31
[INFO] [stdout]     |
[INFO] [stdout] 123 |     message.enum_field = vec![TestEnumDescriptor::BLUE, TestEnumDescriptor::GREEN];
[INFO] [stdout]     |                               ^^^^^^^^^^^^^^^^^^ use of undeclared type `TestEnumDescriptor`
[INFO] [stdout] 
[INFO] [stdout] 
[INFO] [stdout] error[E0433]: failed to resolve: use of undeclared type `TestEnumDescriptor`
[INFO] [stdout]    --> tests/rust_protobuf/v3/test_basic.rs:123:57
[INFO] [stdout]     |
[INFO] [stdout] 123 |     message.enum_field = vec![TestEnumDescriptor::BLUE, TestEnumDescriptor::GREEN];
[INFO] [stdout]     |                                                         ^^^^^^^^^^^^^^^^^^ use of undeclared type `TestEnumDescriptor`
[INFO] [stdout] 
[INFO] [stdout] 
[INFO] [stdout] error[E0433]: failed to resolve: use of undeclared type `TestEnumDescriptor`
[INFO] [stdout]    --> tests/rust_protobuf/v3/test_basic.rs:145:31
[INFO] [stdout]     |
[INFO] [stdout] 145 |     message.enum_field = vec![TestEnumDescriptor::BLUE, TestEnumDescriptor::GREEN];
[INFO] [stdout]     |                               ^^^^^^^^^^^^^^^^^^ use of undeclared type `TestEnumDescriptor`
[INFO] [stdout] 
[INFO] [stdout] 
[INFO] [stdout] error[E0433]: failed to resolve: use of undeclared type `TestEnumDescriptor`
[INFO] [stdout]    --> tests/rust_protobuf/v3/test_basic.rs:145:57
[INFO] [stdout]     |
[INFO] [stdout] 145 |     message.enum_field = vec![TestEnumDescriptor::BLUE, TestEnumDescriptor::GREEN];
[INFO] [stdout]     |                                                         ^^^^^^^^^^^^^^^^^^ use of undeclared type `TestEnumDescriptor`
[INFO] [stdout] 
[INFO] [stdout] 
[INFO] [stdout] error[E0433]: failed to resolve: use of undeclared crate or module `mod_TestOneof`
[INFO] [stdout]   --> tests/rust_protobuf/v3/../common/test_oneof.rs:18:24
[INFO] [stdout]    |
[INFO] [stdout] 18 |     test_message.one = mod_TestOneof::OneOfone::uint32_field(150);
[INFO] [stdout]    |                        ^^^^^^^^^^^^^ use of undeclared crate or module `mod_TestOneof`
[INFO] [stdout] 
[INFO] [stdout] 
[INFO] [stdout] error[E0433]: failed to resolve: use of undeclared crate or module `mod_TestOneof`
[INFO] [stdout]   --> tests/rust_protobuf/v3/../common/test_oneof.rs:24:19
[INFO] [stdout]    |
[INFO] [stdout] 24 |     t(|o| o.one = mod_TestOneof::OneOfone::double_field(10.0));
[INFO] [stdout]    |                   ^^^^^^^^^^^^^ use of undeclared crate or module `mod_TestOneof`
[INFO] [stdout] 
[INFO] [stdout] 
[INFO] [stdout] error[E0433]: failed to resolve: use of undeclared crate or module `mod_TestOneof`
[INFO] [stdout]   --> tests/rust_protobuf/v3/../common/test_oneof.rs:25:19
[INFO] [stdout]    |
[INFO] [stdout] 25 |     t(|o| o.one = mod_TestOneof::OneOfone::float_field(11.0));
[INFO] [stdout]    |                   ^^^^^^^^^^^^^ use of undeclared crate or module `mod_TestOneof`
[INFO] [stdout] 
[INFO] [stdout] 
[INFO] [stdout] error[E0433]: failed to resolve: use of undeclared crate or module `mod_TestOneof`
[INFO] [stdout]   --> tests/rust_protobuf/v3/../common/test_oneof.rs:26:19
[INFO] [stdout]    |
[INFO] [stdout] 26 |     t(|o| o.one = mod_TestOneof::OneOfone::int32_field(12));
[INFO] [stdout]    |                   ^^^^^^^^^^^^^ use of undeclared crate or module `mod_TestOneof`
[INFO] [stdout] 
[INFO] [stdout] 
[INFO] [stdout] error[E0433]: failed to resolve: use of undeclared crate or module `mod_TestOneof`
[INFO] [stdout]   --> tests/rust_protobuf/v3/../common/test_oneof.rs:27:19
[INFO] [stdout]    |
[INFO] [stdout] 27 |     t(|o| o.one = mod_TestOneof::OneOfone::int64_field(13));
[INFO] [stdout]    |                   ^^^^^^^^^^^^^ use of undeclared crate or module `mod_TestOneof`
[INFO] [stdout] 
[INFO] [stdout] 
[INFO] [stdout] error[E0433]: failed to resolve: use of undeclared crate or module `mod_TestOneof`
[INFO] [stdout]   --> tests/rust_protobuf/v3/../common/test_oneof.rs:28:19
[INFO] [stdout]    |
[INFO] [stdout] 28 |     t(|o| o.one = mod_TestOneof::OneOfone::uint32_field(14));
[INFO] [stdout]    |                   ^^^^^^^^^^^^^ use of undeclared crate or module `mod_TestOneof`
[INFO] [stdout] 
[INFO] [stdout] 
[INFO] [stdout] error[E0433]: failed to resolve: use of undeclared crate or module `mod_TestOneof`
[INFO] [stdout]   --> tests/rust_protobuf/v3/../common/test_oneof.rs:29:19
[INFO] [stdout]    |
[INFO] [stdout] 29 |     t(|o| o.one = mod_TestOneof::OneOfone::uint64_field(15));
[INFO] [stdout]    |                   ^^^^^^^^^^^^^ use of undeclared crate or module `mod_TestOneof`
[INFO] [stdout] 
[INFO] [stdout] 
[INFO] [stdout] error[E0433]: failed to resolve: use of undeclared crate or module `mod_TestOneof`
[INFO] [stdout]   --> tests/rust_protobuf/v3/../common/test_oneof.rs:30:19
[INFO] [stdout]    |
[INFO] [stdout] 30 |     t(|o| o.one = mod_TestOneof::OneOfone::sint32_field(16));
[INFO] [stdout]    |                   ^^^^^^^^^^^^^ use of undeclared crate or module `mod_TestOneof`
[INFO] [stdout] 
[INFO] [stdout] 
[INFO] [stdout] error[E0433]: failed to resolve: use of undeclared crate or module `mod_TestOneof`
[INFO] [stdout]   --> tests/rust_protobuf/v3/../common/test_oneof.rs:31:19
[INFO] [stdout]    |
[INFO] [stdout] 31 |     t(|o| o.one = mod_TestOneof::OneOfone::sint64_field(17));
[INFO] [stdout]    |                   ^^^^^^^^^^^^^ use of undeclared crate or module `mod_TestOneof`
[INFO] [stdout] 
[INFO] [stdout] 
[INFO] [stdout] error[E0433]: failed to resolve: use of undeclared crate or module `mod_TestOneof`
[INFO] [stdout]   --> tests/rust_protobuf/v3/../common/test_oneof.rs:32:19
[INFO] [stdout]    |
[INFO] [stdout] 32 |     t(|o| o.one = mod_TestOneof::OneOfone::fixed32_field(18));
[INFO] [stdout]    |                   ^^^^^^^^^^^^^ use of undeclared crate or module `mod_TestOneof`
[INFO] [stdout] 
[INFO] [stdout] 
[INFO] [stdout] error[E0433]: failed to resolve: use of undeclared crate or module `mod_TestOneof`
[INFO] [stdout]   --> tests/rust_protobuf/v3/../common/test_oneof.rs:33:19
[INFO] [stdout]    |
[INFO] [stdout] 33 |     t(|o| o.one = mod_TestOneof::OneOfone::fixed64_field(19));
[INFO] [stdout]    |                   ^^^^^^^^^^^^^ use of undeclared crate or module `mod_TestOneof`
[INFO] [stdout] 
[INFO] [stdout] 
[INFO] [stdout] error[E0433]: failed to resolve: use of undeclared crate or module `mod_TestOneof`
[INFO] [stdout]   --> tests/rust_protobuf/v3/../common/test_oneof.rs:34:19
[INFO] [stdout]    |
[INFO] [stdout] 34 |     t(|o| o.one = mod_TestOneof::OneOfone::sfixed32_field(20));
[INFO] [stdout]    |                   ^^^^^^^^^^^^^ use of undeclared crate or module `mod_TestOneof`
[INFO] [stdout] 
[INFO] [stdout] 
[INFO] [stdout] error[E0433]: failed to resolve: use of undeclared crate or module `mod_TestOneof`
[INFO] [stdout]   --> tests/rust_protobuf/v3/../common/test_oneof.rs:35:19
[INFO] [stdout]    |
[INFO] [stdout] 35 |     t(|o| o.one = mod_TestOneof::OneOfone::sfixed64_field(21));
[INFO] [stdout]    |                   ^^^^^^^^^^^^^ use of undeclared crate or module `mod_TestOneof`
[INFO] [stdout] 
[INFO] [stdout] 
[INFO] [stdout] error[E0433]: failed to resolve: use of undeclared crate or module `mod_TestOneof`
[INFO] [stdout]   --> tests/rust_protobuf/v3/../common/test_oneof.rs:36:19
[INFO] [stdout]    |
[INFO] [stdout] 36 |     t(|o| o.one = mod_TestOneof::OneOfone::bool_field(true));
[INFO] [stdout]    |                   ^^^^^^^^^^^^^ use of undeclared crate or module `mod_TestOneof`
[INFO] [stdout] 
[INFO] [stdout] 
[INFO] [stdout] error[E0433]: failed to resolve: use of undeclared crate or module `mod_TestOneof`
[INFO] [stdout]   --> tests/rust_protobuf/v3/../common/test_oneof.rs:37:19
[INFO] [stdout]    |
[INFO] [stdout] 37 |     t(|o| o.one = mod_TestOneof::OneOfone::string_field("asas".into()));
[INFO] [stdout]    |                   ^^^^^^^^^^^^^ use of undeclared crate or module `mod_TestOneof`
[INFO] [stdout] 
[INFO] [stdout] 
[INFO] [stdout] error[E0433]: failed to resolve: use of undeclared crate or module `mod_TestOneof`
[INFO] [stdout]   --> tests/rust_protobuf/v3/../common/test_oneof.rs:38:19
[INFO] [stdout]    |
[INFO] [stdout] 38 |     t(|o| o.one = mod_TestOneof::OneOfone::bytes_field(vec![99, 100].into()));
[INFO] [stdout]    |                   ^^^^^^^^^^^^^ use of undeclared crate or module `mod_TestOneof`
[INFO] [stdout] 
[INFO] [stdout] 
[INFO] [stdout] error[E0433]: failed to resolve: use of undeclared crate or module `mod_TestOneof`
[INFO] [stdout]   --> tests/rust_protobuf/v3/../common/test_oneof.rs:39:19
[INFO] [stdout]    |
[INFO] [stdout] 39 |     t(|o| o.one = mod_TestOneof::OneOfone::enum_field(EnumForOneof::A));
[INFO] [stdout]    |                   ^^^^^^^^^^^^^ use of undeclared crate or module `mod_TestOneof`
[INFO] [stdout] 
[INFO] [stdout] 
[INFO] [stdout] error[E0433]: failed to resolve: use of undeclared type `EnumForOneof`
[INFO] [stdout]   --> tests/rust_protobuf/v3/../common/test_oneof.rs:39:55
[INFO] [stdout]    |
[INFO] [stdout] 39 |     t(|o| o.one = mod_TestOneof::OneOfone::enum_field(EnumForOneof::A));
[INFO] [stdout]    |                                                       ^^^^^^^^^^^^ use of undeclared type `EnumForOneof`
[INFO] [stdout] 
[INFO] [stdout] 
[INFO] [stdout] error[E0433]: failed to resolve: use of undeclared crate or module `mod_TestOneof`
[INFO] [stdout]  --> tests/rust_protobuf/v3/test_oneof.rs:9:17
[INFO] [stdout]   |
[INFO] [stdout] 9 |         o.one = mod_TestOneof::OneOfone::message_field(msg);
[INFO] [stdout]   |                 ^^^^^^^^^^^^^ use of undeclared crate or module `mod_TestOneof`
[INFO] [stdout] 
[INFO] [stdout] 
[INFO] [stdout] error[E0412]: cannot find type `Test1` in this scope
[INFO] [stdout]   --> tests/rust_protobuf/v2/test_basic.rs:10:53
[INFO] [stdout]    |
[INFO] [stdout] 10 |     test_serialize_deserialize!("08 96 01", &test1, Test1);
[INFO] [stdout]    |                                                     ^^^^^ not found in this scope
[INFO] [stdout] 
[INFO] [stdout] 
[INFO] [stdout] error[E0412]: cannot find type `Test2` in this scope
[INFO] [stdout]   --> tests/rust_protobuf/v2/test_basic.rs:17:71
[INFO] [stdout]    |
[INFO] [stdout] 17 |     test_serialize_deserialize!("12 07 74 65 73 74 69 6e 67", &test2, Test2);
[INFO] [stdout]    |                                                                       ^^^^^ not found in this scope
[INFO] [stdout] 
[INFO] [stdout] 
[INFO] [stdout] error[E0412]: cannot find type `Test3` in this scope
[INFO] [stdout]   --> tests/rust_protobuf/v2/test_basic.rs:26:59
[INFO] [stdout]    |
[INFO] [stdout] 26 |     test_serialize_deserialize!("1a 03 08 96 01", &test3, Test3);
[INFO] [stdout]    |                                                           ^^^^^ not found in this scope
[INFO] [stdout] 
[INFO] [stdout] 
[INFO] [stdout] error[E0412]: cannot find type `Test4` in this scope
[INFO] [stdout]   --> tests/rust_protobuf/v2/test_basic.rs:33:68
[INFO] [stdout]    |
[INFO] [stdout] 33 |     test_serialize_deserialize!("22 06 03 8E 02 9E A7 05", &test4, Test4);
[INFO] [stdout]    |                                                                    ^^^^^ not found in this scope
[INFO] [stdout] 
[INFO] [stdout] 
[INFO] [stdout] error[E0412]: cannot find type `TestEmpty` in this scope
[INFO] [stdout]   --> tests/rust_protobuf/v2/test_basic.rs:54:60
[INFO] [stdout]    |
[INFO] [stdout] 54 |     test_serialize_deserialize!("", &TestEmpty::default(), TestEmpty);
[INFO] [stdout]    |                                                            ^^^^^^^^^ not found in this scope
[INFO] [stdout] 
[INFO] [stdout] 
[INFO] [stdout] error[E0412]: cannot find type `TestTypesSingular` in this scope
[INFO] [stdout]    --> tests/rust_protobuf/v2/test_basic.rs:101:60
[INFO] [stdout]     |
[INFO] [stdout] 101 |     test_serialize_deserialize_length_delimited!(&message, TestTypesSingular);
[INFO] [stdout]     |                                                            ^^^^^^^^^^^^^^^^^ not found in this scope
[INFO] [stdout] 
[INFO] [stdout] 
[INFO] [stdout] error[E0412]: cannot find type `TestTypesRepeated` in this scope
[INFO] [stdout]    --> tests/rust_protobuf/v2/test_basic.rs:123:60
[INFO] [stdout]     |
[INFO] [stdout] 123 |     test_serialize_deserialize_length_delimited!(&message, TestTypesRepeated);
[INFO] [stdout]     |                                                            ^^^^^^^^^^^^^^^^^ not found in this scope
[INFO] [stdout] 
[INFO] [stdout] 
[INFO] [stdout] error[E0412]: cannot find type `TestTypesRepeatedPacked` in this scope
[INFO] [stdout]    --> tests/rust_protobuf/v2/test_basic.rs:145:60
[INFO] [stdout]     |
[INFO] [stdout] 145 |     test_serialize_deserialize_length_delimited!(&message, TestTypesRepeatedPacked);
[INFO] [stdout]     |                                                            ^^^^^^^^^^^^^^^^^^^^^^^ not found in this scope
[INFO] [stdout] 
[INFO] [stdout] 
[INFO] [stdout] error[E0412]: cannot find type `TestBugSint` in this scope
[INFO] [stdout]    --> tests/rust_protobuf/v2/test_basic.rs:233:50
[INFO] [stdout]     |
[INFO] [stdout] 233 |         test_serialize_deserialize!("08 01", &x, TestBugSint);
[INFO] [stdout]     |                                                  ^^^^^^^^^^^ not found in this scope
[INFO] [stdout] 
[INFO] [stdout] 
[INFO] [stdout] error[E0412]: cannot find type `TestBugSint` in this scope
[INFO] [stdout]    --> tests/rust_protobuf/v2/test_basic.rs:238:50
[INFO] [stdout]     |
[INFO] [stdout] 238 |         test_serialize_deserialize!("10 03", &x, TestBugSint);
[INFO] [stdout]     |                                                  ^^^^^^^^^^^ not found in this scope
[INFO] [stdout] 
[INFO] [stdout] 
[INFO] [stdout] error[E0412]: cannot find type `TestLiteRuntime` in this scope
[INFO] [stdout]   --> tests/rust_protobuf/v2/test_lite_runtime_test.rs:10:46
[INFO] [stdout]    |
[INFO] [stdout] 10 |     test_serialize_deserialize!("08 0a", &m, TestLiteRuntime);
[INFO] [stdout]    |                                              ^^^^^^^^^^^^^^^ not found in this scope
[INFO] [stdout] 
[INFO] [stdout] 
[INFO] [stdout] error[E0422]: cannot find struct, variant or union type `ShouldUseInternalB` in module `super::test_name_resolution_p2`
[INFO] [stdout]   --> tests/rust_protobuf/v2/test_name_resolution.rs:42:65
[INFO] [stdout]    |
[INFO] [stdout] 42 |     let should_use_internal_b = super::test_name_resolution_p2::ShouldUseInternalB {
[INFO] [stdout]    |                                                                 ^^^^^^^^^^^^^^^^^^ not found in `super::test_name_resolution_p2`
[INFO] [stdout] 
[INFO] [stdout] 
[INFO] [stdout] error[E0422]: cannot find struct, variant or union type `ShouldUseSamePackageB` in module `super::test_name_resolution_p2`
[INFO] [stdout]   --> tests/rust_protobuf/v2/test_name_resolution.rs:46:69
[INFO] [stdout]    |
[INFO] [stdout] 46 |     let should_use_same_package_b = super::test_name_resolution_p2::ShouldUseSamePackageB {
[INFO] [stdout]    |                                                                     ^^^^^^^^^^^^^^^^^^^^^ not found in `super::test_name_resolution_p2`
[INFO] [stdout] 
[INFO] [stdout] 
[INFO] [stdout] error[E0422]: cannot find struct, variant or union type `B` in module `super::test_name_resolution_p2`
[INFO] [stdout]   --> tests/rust_protobuf/v2/test_name_resolution.rs:47:49
[INFO] [stdout]    |
[INFO] [stdout] 47 |         b: Some(super::test_name_resolution_p2::B {}),
[INFO] [stdout]    |                                                 ^ not found in `super::test_name_resolution_p2`
[INFO] [stdout] 
[INFO] [stdout] 
[INFO] [stdout] error[E0422]: cannot find struct, variant or union type `ShouldUseInternalB` in module `super::test_name_resolution_p3`
[INFO] [stdout]   --> tests/rust_protobuf/v2/test_name_resolution.rs:53:65
[INFO] [stdout]    |
[INFO] [stdout] 53 |     let should_use_internal_b = super::test_name_resolution_p3::ShouldUseInternalB {
[INFO] [stdout]    |                                                                 ^^^^^^^^^^^^^^^^^^ not found in `super::test_name_resolution_p3`
[INFO] [stdout] 
[INFO] [stdout] 
[INFO] [stdout] error[E0422]: cannot find struct, variant or union type `ShouldUseDifferentPackageB` in module `super::test_name_resolution_p3`
[INFO] [stdout]   --> tests/rust_protobuf/v2/test_name_resolution.rs:58:41
[INFO] [stdout]    |
[INFO] [stdout] 58 |         super::test_name_resolution_p3::ShouldUseDifferentPackageB {
[INFO] [stdout]    |                                         ^^^^^^^^^^^^^^^^^^^^^^^^^^ not found in `super::test_name_resolution_p3`
[INFO] [stdout] 
[INFO] [stdout] 
[INFO] [stdout] error[E0422]: cannot find struct, variant or union type `B` in module `super::test_name_resolution_p2`
[INFO] [stdout]   --> tests/rust_protobuf/v2/test_name_resolution.rs:59:53
[INFO] [stdout]    |
[INFO] [stdout] 59 |             b: Some(super::test_name_resolution_p2::B {}),
[INFO] [stdout]    |                                                     ^ not found in `super::test_name_resolution_p2`
[INFO] [stdout] 
[INFO] [stdout] 
[INFO] [stdout] error[E0422]: cannot find struct, variant or union type `ShouldUseSamePackageBDespiteImport` in module `super::test_name_resolution_p4`
[INFO] [stdout]   --> tests/rust_protobuf/v2/test_name_resolution.rs:66:41
[INFO] [stdout]    |
[INFO] [stdout] 66 |         super::test_name_resolution_p4::ShouldUseSamePackageBDespiteImport {
[INFO] [stdout]    |                                         ^^^^^^^^^^^^^^^^^^^^^^^^^^^^^^^^^^ not found in `super::test_name_resolution_p4`
[INFO] [stdout] 
[INFO] [stdout] 
[INFO] [stdout] error[E0422]: cannot find struct, variant or union type `B` in module `super::test_name_resolution_p4`
[INFO] [stdout]   --> tests/rust_protobuf/v2/test_name_resolution.rs:67:53
[INFO] [stdout]    |
[INFO] [stdout] 67 |             b: Some(super::test_name_resolution_p4::B {}),
[INFO] [stdout]    |                                                     ^ not found in `super::test_name_resolution_p4`
[INFO] [stdout] 
[INFO] [stdout] 
[INFO] [stdout] error[E0412]: cannot find type `TestOneof` in this scope
[INFO] [stdout]  --> tests/rust_protobuf/v2/../common/test_oneof.rs:8:16
[INFO] [stdout]   |
[INFO] [stdout] 8 |     F: Fn(&mut TestOneof),
[INFO] [stdout]   |                ^^^^^^^^^ not found in this scope
[INFO] [stdout] 
[INFO] [stdout] 
[INFO] [stdout] error[E0412]: cannot find type `TestOneof` in this scope
[INFO] [stdout]   --> tests/rust_protobuf/v2/../common/test_oneof.rs:12:54
[INFO] [stdout]    |
[INFO] [stdout] 12 |     test_serialize_deserialize_length_delimited!(&o, TestOneof);
[INFO] [stdout]    |                                                      ^^^^^^^^^ not found in this scope
[INFO] [stdout] 
[INFO] [stdout] 
[INFO] [stdout] error[E0412]: cannot find type `TestOneof` in this scope
[INFO] [stdout]   --> tests/rust_protobuf/v2/../common/test_oneof.rs:19:60
[INFO] [stdout]    |
[INFO] [stdout] 19 |     test_serialize_deserialize!("28 96 01", &test_message, TestOneof);
[INFO] [stdout]    |                                                            ^^^^^^^^^ not found in this scope
[INFO] [stdout] 
[INFO] [stdout] 
[INFO] [stdout] error[E0422]: cannot find struct, variant or union type `Foo` in this scope
[INFO] [stdout]   --> tests/rust_protobuf/v2/test_owned.rs:36:22
[INFO] [stdout]    |
[INFO] [stdout] 36 |     let static_foo = Foo {
[INFO] [stdout]    |                      ^^^ not found in this scope
[INFO] [stdout] 
[INFO] [stdout] 
[INFO] [stdout] error[E0412]: cannot find type `TestTypes` in this scope
[INFO] [stdout]  --> tests/rust_protobuf/v2/test_text_format.rs:3:20
[INFO] [stdout]   |
[INFO] [stdout] 3 | fn t<F: FnMut(&mut TestTypes)>(_: &str, mut setter: F) {
[INFO] [stdout]   |                    ^^^^^^^^^ not found in this scope
[INFO] [stdout] 
[INFO] [stdout] 
[INFO] [stdout] error[E0422]: cannot find struct, variant or union type `TestMessage` in this scope
[INFO] [stdout]   --> tests/rust_protobuf/v2/test_text_format.rs:85:40
[INFO] [stdout]    |
[INFO] [stdout] 85 |         m.test_message_singular = Some(TestMessage { value: Some(30) })
[INFO] [stdout]    |                                        ^^^^^^^^^^^ not found in this scope
[INFO] [stdout] 
[INFO] [stdout] 
[INFO] [stdout] error[E0412]: cannot find type `Test1` in this scope
[INFO] [stdout]   --> tests/rust_protobuf/v3/test_basic.rs:10:53
[INFO] [stdout]    |
[INFO] [stdout] 10 |     test_serialize_deserialize!("08 96 01", &test1, Test1);
[INFO] [stdout]    |                                                     ^^^^^ not found in this scope
[INFO] [stdout] 
[INFO] [stdout] 
[INFO] [stdout] error[E0412]: cannot find type `Test2` in this scope
[INFO] [stdout]   --> tests/rust_protobuf/v3/test_basic.rs:17:71
[INFO] [stdout]    |
[INFO] [stdout] 17 |     test_serialize_deserialize!("12 07 74 65 73 74 69 6e 67", &test2, Test2);
[INFO] [stdout]    |                                                                       ^^^^^ not found in this scope
[INFO] [stdout] 
[INFO] [stdout] 
[INFO] [stdout] error[E0412]: cannot find type `Test3` in this scope
[INFO] [stdout]   --> tests/rust_protobuf/v3/test_basic.rs:26:59
[INFO] [stdout]    |
[INFO] [stdout] 26 |     test_serialize_deserialize!("1a 03 08 96 01", &test3, Test3);
[INFO] [stdout]    |                                                           ^^^^^ not found in this scope
[INFO] [stdout] 
[INFO] [stdout] 
[INFO] [stdout] error[E0412]: cannot find type `Test4` in this scope
[INFO] [stdout]   --> tests/rust_protobuf/v3/test_basic.rs:33:68
[INFO] [stdout]    |
[INFO] [stdout] 33 |     test_serialize_deserialize!("22 06 03 8E 02 9E A7 05", &test4, Test4);
[INFO] [stdout]    |                                                                    ^^^^^ not found in this scope
[INFO] [stdout] 
[INFO] [stdout] 
[INFO] [stdout] error[E0412]: cannot find type `TestPackedUnpacked` in this scope
[INFO] [stdout]   --> tests/rust_protobuf/v3/test_basic.rs:50:73
[INFO] [stdout]    |
[INFO] [stdout] 50 |     test_serialize_deserialize_length_delimited!(&test_packed_unpacked, TestPackedUnpacked);
[INFO] [stdout]    |                                                                         ^^^^^^^^^^^^^^^^^^ not found in this scope
[INFO] [stdout] 
[INFO] [stdout] 
[INFO] [stdout] error[E0412]: cannot find type `TestEmpty` in this scope
[INFO] [stdout]   --> tests/rust_protobuf/v3/test_basic.rs:55:60
[INFO] [stdout]    |
[INFO] [stdout] 55 |     test_serialize_deserialize!("", &TestEmpty::default(), TestEmpty);
[INFO] [stdout]    |                                                            ^^^^^^^^^ not found in this scope
[INFO] [stdout] 
[INFO] [stdout] 
[INFO] [stdout] error[E0412]: cannot find type `TestTypesSingular` in this scope
[INFO] [stdout]    --> tests/rust_protobuf/v3/test_basic.rs:102:60
[INFO] [stdout]     |
[INFO] [stdout] 102 |     test_serialize_deserialize_length_delimited!(&message, TestTypesSingular);
[INFO] [stdout]     |                                                            ^^^^^^^^^^^^^^^^^ not found in this scope
[INFO] [stdout] 
[INFO] [stdout] 
[INFO] [stdout] error[E0412]: cannot find type `TestTypesRepeated` in this scope
[INFO] [stdout]    --> tests/rust_protobuf/v3/test_basic.rs:124:60
[INFO] [stdout]     |
[INFO] [stdout] 124 |     test_serialize_deserialize_length_delimited!(&message, TestTypesRepeated);
[INFO] [stdout]     |                                                            ^^^^^^^^^^^^^^^^^ not found in this scope
[INFO] [stdout] 
[INFO] [stdout] 
[INFO] [stdout] error[E0412]: cannot find type `TestTypesRepeatedPacked` in this scope
[INFO] [stdout]    --> tests/rust_protobuf/v3/test_basic.rs:146:60
[INFO] [stdout]     |
[INFO] [stdout] 146 |     test_serialize_deserialize_length_delimited!(&message, TestTypesRepeatedPacked);
[INFO] [stdout]     |                                                            ^^^^^^^^^^^^^^^^^^^^^^^ not found in this scope
[INFO] [stdout] 
[INFO] [stdout] 
[INFO] [stdout] error[E0412]: cannot find type `TestBugSint` in this scope
[INFO] [stdout]    --> tests/rust_protobuf/v3/test_basic.rs:234:50
[INFO] [stdout]     |
[INFO] [stdout] 234 |         test_serialize_deserialize!("08 01", &x, TestBugSint);
[INFO] [stdout]     |                                                  ^^^^^^^^^^^ not found in this scope
[INFO] [stdout] 
[INFO] [stdout] 
[INFO] [stdout] error[E0412]: cannot find type `TestBugSint` in this scope
[INFO] [stdout]    --> tests/rust_protobuf/v3/test_basic.rs:239:50
[INFO] [stdout]     |
[INFO] [stdout] 239 |         test_serialize_deserialize!("10 03", &x, TestBugSint);
[INFO] [stdout]     |                                                  ^^^^^^^^^^^ not found in this scope
[INFO] [stdout] 
[INFO] [stdout] 
[INFO] [stdout] error[E0412]: cannot find type `TestMap` in this scope
[INFO] [stdout]   --> tests/rust_protobuf/v3/test_map.rs:12:43
[INFO] [stdout]    |
[INFO] [stdout] 12 |     test_serialize_deserialize!("", &map, TestMap);
[INFO] [stdout]    |                                           ^^^^^^^ not found in this scope
[INFO] [stdout] 
[INFO] [stdout] 
[INFO] [stdout] error[E0412]: cannot find type `TestMap` in this scope
[INFO] [stdout]   --> tests/rust_protobuf/v3/test_map.rs:15:69
[INFO] [stdout]    |
[INFO] [stdout] 15 |     test_serialize_deserialize!("0a 07 0a 03 74 77 6f 10 02", &map, TestMap);
[INFO] [stdout]    |                                                                     ^^^^^^^ not found in this scope
[INFO] [stdout] 
[INFO] [stdout] 
[INFO] [stdout] error[E0412]: cannot find type `TestMap` in this scope
[INFO] [stdout]   --> tests/rust_protobuf/v3/test_map.rs:21:56
[INFO] [stdout]    |
[INFO] [stdout] 21 |     test_serialize_deserialize_length_delimited!(&map, TestMap);
[INFO] [stdout]    |                                                        ^^^^^^^ not found in this scope
[INFO] [stdout] 
[INFO] [stdout] 
[INFO] [stdout] error[E0412]: cannot find type `TestMap` in this scope
[INFO] [stdout]   --> tests/rust_protobuf/v3/test_map.rs:31:43
[INFO] [stdout]    |
[INFO] [stdout] 31 |     test_serialize_deserialize!("", &map, TestMap);
[INFO] [stdout]    |                                           ^^^^^^^ not found in this scope
[INFO] [stdout] 
[INFO] [stdout] 
[INFO] [stdout] error[E0412]: cannot find type `TestMap` in this scope
[INFO] [stdout]   --> tests/rust_protobuf/v3/test_map.rs:35:56
[INFO] [stdout]    |
[INFO] [stdout] 35 |     test_serialize_deserialize_length_delimited!(&map, TestMap);
[INFO] [stdout]    |                                                        ^^^^^^^ not found in this scope
[INFO] [stdout] 
[INFO] [stdout] 
[INFO] [stdout] error[E0412]: cannot find type `TestOneof` in this scope
[INFO] [stdout]  --> tests/rust_protobuf/v3/../common/test_oneof.rs:8:16
[INFO] [stdout]   |
[INFO] [stdout] 8 |     F: Fn(&mut TestOneof),
[INFO] [stdout]   |                ^^^^^^^^^ not found in this scope
[INFO] [stdout] 
[INFO] [stdout] 
[INFO] [stdout] error[E0412]: cannot find type `TestOneof` in this scope
[INFO] [stdout]   --> tests/rust_protobuf/v3/../common/test_oneof.rs:12:54
[INFO] [stdout]    |
[INFO] [stdout] 12 |     test_serialize_deserialize_length_delimited!(&o, TestOneof);
[INFO] [stdout]    |                                                      ^^^^^^^^^ not found in this scope
[INFO] [stdout] 
[INFO] [stdout] 
[INFO] [stdout] error[E0412]: cannot find type `TestOneof` in this scope
[INFO] [stdout]   --> tests/rust_protobuf/v3/../common/test_oneof.rs:19:60
[INFO] [stdout]    |
[INFO] [stdout] 19 |     test_serialize_deserialize!("28 96 01", &test_message, TestOneof);
[INFO] [stdout]    |                                                            ^^^^^^^^^ not found in this scope
[INFO] [stdout] 
[INFO] [stdout] 
[INFO] [stdout] error[E0422]: cannot find struct, variant or union type `Foo` in this scope
[INFO] [stdout]   --> tests/rust_protobuf/v3/test_owned.rs:36:22
[INFO] [stdout]    |
[INFO] [stdout] 36 |     let static_foo = Foo {
[INFO] [stdout]    |                      ^^^ not found in this scope
[INFO] [stdout] 
[INFO] [stdout] 
[INFO] [stdout] warning: unused import: `super::basic::*`
[INFO] [stdout]  --> tests/rust_protobuf/v2/test_basic.rs:3:5
[INFO] [stdout]   |
[INFO] [stdout] 3 | use super::basic::*;
[INFO] [stdout]   |     ^^^^^^^^^^^^^^^
[INFO] [stdout]   |
[INFO] [stdout]   = note: `#[warn(unused_imports)]` on by default
[INFO] [stdout] 
[INFO] [stdout] 
[INFO] [stdout] warning: unused import: `super::test_default_values::*`
[INFO] [stdout]  --> tests/rust_protobuf/v2/test_default_values_test.rs:4:5
[INFO] [stdout]   |
[INFO] [stdout] 4 | use super::test_default_values::*;
[INFO] [stdout]   |     ^^^^^^^^^^^^^^^^^^^^^^^^^^^^^
[INFO] [stdout] 
[INFO] [stdout] 
[INFO] [stdout] warning: unused import: `super::test_lite_runtime::*`
[INFO] [stdout]  --> tests/rust_protobuf/v2/test_lite_runtime_test.rs:4:5
[INFO] [stdout]   |
[INFO] [stdout] 4 | use super::test_lite_runtime::*;
[INFO] [stdout]   |     ^^^^^^^^^^^^^^^^^^^^^^^^^^^
[INFO] [stdout] 
[INFO] [stdout] 
[INFO] [stdout] warning: unused import: `super::test_oneof_pb::*`
[INFO] [stdout]  --> tests/rust_protobuf/v2/../common/test_oneof.rs:3:5
[INFO] [stdout]   |
[INFO] [stdout] 3 | use super::test_oneof_pb::*;
[INFO] [stdout]   |     ^^^^^^^^^^^^^^^^^^^^^^^
[INFO] [stdout] 
[INFO] [stdout] 
[INFO] [stdout] warning: unused import: `TryFrom`
[INFO] [stdout]  --> tests/rust_protobuf/v2/test_owned.rs:3:15
[INFO] [stdout]   |
[INFO] [stdout] 3 |     convert::{TryFrom, TryInto},
[INFO] [stdout]   |               ^^^^^^^
[INFO] [stdout] 
[INFO] [stdout] 
[INFO] [stdout] warning: unused import: `MessageRead`
[INFO] [stdout]  --> tests/rust_protobuf/v2/test_owned.rs:6:35
[INFO] [stdout]   |
[INFO] [stdout] 6 | use quick_protobuf::{BytesReader, MessageRead};
[INFO] [stdout]   |                                   ^^^^^^^^^^^
[INFO] [stdout] 
[INFO] [stdout] 
[INFO] [stdout] warning: unused import: `super::test_owned_pb::*`
[INFO] [stdout]  --> tests/rust_protobuf/v2/test_owned.rs:8:5
[INFO] [stdout]   |
[INFO] [stdout] 8 | use super::test_owned_pb::*;
[INFO] [stdout]   |     ^^^^^^^^^^^^^^^^^^^^^^^
[INFO] [stdout] 
[INFO] [stdout] 
[INFO] [stdout] warning: unused import: `super::test_required::*`
[INFO] [stdout]  --> tests/rust_protobuf/v2/test_required_test.rs:3:5
[INFO] [stdout]   |
[INFO] [stdout] 3 | use super::test_required::*;
[INFO] [stdout]   |     ^^^^^^^^^^^^^^^^^^^^^^^
[INFO] [stdout] 
[INFO] [stdout] 
[INFO] [stdout] warning: unused import: `super::basic::*`
[INFO] [stdout]  --> tests/rust_protobuf/v2/test_sync.rs:8:5
[INFO] [stdout]   |
[INFO] [stdout] 8 | use super::basic::*;
[INFO] [stdout]   |     ^^^^^^^^^^^^^^^
[INFO] [stdout] 
[INFO] [stdout] 
[INFO] [stdout] warning: unused import: `super::test_text_format_pb::*`
[INFO] [stdout]  --> tests/rust_protobuf/v2/test_text_format.rs:1:5
[INFO] [stdout]   |
[INFO] [stdout] 1 | use super::test_text_format_pb::*;
[INFO] [stdout]   |     ^^^^^^^^^^^^^^^^^^^^^^^^^^^^^
[INFO] [stdout] 
[INFO] [stdout] 
[INFO] [stdout] warning: unused import: `super::basic::*`
[INFO] [stdout]  --> tests/rust_protobuf/v3/test_basic.rs:3:5
[INFO] [stdout]   |
[INFO] [stdout] 3 | use super::basic::*;
[INFO] [stdout]   |     ^^^^^^^^^^^^^^^
[INFO] [stdout] 
[INFO] [stdout] 
[INFO] [stdout] warning: unused import: `super::test_map_pb::*`
[INFO] [stdout]  --> tests/rust_protobuf/v3/test_map.rs:3:5
[INFO] [stdout]   |
[INFO] [stdout] 3 | use super::test_map_pb::*;
[INFO] [stdout]   |     ^^^^^^^^^^^^^^^^^^^^^
[INFO] [stdout] 
[INFO] [stdout] 
[INFO] [stdout] warning: unused import: `super::test_oneof_pb::*`
[INFO] [stdout]  --> tests/rust_protobuf/v3/../common/test_oneof.rs:3:5
[INFO] [stdout]   |
[INFO] [stdout] 3 | use super::test_oneof_pb::*;
[INFO] [stdout]   |     ^^^^^^^^^^^^^^^^^^^^^^^
[INFO] [stdout] 
[INFO] [stdout] 
[INFO] [stdout] warning: unused import: `TryFrom`
[INFO] [stdout]  --> tests/rust_protobuf/v3/test_owned.rs:3:15
[INFO] [stdout]   |
[INFO] [stdout] 3 |     convert::{TryFrom, TryInto},
[INFO] [stdout]   |               ^^^^^^^
[INFO] [stdout] 
[INFO] [stdout] 
[INFO] [stdout] warning: unused import: `MessageRead`
[INFO] [stdout]  --> tests/rust_protobuf/v3/test_owned.rs:6:35
[INFO] [stdout]   |
[INFO] [stdout] 6 | use quick_protobuf::{BytesReader, MessageRead};
[INFO] [stdout]   |                                   ^^^^^^^^^^^
[INFO] [stdout] 
[INFO] [stdout] 
[INFO] [stdout] warning: unused import: `super::test_owned_pb::*`
[INFO] [stdout]  --> tests/rust_protobuf/v3/test_owned.rs:8:5
[INFO] [stdout]   |
[INFO] [stdout] 8 | use super::test_owned_pb::*;
[INFO] [stdout]   |     ^^^^^^^^^^^^^^^^^^^^^^^
[INFO] [stdout] 
[INFO] [stdout] 
[INFO] [stdout] error[E0433]: failed to resolve: use of undeclared type `Test1`
[INFO] [stdout]  --> tests/rust_protobuf/v2/test_basic.rs:8:21
[INFO] [stdout]   |
[INFO] [stdout] 8 |     let mut test1 = Test1::default();
[INFO] [stdout]   |                     ^^^^^ use of undeclared type `Test1`
[INFO] [stdout] 
[INFO] [stdout] 
[INFO] [stdout] error[E0433]: failed to resolve: use of undeclared type `Test1`
[INFO] [stdout]   --> tests/rust_protobuf/v2/test_basic.rs:10:53
[INFO] [stdout]    |
[INFO] [stdout] 10 |     test_serialize_deserialize!("08 96 01", &test1, Test1);
[INFO] [stdout]    |                                                     ^^^^^ use of undeclared type `Test1`
[INFO] [stdout] 
[INFO] [stdout] 
[INFO] [stdout] error[E0433]: failed to resolve: use of undeclared type `Test2`
[INFO] [stdout]   --> tests/rust_protobuf/v2/test_basic.rs:15:21
[INFO] [stdout]    |
[INFO] [stdout] 15 |     let mut test2 = Test2::default();
[INFO] [stdout]    |                     ^^^^^ use of undeclared type `Test2`
[INFO] [stdout] 
[INFO] [stdout] 
[INFO] [stdout] error[E0433]: failed to resolve: use of undeclared type `Test2`
[INFO] [stdout]   --> tests/rust_protobuf/v2/test_basic.rs:17:71
[INFO] [stdout]    |
[INFO] [stdout] 17 |     test_serialize_deserialize!("12 07 74 65 73 74 69 6e 67", &test2, Test2);
[INFO] [stdout]    |                                                                       ^^^^^ use of undeclared type `Test2`
[INFO] [stdout] 
[INFO] [stdout] 
[INFO] [stdout] error[E0433]: failed to resolve: use of undeclared type `Test1`
[INFO] [stdout]   --> tests/rust_protobuf/v2/test_basic.rs:22:21
[INFO] [stdout]    |
[INFO] [stdout] 22 |     let mut test1 = Test1::default();
[INFO] [stdout]    |                     ^^^^^ use of undeclared type `Test1`
[INFO] [stdout] 
[INFO] [stdout] 
[INFO] [stdout] error[E0433]: failed to resolve: use of undeclared type `Test3`
[INFO] [stdout]   --> tests/rust_protobuf/v2/test_basic.rs:24:21
[INFO] [stdout]    |
[INFO] [stdout] 24 |     let mut test3 = Test3::default();
[INFO] [stdout]    |                     ^^^^^ use of undeclared type `Test3`
[INFO] [stdout] 
[INFO] [stdout] 
[INFO] [stdout] error[E0433]: failed to resolve: use of undeclared type `Test3`
[INFO] [stdout]   --> tests/rust_protobuf/v2/test_basic.rs:26:59
[INFO] [stdout]    |
[INFO] [stdout] 26 |     test_serialize_deserialize!("1a 03 08 96 01", &test3, Test3);
[INFO] [stdout]    |                                                           ^^^^^ use of undeclared type `Test3`
[INFO] [stdout] 
[INFO] [stdout] 
[INFO] [stdout] error[E0433]: failed to resolve: use of undeclared type `Test4`
[INFO] [stdout]   --> tests/rust_protobuf/v2/test_basic.rs:31:21
[INFO] [stdout]    |
[INFO] [stdout] 31 |     let mut test4 = Test4::default();
[INFO] [stdout]    |                     ^^^^^ use of undeclared type `Test4`
[INFO] [stdout] 
[INFO] [stdout] 
[INFO] [stdout] error[E0433]: failed to resolve: use of undeclared type `Test4`
[INFO] [stdout]   --> tests/rust_protobuf/v2/test_basic.rs:33:68
[INFO] [stdout]    |
[INFO] [stdout] 33 |     test_serialize_deserialize!("22 06 03 8E 02 9E A7 05", &test4, Test4);
[INFO] [stdout]    |                                                                    ^^^^^ use of undeclared type `Test4`
[INFO] [stdout] 
[INFO] [stdout] 
[INFO] [stdout] error[E0433]: failed to resolve: use of undeclared type `TestPackedUnpacked`
[INFO] [stdout]   --> tests/rust_protobuf/v2/test_basic.rs:38:36
[INFO] [stdout]    |
[INFO] [stdout] 38 |     let mut test_packed_unpacked = TestPackedUnpacked::default();
[INFO] [stdout]    |                                    ^^^^^^^^^^^^^^^^^^ use of undeclared type `TestPackedUnpacked`
[INFO] [stdout] 
[INFO] [stdout] 
[INFO] [stdout] error[E0433]: failed to resolve: use of undeclared type `TestPackedUnpacked`
[INFO] [stdout]   --> tests/rust_protobuf/v2/test_basic.rs:41:64
[INFO] [stdout]    |
[INFO] [stdout] 41 |     test_deserialize!("20 11 20 e8 07", &test_packed_unpacked, TestPackedUnpacked);
[INFO] [stdout]    |                                                                ^^^^^^^^^^^^^^^^^^ use of undeclared type `TestPackedUnpacked`
[INFO] [stdout] 
[INFO] [stdout] 
[INFO] [stdout] error[E0433]: failed to resolve: use of undeclared type `TestPackedUnpacked`
[INFO] [stdout]   --> tests/rust_protobuf/v2/test_basic.rs:46:36
[INFO] [stdout]    |
[INFO] [stdout] 46 |     let mut test_packed_unpacked = TestPackedUnpacked::default();
[INFO] [stdout]    |                                    ^^^^^^^^^^^^^^^^^^ use of undeclared type `TestPackedUnpacked`
[INFO] [stdout] 
[INFO] [stdout] 
[INFO] [stdout] error[E0433]: failed to resolve: use of undeclared type `TestPackedUnpacked`
[INFO] [stdout]   --> tests/rust_protobuf/v2/test_basic.rs:49:64
[INFO] [stdout]    |
[INFO] [stdout] 49 |     test_deserialize!("2a 03 11 e8 07", &test_packed_unpacked, TestPackedUnpacked);
[INFO] [stdout]    |                                                                ^^^^^^^^^^^^^^^^^^ use of undeclared type `TestPackedUnpacked`
[INFO] [stdout] 
[INFO] [stdout] 
[INFO] [stdout] error[E0433]: failed to resolve: use of undeclared type `TestEmpty`
[INFO] [stdout]   --> tests/rust_protobuf/v2/test_basic.rs:54:38
[INFO] [stdout]    |
[INFO] [stdout] 54 |     test_serialize_deserialize!("", &TestEmpty::default(), TestEmpty);
[INFO] [stdout]    |                                      ^^^^^^^^^ use of undeclared type `TestEmpty`
[INFO] [stdout] 
[INFO] [stdout] 
[INFO] [stdout] error[E0433]: failed to resolve: use of undeclared type `TestEmpty`
[INFO] [stdout]   --> tests/rust_protobuf/v2/test_basic.rs:54:60
[INFO] [stdout]    |
[INFO] [stdout] 54 |     test_serialize_deserialize!("", &TestEmpty::default(), TestEmpty);
[INFO] [stdout]    |                                                            ^^^^^^^^^ use of undeclared type `TestEmpty`
[INFO] [stdout] 
[INFO] [stdout] 
[INFO] [stdout] error[E0433]: failed to resolve: use of undeclared type `Test1`
[INFO] [stdout]   --> tests/rust_protobuf/v2/test_basic.rs:62:5
[INFO] [stdout]    |
[INFO] [stdout] 62 |     Test1::from_reader(&mut reader, &bytes).unwrap();
[INFO] [stdout]    |     ^^^^^ use of undeclared type `Test1`
[INFO] [stdout] 
[INFO] [stdout] 
[INFO] [stdout] error[E0433]: failed to resolve: use of undeclared type `TestTypesSingular`
[INFO] [stdout]   --> tests/rust_protobuf/v2/test_basic.rs:84:23
[INFO] [stdout]    |
[INFO] [stdout] 84 |     let mut message = TestTypesSingular::default();
[INFO] [stdout]    |                       ^^^^^^^^^^^^^^^^^ use of undeclared type `TestTypesSingular`
[INFO] [stdout] 
[INFO] [stdout] 
[INFO] [stdout] error[E0433]: failed to resolve: use of undeclared type `TestTypesRepeated`
[INFO] [stdout]    --> tests/rust_protobuf/v2/test_basic.rs:106:23
[INFO] [stdout]     |
[INFO] [stdout] 106 |     let mut message = TestTypesRepeated::default();
[INFO] [stdout]     |                       ^^^^^^^^^^^^^^^^^ use of undeclared type `TestTypesRepeated`
[INFO] [stdout] 
[INFO] [stdout] 
[INFO] [stdout] error[E0433]: failed to resolve: use of undeclared type `TestTypesRepeatedPacked`
[INFO] [stdout]    --> tests/rust_protobuf/v2/test_basic.rs:128:23
[INFO] [stdout]     |
[INFO] [stdout] 128 |     let mut message = TestTypesRepeatedPacked::default();
[INFO] [stdout]     |                       ^^^^^^^^^^^^^^^^^^^^^^^ use of undeclared type `TestTypesRepeatedPacked`
[INFO] [stdout] 
[INFO] [stdout] 
[INFO] [stdout] error[E0433]: failed to resolve: use of undeclared type `TestDefaultInstance`
[INFO] [stdout]    --> tests/rust_protobuf/v2/test_basic.rs:157:13
[INFO] [stdout]     |
[INFO] [stdout] 157 |     let d = TestDefaultInstance::default();
[INFO] [stdout]     |             ^^^^^^^^^^^^^^^^^^^ use of undeclared type `TestDefaultInstance`
[INFO] [stdout] 
[INFO] [stdout] 
[INFO] [stdout] error[E0433]: failed to resolve: use of undeclared type `TestTruncated`
[INFO] [stdout]    --> tests/rust_protobuf/v2/test_basic.rs:198:13
[INFO] [stdout]     |
[INFO] [stdout] 198 |     assert!(TestTruncated::from_reader(&mut reader, &bytes).is_err());
[INFO] [stdout]     |             ^^^^^^^^^^^^^ use of undeclared type `TestTruncated`
[INFO] [stdout] 
[INFO] [stdout] 
[INFO] [stdout] error[E0433]: failed to resolve: use of undeclared type `TestTruncated`
[INFO] [stdout]    --> tests/rust_protobuf/v2/test_basic.rs:207:13
[INFO] [stdout]     |
[INFO] [stdout] 207 |     assert!(TestTruncated::from_reader(&mut reader, &bytes).is_err());
[INFO] [stdout]     |             ^^^^^^^^^^^^^ use of undeclared type `TestTruncated`
[INFO] [stdout] 
[INFO] [stdout] 
[INFO] [stdout] error[E0433]: failed to resolve: use of undeclared type `TestTruncated`
[INFO] [stdout]    --> tests/rust_protobuf/v2/test_basic.rs:216:13
[INFO] [stdout]     |
[INFO] [stdout] 216 |     assert!(TestTruncated::from_reader(&mut reader, &bytes).is_err());
[INFO] [stdout]     |             ^^^^^^^^^^^^^ use of undeclared type `TestTruncated`
[INFO] [stdout] 
[INFO] [stdout] 
[INFO] [stdout] error[E0433]: failed to resolve: use of undeclared type `TestTruncated`
[INFO] [stdout]    --> tests/rust_protobuf/v2/test_basic.rs:225:13
[INFO] [stdout]     |
[INFO] [stdout] 225 |     assert!(TestTruncated::from_reader(&mut reader, &bytes).is_err());
[INFO] [stdout]     |             ^^^^^^^^^^^^^ use of undeclared type `TestTruncated`
[INFO] [stdout] 
[INFO] [stdout] 
[INFO] [stdout] error[E0433]: failed to resolve: use of undeclared type `TestBugSint`
[INFO] [stdout]    --> tests/rust_protobuf/v2/test_basic.rs:231:21
[INFO] [stdout]     |
[INFO] [stdout] 231 |         let mut x = TestBugSint::default();
[INFO] [stdout]     |                     ^^^^^^^^^^^ use of undeclared type `TestBugSint`
[INFO] [stdout] 
[INFO] [stdout] 
[INFO] [stdout] error[E0433]: failed to resolve: use of undeclared type `TestBugSint`
[INFO] [stdout]    --> tests/rust_protobuf/v2/test_basic.rs:233:50
[INFO] [stdout]     |
[INFO] [stdout] 233 |         test_serialize_deserialize!("08 01", &x, TestBugSint);
[INFO] [stdout]     |                                                  ^^^^^^^^^^^ use of undeclared type `TestBugSint`
[INFO] [stdout] 
[INFO] [stdout] 
[INFO] [stdout] error[E0433]: failed to resolve: use of undeclared type `TestBugSint`
[INFO] [stdout]    --> tests/rust_protobuf/v2/test_basic.rs:236:21
[INFO] [stdout]     |
[INFO] [stdout] 236 |         let mut x = TestBugSint::default();
[INFO] [stdout]     |                     ^^^^^^^^^^^ use of undeclared type `TestBugSint`
[INFO] [stdout] 
[INFO] [stdout] 
[INFO] [stdout] error[E0433]: failed to resolve: use of undeclared type `TestBugSint`
[INFO] [stdout]    --> tests/rust_protobuf/v2/test_basic.rs:238:50
[INFO] [stdout]     |
[INFO] [stdout] 238 |         test_serialize_deserialize!("10 03", &x, TestBugSint);
[INFO] [stdout]     |                                                  ^^^^^^^^^^^ use of undeclared type `TestBugSint`
[INFO] [stdout] 
[INFO] [stdout] 
[INFO] [stdout] error[E0433]: failed to resolve: use of undeclared type `TestDefaultValues`
[INFO] [stdout]   --> tests/rust_protobuf/v2/test_default_values_test.rs:11:13
[INFO] [stdout]    |
[INFO] [stdout] 11 |     let d = TestDefaultValues::from_reader(&mut reader, bytes).unwrap();
[INFO] [stdout]    |             ^^^^^^^^^^^^^^^^^ use of undeclared type `TestDefaultValues`
[INFO] [stdout] 
[INFO] [stdout] 
[INFO] [stdout] error[E0433]: failed to resolve: use of undeclared type `TestExtremeDefaultValues`
[INFO] [stdout]   --> tests/rust_protobuf/v2/test_default_values_test.rs:37:13
[INFO] [stdout]    |
[INFO] [stdout] 37 |     let d = TestExtremeDefaultValues::from_reader(&mut reader, bytes).unwrap();
[INFO] [stdout]    |             ^^^^^^^^^^^^^^^^^^^^^^^^ use of undeclared type `TestExtremeDefaultValues`
[INFO] [stdout] 
[INFO] [stdout] 
[INFO] [stdout] error[E0433]: failed to resolve: use of undeclared type `TestLiteRuntime`
[INFO] [stdout]  --> tests/rust_protobuf/v2/test_lite_runtime_test.rs:8:17
[INFO] [stdout]   |
[INFO] [stdout] 8 |     let mut m = TestLiteRuntime::default();
[INFO] [stdout]   |                 ^^^^^^^^^^^^^^^ use of undeclared type `TestLiteRuntime`
[INFO] [stdout] 
[INFO] [stdout] 
[INFO] [stdout] error[E0433]: failed to resolve: use of undeclared type `TestLiteRuntime`
[INFO] [stdout]   --> tests/rust_protobuf/v2/test_lite_runtime_test.rs:10:46
[INFO] [stdout]    |
[INFO] [stdout] 10 |     test_serialize_deserialize!("08 0a", &m, TestLiteRuntime);
[INFO] [stdout]    |                                              ^^^^^^^^^^^^^^^ use of undeclared type `TestLiteRuntime`
[INFO] [stdout] 
[INFO] [stdout] 
[INFO] [stdout] error[E0433]: failed to resolve: use of undeclared type `TestOneof`
[INFO] [stdout]   --> tests/rust_protobuf/v2/../common/test_oneof.rs:10:17
[INFO] [stdout]    |
[INFO] [stdout] 10 |     let mut o = TestOneof::default();
[INFO] [stdout]    |                 ^^^^^^^^^ use of undeclared type `TestOneof`
[INFO] [stdout] 
[INFO] [stdout] 
[INFO] [stdout] error[E0618]: expected function, found `F`
[INFO] [stdout]   --> tests/rust_protobuf/v2/../common/test_oneof.rs:11:5
[INFO] [stdout]    |
[INFO] [stdout] 6  | fn t<F>(f: F)
[INFO] [stdout]    |         - `f` has type `F`
[INFO] [stdout] ...
[INFO] [stdout] 11 |     f(&mut o);
[INFO] [stdout]    |     ^--------
[INFO] [stdout]    |     |
[INFO] [stdout]    |     call expression requires function
[INFO] [stdout] 
[INFO] [stdout] 
[INFO] [stdout] error[E0433]: failed to resolve: use of undeclared type `TestOneof`
[INFO] [stdout]   --> tests/rust_protobuf/v2/../common/test_oneof.rs:17:28
[INFO] [stdout]    |
[INFO] [stdout] 17 |     let mut test_message = TestOneof::default();
[INFO] [stdout]    |                            ^^^^^^^^^ use of undeclared type `TestOneof`
[INFO] [stdout] 
[INFO] [stdout] 
[INFO] [stdout] error[E0433]: failed to resolve: use of undeclared type `TestOneof`
[INFO] [stdout]   --> tests/rust_protobuf/v2/../common/test_oneof.rs:19:60
[INFO] [stdout]    |
[INFO] [stdout] 19 |     test_serialize_deserialize!("28 96 01", &test_message, TestOneof);
[INFO] [stdout]    |                                                            ^^^^^^^^^ use of undeclared type `TestOneof`
[INFO] [stdout] 
[INFO] [stdout] 
[INFO] [stdout] error[E0282]: type annotations needed
[INFO] [stdout]   --> tests/rust_protobuf/v2/../common/test_oneof.rs:24:8
[INFO] [stdout]    |
[INFO] [stdout] 24 |     t(|o| o.one = mod_TestOneof::OneOfone::double_field(10.0));
[INFO] [stdout]    |        ^  - type must be known at this point
[INFO] [stdout]    |
[INFO] [stdout] help: consider giving this closure parameter an explicit type
[INFO] [stdout]    |
[INFO] [stdout] 24 |     t(|o: /* Type */| o.one = mod_TestOneof::OneOfone::double_field(10.0));
[INFO] [stdout]    |         ++++++++++++
[INFO] [stdout] 
[INFO] [stdout] 
[INFO] [stdout] error[E0433]: failed to resolve: use of undeclared type `MessageForOneof`
[INFO] [stdout]  --> tests/rust_protobuf/v2/test_oneof.rs:7:23
[INFO] [stdout]   |
[INFO] [stdout] 7 |         let mut msg = MessageForOneof::default();
[INFO] [stdout]   |                       ^^^^^^^^^^^^^^^ use of undeclared type `MessageForOneof`
[INFO] [stdout] 
[INFO] [stdout] 
[INFO] [stdout] error[E0433]: failed to resolve: use of undeclared type `FooOwned`
[INFO] [stdout]   --> tests/rust_protobuf/v2/test_owned.rs:22:21
[INFO] [stdout]    |
[INFO] [stdout] 22 |     let foo_owned = FooOwned::try_from(encoded.clone()).unwrap();
[INFO] [stdout]    |                     ^^^^^^^^
[INFO] [stdout]    |                     |
[INFO] [stdout]    |                     use of undeclared type `FooOwned`
[INFO] [stdout]    |                     help: a trait with a similar name exists: `ToOwned`
[INFO] [stdout] 
[INFO] [stdout] 
[INFO] [stdout] error[E0433]: failed to resolve: use of undeclared type `FooOwned`
[INFO] [stdout]   --> tests/rust_protobuf/v2/test_owned.rs:24:26
[INFO] [stdout]    |
[INFO] [stdout] 24 |     let foo_owned_temp = FooOwned::try_from(encoded.clone()).unwrap();
[INFO] [stdout]    |                          ^^^^^^^^
[INFO] [stdout]    |                          |
[INFO] [stdout]    |                          use of undeclared type `FooOwned`
[INFO] [stdout]    |                          help: a trait with a similar name exists: `ToOwned`
[INFO] [stdout] 
[INFO] [stdout] 
[INFO] [stdout] error[E0433]: failed to resolve: use of undeclared type `FooOwned`
[INFO] [stdout]   --> tests/rust_protobuf/v2/test_owned.rs:25:34
[INFO] [stdout]    |
[INFO] [stdout] 25 |     let mut foo_owned_temp_mut = FooOwned::try_from(encoded.clone()).unwrap();
[INFO] [stdout]    |                                  ^^^^^^^^
[INFO] [stdout]    |                                  |
[INFO] [stdout]    |                                  use of undeclared type `FooOwned`
[INFO] [stdout]    |                                  help: a trait with a similar name exists: `ToOwned`
[INFO] [stdout] 
[INFO] [stdout] 
[INFO] [stdout] error[E0433]: failed to resolve: use of undeclared type `Foo`
[INFO] [stdout]   --> tests/rust_protobuf/v2/test_owned.rs:29:15
[INFO] [stdout]    |
[INFO] [stdout] 29 |     let foo = Foo::from_reader(&mut br_temp, &encoded).unwrap();
[INFO] [stdout]    |               ^^^ use of undeclared type `Foo`
[INFO] [stdout] 
[INFO] [stdout] 
[INFO] [stdout] error[E0433]: failed to resolve: use of undeclared type `FooOwned`
[INFO] [stdout]   --> tests/rust_protobuf/v2/test_owned.rs:39:27
[INFO] [stdout]    |
[INFO] [stdout] 39 |     let from_static_foo = FooOwned::from(static_foo);
[INFO] [stdout]    |                           ^^^^^^^^
[INFO] [stdout]    |                           |
[INFO] [stdout]    |                           use of undeclared type `FooOwned`
[INFO] [stdout]    |                           help: a trait with a similar name exists: `ToOwned`
[INFO] [stdout] 
[INFO] [stdout] 
[INFO] [stdout] error[E0433]: failed to resolve: use of undeclared type `TestRequired`
[INFO] [stdout]   --> tests/rust_protobuf/v2/test_required_test.rs:10:5
[INFO] [stdout]    |
[INFO] [stdout] 10 |     TestRequired::default().write_message(&mut writer).unwrap();
[INFO] [stdout]    |     ^^^^^^^^^^^^ use of undeclared type `TestRequired`
[INFO] [stdout] 
[INFO] [stdout] 
[INFO] [stdout] error[E0433]: failed to resolve: use of undeclared type `TestRequired`
[INFO] [stdout]   --> tests/rust_protobuf/v2/test_required_test.rs:18:5
[INFO] [stdout]    |
[INFO] [stdout] 18 |     TestRequired::from_reader(&mut reader, bytes).unwrap();
[INFO] [stdout]    |     ^^^^^^^^^^^^ use of undeclared type `TestRequired`
[INFO] [stdout] 
[INFO] [stdout] 
[INFO] [stdout] error[E0433]: failed to resolve: use of undeclared type `TestTypesSingular`
[INFO] [stdout]   --> tests/rust_protobuf/v2/test_sync.rs:14:21
[INFO] [stdout]    |
[INFO] [stdout] 14 |         let mut r = TestTypesSingular::default();
[INFO] [stdout]    |                     ^^^^^^^^^^^^^^^^^ use of undeclared type `TestTypesSingular`
[INFO] [stdout] 
[INFO] [stdout] 
[INFO] [stdout] error[E0433]: failed to resolve: use of undeclared type `TestTypesSingular`
[INFO] [stdout]   --> tests/rust_protobuf/v2/test_sync.rs:29:28
[INFO] [stdout]    |
[INFO] [stdout] 29 |                 let read = TestTypesSingular::from_reader(&mut reader, &bytes).unwrap();
[INFO] [stdout]    |                            ^^^^^^^^^^^^^^^^^ use of undeclared type `TestTypesSingular`
[INFO] [stdout] 
[INFO] [stdout] 
[INFO] [stdout] error[E0433]: failed to resolve: use of undeclared type `TestTypes`
[INFO] [stdout]  --> tests/rust_protobuf/v2/test_text_format.rs:4:17
[INFO] [stdout]   |
[INFO] [stdout] 4 |     let mut m = TestTypes::default();
[INFO] [stdout]   |                 ^^^^^^^^^ use of undeclared type `TestTypes`
[INFO] [stdout] 
[INFO] [stdout] 
[INFO] [stdout] error[E0618]: expected function, found `F`
[INFO] [stdout]  --> tests/rust_protobuf/v2/test_text_format.rs:5:5
[INFO] [stdout]   |
[INFO] [stdout] 3 | fn t<F: FnMut(&mut TestTypes)>(_: &str, mut setter: F) {
[INFO] [stdout]   |                                         ---------- `setter` has type `F`
[INFO] [stdout] 4 |     let mut m = TestTypes::default();
[INFO] [stdout] 5 |     setter(&mut m);
[INFO] [stdout]   |     ^^^^^^--------
[INFO] [stdout]   |     |
[INFO] [stdout]   |     call expression requires function
[INFO] [stdout] 
[INFO] [stdout] 
[INFO] [stdout] error[E0282]: type annotations needed
[INFO] [stdout]   --> tests/rust_protobuf/v2/test_text_format.rs:12:30
[INFO] [stdout]    |
[INFO] [stdout] 12 |     t("int32_singular: 99", |m| m.int32_singular = Some(99));
[INFO] [stdout]    |                              ^  - type must be known at this point
[INFO] [stdout]    |
[INFO] [stdout] help: consider giving this closure parameter an explicit type
[INFO] [stdout]    |
[INFO] [stdout] 12 |     t("int32_singular: 99", |m: /* Type */| m.int32_singular = Some(99));
[INFO] [stdout]    |                               ++++++++++++
[INFO] [stdout] 
[INFO] [stdout] 
[INFO] [stdout] error[E0433]: failed to resolve: use of undeclared type `TestMessage`
[INFO] [stdout]   --> tests/rust_protobuf/v2/test_text_format.rs:36:40
[INFO] [stdout]    |
[INFO] [stdout] 36 |         m.test_message_singular = Some(TestMessage::default());
[INFO] [stdout]    |                                        ^^^^^^^^^^^ use of undeclared type `TestMessage`
[INFO] [stdout] 
[INFO] [stdout] 
[INFO] [stdout] error[E0282]: type annotations needed
[INFO] [stdout]   --> tests/rust_protobuf/v2/test_text_format.rs:42:30
[INFO] [stdout]    |
[INFO] [stdout] 42 |     t("int32_repeated: 99", |m| m.int32_repeated.push(99));
[INFO] [stdout]    |                              ^  - type must be known at this point
[INFO] [stdout]    |
[INFO] [stdout] help: consider giving this closure parameter an explicit type
[INFO] [stdout]    |
[INFO] [stdout] 42 |     t("int32_repeated: 99", |m: /* Type */| m.int32_repeated.push(99));
[INFO] [stdout]    |                               ++++++++++++
[INFO] [stdout] 
[INFO] [stdout] 
[INFO] [stdout] error[E0433]: failed to resolve: use of undeclared type `TestMessage`
[INFO] [stdout]   --> tests/rust_protobuf/v2/test_text_format.rs:66:38
[INFO] [stdout]    |
[INFO] [stdout] 66 |         m.test_message_repeated.push(TestMessage::default());
[INFO] [stdout]    |                                      ^^^^^^^^^^^ use of undeclared type `TestMessage`
[INFO] [stdout] 
[INFO] [stdout] 
[INFO] [stdout] error[E0282]: type annotations needed
[INFO] [stdout]   --> tests/rust_protobuf/v2/test_text_format.rs:74:10
[INFO] [stdout]    |
[INFO] [stdout] 74 |         |m| {
[INFO] [stdout]    |          ^
[INFO] [stdout] 75 |             m.uint32_singular = Some(30);
[INFO] [stdout]    |             - type must be known at this point
[INFO] [stdout]    |
[INFO] [stdout] help: consider giving this closure parameter an explicit type
[INFO] [stdout]    |
[INFO] [stdout] 74 |         |m: /* Type */| {
[INFO] [stdout]    |           ++++++++++++
[INFO] [stdout] 
[INFO] [stdout] 
[INFO] [stdout] error[E0282]: type annotations needed
[INFO] [stdout]   --> tests/rust_protobuf/v2/test_text_format.rs:84:45
[INFO] [stdout]    |
[INFO] [stdout] 84 |     t("test_message_singular {value: 30}", |m| {
[INFO] [stdout]    |                                             ^
[INFO] [stdout] 85 |         m.test_message_singular = Some(TestMessage { value: Some(30) })
[INFO] [stdout]    |         - type must be known at this point
[INFO] [stdout]    |
[INFO] [stdout] help: consider giving this closure parameter an explicit type
[INFO] [stdout]    |
[INFO] [stdout] 84 |     t("test_message_singular {value: 30}", |m: /* Type */| {
[INFO] [stdout]    |                                              ++++++++++++
[INFO] [stdout] 
[INFO] [stdout] 
[INFO] [stdout] error[E0433]: failed to resolve: use of undeclared type `Test1`
[INFO] [stdout]  --> tests/rust_protobuf/v3/test_basic.rs:8:21
[INFO] [stdout]   |
[INFO] [stdout] 8 |     let mut test1 = Test1::default();
[INFO] [stdout]   |                     ^^^^^ use of undeclared type `Test1`
[INFO] [stdout] 
[INFO] [stdout] 
[INFO] [stdout] error[E0433]: failed to resolve: use of undeclared type `Test1`
[INFO] [stdout]   --> tests/rust_protobuf/v3/test_basic.rs:10:53
[INFO] [stdout]    |
[INFO] [stdout] 10 |     test_serialize_deserialize!("08 96 01", &test1, Test1);
[INFO] [stdout]    |                                                     ^^^^^ use of undeclared type `Test1`
[INFO] [stdout] 
[INFO] [stdout] 
[INFO] [stdout] error[E0433]: failed to resolve: use of undeclared type `Test2`
[INFO] [stdout]   --> tests/rust_protobuf/v3/test_basic.rs:15:21
[INFO] [stdout]    |
[INFO] [stdout] 15 |     let mut test2 = Test2::default();
[INFO] [stdout]    |                     ^^^^^ use of undeclared type `Test2`
[INFO] [stdout] 
[INFO] [stdout] 
[INFO] [stdout] error[E0433]: failed to resolve: use of undeclared type `Test2`
[INFO] [stdout]   --> tests/rust_protobuf/v3/test_basic.rs:17:71
[INFO] [stdout]    |
[INFO] [stdout] 17 |     test_serialize_deserialize!("12 07 74 65 73 74 69 6e 67", &test2, Test2);
[INFO] [stdout]    |                                                                       ^^^^^ use of undeclared type `Test2`
[INFO] [stdout] 
[INFO] [stdout] 
[INFO] [stdout] error[E0433]: failed to resolve: use of undeclared type `Test1`
[INFO] [stdout]   --> tests/rust_protobuf/v3/test_basic.rs:22:21
[INFO] [stdout]    |
[INFO] [stdout] 22 |     let mut test1 = Test1::default();
[INFO] [stdout]    |                     ^^^^^ use of undeclared type `Test1`
[INFO] [stdout] 
[INFO] [stdout] 
[INFO] [stdout] error[E0433]: failed to resolve: use of undeclared type `Test3`
[INFO] [stdout]   --> tests/rust_protobuf/v3/test_basic.rs:24:21
[INFO] [stdout]    |
[INFO] [stdout] 24 |     let mut test3 = Test3::default();
[INFO] [stdout]    |                     ^^^^^ use of undeclared type `Test3`
[INFO] [stdout] 
[INFO] [stdout] 
[INFO] [stdout] error[E0433]: failed to resolve: use of undeclared type `Test3`
[INFO] [stdout]   --> tests/rust_protobuf/v3/test_basic.rs:26:59
[INFO] [stdout]    |
[INFO] [stdout] 26 |     test_serialize_deserialize!("1a 03 08 96 01", &test3, Test3);
[INFO] [stdout]    |                                                           ^^^^^ use of undeclared type `Test3`
[INFO] [stdout] 
[INFO] [stdout] 
[INFO] [stdout] error[E0433]: failed to resolve: use of undeclared type `Test4`
[INFO] [stdout]   --> tests/rust_protobuf/v3/test_basic.rs:31:21
[INFO] [stdout]    |
[INFO] [stdout] 31 |     let mut test4 = Test4::default();
[INFO] [stdout]    |                     ^^^^^ use of undeclared type `Test4`
[INFO] [stdout] 
[INFO] [stdout] 
[INFO] [stdout] error[E0433]: failed to resolve: use of undeclared type `Test4`
[INFO] [stdout]   --> tests/rust_protobuf/v3/test_basic.rs:33:68
[INFO] [stdout]    |
[INFO] [stdout] 33 |     test_serialize_deserialize!("22 06 03 8E 02 9E A7 05", &test4, Test4);
[INFO] [stdout]    |                                                                    ^^^^^ use of undeclared type `Test4`
[INFO] [stdout] 
[INFO] [stdout] 
[INFO] [stdout] error[E0433]: failed to resolve: use of undeclared type `TestPackedUnpacked`
[INFO] [stdout]   --> tests/rust_protobuf/v3/test_basic.rs:38:36
[INFO] [stdout]    |
[INFO] [stdout] 38 |     let mut test_packed_unpacked = TestPackedUnpacked::default();
[INFO] [stdout]    |                                    ^^^^^^^^^^^^^^^^^^ use of undeclared type `TestPackedUnpacked`
[INFO] [stdout] 
[INFO] [stdout] 
[INFO] [stdout] error[E0433]: failed to resolve: use of undeclared type `TestPackedUnpacked`
[INFO] [stdout]   --> tests/rust_protobuf/v3/test_basic.rs:41:64
[INFO] [stdout]    |
[INFO] [stdout] 41 |     test_deserialize!("20 11 20 e8 07", &test_packed_unpacked, TestPackedUnpacked);
[INFO] [stdout]    |                                                                ^^^^^^^^^^^^^^^^^^ use of undeclared type `TestPackedUnpacked`
[INFO] [stdout] 
[INFO] [stdout] 
[INFO] [stdout] error[E0433]: failed to resolve: use of undeclared type `TestPackedUnpacked`
[INFO] [stdout]   --> tests/rust_protobuf/v3/test_basic.rs:46:36
[INFO] [stdout]    |
[INFO] [stdout] 46 |     let mut test_packed_unpacked = TestPackedUnpacked::default();
[INFO] [stdout]    |                                    ^^^^^^^^^^^^^^^^^^ use of undeclared type `TestPackedUnpacked`
[INFO] [stdout] 
[INFO] [stdout] 
[INFO] [stdout] error[E0433]: failed to resolve: use of undeclared type `TestPackedUnpacked`
[INFO] [stdout]   --> tests/rust_protobuf/v3/test_basic.rs:49:64
[INFO] [stdout]    |
[INFO] [stdout] 49 |     test_deserialize!("2a 03 11 e8 07", &test_packed_unpacked, TestPackedUnpacked);
[INFO] [stdout]    |                                                                ^^^^^^^^^^^^^^^^^^ use of undeclared type `TestPackedUnpacked`
[INFO] [stdout] 
[INFO] [stdout] 
[INFO] [stdout] error[E0433]: failed to resolve: use of undeclared type `TestEmpty`
[INFO] [stdout]   --> tests/rust_protobuf/v3/test_basic.rs:55:38
[INFO] [stdout]    |
[INFO] [stdout] 55 |     test_serialize_deserialize!("", &TestEmpty::default(), TestEmpty);
[INFO] [stdout]    |                                      ^^^^^^^^^ use of undeclared type `TestEmpty`
[INFO] [stdout] 
[INFO] [stdout] 
[INFO] [stdout] error[E0433]: failed to resolve: use of undeclared type `TestEmpty`
[INFO] [stdout]   --> tests/rust_protobuf/v3/test_basic.rs:55:60
[INFO] [stdout]    |
[INFO] [stdout] 55 |     test_serialize_deserialize!("", &TestEmpty::default(), TestEmpty);
[INFO] [stdout]    |                                                            ^^^^^^^^^ use of undeclared type `TestEmpty`
[INFO] [stdout] 
[INFO] [stdout] 
[INFO] [stdout] error[E0433]: failed to resolve: use of undeclared type `Test1`
[INFO] [stdout]   --> tests/rust_protobuf/v3/test_basic.rs:63:5
[INFO] [stdout]    |
[INFO] [stdout] 63 |     Test1::from_reader(&mut reader, &bytes).unwrap();
[INFO] [stdout]    |     ^^^^^ use of undeclared type `Test1`
[INFO] [stdout] 
[INFO] [stdout] 
[INFO] [stdout] error[E0433]: failed to resolve: use of undeclared type `TestTypesSingular`
[INFO] [stdout]   --> tests/rust_protobuf/v3/test_basic.rs:85:23
[INFO] [stdout]    |
[INFO] [stdout] 85 |     let mut message = TestTypesSingular::default();
[INFO] [stdout]    |                       ^^^^^^^^^^^^^^^^^ use of undeclared type `TestTypesSingular`
[INFO] [stdout] 
[INFO] [stdout] 
[INFO] [stdout] error[E0433]: failed to resolve: use of undeclared type `TestTypesRepeated`
[INFO] [stdout]    --> tests/rust_protobuf/v3/test_basic.rs:107:23
[INFO] [stdout]     |
[INFO] [stdout] 107 |     let mut message = TestTypesRepeated::default();
[INFO] [stdout]     |                       ^^^^^^^^^^^^^^^^^ use of undeclared type `TestTypesRepeated`
[INFO] [stdout] 
[INFO] [stdout] 
[INFO] [stdout] error[E0433]: failed to resolve: use of undeclared type `TestTypesRepeatedPacked`
[INFO] [stdout]    --> tests/rust_protobuf/v3/test_basic.rs:129:23
[INFO] [stdout]     |
[INFO] [stdout] 129 |     let mut message = TestTypesRepeatedPacked::default();
[INFO] [stdout]     |                       ^^^^^^^^^^^^^^^^^^^^^^^ use of undeclared type `TestTypesRepeatedPacked`
[INFO] [stdout] 
[INFO] [stdout] 
[INFO] [stdout] error[E0433]: failed to resolve: use of undeclared type `TestDefaultInstance`
[INFO] [stdout]    --> tests/rust_protobuf/v3/test_basic.rs:158:13
[INFO] [stdout]     |
[INFO] [stdout] 158 |     let d = TestDefaultInstance::default();
[INFO] [stdout]     |             ^^^^^^^^^^^^^^^^^^^ use of undeclared type `TestDefaultInstance`
[INFO] [stdout] 
[INFO] [stdout] 
[INFO] [stdout] error[E0433]: failed to resolve: use of undeclared type `TestTruncated`
[INFO] [stdout]    --> tests/rust_protobuf/v3/test_basic.rs:199:13
[INFO] [stdout]     |
[INFO] [stdout] 199 |     assert!(TestTruncated::from_reader(&mut reader, &bytes).is_err());
[INFO] [stdout]     |             ^^^^^^^^^^^^^ use of undeclared type `TestTruncated`
[INFO] [stdout] 
[INFO] [stdout] 
[INFO] [stdout] error[E0433]: failed to resolve: use of undeclared type `TestTruncated`
[INFO] [stdout]    --> tests/rust_protobuf/v3/test_basic.rs:208:13
[INFO] [stdout]     |
[INFO] [stdout] 208 |     assert!(TestTruncated::from_reader(&mut reader, &bytes).is_err());
[INFO] [stdout]     |             ^^^^^^^^^^^^^ use of undeclared type `TestTruncated`
[INFO] [stdout] 
[INFO] [stdout] 
[INFO] [stdout] error[E0433]: failed to resolve: use of undeclared type `TestTruncated`
[INFO] [stdout]    --> tests/rust_protobuf/v3/test_basic.rs:217:13
[INFO] [stdout]     |
[INFO] [stdout] 217 |     assert!(TestTruncated::from_reader(&mut reader, &bytes).is_err());
[INFO] [stdout]     |             ^^^^^^^^^^^^^ use of undeclared type `TestTruncated`
[INFO] [stdout] 
[INFO] [stdout] 
[INFO] [stdout] error[E0433]: failed to resolve: use of undeclared type `TestTruncated`
[INFO] [stdout]    --> tests/rust_protobuf/v3/test_basic.rs:226:13
[INFO] [stdout]     |
[INFO] [stdout] 226 |     assert!(TestTruncated::from_reader(&mut reader, &bytes).is_err());
[INFO] [stdout]     |             ^^^^^^^^^^^^^ use of undeclared type `TestTruncated`
[INFO] [stdout] 
[INFO] [stdout] 
[INFO] [stdout] error[E0433]: failed to resolve: use of undeclared type `TestBugSint`
[INFO] [stdout]    --> tests/rust_protobuf/v3/test_basic.rs:232:21
[INFO] [stdout]     |
[INFO] [stdout] 232 |         let mut x = TestBugSint::default();
[INFO] [stdout]     |                     ^^^^^^^^^^^ use of undeclared type `TestBugSint`
[INFO] [stdout] 
[INFO] [stdout] 
[INFO] [stdout] error[E0433]: failed to resolve: use of undeclared type `TestBugSint`
[INFO] [stdout]    --> tests/rust_protobuf/v3/test_basic.rs:234:50
[INFO] [stdout]     |
[INFO] [stdout] 234 |         test_serialize_deserialize!("08 01", &x, TestBugSint);
[INFO] [stdout]     |                                                  ^^^^^^^^^^^ use of undeclared type `TestBugSint`
[INFO] [stdout] 
[INFO] [stdout] 
[INFO] [stdout] error[E0433]: failed to resolve: use of undeclared type `TestBugSint`
[INFO] [stdout]    --> tests/rust_protobuf/v3/test_basic.rs:237:21
[INFO] [stdout]     |
[INFO] [stdout] 237 |         let mut x = TestBugSint::default();
[INFO] [stdout]     |                     ^^^^^^^^^^^ use of undeclared type `TestBugSint`
[INFO] [stdout] 
[INFO] [stdout] 
[INFO] [stdout] error[E0433]: failed to resolve: use of undeclared type `TestBugSint`
[INFO] [stdout]    --> tests/rust_protobuf/v3/test_basic.rs:239:50
[INFO] [stdout]     |
[INFO] [stdout] 239 |         test_serialize_deserialize!("10 03", &x, TestBugSint);
[INFO] [stdout]     |                                                  ^^^^^^^^^^^ use of undeclared type `TestBugSint`
[INFO] [stdout] 
[INFO] [stdout] 
[INFO] [stdout] error[E0433]: failed to resolve: use of undeclared type `TestMap`
[INFO] [stdout]  --> tests/rust_protobuf/v3/test_map.rs:8:19
[INFO] [stdout]   |
[INFO] [stdout] 8 |     let mut map = TestMap::default();
[INFO] [stdout]   |                   ^^^^^^^ use of undeclared type `TestMap`
[INFO] [stdout] 
[INFO] [stdout] 
[INFO] [stdout] error[E0433]: failed to resolve: use of undeclared type `TestMapEntry`
[INFO] [stdout]  --> tests/rust_protobuf/v3/test_map.rs:9:21
[INFO] [stdout]   |
[INFO] [stdout] 9 |     let mut entry = TestMapEntry::default();
[INFO] [stdout]   |                     ^^^^^^^^^^^^ use of undeclared type `TestMapEntry`
[INFO] [stdout] 
[INFO] [stdout] 
[INFO] [stdout] error[E0433]: failed to resolve: use of undeclared type `TestMap`
[INFO] [stdout]   --> tests/rust_protobuf/v3/test_map.rs:12:43
[INFO] [stdout]    |
[INFO] [stdout] 12 |     test_serialize_deserialize!("", &map, TestMap);
[INFO] [stdout]    |                                           ^^^^^^^ use of undeclared type `TestMap`
[INFO] [stdout] 
[INFO] [stdout] 
[INFO] [stdout] error[E0433]: failed to resolve: use of undeclared type `TestMap`
[INFO] [stdout]   --> tests/rust_protobuf/v3/test_map.rs:15:69
[INFO] [stdout]    |
[INFO] [stdout] 15 |     test_serialize_deserialize!("0a 07 0a 03 74 77 6f 10 02", &map, TestMap);
[INFO] [stdout]    |                                                                     ^^^^^^^ use of undeclared type `TestMap`
[INFO] [stdout] 
[INFO] [stdout] 
[INFO] [stdout] error[E0433]: failed to resolve: use of undeclared type `TestMap`
[INFO] [stdout]   --> tests/rust_protobuf/v3/test_map.rs:26:19
[INFO] [stdout]    |
[INFO] [stdout] 26 |     let mut map = TestMap::default();
[INFO] [stdout]    |                   ^^^^^^^ use of undeclared type `TestMap`
[INFO] [stdout] 
[INFO] [stdout] 
[INFO] [stdout] error[E0433]: failed to resolve: use of undeclared type `TestMapEntry`
[INFO] [stdout]   --> tests/rust_protobuf/v3/test_map.rs:28:21
[INFO] [stdout]    |
[INFO] [stdout] 28 |     let mut entry = TestMapEntry::default();
[INFO] [stdout]    |                     ^^^^^^^^^^^^ use of undeclared type `TestMapEntry`
[INFO] [stdout] 
[INFO] [stdout] 
[INFO] [stdout] error[E0433]: failed to resolve: use of undeclared type `TestMap`
[INFO] [stdout]   --> tests/rust_protobuf/v3/test_map.rs:31:43
[INFO] [stdout]    |
[INFO] [stdout] 31 |     test_serialize_deserialize!("", &map, TestMap);
[INFO] [stdout]    |                                           ^^^^^^^ use of undeclared type `TestMap`
[INFO] [stdout] 
[INFO] [stdout] 
[INFO] [stdout] error[E0433]: failed to resolve: use of undeclared type `TestOneof`
[INFO] [stdout]   --> tests/rust_protobuf/v3/../common/test_oneof.rs:10:17
[INFO] [stdout]    |
[INFO] [stdout] 10 |     let mut o = TestOneof::default();
[INFO] [stdout]    |                 ^^^^^^^^^ use of undeclared type `TestOneof`
[INFO] [stdout] 
[INFO] [stdout] 
[INFO] [stdout] error[E0618]: expected function, found `F`
[INFO] [stdout]   --> tests/rust_protobuf/v3/../common/test_oneof.rs:11:5
[INFO] [stdout]    |
[INFO] [stdout] 6  | fn t<F>(f: F)
[INFO] [stdout]    |         - `f` has type `F`
[INFO] [stdout] ...
[INFO] [stdout] 11 |     f(&mut o);
[INFO] [stdout]    |     ^--------
[INFO] [stdout]    |     |
[INFO] [stdout]    |     call expression requires function
[INFO] [stdout] 
[INFO] [stdout] 
[INFO] [stdout] error[E0433]: failed to resolve: use of undeclared type `TestOneof`
[INFO] [stdout]   --> tests/rust_protobuf/v3/../common/test_oneof.rs:17:28
[INFO] [stdout]    |
[INFO] [stdout] 17 |     let mut test_message = TestOneof::default();
[INFO] [stdout]    |                            ^^^^^^^^^ use of undeclared type `TestOneof`
[INFO] [stdout] 
[INFO] [stdout] 
[INFO] [stdout] error[E0433]: failed to resolve: use of undeclared type `TestOneof`
[INFO] [stdout]   --> tests/rust_protobuf/v3/../common/test_oneof.rs:19:60
[INFO] [stdout]    |
[INFO] [stdout] 19 |     test_serialize_deserialize!("28 96 01", &test_message, TestOneof);
[INFO] [stdout]    |                                                            ^^^^^^^^^ use of undeclared type `TestOneof`
[INFO] [stdout] 
[INFO] [stdout] 
[INFO] [stdout] error[E0282]: type annotations needed
[INFO] [stdout]   --> tests/rust_protobuf/v3/../common/test_oneof.rs:24:8
[INFO] [stdout]    |
[INFO] [stdout] 24 |     t(|o| o.one = mod_TestOneof::OneOfone::double_field(10.0));
[INFO] [stdout]    |        ^  - type must be known at this point
[INFO] [stdout]    |
[INFO] [stdout] help: consider giving this closure parameter an explicit type
[INFO] [stdout]    |
[INFO] [stdout] 24 |     t(|o: /* Type */| o.one = mod_TestOneof::OneOfone::double_field(10.0));
[INFO] [stdout]    |         ++++++++++++
[INFO] [stdout] 
[INFO] [stdout] 
[INFO] [stdout] error[E0433]: failed to resolve: use of undeclared type `MessageForOneof`
[INFO] [stdout]  --> tests/rust_protobuf/v3/test_oneof.rs:7:23
[INFO] [stdout]   |
[INFO] [stdout] 7 |         let mut msg = MessageForOneof::default();
[INFO] [stdout]   |                       ^^^^^^^^^^^^^^^ use of undeclared type `MessageForOneof`
[INFO] [stdout] 
[INFO] [stdout] 
[INFO] [stdout] error[E0433]: failed to resolve: use of undeclared type `FooOwned`
[INFO] [stdout]   --> tests/rust_protobuf/v3/test_owned.rs:22:21
[INFO] [stdout]    |
[INFO] [stdout] 22 |     let foo_owned = FooOwned::try_from(encoded.clone()).unwrap();
[INFO] [stdout]    |                     ^^^^^^^^
[INFO] [stdout]    |                     |
[INFO] [stdout]    |                     use of undeclared type `FooOwned`
[INFO] [stdout]    |                     help: a trait with a similar name exists: `ToOwned`
[INFO] [stdout] 
[INFO] [stdout] 
[INFO] [stdout] error[E0433]: failed to resolve: use of undeclared type `FooOwned`
[INFO] [stdout]   --> tests/rust_protobuf/v3/test_owned.rs:24:26
[INFO] [stdout]    |
[INFO] [stdout] 24 |     let foo_owned_temp = FooOwned::try_from(encoded.clone()).unwrap();
[INFO] [stdout]    |                          ^^^^^^^^
[INFO] [stdout]    |                          |
[INFO] [stdout]    |                          use of undeclared type `FooOwned`
[INFO] [stdout]    |                          help: a trait with a similar name exists: `ToOwned`
[INFO] [stdout] 
[INFO] [stdout] 
[INFO] [stdout] error[E0433]: failed to resolve: use of undeclared type `FooOwned`
[INFO] [stdout]   --> tests/rust_protobuf/v3/test_owned.rs:25:34
[INFO] [stdout]    |
[INFO] [stdout] 25 |     let mut foo_owned_temp_mut = FooOwned::try_from(encoded.clone()).unwrap();
[INFO] [stdout]    |                                  ^^^^^^^^
[INFO] [stdout]    |                                  |
[INFO] [stdout]    |                                  use of undeclared type `FooOwned`
[INFO] [stdout]    |                                  help: a trait with a similar name exists: `ToOwned`
[INFO] [stdout] 
[INFO] [stdout] 
[INFO] [stdout] error[E0433]: failed to resolve: use of undeclared type `Foo`
[INFO] [stdout]   --> tests/rust_protobuf/v3/test_owned.rs:29:15
[INFO] [stdout]    |
[INFO] [stdout] 29 |     let foo = Foo::from_reader(&mut br_temp, &encoded).unwrap();
[INFO] [stdout]    |               ^^^ use of undeclared type `Foo`
[INFO] [stdout] 
[INFO] [stdout] 
[INFO] [stdout] error[E0433]: failed to resolve: use of undeclared type `FooOwned`
[INFO] [stdout]   --> tests/rust_protobuf/v3/test_owned.rs:39:27
[INFO] [stdout]    |
[INFO] [stdout] 39 |     let from_static_foo = FooOwned::from(static_foo);
[INFO] [stdout]    |                           ^^^^^^^^
[INFO] [stdout]    |                           |
[INFO] [stdout]    |                           use of undeclared type `FooOwned`
[INFO] [stdout]    |                           help: a trait with a similar name exists: `ToOwned`
[INFO] [stdout] 
[INFO] [stdout] 
[INFO] [stdout] warning: unused import: `TryInto`
[INFO] [stdout]  --> tests/rust_protobuf/v3/test_owned.rs:3:24
[INFO] [stdout]   |
[INFO] [stdout] 3 |     convert::{TryFrom, TryInto},
[INFO] [stdout]   |                        ^^^^^^^
[INFO] [stdout] 
[INFO] [stdout] 
[INFO] [stdout] warning: unused import: `TryInto`
[INFO] [stdout]  --> tests/rust_protobuf/v2/test_owned.rs:3:24
[INFO] [stdout]   |
[INFO] [stdout] 3 |     convert::{TryFrom, TryInto},
[INFO] [stdout]   |                        ^^^^^^^
[INFO] [stdout] 
[INFO] [stdout] 
[INFO] [stdout] error: aborting due to 256 previous errors; 18 warnings emitted
[INFO] [stdout] 
[INFO] [stdout] 
[INFO] [stdout] Some errors have detailed explanations: E0282, E0412, E0422, E0432, E0433, E0583, E0618.
[INFO] [stdout] 
[INFO] [stdout] For more information about an error, try `rustc --explain E0282`.
[INFO] [stdout] 
[INFO] [stderr] error: could not compile `quick-protobuf` (test "rust_proto") due to 257 previous errors; 18 warnings emitted
[INFO] running `Command { std: "docker" "inspect" "275d36ce345214d983fee5bcdadeb8124449a4fcf3f31ffab3d6a9a8f1345c81", kill_on_drop: false }`
[INFO] running `Command { std: "docker" "rm" "-f" "275d36ce345214d983fee5bcdadeb8124449a4fcf3f31ffab3d6a9a8f1345c81", kill_on_drop: false }`
[INFO] [stdout] 275d36ce345214d983fee5bcdadeb8124449a4fcf3f31ffab3d6a9a8f1345c81
