[INFO] fetching crate qt_py_m0 0.10.0...
[INFO] testing qt_py_m0-0.10.0 against 1.69.0 for beta-1.70-1
[INFO] extracting crate qt_py_m0 0.10.0 into /workspace/builds/worker-5-tc1/source
[INFO] validating manifest of crates.io crate qt_py_m0 0.10.0 on toolchain 1.69.0
[INFO] running `Command { std: CARGO_HOME="/workspace/cargo-home" RUSTUP_HOME="/workspace/rustup-home" "/workspace/cargo-home/bin/cargo" "+1.69.0" "metadata" "--manifest-path" "Cargo.toml" "--no-deps", kill_on_drop: false }`
[INFO] removed /workspace/builds/worker-5-tc1/source/.cargo/config
[INFO] started tweaking crates.io crate qt_py_m0 0.10.0
[INFO] finished tweaking crates.io crate qt_py_m0 0.10.0
[INFO] tweaked toml for crates.io crate qt_py_m0 0.10.0 written to /workspace/builds/worker-5-tc1/source/Cargo.toml
[INFO] crate crates.io crate qt_py_m0 0.10.0 already has a lockfile, it will not be regenerated
[INFO] running `Command { std: CARGO_HOME="/workspace/cargo-home" RUSTUP_HOME="/workspace/rustup-home" "/workspace/cargo-home/bin/cargo" "+1.69.0" "fetch" "--manifest-path" "Cargo.toml", kill_on_drop: false }`
[INFO] [stderr]     Blocking waiting for file lock on package cache
[INFO] [stderr]  Downloading crates ...
[INFO] [stderr]   Downloaded ws2812-timer-delay v0.3.0
[INFO] [stderr]   Downloaded seq-macro v0.2.2
[INFO] [stderr]   Downloaded atsamd21e v0.11.0
[INFO] [stderr]   Downloaded paste v1.0.6
[INFO] [stderr]   Downloaded atsamd-hal v0.14.0
[INFO] [stderr]   Downloaded rgb v0.8.31
[INFO] running `Command { std: "docker" "create" "-v" "/var/lib/crater-agent-workspace/builds/worker-5-tc1/target:/opt/rustwide/target:rw,Z" "-v" "/var/lib/crater-agent-workspace/builds/worker-5-tc1/source:/opt/rustwide/workdir:ro,Z" "-v" "/var/lib/crater-agent-workspace/cargo-home:/opt/rustwide/cargo-home:ro,Z" "-v" "/var/lib/crater-agent-workspace/rustup-home:/opt/rustwide/rustup-home:ro,Z" "-e" "SOURCE_DIR=/opt/rustwide/workdir" "-e" "CARGO_TARGET_DIR=/opt/rustwide/target" "-e" "CARGO_HOME=/opt/rustwide/cargo-home" "-e" "RUSTUP_HOME=/opt/rustwide/rustup-home" "-w" "/opt/rustwide/workdir" "-m" "1610612736" "--user" "0:0" "--network" "none" "ghcr.io/rust-lang/crates-build-env/linux@sha256:97d61d7686bf65f8ecb15491ab51835e82dc9176a96a831f143a431b191fc501" "/opt/rustwide/cargo-home/bin/cargo" "+1.69.0" "metadata" "--no-deps" "--format-version=1", kill_on_drop: false }`
[INFO] [stdout] 310fcdc14e82a1d0895abd8971aa721e6008c05ff330d566807f4bb2ff442d36
[INFO] running `Command { std: "docker" "start" "-a" "310fcdc14e82a1d0895abd8971aa721e6008c05ff330d566807f4bb2ff442d36", kill_on_drop: false }`
[INFO] running `Command { std: "docker" "inspect" "310fcdc14e82a1d0895abd8971aa721e6008c05ff330d566807f4bb2ff442d36", kill_on_drop: false }`
[INFO] running `Command { std: "docker" "rm" "-f" "310fcdc14e82a1d0895abd8971aa721e6008c05ff330d566807f4bb2ff442d36", kill_on_drop: false }`
[INFO] [stdout] 310fcdc14e82a1d0895abd8971aa721e6008c05ff330d566807f4bb2ff442d36
[INFO] running `Command { std: "docker" "create" "-v" "/var/lib/crater-agent-workspace/builds/worker-5-tc1/target:/opt/rustwide/target:rw,Z" "-v" "/var/lib/crater-agent-workspace/builds/worker-5-tc1/source:/opt/rustwide/workdir:ro,Z" "-v" "/var/lib/crater-agent-workspace/cargo-home:/opt/rustwide/cargo-home:ro,Z" "-v" "/var/lib/crater-agent-workspace/rustup-home:/opt/rustwide/rustup-home:ro,Z" "-e" "SOURCE_DIR=/opt/rustwide/workdir" "-e" "CARGO_TARGET_DIR=/opt/rustwide/target" "-e" "CARGO_INCREMENTAL=0" "-e" "RUST_BACKTRACE=full" "-e" "RUSTFLAGS=--cap-lints=warn" "-e" "RUSTDOCFLAGS=--cap-lints=warn" "-e" "CARGO_HOME=/opt/rustwide/cargo-home" "-e" "RUSTUP_HOME=/opt/rustwide/rustup-home" "-w" "/opt/rustwide/workdir" "-m" "1610612736" "--user" "0:0" "--network" "none" "ghcr.io/rust-lang/crates-build-env/linux@sha256:97d61d7686bf65f8ecb15491ab51835e82dc9176a96a831f143a431b191fc501" "/opt/rustwide/cargo-home/bin/cargo" "+1.69.0" "build" "--frozen" "--message-format=json", kill_on_drop: false }`
[INFO] [stdout] 21a343b85c35c20903987b3791632e69c8168f8d6cdf06e0c5bac41c2facf82b
[INFO] running `Command { std: "docker" "start" "-a" "21a343b85c35c20903987b3791632e69c8168f8d6cdf06e0c5bac41c2facf82b", kill_on_drop: false }`
[INFO] [stderr]    Compiling proc-macro2 v1.0.36
[INFO] [stderr]    Compiling unicode-xid v0.2.2
[INFO] [stderr]    Compiling semver-parser v0.7.0
[INFO] [stderr]    Compiling syn v1.0.85
[INFO] [stderr]    Compiling cortex-m-rt v0.7.1
[INFO] [stderr]    Compiling cortex-m v0.7.4
[INFO] [stderr]    Compiling nb v1.0.0
[INFO] [stderr]    Compiling vcell v0.1.3
[INFO] [stderr]    Compiling void v1.0.2
[INFO] [stderr]    Compiling autocfg v1.0.1
[INFO] [stderr]    Compiling atsamd21e v0.11.0
[INFO] [stderr]    Compiling typenum v1.15.0
[INFO] [stderr]    Compiling bitfield v0.13.2
[INFO] [stderr]    Compiling static_assertions v1.1.0
[INFO] [stderr]    Compiling replace_with v0.1.7
[INFO] [stderr]    Compiling paste v1.0.6
[INFO] [stderr]    Compiling nb v0.1.3
[INFO] [stderr]    Compiling volatile-register v0.2.1
[INFO] [stderr]    Compiling qt_py_m0 v0.10.0 (/opt/rustwide/workdir)
[INFO] [stderr]    Compiling seq-macro v0.2.2
[INFO] [stderr]    Compiling rand_core v0.5.1
[INFO] [stderr]    Compiling semver v0.9.0
[INFO] [stderr]    Compiling embedded-hal v0.2.6
[INFO] [stderr]    Compiling num-traits v0.2.14
[INFO] [stderr]    Compiling rustc_version v0.2.3
[INFO] [stderr]    Compiling bare-metal v0.2.5
[INFO] [stderr]    Compiling quote v1.0.14
[INFO] [stderr]    Compiling cortex-m-rt-macros v0.7.0
[INFO] [stderr]    Compiling modular-bitfield-impl v0.11.2
[INFO] [stderr]    Compiling modular-bitfield v0.11.2
[INFO] [stderr]    Compiling atsamd-hal v0.14.0
[INFO] [stderr]     Finished dev [unoptimized + debuginfo] target(s) in 10.95s
[INFO] running `Command { std: "docker" "inspect" "21a343b85c35c20903987b3791632e69c8168f8d6cdf06e0c5bac41c2facf82b", kill_on_drop: false }`
[INFO] running `Command { std: "docker" "rm" "-f" "21a343b85c35c20903987b3791632e69c8168f8d6cdf06e0c5bac41c2facf82b", kill_on_drop: false }`
[INFO] [stdout] 21a343b85c35c20903987b3791632e69c8168f8d6cdf06e0c5bac41c2facf82b
[INFO] running `Command { std: "docker" "create" "-v" "/var/lib/crater-agent-workspace/builds/worker-5-tc1/target:/opt/rustwide/target:rw,Z" "-v" "/var/lib/crater-agent-workspace/builds/worker-5-tc1/source:/opt/rustwide/workdir:ro,Z" "-v" "/var/lib/crater-agent-workspace/cargo-home:/opt/rustwide/cargo-home:ro,Z" "-v" "/var/lib/crater-agent-workspace/rustup-home:/opt/rustwide/rustup-home:ro,Z" "-e" "SOURCE_DIR=/opt/rustwide/workdir" "-e" "CARGO_TARGET_DIR=/opt/rustwide/target" "-e" "CARGO_INCREMENTAL=0" "-e" "RUST_BACKTRACE=full" "-e" "RUSTFLAGS=--cap-lints=warn" "-e" "RUSTDOCFLAGS=--cap-lints=warn" "-e" "CARGO_HOME=/opt/rustwide/cargo-home" "-e" "RUSTUP_HOME=/opt/rustwide/rustup-home" "-w" "/opt/rustwide/workdir" "-m" "1610612736" "--user" "0:0" "--network" "none" "ghcr.io/rust-lang/crates-build-env/linux@sha256:97d61d7686bf65f8ecb15491ab51835e82dc9176a96a831f143a431b191fc501" "/opt/rustwide/cargo-home/bin/cargo" "+1.69.0" "test" "--frozen" "--no-run" "--message-format=json", kill_on_drop: false }`
[INFO] [stdout] 8fca194ae6452afd387e0f55e341888f03d688bbe23807d592d6495ea52463d7
[INFO] running `Command { std: "docker" "start" "-a" "8fca194ae6452afd387e0f55e341888f03d688bbe23807d592d6495ea52463d7", kill_on_drop: false }`
[INFO] [stderr]    Compiling bytemuck v1.7.3
[INFO] [stderr]    Compiling usb-device v0.2.8
[INFO] [stderr]    Compiling panic-halt v0.2.0
[INFO] [stderr]    Compiling rgb v0.8.31
[INFO] [stderr]    Compiling usbd-serial v0.1.1
[INFO] [stderr]    Compiling smart-leds-trait v0.2.1
[INFO] [stderr]    Compiling smart-leds v0.3.0
[INFO] [stderr]    Compiling ws2812-timer-delay v0.3.0
[INFO] [stderr]    Compiling qt_py_m0 v0.10.0 (/opt/rustwide/workdir)
[INFO] [stdout] error[E0433]: failed to resolve: use of undeclared crate or module `usb_device`
[INFO] [stdout]   --> examples/usb_echo.rs:12:5
[INFO] [stdout]    |
[INFO] [stdout] 12 | use usb_device::prelude::*;
[INFO] [stdout]    |     ^^^^^^^^^^ use of undeclared crate or module `usb_device`
[INFO] [stdout] 
[INFO] [stdout] 
[INFO] [stdout] error[E0433]: failed to resolve: use of undeclared crate or module `usb_device`
[INFO] [stdout]   --> examples/usb_echo.rs:11:5
[INFO] [stdout]    |
[INFO] [stdout] 11 | use usb_device::bus::UsbBusAllocator;
[INFO] [stdout]    |     ^^^^^^^^^^ use of undeclared crate or module `usb_device`
[INFO] [stdout] 
[INFO] [stdout] 
[INFO] [stdout] error[E0432]: unresolved imports `hal::usb`, `usb_device::bus::UsbBusAllocator`
[INFO] [stdout]   --> examples/usb_echo.rs:11:5
[INFO] [stdout]    |
[INFO] [stdout] 11 | use usb_device::bus::UsbBusAllocator;
[INFO] [stdout]    |     ^^^^^^^^^^^^^^^^^^^^^^^^^^^^^^^^
[INFO] [stdout] ...
[INFO] [stdout] 22 | use hal::usb::UsbBus;
[INFO] [stdout]    |          ^^^ could not find `usb` in `hal`
[INFO] [stdout] 
[INFO] [stdout] 
[INFO] [stdout] error: language item required, but not found: `eh_personality`
[INFO] [stdout]   |
[INFO] [stdout]   = note: this can occur when a binary crate with `#![no_std]` is compiled for a target where `eh_personality` is defined in the standard library
[INFO] [stdout]   = help: you may be able to compile for a target that doesn't need `eh_personality`, specify a target with `--target` or in `.cargo/config`
[INFO] [stdout] 
[INFO] [stdout] 
[INFO] [stdout] error: aborting due to previous error
[INFO] [stdout] 
[INFO] [stdout] 
[INFO] [stderr] error: could not compile `qt_py_m0` due to 2 previous errors
[INFO] [stderr] warning: build failed, waiting for other jobs to finish...
[INFO] [stdout] error[E0412]: cannot find type `UsbDevice` in this scope
[INFO] [stdout]   --> examples/usb_echo.rs:70:28
[INFO] [stdout]    |
[INFO] [stdout] 70 | static mut USB_BUS: Option<UsbDevice<UsbBus>> = None;
[INFO] [stdout]    |                            ^^^^^^^^^ not found in this scope
[INFO] [stdout] 
[INFO] [stdout] 
[INFO] [stdout] error: language item required, but not found: `eh_personality`
[INFO] [stdout]   |
[INFO] [stdout]   = note: this can occur when a binary crate with `#![no_std]` is compiled for a target where `eh_personality` is defined in the standard library
[INFO] [stdout]   = help: you may be able to compile for a target that doesn't need `eh_personality`, specify a target with `--target` or in `.cargo/config`
[INFO] [stdout] 
[INFO] [stdout] 
[INFO] [stdout] error[E0433]: failed to resolve: use of undeclared type `UsbDeviceBuilder`
[INFO] [stdout]   --> examples/usb_echo.rs:50:13
[INFO] [stdout]    |
[INFO] [stdout] 50 |             UsbDeviceBuilder::new(&bus_allocator, UsbVidPid(0x16c0, 0x27dd))
[INFO] [stdout]    |             ^^^^^^^^^^^^^^^^ use of undeclared type `UsbDeviceBuilder`
[INFO] [stdout] 
[INFO] [stdout] 
[INFO] [stdout] error[E0425]: cannot find function, tuple struct or tuple variant `UsbVidPid` in this scope
[INFO] [stdout]   --> examples/usb_echo.rs:50:51
[INFO] [stdout]    |
[INFO] [stdout] 50 |             UsbDeviceBuilder::new(&bus_allocator, UsbVidPid(0x16c0, 0x27dd))
[INFO] [stdout]    |                                                   ^^^^^^^^^ not found in this scope
[INFO] [stdout] 
[INFO] [stdout] 
[INFO] [stdout] error: aborting due to 7 previous errors
[INFO] [stdout] 
[INFO] [stdout] 
[INFO] [stdout] Some errors have detailed explanations: E0412, E0425, E0432, E0433.
[INFO] [stdout] 
[INFO] [stdout] For more information about an error, try `rustc --explain E0412`.
[INFO] [stdout] 
[INFO] [stderr] error: could not compile `qt_py_m0` due to 8 previous errors
[INFO] running `Command { std: "docker" "inspect" "8fca194ae6452afd387e0f55e341888f03d688bbe23807d592d6495ea52463d7", kill_on_drop: false }`
[INFO] running `Command { std: "docker" "rm" "-f" "8fca194ae6452afd387e0f55e341888f03d688bbe23807d592d6495ea52463d7", kill_on_drop: false }`
[INFO] [stdout] 8fca194ae6452afd387e0f55e341888f03d688bbe23807d592d6495ea52463d7
