[INFO] fetching crate qei 1.0.2...
[INFO] testing qei-1.0.2 against beta-2023-04-20 for beta-1.70-1
[INFO] extracting crate qei 1.0.2 into /workspace/builds/worker-4-tc2/source
[INFO] validating manifest of crates.io crate qei 1.0.2 on toolchain beta-2023-04-20
[INFO] running `Command { std: CARGO_HOME="/workspace/cargo-home" RUSTUP_HOME="/workspace/rustup-home" "/workspace/cargo-home/bin/cargo" "+beta-2023-04-20" "metadata" "--manifest-path" "Cargo.toml" "--no-deps", kill_on_drop: false }`
[INFO] started tweaking crates.io crate qei 1.0.2
[INFO] finished tweaking crates.io crate qei 1.0.2
[INFO] tweaked toml for crates.io crate qei 1.0.2 written to /workspace/builds/worker-4-tc2/source/Cargo.toml
[INFO] running `Command { std: CARGO_HOME="/workspace/cargo-home" RUSTUP_HOME="/workspace/rustup-home" __CARGO_TEST_CHANNEL_OVERRIDE_DO_NOT_USE_THIS="nightly" "/workspace/cargo-home/bin/cargo" "+beta-2023-04-20" "generate-lockfile" "--manifest-path" "Cargo.toml" "-Zno-index-update", kill_on_drop: false }`
[INFO] running `Command { std: CARGO_HOME="/workspace/cargo-home" RUSTUP_HOME="/workspace/rustup-home" "/workspace/cargo-home/bin/cargo" "+beta-2023-04-20" "fetch" "--manifest-path" "Cargo.toml", kill_on_drop: false }`
[INFO] running `Command { std: "docker" "create" "-v" "/var/lib/crater-agent-workspace/builds/worker-4-tc2/target:/opt/rustwide/target:rw,Z" "-v" "/var/lib/crater-agent-workspace/builds/worker-4-tc2/source:/opt/rustwide/workdir:ro,Z" "-v" "/var/lib/crater-agent-workspace/cargo-home:/opt/rustwide/cargo-home:ro,Z" "-v" "/var/lib/crater-agent-workspace/rustup-home:/opt/rustwide/rustup-home:ro,Z" "-e" "SOURCE_DIR=/opt/rustwide/workdir" "-e" "CARGO_TARGET_DIR=/opt/rustwide/target" "-e" "CARGO_HOME=/opt/rustwide/cargo-home" "-e" "RUSTUP_HOME=/opt/rustwide/rustup-home" "-w" "/opt/rustwide/workdir" "-m" "1610612736" "--user" "0:0" "--network" "none" "ghcr.io/rust-lang/crates-build-env/linux@sha256:5ff2268d62e97bff2cde7d5815dd6ed5b47097566f13b8d0ca110b04b60e07ed" "/opt/rustwide/cargo-home/bin/cargo" "+beta-2023-04-20" "metadata" "--no-deps" "--format-version=1", kill_on_drop: false }`
[INFO] [stdout] f0af569103e7e621fe034e2dee056844cd2fd16e79c0add72c73df39dd027adb
[INFO] running `Command { std: "docker" "start" "-a" "f0af569103e7e621fe034e2dee056844cd2fd16e79c0add72c73df39dd027adb", kill_on_drop: false }`
[INFO] running `Command { std: "docker" "inspect" "f0af569103e7e621fe034e2dee056844cd2fd16e79c0add72c73df39dd027adb", kill_on_drop: false }`
[INFO] running `Command { std: "docker" "rm" "-f" "f0af569103e7e621fe034e2dee056844cd2fd16e79c0add72c73df39dd027adb", kill_on_drop: false }`
[INFO] [stdout] f0af569103e7e621fe034e2dee056844cd2fd16e79c0add72c73df39dd027adb
[INFO] running `Command { std: "docker" "create" "-v" "/var/lib/crater-agent-workspace/builds/worker-4-tc2/target:/opt/rustwide/target:rw,Z" "-v" "/var/lib/crater-agent-workspace/builds/worker-4-tc2/source:/opt/rustwide/workdir:ro,Z" "-v" "/var/lib/crater-agent-workspace/cargo-home:/opt/rustwide/cargo-home:ro,Z" "-v" "/var/lib/crater-agent-workspace/rustup-home:/opt/rustwide/rustup-home:ro,Z" "-e" "SOURCE_DIR=/opt/rustwide/workdir" "-e" "CARGO_TARGET_DIR=/opt/rustwide/target" "-e" "CARGO_INCREMENTAL=0" "-e" "RUST_BACKTRACE=full" "-e" "RUSTFLAGS=--cap-lints=warn" "-e" "RUSTDOCFLAGS=--cap-lints=warn" "-e" "CARGO_HOME=/opt/rustwide/cargo-home" "-e" "RUSTUP_HOME=/opt/rustwide/rustup-home" "-w" "/opt/rustwide/workdir" "-m" "1610612736" "--user" "0:0" "--network" "none" "ghcr.io/rust-lang/crates-build-env/linux@sha256:5ff2268d62e97bff2cde7d5815dd6ed5b47097566f13b8d0ca110b04b60e07ed" "/opt/rustwide/cargo-home/bin/cargo" "+beta-2023-04-20" "build" "--frozen" "--message-format=json", kill_on_drop: false }`
[INFO] [stdout] 87b9a56c472e6ac6ac7e9b2c333fcc1c5f0cb4587fd937e1f7eb83b248471294
[INFO] running `Command { std: "docker" "start" "-a" "87b9a56c472e6ac6ac7e9b2c333fcc1c5f0cb4587fd937e1f7eb83b248471294", kill_on_drop: false }`
[INFO] [stderr]    Compiling nb v1.1.0
[INFO] [stderr]    Compiling void v1.0.2
[INFO] [stderr]    Compiling nb v0.1.3
[INFO] [stderr]    Compiling embedded-hal v0.2.7
[INFO] [stderr]    Compiling qei v1.0.2 (/opt/rustwide/workdir)
[INFO] [stderr]     Finished dev [unoptimized + debuginfo] target(s) in 0.72s
[INFO] running `Command { std: "docker" "inspect" "87b9a56c472e6ac6ac7e9b2c333fcc1c5f0cb4587fd937e1f7eb83b248471294", kill_on_drop: false }`
[INFO] running `Command { std: "docker" "rm" "-f" "87b9a56c472e6ac6ac7e9b2c333fcc1c5f0cb4587fd937e1f7eb83b248471294", kill_on_drop: false }`
[INFO] [stdout] 87b9a56c472e6ac6ac7e9b2c333fcc1c5f0cb4587fd937e1f7eb83b248471294
[INFO] running `Command { std: "docker" "create" "-v" "/var/lib/crater-agent-workspace/builds/worker-4-tc2/target:/opt/rustwide/target:rw,Z" "-v" "/var/lib/crater-agent-workspace/builds/worker-4-tc2/source:/opt/rustwide/workdir:ro,Z" "-v" "/var/lib/crater-agent-workspace/cargo-home:/opt/rustwide/cargo-home:ro,Z" "-v" "/var/lib/crater-agent-workspace/rustup-home:/opt/rustwide/rustup-home:ro,Z" "-e" "SOURCE_DIR=/opt/rustwide/workdir" "-e" "CARGO_TARGET_DIR=/opt/rustwide/target" "-e" "CARGO_INCREMENTAL=0" "-e" "RUST_BACKTRACE=full" "-e" "RUSTFLAGS=--cap-lints=warn" "-e" "RUSTDOCFLAGS=--cap-lints=warn" "-e" "CARGO_HOME=/opt/rustwide/cargo-home" "-e" "RUSTUP_HOME=/opt/rustwide/rustup-home" "-w" "/opt/rustwide/workdir" "-m" "1610612736" "--user" "0:0" "--network" "none" "ghcr.io/rust-lang/crates-build-env/linux@sha256:5ff2268d62e97bff2cde7d5815dd6ed5b47097566f13b8d0ca110b04b60e07ed" "/opt/rustwide/cargo-home/bin/cargo" "+beta-2023-04-20" "test" "--frozen" "--no-run" "--message-format=json", kill_on_drop: false }`
[INFO] [stdout] 3fffec97af134c1b7e3298032e551e8717d5b3f486d4711c65b4a4a5d3962cb6
[INFO] running `Command { std: "docker" "start" "-a" "3fffec97af134c1b7e3298032e551e8717d5b3f486d4711c65b4a4a5d3962cb6", kill_on_drop: false }`
[INFO] [stderr]    Compiling qei v1.0.2 (/opt/rustwide/workdir)
[INFO] [stdout] error[E0463]: can't find crate for `cortex_m`
[INFO] [stdout]  --> examples/stm32f103.rs:6:1
[INFO] [stdout]   |
[INFO] [stdout] 6 | extern crate cortex_m; //  Low-level functions for ARM Cortex-M3 processor in STM32 Blue Pill.
[INFO] [stdout]   | ^^^^^^^^^^^^^^^^^^^^^^ can't find crate
[INFO] [stdout] 
[INFO] [stdout] 
[INFO] [stdout] error[E0463]: can't find crate for `cortex_m_rt`
[INFO] [stdout]  --> examples/stm32f103.rs:8:1
[INFO] [stdout]   |
[INFO] [stdout] 8 | extern crate cortex_m_rt; //  Startup and runtime functions for ARM Cortex-M3.
[INFO] [stdout]   | ^^^^^^^^^^^^^^^^^^^^^^^^^ can't find crate
[INFO] [stdout] 
[INFO] [stdout] 
[INFO] [stdout] error[E0463]: can't find crate for `cortex_m_semihosting`
[INFO] [stdout]  --> examples/stm32f103.rs:9:1
[INFO] [stdout]   |
[INFO] [stdout] 9 | extern crate cortex_m_semihosting; //  Debug console functions for ARM Cortex-M3.
[INFO] [stdout]   | ^^^^^^^^^^^^^^^^^^^^^^^^^^^^^^^^^^ can't find crate
[INFO] [stdout] 
[INFO] [stdout] 
[INFO] [stdout] error[E0463]: can't find crate for `panic_semihosting`
[INFO] [stdout]   --> examples/stm32f103.rs:10:1
[INFO] [stdout]    |
[INFO] [stdout] 10 | extern crate panic_semihosting; //  Panic reporting functions, which transmit to the debug console.
[INFO] [stdout]    | ^^^^^^^^^^^^^^^^^^^^^^^^^^^^^^^ can't find crate
[INFO] [stdout] 
[INFO] [stdout] 
[INFO] [stdout] error[E0463]: can't find crate for `stm32f103xx_hal`
[INFO] [stdout]   --> examples/stm32f103.rs:11:1
[INFO] [stdout]    |
[INFO] [stdout] 11 | extern crate stm32f103xx_hal as bluepill_hal; //  Hardware Abstraction Layer (HAL) for STM32 Blue Pill.
[INFO] [stdout]    | ^^^^^^^^^^^^^^^^^^^^^^^^^^^^^^^^^^^^^^^^^^^^^ can't find crate
[INFO] [stdout] 
[INFO] [stdout] 
[INFO] [stdout] error[E0463]: can't find crate for `stm32f103xx`
[INFO] [stdout]   --> examples/stm32f103.rs:13:1
[INFO] [stdout]    |
[INFO] [stdout] 13 | extern crate stm32f103xx;
[INFO] [stdout]    | ^^^^^^^^^^^^^^^^^^^^^^^^^ can't find crate
[INFO] [stdout] 
[INFO] [stdout] 
[INFO] [stdout] error[E0463]: can't find crate for `nb`
[INFO] [stdout]   --> examples/stm32f103.rs:14:1
[INFO] [stdout]    |
[INFO] [stdout] 14 | extern crate nb;
[INFO] [stdout]    | ^^^^^^^^^^^^^^^^ can't find crate
[INFO] [stdout] 
[INFO] [stdout] 
[INFO] [stdout] error[E0463]: can't find crate for `pid_control`
[INFO] [stdout]   --> examples/stm32f103.rs:16:1
[INFO] [stdout]    |
[INFO] [stdout] 16 | extern crate pid_control;
[INFO] [stdout]    | ^^^^^^^^^^^^^^^^^^^^^^^^^ can't find crate
[INFO] [stdout] 
[INFO] [stdout] 
[INFO] [stdout] error[E0432]: unresolved import `f103::Interrupt`
[INFO] [stdout]   --> examples/stm32f103.rs:30:5
[INFO] [stdout]    |
[INFO] [stdout] 30 | use f103::Interrupt;
[INFO] [stdout]    |     ^^^^^^^^^^^^^^^
[INFO] [stdout] 
[INFO] [stdout] 
[INFO] [stdout] error: cannot find macro `entry` in this scope
[INFO] [stdout]   --> examples/stm32f103.rs:35:1
[INFO] [stdout]    |
[INFO] [stdout] 35 | entry!(main);
[INFO] [stdout]    | ^^^^^
[INFO] [stdout] 
[INFO] [stdout] 
[INFO] [stdout] error: cannot find macro `interrupt` in this scope
[INFO] [stdout]    --> examples/stm32f103.rs:100:1
[INFO] [stdout]     |
[INFO] [stdout] 100 | interrupt!(TIM2, tim2_interrupt);
[INFO] [stdout]     | ^^^^^^^^^
[INFO] [stdout] 
[INFO] [stdout] 
[INFO] [stdout] error: cannot find macro `exception` in this scope
[INFO] [stdout]    --> examples/stm32f103.rs:103:1
[INFO] [stdout]     |
[INFO] [stdout] 103 | exception!(HardFault, hard_fault);
[INFO] [stdout]     | ^^^^^^^^^
[INFO] [stdout] 
[INFO] [stdout] 
[INFO] [stdout] error: cannot find macro `exception` in this scope
[INFO] [stdout]    --> examples/stm32f103.rs:110:1
[INFO] [stdout]     |
[INFO] [stdout] 110 | exception!(*, default_handler);
[INFO] [stdout]     | ^^^^^^^^^
[INFO] [stdout] 
[INFO] [stdout] 
[INFO] [stdout] error: `#[panic_handler]` function required, but not found
[INFO] [stdout] 
[INFO] [stdout] 
[INFO] [stdout] error: language item required, but not found: `eh_personality`
[INFO] [stdout]   |
[INFO] [stdout]   = note: this can occur when a binary crate with `#![no_std]` is compiled for a target where `eh_personality` is defined in the standard library
[INFO] [stdout]   = help: you may be able to compile for a target that doesn't need `eh_personality`, specify a target with `--target` or in `.cargo/config`
[INFO] [stdout] 
[INFO] [stdout] 
[INFO] [stdout] error: aborting due to 15 previous errors
[INFO] [stdout] 
[INFO] [stdout] 
[INFO] [stdout] Some errors have detailed explanations: E0432, E0463.
[INFO] [stdout] 
[INFO] [stdout] For more information about an error, try `rustc --explain E0432`.
[INFO] [stdout] 
[INFO] [stderr] error: could not compile `qei` (example "stm32f103") due to 16 previous errors
[INFO] [stderr] warning: build failed, waiting for other jobs to finish...
[INFO] running `Command { std: "docker" "inspect" "3fffec97af134c1b7e3298032e551e8717d5b3f486d4711c65b4a4a5d3962cb6", kill_on_drop: false }`
[INFO] running `Command { std: "docker" "rm" "-f" "3fffec97af134c1b7e3298032e551e8717d5b3f486d4711c65b4a4a5d3962cb6", kill_on_drop: false }`
[INFO] [stdout] 3fffec97af134c1b7e3298032e551e8717d5b3f486d4711c65b4a4a5d3962cb6
