[INFO] fetching crate pw-telegram-bot-fork 0.9.2...
[INFO] testing pw-telegram-bot-fork-0.9.2 against 1.69.0 for beta-1.70-1
[INFO] extracting crate pw-telegram-bot-fork 0.9.2 into /workspace/builds/worker-0-tc1/source
[INFO] validating manifest of crates.io crate pw-telegram-bot-fork 0.9.2 on toolchain 1.69.0
[INFO] running `Command { std: CARGO_HOME="/workspace/cargo-home" RUSTUP_HOME="/workspace/rustup-home" "/workspace/cargo-home/bin/cargo" "+1.69.0" "metadata" "--manifest-path" "Cargo.toml" "--no-deps", kill_on_drop: false }`
[INFO] started tweaking crates.io crate pw-telegram-bot-fork 0.9.2
[INFO] finished tweaking crates.io crate pw-telegram-bot-fork 0.9.2
[INFO] tweaked toml for crates.io crate pw-telegram-bot-fork 0.9.2 written to /workspace/builds/worker-0-tc1/source/Cargo.toml
[INFO] crate crates.io crate pw-telegram-bot-fork 0.9.2 already has a lockfile, it will not be regenerated
[INFO] running `Command { std: CARGO_HOME="/workspace/cargo-home" RUSTUP_HOME="/workspace/rustup-home" "/workspace/cargo-home/bin/cargo" "+1.69.0" "fetch" "--manifest-path" "Cargo.toml", kill_on_drop: false }`
[INFO] [stderr]  Downloading crates ...
[INFO] [stderr]   Downloaded tokio v1.18.2
[INFO] [stderr]   Downloaded pw-telegram-bot-raw-fork v0.9.2
[INFO] running `Command { std: "docker" "create" "-v" "/var/lib/crater-agent-workspace/builds/worker-0-tc1/target:/opt/rustwide/target:rw,Z" "-v" "/var/lib/crater-agent-workspace/builds/worker-0-tc1/source:/opt/rustwide/workdir:ro,Z" "-v" "/var/lib/crater-agent-workspace/cargo-home:/opt/rustwide/cargo-home:ro,Z" "-v" "/var/lib/crater-agent-workspace/rustup-home:/opt/rustwide/rustup-home:ro,Z" "-e" "SOURCE_DIR=/opt/rustwide/workdir" "-e" "CARGO_TARGET_DIR=/opt/rustwide/target" "-e" "CARGO_HOME=/opt/rustwide/cargo-home" "-e" "RUSTUP_HOME=/opt/rustwide/rustup-home" "-w" "/opt/rustwide/workdir" "-m" "1610612736" "--user" "0:0" "--network" "none" "ghcr.io/rust-lang/crates-build-env/linux@sha256:5ff2268d62e97bff2cde7d5815dd6ed5b47097566f13b8d0ca110b04b60e07ed" "/opt/rustwide/cargo-home/bin/cargo" "+1.69.0" "metadata" "--no-deps" "--format-version=1", kill_on_drop: false }`
[INFO] [stdout] 4995a2cc8cd097206964e684fbbf1a55dd978b880a46d29373d8cec4874331f5
[INFO] running `Command { std: "docker" "start" "-a" "4995a2cc8cd097206964e684fbbf1a55dd978b880a46d29373d8cec4874331f5", kill_on_drop: false }`
[INFO] running `Command { std: "docker" "inspect" "4995a2cc8cd097206964e684fbbf1a55dd978b880a46d29373d8cec4874331f5", kill_on_drop: false }`
[INFO] running `Command { std: "docker" "rm" "-f" "4995a2cc8cd097206964e684fbbf1a55dd978b880a46d29373d8cec4874331f5", kill_on_drop: false }`
[INFO] [stdout] 4995a2cc8cd097206964e684fbbf1a55dd978b880a46d29373d8cec4874331f5
[INFO] running `Command { std: "docker" "create" "-v" "/var/lib/crater-agent-workspace/builds/worker-0-tc1/target:/opt/rustwide/target:rw,Z" "-v" "/var/lib/crater-agent-workspace/builds/worker-0-tc1/source:/opt/rustwide/workdir:ro,Z" "-v" "/var/lib/crater-agent-workspace/cargo-home:/opt/rustwide/cargo-home:ro,Z" "-v" "/var/lib/crater-agent-workspace/rustup-home:/opt/rustwide/rustup-home:ro,Z" "-e" "SOURCE_DIR=/opt/rustwide/workdir" "-e" "CARGO_TARGET_DIR=/opt/rustwide/target" "-e" "CARGO_INCREMENTAL=0" "-e" "RUST_BACKTRACE=full" "-e" "RUSTFLAGS=--cap-lints=warn" "-e" "RUSTDOCFLAGS=--cap-lints=warn" "-e" "CARGO_HOME=/opt/rustwide/cargo-home" "-e" "RUSTUP_HOME=/opt/rustwide/rustup-home" "-w" "/opt/rustwide/workdir" "-m" "1610612736" "--user" "0:0" "--network" "none" "ghcr.io/rust-lang/crates-build-env/linux@sha256:5ff2268d62e97bff2cde7d5815dd6ed5b47097566f13b8d0ca110b04b60e07ed" "/opt/rustwide/cargo-home/bin/cargo" "+1.69.0" "build" "--frozen" "--message-format=json", kill_on_drop: false }`
[INFO] [stdout] cf788ff3c8061e6991575d79b9cb4b85dbe39a58679c62ed152bee59b04fe475
[INFO] running `Command { std: "docker" "start" "-a" "cf788ff3c8061e6991575d79b9cb4b85dbe39a58679c62ed152bee59b04fe475", kill_on_drop: false }`
[INFO] [stderr]    Compiling proc-macro2 v1.0.39
[INFO] [stderr]    Compiling unicode-ident v1.0.0
[INFO] [stderr]    Compiling syn v1.0.95
[INFO] [stderr]    Compiling libc v0.2.126
[INFO] [stderr]    Compiling openssl-sys v0.9.73
[INFO] [stderr]    Compiling futures-core v0.3.21
[INFO] [stderr]    Compiling futures-task v0.3.21
[INFO] [stderr]    Compiling futures-channel v0.3.21
[INFO] [stderr]    Compiling unicase v2.6.0
[INFO] [stderr]    Compiling futures-sink v0.3.21
[INFO] [stderr]    Compiling serde_derive v1.0.137
[INFO] [stderr]    Compiling once_cell v1.12.0
[INFO] [stderr]    Compiling futures-util v0.3.21
[INFO] [stderr]    Compiling itoa v1.0.2
[INFO] [stderr]    Compiling num-traits v0.2.15
[INFO] [stderr]    Compiling serde v1.0.137
[INFO] [stderr]    Compiling openssl v0.10.40
[INFO] [stderr]    Compiling quote v1.0.18
[INFO] [stderr]    Compiling futures-io v0.3.21
[INFO] [stderr]    Compiling tracing-core v0.1.26
[INFO] [stderr]    Compiling socket2 v0.4.4
[INFO] [stderr]    Compiling num_cpus v1.13.1
[INFO] [stderr]    Compiling mio v0.8.3
[INFO] [stderr]    Compiling getrandom v0.1.16
[INFO] [stderr]    Compiling native-tls v0.2.10
[INFO] [stderr]    Compiling http v0.2.7
[INFO] [stderr]    Compiling rand_core v0.5.1
[INFO] [stderr]    Compiling serde_json v1.0.81
[INFO] [stderr]    Compiling want v0.3.0
[INFO] [stderr]    Compiling mime_guess v2.0.4
[INFO] [stderr]    Compiling rand_chacha v0.2.2
[INFO] [stderr]    Compiling fastrand v1.7.0
[INFO] [stderr]    Compiling ryu v1.0.10
[INFO] [stderr]    Compiling http-body v0.4.5
[INFO] [stderr]    Compiling ordered-float v2.10.0
[INFO] [stderr]    Compiling remove_dir_all v0.5.3
[INFO] [stderr]    Compiling tempfile v3.3.0
[INFO] [stderr]    Compiling rand v0.7.3
[INFO] [stderr]    Compiling multipart v0.17.1
[INFO] [stderr]    Compiling futures-macro v0.3.21
[INFO] [stderr]    Compiling tracing-attributes v0.1.21
[INFO] [stderr]    Compiling openssl-macros v0.1.0
[INFO] [stderr]    Compiling tokio-macros v1.7.0
[INFO] [stderr]    Compiling pin-project-internal v1.0.10
[INFO] [stderr]    Compiling tokio v1.18.2
[INFO] [stderr]    Compiling tracing v0.1.34
[INFO] [stderr]    Compiling pin-project v1.0.10
[INFO] [stderr]    Compiling tracing-futures v0.2.5
[INFO] [stderr]    Compiling tokio-native-tls v0.3.0
[INFO] [stderr]    Compiling hyper v0.14.19
[INFO] [stderr]    Compiling futures-executor v0.3.21
[INFO] [stderr]    Compiling futures v0.3.21
[INFO] [stderr]    Compiling hyper-tls v0.5.0
[INFO] [stderr]    Compiling serde-value v0.7.0
[INFO] [stderr]    Compiling pw-telegram-bot-raw-fork v0.9.2
[INFO] [stderr]    Compiling pw-telegram-bot-fork v0.9.2 (/opt/rustwide/workdir)
[INFO] [stderr]     Finished dev [unoptimized + debuginfo] target(s) in 31.53s
[INFO] running `Command { std: "docker" "inspect" "cf788ff3c8061e6991575d79b9cb4b85dbe39a58679c62ed152bee59b04fe475", kill_on_drop: false }`
[INFO] running `Command { std: "docker" "rm" "-f" "cf788ff3c8061e6991575d79b9cb4b85dbe39a58679c62ed152bee59b04fe475", kill_on_drop: false }`
[INFO] [stdout] cf788ff3c8061e6991575d79b9cb4b85dbe39a58679c62ed152bee59b04fe475
[INFO] running `Command { std: "docker" "create" "-v" "/var/lib/crater-agent-workspace/builds/worker-0-tc1/target:/opt/rustwide/target:rw,Z" "-v" "/var/lib/crater-agent-workspace/builds/worker-0-tc1/source:/opt/rustwide/workdir:ro,Z" "-v" "/var/lib/crater-agent-workspace/cargo-home:/opt/rustwide/cargo-home:ro,Z" "-v" "/var/lib/crater-agent-workspace/rustup-home:/opt/rustwide/rustup-home:ro,Z" "-e" "SOURCE_DIR=/opt/rustwide/workdir" "-e" "CARGO_TARGET_DIR=/opt/rustwide/target" "-e" "CARGO_INCREMENTAL=0" "-e" "RUST_BACKTRACE=full" "-e" "RUSTFLAGS=--cap-lints=warn" "-e" "RUSTDOCFLAGS=--cap-lints=warn" "-e" "CARGO_HOME=/opt/rustwide/cargo-home" "-e" "RUSTUP_HOME=/opt/rustwide/rustup-home" "-w" "/opt/rustwide/workdir" "-m" "1610612736" "--user" "0:0" "--network" "none" "ghcr.io/rust-lang/crates-build-env/linux@sha256:5ff2268d62e97bff2cde7d5815dd6ed5b47097566f13b8d0ca110b04b60e07ed" "/opt/rustwide/cargo-home/bin/cargo" "+1.69.0" "test" "--frozen" "--no-run" "--message-format=json", kill_on_drop: false }`
[INFO] [stdout] 31f61fe57d144d2421bdb294d975d6a30374dfcfdfa04a590b3ed373278786e3
[INFO] running `Command { std: "docker" "start" "-a" "31f61fe57d144d2421bdb294d975d6a30374dfcfdfa04a590b3ed373278786e3", kill_on_drop: false }`
[INFO] [stderr]    Compiling regex-syntax v0.6.26
[INFO] [stderr]    Compiling num-integer v0.1.45
[INFO] [stderr]    Compiling tracing-serde v0.1.3
[INFO] [stderr]    Compiling tracing-log v0.1.3
[INFO] [stderr]    Compiling thread_local v1.1.4
[INFO] [stderr]    Compiling chrono v0.4.19
[INFO] [stderr]    Compiling regex-automata v0.1.10
[INFO] [stderr]    Compiling regex v1.5.6
[INFO] [stderr]    Compiling matchers v0.0.1
[INFO] [stderr]    Compiling tracing-subscriber v0.2.25
[INFO] [stderr]    Compiling pw-telegram-bot-fork v0.9.2 (/opt/rustwide/workdir)
[INFO] [stdout] error[E0432]: unresolved import `telegram_bot`
[INFO] [stdout]  --> examples/errors.rs:4:5
[INFO] [stdout]   |
[INFO] [stdout] 4 | use telegram_bot::*;
[INFO] [stdout]   |     ^^^^^^^^^^^^ use of undeclared crate or module `telegram_bot`
[INFO] [stdout] 
[INFO] [stdout] 
[INFO] [stdout] error[E0432]: unresolved import `telegram_bot`
[INFO] [stdout]  --> examples/get_me.rs:3:5
[INFO] [stdout]   |
[INFO] [stdout] 3 | use telegram_bot::{Api, Error, GetMe};
[INFO] [stdout]   |     ^^^^^^^^^^^^ use of undeclared crate or module `telegram_bot`
[INFO] [stdout] 
[INFO] [stdout] 
[INFO] [stdout] error[E0433]: failed to resolve: use of undeclared type `Api`
[INFO] [stdout]  --> examples/errors.rs:9:22
[INFO] [stdout]   |
[INFO] [stdout] 9 |     let mut stream = Api::new(token).stream();
[INFO] [stdout]   |                      ^^^ use of undeclared type `Api`
[INFO] [stdout]   |
[INFO] [stdout] help: consider importing this struct
[INFO] [stdout]   |
[INFO] [stdout] 1 | use pw_telegram_bot_fork::Api;
[INFO] [stdout]   |
[INFO] [stdout] 
[INFO] [stdout] 
[INFO] [stdout] error[E0432]: unresolved import `telegram_bot`
[INFO] [stdout]  --> examples/tracing.rs:4:5
[INFO] [stdout]   |
[INFO] [stdout] 4 | use telegram_bot::*;
[INFO] [stdout]   |     ^^^^^^^^^^^^ use of undeclared crate or module `telegram_bot`
[INFO] [stdout] 
[INFO] [stdout] 
[INFO] [stdout] error[E0432]: unresolved import `telegram_bot`
[INFO] [stdout]  --> examples/simple.rs:4:5
[INFO] [stdout]   |
[INFO] [stdout] 4 | use telegram_bot::*;
[INFO] [stdout]   |     ^^^^^^^^^^^^ use of undeclared crate or module `telegram_bot`
[INFO] [stdout] 
[INFO] [stdout] 
[INFO] [stdout] warning: unused import: `futures::StreamExt`
[INFO] [stdout]  --> examples/errors.rs:3:5
[INFO] [stdout]   |
[INFO] [stdout] 3 | use futures::StreamExt;
[INFO] [stdout]   |     ^^^^^^^^^^^^^^^^^^
[INFO] [stdout]   |
[INFO] [stdout]   = note: `#[warn(unused_imports)]` on by default
[INFO] [stdout] 
[INFO] [stdout] 
[INFO] [stdout] error: aborting due to previous error
[INFO] [stdout] 
[INFO] [stdout] 
[INFO] [stdout] error[E0433]: failed to resolve: use of undeclared crate or module `telegram_bot`
[INFO] [stdout]  --> examples/poll.rs:7:5
[INFO] [stdout]   |
[INFO] [stdout] 7 | use telegram_bot::prelude::*;
[INFO] [stdout]   |     ^^^^^^^^^^^^ use of undeclared crate or module `telegram_bot`
[INFO] [stdout] 
[INFO] [stdout] 
[INFO] [stdout] For more information about this error, try `rustc --explain E0432`.
[INFO] [stdout] 
[INFO] [stderr] error: could not compile `pw-telegram-bot-fork` due to 2 previous errors
[INFO] [stdout] error: aborting due to 2 previous errors; 1 warning emitted
[INFO] [stdout] 
[INFO] [stdout] 
[INFO] [stderr] warning: build failed, waiting for other jobs to finish...
[INFO] [stdout] Some errors have detailed explanations: E0432, E0433.
[INFO] [stdout] 
[INFO] [stdout] For more information about an error, try `rustc --explain E0432`.
[INFO] [stdout] 
[INFO] [stdout] error[E0432]: unresolved import `telegram_bot`
[INFO] [stdout]  --> examples/live_location.rs:5:5
[INFO] [stdout]   |
[INFO] [stdout] 5 | use telegram_bot::*;
[INFO] [stdout]   |     ^^^^^^^^^^^^ use of undeclared crate or module `telegram_bot`
[INFO] [stdout] 
[INFO] [stdout] 
[INFO] [stderr] error: could not compile `pw-telegram-bot-fork` due to 3 previous errors; 1 warning emitted
[INFO] [stdout] error[E0432]: unresolved import `telegram_bot`
[INFO] [stdout]  --> examples/poll.rs:8:5
[INFO] [stdout]   |
[INFO] [stdout] 8 | use telegram_bot::{
[INFO] [stdout]   |     ^^^^^^^^^^^^ use of undeclared crate or module `telegram_bot`
[INFO] [stdout] 
[INFO] [stdout] 
[INFO] [stdout] error[E0432]: unresolved import `telegram_bot`
[INFO] [stdout]  --> examples/pin.rs:4:5
[INFO] [stdout]   |
[INFO] [stdout] 4 | use telegram_bot::*;
[INFO] [stdout]   |     ^^^^^^^^^^^^ use of undeclared crate or module `telegram_bot`
[INFO] [stdout] 
[INFO] [stdout] 
[INFO] [stdout] error[E0433]: failed to resolve: use of undeclared type `UpdateKind`
[INFO] [stdout]   --> examples/tracing.rs:21:16
[INFO] [stdout]    |
[INFO] [stdout] 21 |         if let UpdateKind::Message(message) = update.kind {
[INFO] [stdout]    |                ^^^^^^^^^^ use of undeclared type `UpdateKind`
[INFO] [stdout] 
[INFO] [stdout] 
[INFO] [stdout] error[E0433]: failed to resolve: use of undeclared type `MessageKind`
[INFO] [stdout]   --> examples/tracing.rs:22:20
[INFO] [stdout]    |
[INFO] [stdout] 22 |             if let MessageKind::Text { ref data, .. } = message.kind {
[INFO] [stdout]    |                    ^^^^^^^^^^^ use of undeclared type `MessageKind`
[INFO] [stdout] 
[INFO] [stdout] 
[INFO] [stdout] error[E0412]: cannot find type `Error` in this scope
[INFO] [stdout]  --> examples/tracing.rs:7:31
[INFO] [stdout]   |
[INFO] [stdout] 7 | async fn main() -> Result<(), Error> {
[INFO] [stdout]   |                               ^^^^^ not found in this scope
[INFO] [stdout]   |
[INFO] [stdout] help: consider importing one of these items
[INFO] [stdout]   |
[INFO] [stdout] 1 | use core::error::Error;
[INFO] [stdout]   |
[INFO] [stdout] 1 | use core::fmt::Error;
[INFO] [stdout]   |
[INFO] [stdout] 1 | use futures::io::Error;
[INFO] [stdout]   |
[INFO] [stdout] 1 | use hyper::Error;
[INFO] [stdout]   |
[INFO] [stdout]     and 9 other candidates
[INFO] [stdout] 
[INFO] [stdout] 
[INFO] [stdout] error[E0433]: failed to resolve: use of undeclared type `Api`
[INFO] [stdout]  --> examples/tracing.rs:9:15
[INFO] [stdout]   |
[INFO] [stdout] 9 |     let api = Api::new(token);
[INFO] [stdout]   |               ^^^ use of undeclared type `Api`
[INFO] [stdout]   |
[INFO] [stdout] help: consider importing this struct
[INFO] [stdout]   |
[INFO] [stdout] 1 | use pw_telegram_bot_fork::Api;
[INFO] [stdout]   |
[INFO] [stdout] 
[INFO] [stdout] 
[INFO] [stdout] error[E0433]: failed to resolve: use of undeclared type `UpdateKind`
[INFO] [stdout]   --> examples/simple.rs:16:16
[INFO] [stdout]    |
[INFO] [stdout] 16 |         if let UpdateKind::Message(message) = update.kind {
[INFO] [stdout]    |                ^^^^^^^^^^ use of undeclared type `UpdateKind`
[INFO] [stdout] 
[INFO] [stdout] 
[INFO] [stdout] error[E0581]: return type references lifetime `'p`, which is not constrained by the fn input types
[INFO] [stdout]   --> examples/poll.rs:19:74
[INFO] [stdout]    |
[INFO] [stdout] 19 | async fn send_and_stop_poll<'p>(api: Api, poll: SendPoll<'p, 'p, 'p>) -> Result<(), Error> {
[INFO] [stdout]    |                                                                          ^^^^^^^^^^^^^^^^^
[INFO] [stdout] 
[INFO] [stdout] 
[INFO] [stdout] error: aborting due to 3 previous errors
[INFO] [stdout] 
[INFO] [stdout] 
[INFO] [stdout] Some errors have detailed explanations: E0432, E0433, E0581.
[INFO] [stdout] 
[INFO] [stdout] For more information about an error, try `rustc --explain E0432`.
[INFO] [stdout] 
[INFO] [stdout] error[E0433]: failed to resolve: use of undeclared type `MessageKind`
[INFO] [stdout]   --> examples/simple.rs:17:20
[INFO] [stdout]    |
[INFO] [stdout] 17 |             if let MessageKind::Text { ref data, .. } = message.kind {
[INFO] [stdout]    |                    ^^^^^^^^^^^ use of undeclared type `MessageKind`
[INFO] [stdout] 
[INFO] [stdout] 
[INFO] [stdout] error[E0412]: cannot find type `Error` in this scope
[INFO] [stdout]  --> examples/simple.rs:7:31
[INFO] [stdout]   |
[INFO] [stdout] 7 | async fn main() -> Result<(), Error> {
[INFO] [stdout]   |                               ^^^^^ not found in this scope
[INFO] [stdout]   |
[INFO] [stdout] help: consider importing one of these items
[INFO] [stdout]   |
[INFO] [stdout] 1 | use core::error::Error;
[INFO] [stdout]   |
[INFO] [stdout] 1 | use core::fmt::Error;
[INFO] [stdout]   |
[INFO] [stdout] 1 | use futures::io::Error;
[INFO] [stdout]   |
[INFO] [stdout] 1 | use hyper::Error;
[INFO] [stdout]   |
[INFO] [stdout]     and 9 other candidates
[INFO] [stdout] 
[INFO] [stdout] 
[INFO] [stdout] error[E0433]: failed to resolve: use of undeclared type `Api`
[INFO] [stdout]  --> examples/simple.rs:9:15
[INFO] [stdout]   |
[INFO] [stdout] 9 |     let api = Api::new(token);
[INFO] [stdout]   |               ^^^ use of undeclared type `Api`
[INFO] [stdout]   |
[INFO] [stdout] help: consider importing this struct
[INFO] [stdout]   |
[INFO] [stdout] 1 | use pw_telegram_bot_fork::Api;
[INFO] [stdout]   |
[INFO] [stdout] 
[INFO] [stdout] 
[INFO] [stderr] error: could not compile `pw-telegram-bot-fork` due to 4 previous errors
[INFO] [stdout] warning: unused import: `futures::StreamExt`
[INFO] [stdout]  --> examples/tracing.rs:3:5
[INFO] [stdout]   |
[INFO] [stdout] 3 | use futures::StreamExt;
[INFO] [stdout]   |     ^^^^^^^^^^^^^^^^^^
[INFO] [stdout]   |
[INFO] [stdout]   = note: `#[warn(unused_imports)]` on by default
[INFO] [stdout] 
[INFO] [stdout] 
[INFO] [stdout] error[E0433]: failed to resolve: use of undeclared type `MessageKind`
[INFO] [stdout]  --> examples/pin.rs:7:12
[INFO] [stdout]   |
[INFO] [stdout] 7 |     if let MessageKind::Text { ref data, .. } = message.kind {
[INFO] [stdout]   |            ^^^^^^^^^^^ use of undeclared type `MessageKind`
[INFO] [stdout] 
[INFO] [stdout] 
[INFO] [stdout] error: aborting due to 5 previous errors; 1 warning emitted
[INFO] [stdout] 
[INFO] [stdout] 
[INFO] [stdout] error[E0433]: failed to resolve: use of undeclared type `UpdateKind`
[INFO] [stdout]   --> examples/pin.rs:32:16
[INFO] [stdout]    |
[INFO] [stdout] 32 |         if let UpdateKind::Message(message) = update.kind {
[INFO] [stdout]    |                ^^^^^^^^^^ use of undeclared type `UpdateKind`
[INFO] [stdout] 
[INFO] [stdout] 
[INFO] [stdout] Some errors have detailed explanations: E0412, E0432, E0433.
[INFO] [stdout] 
[INFO] [stdout] For more information about an error, try `rustc --explain E0412`.
[INFO] [stdout] 
[INFO] [stdout] error[E0412]: cannot find type `Api` in this scope
[INFO] [stdout]  --> examples/pin.rs:6:23
[INFO] [stdout]   |
[INFO] [stdout] 6 | async fn process(api: Api, message: Message) -> Result<(), Error> {
[INFO] [stdout]   |                       ^^^ not found in this scope
[INFO] [stdout]   |
[INFO] [stdout] help: consider importing this struct
[INFO] [stdout]   |
[INFO] [stdout] 1 | use pw_telegram_bot_fork::Api;
[INFO] [stdout]   |
[INFO] [stdout] 
[INFO] [stdout] 
[INFO] [stdout] error[E0412]: cannot find type `Message` in this scope
[INFO] [stdout]  --> examples/pin.rs:6:37
[INFO] [stdout]   |
[INFO] [stdout] 6 | async fn process(api: Api, message: Message) -> Result<(), Error> {
[INFO] [stdout]   |                                     ^^^^^^^ not found in this scope
[INFO] [stdout]   |
[INFO] [stdout] help: consider importing one of these items
[INFO] [stdout]   |
[INFO] [stdout] 1 | use pw_telegram_bot_fork::Message;
[INFO] [stdout]   |
[INFO] [stdout] 1 | use pw_telegram_bot_raw_fork::Message;
[INFO] [stdout]   |
[INFO] [stdout] 
[INFO] [stdout] 
[INFO] [stdout] error[E0412]: cannot find type `Error` in this scope
[INFO] [stdout]  --> examples/pin.rs:6:60
[INFO] [stdout]   |
[INFO] [stdout] 6 | async fn process(api: Api, message: Message) -> Result<(), Error> {
[INFO] [stdout]   |                                                            ^^^^^ not found in this scope
[INFO] [stdout]   |
[INFO] [stdout] help: consider importing one of these items
[INFO] [stdout]   |
[INFO] [stdout] 1 | use core::error::Error;
[INFO] [stdout]   |
[INFO] [stdout] 1 | use core::fmt::Error;
[INFO] [stdout]   |
[INFO] [stdout] 1 | use futures::io::Error;
[INFO] [stdout]   |
[INFO] [stdout] 1 | use hyper::Error;
[INFO] [stdout]   |
[INFO] [stdout]     and 9 other candidates
[INFO] [stdout] 
[INFO] [stdout] 
[INFO] [stdout] warning: unused import: `futures::StreamExt`
[INFO] [stdout]  --> examples/simple.rs:3:5
[INFO] [stdout]   |
[INFO] [stdout] 3 | use futures::StreamExt;
[INFO] [stdout]   |     ^^^^^^^^^^^^^^^^^^
[INFO] [stdout]   |
[INFO] [stdout]   = note: `#[warn(unused_imports)]` on by default
[INFO] [stdout] 
[INFO] [stdout] 
[INFO] [stdout] error[E0412]: cannot find type `Error` in this scope
[INFO] [stdout]   --> examples/pin.rs:23:31
[INFO] [stdout]    |
[INFO] [stdout] 23 | async fn main() -> Result<(), Error> {
[INFO] [stdout]    |                               ^^^^^ not found in this scope
[INFO] [stdout]    |
[INFO] [stdout] help: consider importing one of these items
[INFO] [stdout]    |
[INFO] [stdout] 1  | use core::error::Error;
[INFO] [stdout]    |
[INFO] [stdout] 1  | use core::fmt::Error;
[INFO] [stdout]    |
[INFO] [stdout] 1  | use futures::io::Error;
[INFO] [stdout]    |
[INFO] [stdout] 1  | use hyper::Error;
[INFO] [stdout]    |
[INFO] [stdout]      and 9 other candidates
[INFO] [stdout] 
[INFO] [stdout] 
[INFO] [stdout] error[E0433]: failed to resolve: use of undeclared type `Api`
[INFO] [stdout]   --> examples/pin.rs:26:15
[INFO] [stdout]    |
[INFO] [stdout] 26 |     let api = Api::new(token);
[INFO] [stdout]    |               ^^^ use of undeclared type `Api`
[INFO] [stdout]    |
[INFO] [stdout] help: consider importing this struct
[INFO] [stdout]    |
[INFO] [stdout] 1  | use pw_telegram_bot_fork::Api;
[INFO] [stdout]    |
[INFO] [stdout] 
[INFO] [stdout] 
[INFO] [stdout] error: aborting due to 5 previous errors; 1 warning emitted
[INFO] [stdout] 
[INFO] [stdout] 
[INFO] [stdout] Some errors have detailed explanations: E0412, E0432, E0433.
[INFO] [stdout] 
[INFO] [stdout] For more information about an error, try `rustc --explain E0412`.
[INFO] [stdout] 
[INFO] [stderr] error: could not compile `pw-telegram-bot-fork` due to 6 previous errors; 1 warning emitted
[INFO] [stdout] error[E0433]: failed to resolve: use of undeclared type `UpdateKind`
[INFO] [stdout]   --> examples/live_location.rs:36:16
[INFO] [stdout]    |
[INFO] [stdout] 36 |         if let UpdateKind::Message(message) = update.kind {
[INFO] [stdout]    |                ^^^^^^^^^^ use of undeclared type `UpdateKind`
[INFO] [stdout] 
[INFO] [stdout] 
[INFO] [stdout] error[E0433]: failed to resolve: use of undeclared type `MessageKind`
[INFO] [stdout]   --> examples/live_location.rs:37:20
[INFO] [stdout]    |
[INFO] [stdout] 37 |             if let MessageKind::Text { ref data, .. } = message.kind {
[INFO] [stdout]    |                    ^^^^^^^^^^^ use of undeclared type `MessageKind`
[INFO] [stdout] 
[INFO] [stdout] 
[INFO] [stdout] error[E0412]: cannot find type `Api` in this scope
[INFO] [stdout]   --> examples/live_location.rs:10:20
[INFO] [stdout]    |
[INFO] [stdout] 10 | async fn test(api: Api, message: Message) -> Result<(), Error> {
[INFO] [stdout]    |                    ^^^ not found in this scope
[INFO] [stdout]    |
[INFO] [stdout] help: consider importing this struct
[INFO] [stdout]    |
[INFO] [stdout] 1  | use pw_telegram_bot_fork::Api;
[INFO] [stdout]    |
[INFO] [stdout] 
[INFO] [stdout] 
[INFO] [stdout] error[E0412]: cannot find type `Message` in this scope
[INFO] [stdout]   --> examples/live_location.rs:10:34
[INFO] [stdout]    |
[INFO] [stdout] 10 | async fn test(api: Api, message: Message) -> Result<(), Error> {
[INFO] [stdout]    |                                  ^^^^^^^ not found in this scope
[INFO] [stdout]    |
[INFO] [stdout] help: consider importing one of these items
[INFO] [stdout]    |
[INFO] [stdout] 1  | use pw_telegram_bot_fork::Message;
[INFO] [stdout]    |
[INFO] [stdout] 1  | use pw_telegram_bot_raw_fork::Message;
[INFO] [stdout]    |
[INFO] [stdout] 
[INFO] [stdout] 
[INFO] [stdout] error[E0412]: cannot find type `Error` in this scope
[INFO] [stdout]   --> examples/live_location.rs:10:57
[INFO] [stdout]    |
[INFO] [stdout] 10 | async fn test(api: Api, message: Message) -> Result<(), Error> {
[INFO] [stdout]    |                                                         ^^^^^ not found in this scope
[INFO] [stdout]    |
[INFO] [stdout] help: consider importing one of these items
[INFO] [stdout]    |
[INFO] [stdout] 1  | use core::error::Error;
[INFO] [stdout]    |
[INFO] [stdout] 1  | use core::fmt::Error;
[INFO] [stdout]    |
[INFO] [stdout] 1  | use futures::io::Error;
[INFO] [stdout]    |
[INFO] [stdout] 1  | use hyper::Error;
[INFO] [stdout]    |
[INFO] [stdout]      and 9 other candidates
[INFO] [stdout] 
[INFO] [stdout] 
[INFO] [stdout] error[E0412]: cannot find type `Error` in this scope
[INFO] [stdout]   --> examples/live_location.rs:28:31
[INFO] [stdout]    |
[INFO] [stdout] 28 | async fn main() -> Result<(), Error> {
[INFO] [stdout]    |                               ^^^^^ not found in this scope
[INFO] [stdout]    |
[INFO] [stdout] help: consider importing one of these items
[INFO] [stdout]    |
[INFO] [stdout] 1  | use core::error::Error;
[INFO] [stdout]    |
[INFO] [stdout] 1  | use core::fmt::Error;
[INFO] [stdout]    |
[INFO] [stdout] 1  | use futures::io::Error;
[INFO] [stdout]    |
[INFO] [stdout] 1  | use hyper::Error;
[INFO] [stdout]    |
[INFO] [stdout]      and 9 other candidates
[INFO] [stdout] 
[INFO] [stdout] 
[INFO] [stdout] error[E0433]: failed to resolve: use of undeclared type `Api`
[INFO] [stdout]   --> examples/live_location.rs:31:15
[INFO] [stdout]    |
[INFO] [stdout] 31 |     let api = Api::new(token);
[INFO] [stdout]    |               ^^^ use of undeclared type `Api`
[INFO] [stdout]    |
[INFO] [stdout] help: consider importing this struct
[INFO] [stdout]    |
[INFO] [stdout] 1  | use pw_telegram_bot_fork::Api;
[INFO] [stdout]    |
[INFO] [stdout] 
[INFO] [stdout] 
[INFO] [stderr] error: could not compile `pw-telegram-bot-fork` due to 6 previous errors; 1 warning emitted
[INFO] [stdout] warning: unused import: `futures::StreamExt`
[INFO] [stdout]  --> examples/pin.rs:3:5
[INFO] [stdout]   |
[INFO] [stdout] 3 | use futures::StreamExt;
[INFO] [stdout]   |     ^^^^^^^^^^^^^^^^^^
[INFO] [stdout]   |
[INFO] [stdout]   = note: `#[warn(unused_imports)]` on by default
[INFO] [stdout] 
[INFO] [stdout] 
[INFO] [stdout] error: aborting due to 8 previous errors; 1 warning emitted
[INFO] [stdout] 
[INFO] [stdout] 
[INFO] [stdout] Some errors have detailed explanations: E0412, E0432, E0433.
[INFO] [stdout] 
[INFO] [stdout] For more information about an error, try `rustc --explain E0412`.
[INFO] [stdout] 
[INFO] [stdout] warning: unused import: `futures::StreamExt`
[INFO] [stdout]  --> examples/live_location.rs:4:5
[INFO] [stdout]   |
[INFO] [stdout] 4 | use futures::StreamExt;
[INFO] [stdout]   |     ^^^^^^^^^^^^^^^^^^
[INFO] [stdout]   |
[INFO] [stdout]   = note: `#[warn(unused_imports)]` on by default
[INFO] [stdout] 
[INFO] [stdout] 
[INFO] [stdout] error: aborting due to 8 previous errors; 1 warning emitted
[INFO] [stdout] 
[INFO] [stdout] 
[INFO] [stdout] Some errors have detailed explanations: E0412, E0432, E0433.
[INFO] [stdout] 
[INFO] [stdout] For more information about an error, try `rustc --explain E0412`.
[INFO] [stdout] 
[INFO] [stderr] error: could not compile `pw-telegram-bot-fork` due to 9 previous errors; 1 warning emitted
[INFO] [stderr] error: could not compile `pw-telegram-bot-fork` due to 9 previous errors; 1 warning emitted
[INFO] running `Command { std: "docker" "inspect" "31f61fe57d144d2421bdb294d975d6a30374dfcfdfa04a590b3ed373278786e3", kill_on_drop: false }`
[INFO] running `Command { std: "docker" "rm" "-f" "31f61fe57d144d2421bdb294d975d6a30374dfcfdfa04a590b3ed373278786e3", kill_on_drop: false }`
[INFO] [stdout] 31f61fe57d144d2421bdb294d975d6a30374dfcfdfa04a590b3ed373278786e3
