[INFO] fetching crate psx 0.1.6...
[INFO] testing psx-0.1.6 against 1.69.0 for beta-1.70-1
[INFO] extracting crate psx 0.1.6 into /workspace/builds/worker-6-tc1/source
[INFO] validating manifest of crates.io crate psx 0.1.6 on toolchain 1.69.0
[INFO] running `Command { std: CARGO_HOME="/workspace/cargo-home" RUSTUP_HOME="/workspace/rustup-home" "/workspace/cargo-home/bin/cargo" "+1.69.0" "metadata" "--manifest-path" "Cargo.toml" "--no-deps", kill_on_drop: false }`
[INFO] removed /workspace/builds/worker-6-tc1/source/.cargo/config.toml
[INFO] started tweaking crates.io crate psx 0.1.6
[INFO] finished tweaking crates.io crate psx 0.1.6
[INFO] tweaked toml for crates.io crate psx 0.1.6 written to /workspace/builds/worker-6-tc1/source/Cargo.toml
[INFO] running `Command { std: CARGO_HOME="/workspace/cargo-home" RUSTUP_HOME="/workspace/rustup-home" __CARGO_TEST_CHANNEL_OVERRIDE_DO_NOT_USE_THIS="nightly" "/workspace/cargo-home/bin/cargo" "+1.69.0" "generate-lockfile" "--manifest-path" "Cargo.toml" "-Zno-index-update", kill_on_drop: false }`
[INFO] running `Command { std: CARGO_HOME="/workspace/cargo-home" RUSTUP_HOME="/workspace/rustup-home" "/workspace/cargo-home/bin/cargo" "+1.69.0" "fetch" "--manifest-path" "Cargo.toml", kill_on_drop: false }`
[INFO] running `Command { std: "docker" "create" "-v" "/var/lib/crater-agent-workspace/builds/worker-6-tc1/target:/opt/rustwide/target:rw,Z" "-v" "/var/lib/crater-agent-workspace/builds/worker-6-tc1/source:/opt/rustwide/workdir:ro,Z" "-v" "/var/lib/crater-agent-workspace/cargo-home:/opt/rustwide/cargo-home:ro,Z" "-v" "/var/lib/crater-agent-workspace/rustup-home:/opt/rustwide/rustup-home:ro,Z" "-e" "SOURCE_DIR=/opt/rustwide/workdir" "-e" "CARGO_TARGET_DIR=/opt/rustwide/target" "-e" "CARGO_HOME=/opt/rustwide/cargo-home" "-e" "RUSTUP_HOME=/opt/rustwide/rustup-home" "-w" "/opt/rustwide/workdir" "-m" "1610612736" "--user" "0:0" "--network" "none" "ghcr.io/rust-lang/crates-build-env/linux@sha256:5ff2268d62e97bff2cde7d5815dd6ed5b47097566f13b8d0ca110b04b60e07ed" "/opt/rustwide/cargo-home/bin/cargo" "+1.69.0" "metadata" "--no-deps" "--format-version=1", kill_on_drop: false }`
[INFO] [stdout] 84e313aa9a901f047fce197a519fdab2770bc6086e6860b56e068cca9bde7ff2
[INFO] running `Command { std: "docker" "start" "-a" "84e313aa9a901f047fce197a519fdab2770bc6086e6860b56e068cca9bde7ff2", kill_on_drop: false }`
[INFO] running `Command { std: "docker" "inspect" "84e313aa9a901f047fce197a519fdab2770bc6086e6860b56e068cca9bde7ff2", kill_on_drop: false }`
[INFO] running `Command { std: "docker" "rm" "-f" "84e313aa9a901f047fce197a519fdab2770bc6086e6860b56e068cca9bde7ff2", kill_on_drop: false }`
[INFO] [stdout] 84e313aa9a901f047fce197a519fdab2770bc6086e6860b56e068cca9bde7ff2
[INFO] running `Command { std: "docker" "create" "-v" "/var/lib/crater-agent-workspace/builds/worker-6-tc1/target:/opt/rustwide/target:rw,Z" "-v" "/var/lib/crater-agent-workspace/builds/worker-6-tc1/source:/opt/rustwide/workdir:ro,Z" "-v" "/var/lib/crater-agent-workspace/cargo-home:/opt/rustwide/cargo-home:ro,Z" "-v" "/var/lib/crater-agent-workspace/rustup-home:/opt/rustwide/rustup-home:ro,Z" "-e" "SOURCE_DIR=/opt/rustwide/workdir" "-e" "CARGO_TARGET_DIR=/opt/rustwide/target" "-e" "CARGO_INCREMENTAL=0" "-e" "RUST_BACKTRACE=full" "-e" "RUSTFLAGS=--cap-lints=warn" "-e" "RUSTDOCFLAGS=--cap-lints=warn" "-e" "CARGO_HOME=/opt/rustwide/cargo-home" "-e" "RUSTUP_HOME=/opt/rustwide/rustup-home" "-w" "/opt/rustwide/workdir" "-m" "1610612736" "--user" "0:0" "--network" "none" "ghcr.io/rust-lang/crates-build-env/linux@sha256:5ff2268d62e97bff2cde7d5815dd6ed5b47097566f13b8d0ca110b04b60e07ed" "/opt/rustwide/cargo-home/bin/cargo" "+1.69.0" "build" "--frozen" "--message-format=json", kill_on_drop: false }`
[INFO] [stdout] 5ecbfd1a96e6f600adfd715453e54dd86685f63a050f692df3fb292a55713259
[INFO] running `Command { std: "docker" "start" "-a" "5ecbfd1a96e6f600adfd715453e54dd86685f63a050f692df3fb292a55713259", kill_on_drop: false }`
[INFO] [stderr]    Compiling psx v0.1.6 (/opt/rustwide/workdir)
[INFO] [stdout] error[E0554]: `#![feature]` may not be used on the stable release channel
[INFO] [stdout]   --> src/lib.rs:31:1
[INFO] [stdout]    |
[INFO] [stdout] 31 | #![feature(bench_black_box)]
[INFO] [stdout]    | ^^^^^^^^^^^^^^^^^^^^^^^^^^^^
[INFO] [stdout] 
[INFO] [stdout] 
[INFO] [stdout] error[E0554]: `#![feature]` may not be used on the stable release channel
[INFO] [stdout]   --> src/lib.rs:33:1
[INFO] [stdout]    |
[INFO] [stdout] 33 | #![feature(core_c_str)]
[INFO] [stdout]    | ^^^^^^^^^^^^^^^^^^^^^^^
[INFO] [stdout] 
[INFO] [stdout] 
[INFO] [stdout] error[E0554]: `#![feature]` may not be used on the stable release channel
[INFO] [stdout]   --> src/lib.rs:35:1
[INFO] [stdout]    |
[INFO] [stdout] 35 | / #![feature(
[INFO] [stdout] 36 | |     maybe_uninit_uninit_array,
[INFO] [stdout] 37 | |     maybe_uninit_slice,
[INFO] [stdout] 38 | |     maybe_uninit_write_slice
[INFO] [stdout] 39 | | )]
[INFO] [stdout]    | |__^
[INFO] [stdout] 
[INFO] [stdout] 
[INFO] [stdout] error[E0554]: `#![feature]` may not be used on the stable release channel
[INFO] [stdout]   --> src/lib.rs:41:1
[INFO] [stdout]    |
[INFO] [stdout] 41 | #![feature(min_specialization)]
[INFO] [stdout]    | ^^^^^^^^^^^^^^^^^^^^^^^^^^^^^^^
[INFO] [stdout] 
[INFO] [stdout] 
[INFO] [stdout] error[E0554]: `#![feature]` may not be used on the stable release channel
[INFO] [stdout]   --> src/lib.rs:43:1
[INFO] [stdout]    |
[INFO] [stdout] 43 | #![feature(panic_info_message)]
[INFO] [stdout]    | ^^^^^^^^^^^^^^^^^^^^^^^^^^^^^^^
[INFO] [stdout] 
[INFO] [stdout] 
[INFO] [stdout] error[E0554]: `#![feature]` may not be used on the stable release channel
[INFO] [stdout]   --> src/lib.rs:45:1
[INFO] [stdout]    |
[INFO] [stdout] 45 | #![feature(asm_experimental_arch)]
[INFO] [stdout]    | ^^^^^^^^^^^^^^^^^^^^^^^^^^^^^^^^^^
[INFO] [stdout] 
[INFO] [stdout] 
[INFO] [stdout] error[E0554]: `#![feature]` may not be used on the stable release channel
[INFO] [stdout]   --> src/lib.rs:47:1
[INFO] [stdout]    |
[INFO] [stdout] 47 | #![feature(never_type)]
[INFO] [stdout]    | ^^^^^^^^^^^^^^^^^^^^^^^
[INFO] [stdout] 
[INFO] [stdout] 
[INFO] [stdout] error[E0554]: `#![feature]` may not be used on the stable release channel
[INFO] [stdout]   --> src/lib.rs:49:1
[INFO] [stdout]    |
[INFO] [stdout] 49 | #![feature(alloc_error_handler)]
[INFO] [stdout]    | ^^^^^^^^^^^^^^^^^^^^^^^^^^^^^^^^
[INFO] [stdout] 
[INFO] [stdout] 
[INFO] [stdout] error[E0554]: `#![feature]` may not be used on the stable release channel
[INFO] [stdout]   --> src/lib.rs:51:1
[INFO] [stdout]    |
[INFO] [stdout] 51 | #![feature(variant_count)]
[INFO] [stdout]    | ^^^^^^^^^^^^^^^^^^^^^^^^^^
[INFO] [stdout] 
[INFO] [stdout] 
[INFO] [stdout] error[E0554]: `#![feature]` may not be used on the stable release channel
[INFO] [stdout]   --> src/lib.rs:53:1
[INFO] [stdout]    |
[INFO] [stdout] 53 | #![feature(custom_test_frameworks)]
[INFO] [stdout]    | ^^^^^^^^^^^^^^^^^^^^^^^^^^^^^^^^^^^
[INFO] [stdout] 
[INFO] [stdout] 
[INFO] [stdout] error: invalid register `$2`: unknown register
[INFO] [stdout]   --> src/hw/cop.rs:37:25
[INFO] [stdout]    |
[INFO] [stdout] 37 |                           out("$2") self.value
[INFO] [stdout]    |                           ^^^^^^^^^^^^^^^^^^^^
[INFO] [stdout]    |
[INFO] [stdout]   ::: src/hw/cop0/mod.rs:33:1
[INFO] [stdout]    |
[INFO] [stdout] 33 | / define_cop! {
[INFO] [stdout] 34 | |     /// Breakpoint on execute register
[INFO] [stdout] 35 | |     BPC<u32>; COP: 0; R: 3,
[INFO] [stdout] 36 | |     /// Breakpoint on data access register
[INFO] [stdout] ...  |
[INFO] [stdout] 53 | |     PRID<u32>; COP: 0; R: 15,
[INFO] [stdout] 54 | | }
[INFO] [stdout]    | |_- in this macro invocation
[INFO] [stdout]    |
[INFO] [stdout]    = note: this error originates in the macro `define_cop` (in Nightly builds, run with -Z macro-backtrace for more info)
[INFO] [stdout] 
[INFO] [stdout] 
[INFO] [stdout] error: invalid register `$2`: unknown register
[INFO] [stdout]   --> src/hw/cop.rs:46:71
[INFO] [stdout]    |
[INFO] [stdout] 46 |                           concat!($cop_ty, "tc", $cop, " $2, $", $reg), in("$2") self.value
[INFO] [stdout]    |                                                                         ^^^^^^^^^^^^^^^^^^^
[INFO] [stdout]    |
[INFO] [stdout]   ::: src/hw/cop0/mod.rs:33:1
[INFO] [stdout]    |
[INFO] [stdout] 33 | / define_cop! {
[INFO] [stdout] 34 | |     /// Breakpoint on execute register
[INFO] [stdout] 35 | |     BPC<u32>; COP: 0; R: 3,
[INFO] [stdout] 36 | |     /// Breakpoint on data access register
[INFO] [stdout] ...  |
[INFO] [stdout] 53 | |     PRID<u32>; COP: 0; R: 15,
[INFO] [stdout] 54 | | }
[INFO] [stdout]    | |_- in this macro invocation
[INFO] [stdout]    |
[INFO] [stdout]    = note: this error originates in the macro `define_cop` (in Nightly builds, run with -Z macro-backtrace for more info)
[INFO] [stdout] 
[INFO] [stdout] 
[INFO] [stdout] error: invalid register `$2`: unknown register
[INFO] [stdout]   --> src/hw/cop.rs:37:25
[INFO] [stdout]    |
[INFO] [stdout] 37 |                           out("$2") self.value
[INFO] [stdout]    |                           ^^^^^^^^^^^^^^^^^^^^
[INFO] [stdout]    |
[INFO] [stdout]   ::: src/hw/cop0/mod.rs:33:1
[INFO] [stdout]    |
[INFO] [stdout] 33 | / define_cop! {
[INFO] [stdout] 34 | |     /// Breakpoint on execute register
[INFO] [stdout] 35 | |     BPC<u32>; COP: 0; R: 3,
[INFO] [stdout] 36 | |     /// Breakpoint on data access register
[INFO] [stdout] ...  |
[INFO] [stdout] 53 | |     PRID<u32>; COP: 0; R: 15,
[INFO] [stdout] 54 | | }
[INFO] [stdout]    | |_- in this macro invocation
[INFO] [stdout]    |
[INFO] [stdout]    = note: this error originates in the macro `define_cop` (in Nightly builds, run with -Z macro-backtrace for more info)
[INFO] [stdout] 
[INFO] [stdout] 
[INFO] [stdout] error: invalid register `$2`: unknown register
[INFO] [stdout]   --> src/hw/cop.rs:46:71
[INFO] [stdout]    |
[INFO] [stdout] 46 |                           concat!($cop_ty, "tc", $cop, " $2, $", $reg), in("$2") self.value
[INFO] [stdout]    |                                                                         ^^^^^^^^^^^^^^^^^^^
[INFO] [stdout]    |
[INFO] [stdout]   ::: src/hw/cop0/mod.rs:33:1
[INFO] [stdout]    |
[INFO] [stdout] 33 | / define_cop! {
[INFO] [stdout] 34 | |     /// Breakpoint on execute register
[INFO] [stdout] 35 | |     BPC<u32>; COP: 0; R: 3,
[INFO] [stdout] 36 | |     /// Breakpoint on data access register
[INFO] [stdout] ...  |
[INFO] [stdout] 53 | |     PRID<u32>; COP: 0; R: 15,
[INFO] [stdout] 54 | | }
[INFO] [stdout]    | |_- in this macro invocation
[INFO] [stdout]    |
[INFO] [stdout]    = note: this error originates in the macro `define_cop` (in Nightly builds, run with -Z macro-backtrace for more info)
[INFO] [stdout] 
[INFO] [stdout] 
[INFO] [stdout] error: invalid register `$2`: unknown register
[INFO] [stdout]   --> src/hw/cop.rs:37:25
[INFO] [stdout]    |
[INFO] [stdout] 37 |                           out("$2") self.value
[INFO] [stdout]    |                           ^^^^^^^^^^^^^^^^^^^^
[INFO] [stdout]    |
[INFO] [stdout]   ::: src/hw/cop0/mod.rs:33:1
[INFO] [stdout]    |
[INFO] [stdout] 33 | / define_cop! {
[INFO] [stdout] 34 | |     /// Breakpoint on execute register
[INFO] [stdout] 35 | |     BPC<u32>; COP: 0; R: 3,
[INFO] [stdout] 36 | |     /// Breakpoint on data access register
[INFO] [stdout] ...  |
[INFO] [stdout] 53 | |     PRID<u32>; COP: 0; R: 15,
[INFO] [stdout] 54 | | }
[INFO] [stdout]    | |_- in this macro invocation
[INFO] [stdout]    |
[INFO] [stdout]    = note: this error originates in the macro `define_cop` (in Nightly builds, run with -Z macro-backtrace for more info)
[INFO] [stdout] 
[INFO] [stdout] 
[INFO] [stdout] error: invalid register `$2`: unknown register
[INFO] [stdout]   --> src/hw/cop.rs:46:71
[INFO] [stdout]    |
[INFO] [stdout] 46 |                           concat!($cop_ty, "tc", $cop, " $2, $", $reg), in("$2") self.value
[INFO] [stdout]    |                                                                         ^^^^^^^^^^^^^^^^^^^
[INFO] [stdout]    |
[INFO] [stdout]   ::: src/hw/cop0/mod.rs:33:1
[INFO] [stdout]    |
[INFO] [stdout] 33 | / define_cop! {
[INFO] [stdout] 34 | |     /// Breakpoint on execute register
[INFO] [stdout] 35 | |     BPC<u32>; COP: 0; R: 3,
[INFO] [stdout] 36 | |     /// Breakpoint on data access register
[INFO] [stdout] ...  |
[INFO] [stdout] 53 | |     PRID<u32>; COP: 0; R: 15,
[INFO] [stdout] 54 | | }
[INFO] [stdout]    | |_- in this macro invocation
[INFO] [stdout]    |
[INFO] [stdout]    = note: this error originates in the macro `define_cop` (in Nightly builds, run with -Z macro-backtrace for more info)
[INFO] [stdout] 
[INFO] [stdout] 
[INFO] [stdout] error: invalid register `$2`: unknown register
[INFO] [stdout]   --> src/hw/cop.rs:37:25
[INFO] [stdout]    |
[INFO] [stdout] 37 |                           out("$2") self.value
[INFO] [stdout]    |                           ^^^^^^^^^^^^^^^^^^^^
[INFO] [stdout]    |
[INFO] [stdout]   ::: src/hw/cop0/mod.rs:33:1
[INFO] [stdout]    |
[INFO] [stdout] 33 | / define_cop! {
[INFO] [stdout] 34 | |     /// Breakpoint on execute register
[INFO] [stdout] 35 | |     BPC<u32>; COP: 0; R: 3,
[INFO] [stdout] 36 | |     /// Breakpoint on data access register
[INFO] [stdout] ...  |
[INFO] [stdout] 53 | |     PRID<u32>; COP: 0; R: 15,
[INFO] [stdout] 54 | | }
[INFO] [stdout]    | |_- in this macro invocation
[INFO] [stdout]    |
[INFO] [stdout]    = note: this error originates in the macro `define_cop` (in Nightly builds, run with -Z macro-backtrace for more info)
[INFO] [stdout] 
[INFO] [stdout] 
[INFO] [stdout] error: invalid register `$2`: unknown register
[INFO] [stdout]   --> src/hw/cop.rs:46:71
[INFO] [stdout]    |
[INFO] [stdout] 46 |                           concat!($cop_ty, "tc", $cop, " $2, $", $reg), in("$2") self.value
[INFO] [stdout]    |                                                                         ^^^^^^^^^^^^^^^^^^^
[INFO] [stdout]    |
[INFO] [stdout]   ::: src/hw/cop0/mod.rs:33:1
[INFO] [stdout]    |
[INFO] [stdout] 33 | / define_cop! {
[INFO] [stdout] 34 | |     /// Breakpoint on execute register
[INFO] [stdout] 35 | |     BPC<u32>; COP: 0; R: 3,
[INFO] [stdout] 36 | |     /// Breakpoint on data access register
[INFO] [stdout] ...  |
[INFO] [stdout] 53 | |     PRID<u32>; COP: 0; R: 15,
[INFO] [stdout] 54 | | }
[INFO] [stdout]    | |_- in this macro invocation
[INFO] [stdout]    |
[INFO] [stdout]    = note: this error originates in the macro `define_cop` (in Nightly builds, run with -Z macro-backtrace for more info)
[INFO] [stdout] 
[INFO] [stdout] 
[INFO] [stdout] error: invalid register `$2`: unknown register
[INFO] [stdout]   --> src/hw/cop.rs:37:25
[INFO] [stdout]    |
[INFO] [stdout] 37 |                           out("$2") self.value
[INFO] [stdout]    |                           ^^^^^^^^^^^^^^^^^^^^
[INFO] [stdout]    |
[INFO] [stdout]   ::: src/hw/cop0/mod.rs:33:1
[INFO] [stdout]    |
[INFO] [stdout] 33 | / define_cop! {
[INFO] [stdout] 34 | |     /// Breakpoint on execute register
[INFO] [stdout] 35 | |     BPC<u32>; COP: 0; R: 3,
[INFO] [stdout] 36 | |     /// Breakpoint on data access register
[INFO] [stdout] ...  |
[INFO] [stdout] 53 | |     PRID<u32>; COP: 0; R: 15,
[INFO] [stdout] 54 | | }
[INFO] [stdout]    | |_- in this macro invocation
[INFO] [stdout]    |
[INFO] [stdout]    = note: this error originates in the macro `define_cop` (in Nightly builds, run with -Z macro-backtrace for more info)
[INFO] [stdout] 
[INFO] [stdout] 
[INFO] [stdout] error: invalid register `$2`: unknown register
[INFO] [stdout]   --> src/hw/cop.rs:46:71
[INFO] [stdout]    |
[INFO] [stdout] 46 |                           concat!($cop_ty, "tc", $cop, " $2, $", $reg), in("$2") self.value
[INFO] [stdout]    |                                                                         ^^^^^^^^^^^^^^^^^^^
[INFO] [stdout]    |
[INFO] [stdout]   ::: src/hw/cop0/mod.rs:33:1
[INFO] [stdout]    |
[INFO] [stdout] 33 | / define_cop! {
[INFO] [stdout] 34 | |     /// Breakpoint on execute register
[INFO] [stdout] 35 | |     BPC<u32>; COP: 0; R: 3,
[INFO] [stdout] 36 | |     /// Breakpoint on data access register
[INFO] [stdout] ...  |
[INFO] [stdout] 53 | |     PRID<u32>; COP: 0; R: 15,
[INFO] [stdout] 54 | | }
[INFO] [stdout]    | |_- in this macro invocation
[INFO] [stdout]    |
[INFO] [stdout]    = note: this error originates in the macro `define_cop` (in Nightly builds, run with -Z macro-backtrace for more info)
[INFO] [stdout] 
[INFO] [stdout] 
[INFO] [stdout] error: invalid register `$2`: unknown register
[INFO] [stdout]   --> src/hw/cop.rs:37:25
[INFO] [stdout]    |
[INFO] [stdout] 37 |                           out("$2") self.value
[INFO] [stdout]    |                           ^^^^^^^^^^^^^^^^^^^^
[INFO] [stdout]    |
[INFO] [stdout]   ::: src/hw/cop0/mod.rs:33:1
[INFO] [stdout]    |
[INFO] [stdout] 33 | / define_cop! {
[INFO] [stdout] 34 | |     /// Breakpoint on execute register
[INFO] [stdout] 35 | |     BPC<u32>; COP: 0; R: 3,
[INFO] [stdout] 36 | |     /// Breakpoint on data access register
[INFO] [stdout] ...  |
[INFO] [stdout] 53 | |     PRID<u32>; COP: 0; R: 15,
[INFO] [stdout] 54 | | }
[INFO] [stdout]    | |_- in this macro invocation
[INFO] [stdout]    |
[INFO] [stdout]    = note: this error originates in the macro `define_cop` (in Nightly builds, run with -Z macro-backtrace for more info)
[INFO] [stdout] 
[INFO] [stdout] 
[INFO] [stdout] error: invalid register `$2`: unknown register
[INFO] [stdout]   --> src/hw/cop.rs:46:71
[INFO] [stdout]    |
[INFO] [stdout] 46 |                           concat!($cop_ty, "tc", $cop, " $2, $", $reg), in("$2") self.value
[INFO] [stdout]    |                                                                         ^^^^^^^^^^^^^^^^^^^
[INFO] [stdout]    |
[INFO] [stdout]   ::: src/hw/cop0/mod.rs:33:1
[INFO] [stdout]    |
[INFO] [stdout] 33 | / define_cop! {
[INFO] [stdout] 34 | |     /// Breakpoint on execute register
[INFO] [stdout] 35 | |     BPC<u32>; COP: 0; R: 3,
[INFO] [stdout] 36 | |     /// Breakpoint on data access register
[INFO] [stdout] ...  |
[INFO] [stdout] 53 | |     PRID<u32>; COP: 0; R: 15,
[INFO] [stdout] 54 | | }
[INFO] [stdout]    | |_- in this macro invocation
[INFO] [stdout]    |
[INFO] [stdout]    = note: this error originates in the macro `define_cop` (in Nightly builds, run with -Z macro-backtrace for more info)
[INFO] [stdout] 
[INFO] [stdout] 
[INFO] [stdout] error: invalid register `$2`: unknown register
[INFO] [stdout]   --> src/hw/cop.rs:37:25
[INFO] [stdout]    |
[INFO] [stdout] 37 |                           out("$2") self.value
[INFO] [stdout]    |                           ^^^^^^^^^^^^^^^^^^^^
[INFO] [stdout]    |
[INFO] [stdout]   ::: src/hw/cop0/mod.rs:33:1
[INFO] [stdout]    |
[INFO] [stdout] 33 | / define_cop! {
[INFO] [stdout] 34 | |     /// Breakpoint on execute register
[INFO] [stdout] 35 | |     BPC<u32>; COP: 0; R: 3,
[INFO] [stdout] 36 | |     /// Breakpoint on data access register
[INFO] [stdout] ...  |
[INFO] [stdout] 53 | |     PRID<u32>; COP: 0; R: 15,
[INFO] [stdout] 54 | | }
[INFO] [stdout]    | |_- in this macro invocation
[INFO] [stdout]    |
[INFO] [stdout]    = note: this error originates in the macro `define_cop` (in Nightly builds, run with -Z macro-backtrace for more info)
[INFO] [stdout] 
[INFO] [stdout] 
[INFO] [stdout] error: invalid register `$2`: unknown register
[INFO] [stdout]   --> src/hw/cop.rs:46:71
[INFO] [stdout]    |
[INFO] [stdout] 46 |                           concat!($cop_ty, "tc", $cop, " $2, $", $reg), in("$2") self.value
[INFO] [stdout]    |                                                                         ^^^^^^^^^^^^^^^^^^^
[INFO] [stdout]    |
[INFO] [stdout]   ::: src/hw/cop0/mod.rs:33:1
[INFO] [stdout]    |
[INFO] [stdout] 33 | / define_cop! {
[INFO] [stdout] 34 | |     /// Breakpoint on execute register
[INFO] [stdout] 35 | |     BPC<u32>; COP: 0; R: 3,
[INFO] [stdout] 36 | |     /// Breakpoint on data access register
[INFO] [stdout] ...  |
[INFO] [stdout] 53 | |     PRID<u32>; COP: 0; R: 15,
[INFO] [stdout] 54 | | }
[INFO] [stdout]    | |_- in this macro invocation
[INFO] [stdout]    |
[INFO] [stdout]    = note: this error originates in the macro `define_cop` (in Nightly builds, run with -Z macro-backtrace for more info)
[INFO] [stdout] 
[INFO] [stdout] 
[INFO] [stdout] error: invalid register `$2`: unknown register
[INFO] [stdout]   --> src/hw/cop.rs:37:25
[INFO] [stdout]    |
[INFO] [stdout] 37 |                           out("$2") self.value
[INFO] [stdout]    |                           ^^^^^^^^^^^^^^^^^^^^
[INFO] [stdout]    |
[INFO] [stdout]   ::: src/hw/cop0/mod.rs:33:1
[INFO] [stdout]    |
[INFO] [stdout] 33 | / define_cop! {
[INFO] [stdout] 34 | |     /// Breakpoint on execute register
[INFO] [stdout] 35 | |     BPC<u32>; COP: 0; R: 3,
[INFO] [stdout] 36 | |     /// Breakpoint on data access register
[INFO] [stdout] ...  |
[INFO] [stdout] 53 | |     PRID<u32>; COP: 0; R: 15,
[INFO] [stdout] 54 | | }
[INFO] [stdout]    | |_- in this macro invocation
[INFO] [stdout]    |
[INFO] [stdout]    = note: this error originates in the macro `define_cop` (in Nightly builds, run with -Z macro-backtrace for more info)
[INFO] [stdout] 
[INFO] [stdout] 
[INFO] [stdout] error: invalid register `$2`: unknown register
[INFO] [stdout]   --> src/hw/cop.rs:46:71
[INFO] [stdout]    |
[INFO] [stdout] 46 |                           concat!($cop_ty, "tc", $cop, " $2, $", $reg), in("$2") self.value
[INFO] [stdout]    |                                                                         ^^^^^^^^^^^^^^^^^^^
[INFO] [stdout]    |
[INFO] [stdout]   ::: src/hw/cop0/mod.rs:33:1
[INFO] [stdout]    |
[INFO] [stdout] 33 | / define_cop! {
[INFO] [stdout] 34 | |     /// Breakpoint on execute register
[INFO] [stdout] 35 | |     BPC<u32>; COP: 0; R: 3,
[INFO] [stdout] 36 | |     /// Breakpoint on data access register
[INFO] [stdout] ...  |
[INFO] [stdout] 53 | |     PRID<u32>; COP: 0; R: 15,
[INFO] [stdout] 54 | | }
[INFO] [stdout]    | |_- in this macro invocation
[INFO] [stdout]    |
[INFO] [stdout]    = note: this error originates in the macro `define_cop` (in Nightly builds, run with -Z macro-backtrace for more info)
[INFO] [stdout] 
[INFO] [stdout] 
[INFO] [stdout] error: invalid register `$2`: unknown register
[INFO] [stdout]   --> src/hw/cop.rs:37:25
[INFO] [stdout]    |
[INFO] [stdout] 37 |                           out("$2") self.value
[INFO] [stdout]    |                           ^^^^^^^^^^^^^^^^^^^^
[INFO] [stdout]    |
[INFO] [stdout]   ::: src/hw/cop0/mod.rs:33:1
[INFO] [stdout]    |
[INFO] [stdout] 33 | / define_cop! {
[INFO] [stdout] 34 | |     /// Breakpoint on execute register
[INFO] [stdout] 35 | |     BPC<u32>; COP: 0; R: 3,
[INFO] [stdout] 36 | |     /// Breakpoint on data access register
[INFO] [stdout] ...  |
[INFO] [stdout] 53 | |     PRID<u32>; COP: 0; R: 15,
[INFO] [stdout] 54 | | }
[INFO] [stdout]    | |_- in this macro invocation
[INFO] [stdout]    |
[INFO] [stdout]    = note: this error originates in the macro `define_cop` (in Nightly builds, run with -Z macro-backtrace for more info)
[INFO] [stdout] 
[INFO] [stdout] 
[INFO] [stdout] error: invalid register `$2`: unknown register
[INFO] [stdout]   --> src/hw/cop.rs:46:71
[INFO] [stdout]    |
[INFO] [stdout] 46 |                           concat!($cop_ty, "tc", $cop, " $2, $", $reg), in("$2") self.value
[INFO] [stdout]    |                                                                         ^^^^^^^^^^^^^^^^^^^
[INFO] [stdout]    |
[INFO] [stdout]   ::: src/hw/cop0/mod.rs:33:1
[INFO] [stdout]    |
[INFO] [stdout] 33 | / define_cop! {
[INFO] [stdout] 34 | |     /// Breakpoint on execute register
[INFO] [stdout] 35 | |     BPC<u32>; COP: 0; R: 3,
[INFO] [stdout] 36 | |     /// Breakpoint on data access register
[INFO] [stdout] ...  |
[INFO] [stdout] 53 | |     PRID<u32>; COP: 0; R: 15,
[INFO] [stdout] 54 | | }
[INFO] [stdout]    | |_- in this macro invocation
[INFO] [stdout]    |
[INFO] [stdout]    = note: this error originates in the macro `define_cop` (in Nightly builds, run with -Z macro-backtrace for more info)
[INFO] [stdout] 
[INFO] [stdout] 
[INFO] [stdout] error: invalid register `$2`: unknown register
[INFO] [stdout]   --> src/hw/cop.rs:37:25
[INFO] [stdout]    |
[INFO] [stdout] 37 |                           out("$2") self.value
[INFO] [stdout]    |                           ^^^^^^^^^^^^^^^^^^^^
[INFO] [stdout]    |
[INFO] [stdout]   ::: src/hw/cop0/mod.rs:33:1
[INFO] [stdout]    |
[INFO] [stdout] 33 | / define_cop! {
[INFO] [stdout] 34 | |     /// Breakpoint on execute register
[INFO] [stdout] 35 | |     BPC<u32>; COP: 0; R: 3,
[INFO] [stdout] 36 | |     /// Breakpoint on data access register
[INFO] [stdout] ...  |
[INFO] [stdout] 53 | |     PRID<u32>; COP: 0; R: 15,
[INFO] [stdout] 54 | | }
[INFO] [stdout]    | |_- in this macro invocation
[INFO] [stdout]    |
[INFO] [stdout]    = note: this error originates in the macro `define_cop` (in Nightly builds, run with -Z macro-backtrace for more info)
[INFO] [stdout] 
[INFO] [stdout] 
[INFO] [stdout] error: invalid register `$2`: unknown register
[INFO] [stdout]   --> src/hw/cop.rs:46:71
[INFO] [stdout]    |
[INFO] [stdout] 46 |                           concat!($cop_ty, "tc", $cop, " $2, $", $reg), in("$2") self.value
[INFO] [stdout]    |                                                                         ^^^^^^^^^^^^^^^^^^^
[INFO] [stdout]    |
[INFO] [stdout]   ::: src/hw/cop0/mod.rs:33:1
[INFO] [stdout]    |
[INFO] [stdout] 33 | / define_cop! {
[INFO] [stdout] 34 | |     /// Breakpoint on execute register
[INFO] [stdout] 35 | |     BPC<u32>; COP: 0; R: 3,
[INFO] [stdout] 36 | |     /// Breakpoint on data access register
[INFO] [stdout] ...  |
[INFO] [stdout] 53 | |     PRID<u32>; COP: 0; R: 15,
[INFO] [stdout] 54 | | }
[INFO] [stdout]    | |_- in this macro invocation
[INFO] [stdout]    |
[INFO] [stdout]    = note: this error originates in the macro `define_cop` (in Nightly builds, run with -Z macro-backtrace for more info)
[INFO] [stdout] 
[INFO] [stdout] 
[INFO] [stdout] error: invalid register `$2`: unknown register
[INFO] [stdout]   --> src/hw/cop.rs:37:25
[INFO] [stdout]    |
[INFO] [stdout] 37 |                           out("$2") self.value
[INFO] [stdout]    |                           ^^^^^^^^^^^^^^^^^^^^
[INFO] [stdout]    |
[INFO] [stdout]   ::: src/hw/gte.rs:7:1
[INFO] [stdout]    |
[INFO] [stdout] 7  | / define_cop! {
[INFO] [stdout] 8  | |     /// The 16-bit VX0 and VY0 vectors
[INFO] [stdout] 9  | |     VXY0<u32>; COP: 2; R: 0,
[INFO] [stdout] 10 | |     /// The 16-bit VZ0 vector
[INFO] [stdout] ...  |
[INFO] [stdout] 73 | |     */
[INFO] [stdout] 74 | | }
[INFO] [stdout]    | |_- in this macro invocation
[INFO] [stdout]    |
[INFO] [stdout]    = note: this error originates in the macro `define_cop` (in Nightly builds, run with -Z macro-backtrace for more info)
[INFO] [stdout] 
[INFO] [stdout] 
[INFO] [stdout] error: invalid register `$2`: unknown register
[INFO] [stdout]   --> src/hw/cop.rs:46:71
[INFO] [stdout]    |
[INFO] [stdout] 46 |                           concat!($cop_ty, "tc", $cop, " $2, $", $reg), in("$2") self.value
[INFO] [stdout]    |                                                                         ^^^^^^^^^^^^^^^^^^^
[INFO] [stdout]    |
[INFO] [stdout]   ::: src/hw/gte.rs:7:1
[INFO] [stdout]    |
[INFO] [stdout] 7  | / define_cop! {
[INFO] [stdout] 8  | |     /// The 16-bit VX0 and VY0 vectors
[INFO] [stdout] 9  | |     VXY0<u32>; COP: 2; R: 0,
[INFO] [stdout] 10 | |     /// The 16-bit VZ0 vector
[INFO] [stdout] ...  |
[INFO] [stdout] 73 | |     */
[INFO] [stdout] 74 | | }
[INFO] [stdout]    | |_- in this macro invocation
[INFO] [stdout]    |
[INFO] [stdout]    = note: this error originates in the macro `define_cop` (in Nightly builds, run with -Z macro-backtrace for more info)
[INFO] [stdout] 
[INFO] [stdout] 
[INFO] [stdout] error: invalid register `$2`: unknown register
[INFO] [stdout]   --> src/hw/cop.rs:37:25
[INFO] [stdout]    |
[INFO] [stdout] 37 |                           out("$2") self.value
[INFO] [stdout]    |                           ^^^^^^^^^^^^^^^^^^^^
[INFO] [stdout]    |
[INFO] [stdout]   ::: src/hw/gte.rs:7:1
[INFO] [stdout]    |
[INFO] [stdout] 7  | / define_cop! {
[INFO] [stdout] 8  | |     /// The 16-bit VX0 and VY0 vectors
[INFO] [stdout] 9  | |     VXY0<u32>; COP: 2; R: 0,
[INFO] [stdout] 10 | |     /// The 16-bit VZ0 vector
[INFO] [stdout] ...  |
[INFO] [stdout] 73 | |     */
[INFO] [stdout] 74 | | }
[INFO] [stdout]    | |_- in this macro invocation
[INFO] [stdout]    |
[INFO] [stdout]    = note: this error originates in the macro `define_cop` (in Nightly builds, run with -Z macro-backtrace for more info)
[INFO] [stdout] 
[INFO] [stdout] 
[INFO] [stdout] error: invalid register `$2`: unknown register
[INFO] [stdout]   --> src/hw/cop.rs:46:71
[INFO] [stdout]    |
[INFO] [stdout] 46 |                           concat!($cop_ty, "tc", $cop, " $2, $", $reg), in("$2") self.value
[INFO] [stdout]    |                                                                         ^^^^^^^^^^^^^^^^^^^
[INFO] [stdout]    |
[INFO] [stdout]   ::: src/hw/gte.rs:7:1
[INFO] [stdout]    |
[INFO] [stdout] 7  | / define_cop! {
[INFO] [stdout] 8  | |     /// The 16-bit VX0 and VY0 vectors
[INFO] [stdout] 9  | |     VXY0<u32>; COP: 2; R: 0,
[INFO] [stdout] 10 | |     /// The 16-bit VZ0 vector
[INFO] [stdout] ...  |
[INFO] [stdout] 73 | |     */
[INFO] [stdout] 74 | | }
[INFO] [stdout]    | |_- in this macro invocation
[INFO] [stdout]    |
[INFO] [stdout]    = note: this error originates in the macro `define_cop` (in Nightly builds, run with -Z macro-backtrace for more info)
[INFO] [stdout] 
[INFO] [stdout] 
[INFO] [stdout] error: invalid register `$2`: unknown register
[INFO] [stdout]   --> src/hw/cop.rs:37:25
[INFO] [stdout]    |
[INFO] [stdout] 37 |                           out("$2") self.value
[INFO] [stdout]    |                           ^^^^^^^^^^^^^^^^^^^^
[INFO] [stdout]    |
[INFO] [stdout]   ::: src/hw/gte.rs:7:1
[INFO] [stdout]    |
[INFO] [stdout] 7  | / define_cop! {
[INFO] [stdout] 8  | |     /// The 16-bit VX0 and VY0 vectors
[INFO] [stdout] 9  | |     VXY0<u32>; COP: 2; R: 0,
[INFO] [stdout] 10 | |     /// The 16-bit VZ0 vector
[INFO] [stdout] ...  |
[INFO] [stdout] 73 | |     */
[INFO] [stdout] 74 | | }
[INFO] [stdout]    | |_- in this macro invocation
[INFO] [stdout]    |
[INFO] [stdout]    = note: this error originates in the macro `define_cop` (in Nightly builds, run with -Z macro-backtrace for more info)
[INFO] [stdout] 
[INFO] [stdout] 
[INFO] [stdout] error: invalid register `$2`: unknown register
[INFO] [stdout]   --> src/hw/cop.rs:46:71
[INFO] [stdout]    |
[INFO] [stdout] 46 |                           concat!($cop_ty, "tc", $cop, " $2, $", $reg), in("$2") self.value
[INFO] [stdout]    |                                                                         ^^^^^^^^^^^^^^^^^^^
[INFO] [stdout]    |
[INFO] [stdout]   ::: src/hw/gte.rs:7:1
[INFO] [stdout]    |
[INFO] [stdout] 7  | / define_cop! {
[INFO] [stdout] 8  | |     /// The 16-bit VX0 and VY0 vectors
[INFO] [stdout] 9  | |     VXY0<u32>; COP: 2; R: 0,
[INFO] [stdout] 10 | |     /// The 16-bit VZ0 vector
[INFO] [stdout] ...  |
[INFO] [stdout] 73 | |     */
[INFO] [stdout] 74 | | }
[INFO] [stdout]    | |_- in this macro invocation
[INFO] [stdout]    |
[INFO] [stdout]    = note: this error originates in the macro `define_cop` (in Nightly builds, run with -Z macro-backtrace for more info)
[INFO] [stdout] 
[INFO] [stdout] 
[INFO] [stdout] error: invalid register `$2`: unknown register
[INFO] [stdout]   --> src/hw/cop.rs:37:25
[INFO] [stdout]    |
[INFO] [stdout] 37 |                           out("$2") self.value
[INFO] [stdout]    |                           ^^^^^^^^^^^^^^^^^^^^
[INFO] [stdout]    |
[INFO] [stdout]   ::: src/hw/gte.rs:7:1
[INFO] [stdout]    |
[INFO] [stdout] 7  | / define_cop! {
[INFO] [stdout] 8  | |     /// The 16-bit VX0 and VY0 vectors
[INFO] [stdout] 9  | |     VXY0<u32>; COP: 2; R: 0,
[INFO] [stdout] 10 | |     /// The 16-bit VZ0 vector
[INFO] [stdout] ...  |
[INFO] [stdout] 73 | |     */
[INFO] [stdout] 74 | | }
[INFO] [stdout]    | |_- in this macro invocation
[INFO] [stdout]    |
[INFO] [stdout]    = note: this error originates in the macro `define_cop` (in Nightly builds, run with -Z macro-backtrace for more info)
[INFO] [stdout] 
[INFO] [stdout] 
[INFO] [stdout] error: invalid register `$2`: unknown register
[INFO] [stdout]   --> src/hw/cop.rs:46:71
[INFO] [stdout]    |
[INFO] [stdout] 46 |                           concat!($cop_ty, "tc", $cop, " $2, $", $reg), in("$2") self.value
[INFO] [stdout]    |                                                                         ^^^^^^^^^^^^^^^^^^^
[INFO] [stdout]    |
[INFO] [stdout]   ::: src/hw/gte.rs:7:1
[INFO] [stdout]    |
[INFO] [stdout] 7  | / define_cop! {
[INFO] [stdout] 8  | |     /// The 16-bit VX0 and VY0 vectors
[INFO] [stdout] 9  | |     VXY0<u32>; COP: 2; R: 0,
[INFO] [stdout] 10 | |     /// The 16-bit VZ0 vector
[INFO] [stdout] ...  |
[INFO] [stdout] 73 | |     */
[INFO] [stdout] 74 | | }
[INFO] [stdout]    | |_- in this macro invocation
[INFO] [stdout]    |
[INFO] [stdout]    = note: this error originates in the macro `define_cop` (in Nightly builds, run with -Z macro-backtrace for more info)
[INFO] [stdout] 
[INFO] [stdout] 
[INFO] [stdout] error: invalid register `$2`: unknown register
[INFO] [stdout]   --> src/hw/cop.rs:37:25
[INFO] [stdout]    |
[INFO] [stdout] 37 |                           out("$2") self.value
[INFO] [stdout]    |                           ^^^^^^^^^^^^^^^^^^^^
[INFO] [stdout]    |
[INFO] [stdout]   ::: src/hw/gte.rs:7:1
[INFO] [stdout]    |
[INFO] [stdout] 7  | / define_cop! {
[INFO] [stdout] 8  | |     /// The 16-bit VX0 and VY0 vectors
[INFO] [stdout] 9  | |     VXY0<u32>; COP: 2; R: 0,
[INFO] [stdout] 10 | |     /// The 16-bit VZ0 vector
[INFO] [stdout] ...  |
[INFO] [stdout] 73 | |     */
[INFO] [stdout] 74 | | }
[INFO] [stdout]    | |_- in this macro invocation
[INFO] [stdout]    |
[INFO] [stdout]    = note: this error originates in the macro `define_cop` (in Nightly builds, run with -Z macro-backtrace for more info)
[INFO] [stdout] 
[INFO] [stdout] 
[INFO] [stdout] error: invalid register `$2`: unknown register
[INFO] [stdout]   --> src/hw/cop.rs:46:71
[INFO] [stdout]    |
[INFO] [stdout] 46 |                           concat!($cop_ty, "tc", $cop, " $2, $", $reg), in("$2") self.value
[INFO] [stdout]    |                                                                         ^^^^^^^^^^^^^^^^^^^
[INFO] [stdout]    |
[INFO] [stdout]   ::: src/hw/gte.rs:7:1
[INFO] [stdout]    |
[INFO] [stdout] 7  | / define_cop! {
[INFO] [stdout] 8  | |     /// The 16-bit VX0 and VY0 vectors
[INFO] [stdout] 9  | |     VXY0<u32>; COP: 2; R: 0,
[INFO] [stdout] 10 | |     /// The 16-bit VZ0 vector
[INFO] [stdout] ...  |
[INFO] [stdout] 73 | |     */
[INFO] [stdout] 74 | | }
[INFO] [stdout]    | |_- in this macro invocation
[INFO] [stdout]    |
[INFO] [stdout]    = note: this error originates in the macro `define_cop` (in Nightly builds, run with -Z macro-backtrace for more info)
[INFO] [stdout] 
[INFO] [stdout] 
[INFO] [stdout] error: invalid register `$2`: unknown register
[INFO] [stdout]   --> src/hw/cop.rs:37:25
[INFO] [stdout]    |
[INFO] [stdout] 37 |                           out("$2") self.value
[INFO] [stdout]    |                           ^^^^^^^^^^^^^^^^^^^^
[INFO] [stdout]    |
[INFO] [stdout]   ::: src/hw/gte.rs:7:1
[INFO] [stdout]    |
[INFO] [stdout] 7  | / define_cop! {
[INFO] [stdout] 8  | |     /// The 16-bit VX0 and VY0 vectors
[INFO] [stdout] 9  | |     VXY0<u32>; COP: 2; R: 0,
[INFO] [stdout] 10 | |     /// The 16-bit VZ0 vector
[INFO] [stdout] ...  |
[INFO] [stdout] 73 | |     */
[INFO] [stdout] 74 | | }
[INFO] [stdout]    | |_- in this macro invocation
[INFO] [stdout]    |
[INFO] [stdout]    = note: this error originates in the macro `define_cop` (in Nightly builds, run with -Z macro-backtrace for more info)
[INFO] [stdout] 
[INFO] [stdout] 
[INFO] [stdout] error: invalid register `$2`: unknown register
[INFO] [stdout]   --> src/hw/cop.rs:46:71
[INFO] [stdout]    |
[INFO] [stdout] 46 |                           concat!($cop_ty, "tc", $cop, " $2, $", $reg), in("$2") self.value
[INFO] [stdout]    |                                                                         ^^^^^^^^^^^^^^^^^^^
[INFO] [stdout]    |
[INFO] [stdout]   ::: src/hw/gte.rs:7:1
[INFO] [stdout]    |
[INFO] [stdout] 7  | / define_cop! {
[INFO] [stdout] 8  | |     /// The 16-bit VX0 and VY0 vectors
[INFO] [stdout] 9  | |     VXY0<u32>; COP: 2; R: 0,
[INFO] [stdout] 10 | |     /// The 16-bit VZ0 vector
[INFO] [stdout] ...  |
[INFO] [stdout] 73 | |     */
[INFO] [stdout] 74 | | }
[INFO] [stdout]    | |_- in this macro invocation
[INFO] [stdout]    |
[INFO] [stdout]    = note: this error originates in the macro `define_cop` (in Nightly builds, run with -Z macro-backtrace for more info)
[INFO] [stdout] 
[INFO] [stdout] 
[INFO] [stdout] error: invalid register `$2`: unknown register
[INFO] [stdout]   --> src/hw/cop.rs:37:25
[INFO] [stdout]    |
[INFO] [stdout] 37 |                           out("$2") self.value
[INFO] [stdout]    |                           ^^^^^^^^^^^^^^^^^^^^
[INFO] [stdout]    |
[INFO] [stdout]   ::: src/hw/gte.rs:7:1
[INFO] [stdout]    |
[INFO] [stdout] 7  | / define_cop! {
[INFO] [stdout] 8  | |     /// The 16-bit VX0 and VY0 vectors
[INFO] [stdout] 9  | |     VXY0<u32>; COP: 2; R: 0,
[INFO] [stdout] 10 | |     /// The 16-bit VZ0 vector
[INFO] [stdout] ...  |
[INFO] [stdout] 73 | |     */
[INFO] [stdout] 74 | | }
[INFO] [stdout]    | |_- in this macro invocation
[INFO] [stdout]    |
[INFO] [stdout]    = note: this error originates in the macro `define_cop` (in Nightly builds, run with -Z macro-backtrace for more info)
[INFO] [stdout] 
[INFO] [stdout] 
[INFO] [stdout] error: invalid register `$2`: unknown register
[INFO] [stdout]   --> src/hw/cop.rs:46:71
[INFO] [stdout]    |
[INFO] [stdout] 46 |                           concat!($cop_ty, "tc", $cop, " $2, $", $reg), in("$2") self.value
[INFO] [stdout]    |                                                                         ^^^^^^^^^^^^^^^^^^^
[INFO] [stdout]    |
[INFO] [stdout]   ::: src/hw/gte.rs:7:1
[INFO] [stdout]    |
[INFO] [stdout] 7  | / define_cop! {
[INFO] [stdout] 8  | |     /// The 16-bit VX0 and VY0 vectors
[INFO] [stdout] 9  | |     VXY0<u32>; COP: 2; R: 0,
[INFO] [stdout] 10 | |     /// The 16-bit VZ0 vector
[INFO] [stdout] ...  |
[INFO] [stdout] 73 | |     */
[INFO] [stdout] 74 | | }
[INFO] [stdout]    | |_- in this macro invocation
[INFO] [stdout]    |
[INFO] [stdout]    = note: this error originates in the macro `define_cop` (in Nightly builds, run with -Z macro-backtrace for more info)
[INFO] [stdout] 
[INFO] [stdout] 
[INFO] [stdout] error: invalid register `$2`: unknown register
[INFO] [stdout]   --> src/hw/cop.rs:37:25
[INFO] [stdout]    |
[INFO] [stdout] 37 |                           out("$2") self.value
[INFO] [stdout]    |                           ^^^^^^^^^^^^^^^^^^^^
[INFO] [stdout]    |
[INFO] [stdout]   ::: src/hw/gte.rs:7:1
[INFO] [stdout]    |
[INFO] [stdout] 7  | / define_cop! {
[INFO] [stdout] 8  | |     /// The 16-bit VX0 and VY0 vectors
[INFO] [stdout] 9  | |     VXY0<u32>; COP: 2; R: 0,
[INFO] [stdout] 10 | |     /// The 16-bit VZ0 vector
[INFO] [stdout] ...  |
[INFO] [stdout] 73 | |     */
[INFO] [stdout] 74 | | }
[INFO] [stdout]    | |_- in this macro invocation
[INFO] [stdout]    |
[INFO] [stdout]    = note: this error originates in the macro `define_cop` (in Nightly builds, run with -Z macro-backtrace for more info)
[INFO] [stdout] 
[INFO] [stdout] 
[INFO] [stdout] error: invalid register `$2`: unknown register
[INFO] [stdout]   --> src/hw/cop.rs:46:71
[INFO] [stdout]    |
[INFO] [stdout] 46 |                           concat!($cop_ty, "tc", $cop, " $2, $", $reg), in("$2") self.value
[INFO] [stdout]    |                                                                         ^^^^^^^^^^^^^^^^^^^
[INFO] [stdout]    |
[INFO] [stdout]   ::: src/hw/gte.rs:7:1
[INFO] [stdout]    |
[INFO] [stdout] 7  | / define_cop! {
[INFO] [stdout] 8  | |     /// The 16-bit VX0 and VY0 vectors
[INFO] [stdout] 9  | |     VXY0<u32>; COP: 2; R: 0,
[INFO] [stdout] 10 | |     /// The 16-bit VZ0 vector
[INFO] [stdout] ...  |
[INFO] [stdout] 73 | |     */
[INFO] [stdout] 74 | | }
[INFO] [stdout]    | |_- in this macro invocation
[INFO] [stdout]    |
[INFO] [stdout]    = note: this error originates in the macro `define_cop` (in Nightly builds, run with -Z macro-backtrace for more info)
[INFO] [stdout] 
[INFO] [stdout] 
[INFO] [stdout] error: invalid register `$2`: unknown register
[INFO] [stdout]   --> src/hw/cop.rs:37:25
[INFO] [stdout]    |
[INFO] [stdout] 37 |                           out("$2") self.value
[INFO] [stdout]    |                           ^^^^^^^^^^^^^^^^^^^^
[INFO] [stdout]    |
[INFO] [stdout]   ::: src/hw/gte.rs:7:1
[INFO] [stdout]    |
[INFO] [stdout] 7  | / define_cop! {
[INFO] [stdout] 8  | |     /// The 16-bit VX0 and VY0 vectors
[INFO] [stdout] 9  | |     VXY0<u32>; COP: 2; R: 0,
[INFO] [stdout] 10 | |     /// The 16-bit VZ0 vector
[INFO] [stdout] ...  |
[INFO] [stdout] 73 | |     */
[INFO] [stdout] 74 | | }
[INFO] [stdout]    | |_- in this macro invocation
[INFO] [stdout]    |
[INFO] [stdout]    = note: this error originates in the macro `define_cop` (in Nightly builds, run with -Z macro-backtrace for more info)
[INFO] [stdout] 
[INFO] [stdout] 
[INFO] [stdout] error: invalid register `$2`: unknown register
[INFO] [stdout]   --> src/hw/cop.rs:46:71
[INFO] [stdout]    |
[INFO] [stdout] 46 |                           concat!($cop_ty, "tc", $cop, " $2, $", $reg), in("$2") self.value
[INFO] [stdout]    |                                                                         ^^^^^^^^^^^^^^^^^^^
[INFO] [stdout]    |
[INFO] [stdout]   ::: src/hw/gte.rs:7:1
[INFO] [stdout]    |
[INFO] [stdout] 7  | / define_cop! {
[INFO] [stdout] 8  | |     /// The 16-bit VX0 and VY0 vectors
[INFO] [stdout] 9  | |     VXY0<u32>; COP: 2; R: 0,
[INFO] [stdout] 10 | |     /// The 16-bit VZ0 vector
[INFO] [stdout] ...  |
[INFO] [stdout] 73 | |     */
[INFO] [stdout] 74 | | }
[INFO] [stdout]    | |_- in this macro invocation
[INFO] [stdout]    |
[INFO] [stdout]    = note: this error originates in the macro `define_cop` (in Nightly builds, run with -Z macro-backtrace for more info)
[INFO] [stdout] 
[INFO] [stdout] 
[INFO] [stdout] error: invalid register `$2`: unknown register
[INFO] [stdout]   --> src/hw/cop.rs:37:25
[INFO] [stdout]    |
[INFO] [stdout] 37 |                           out("$2") self.value
[INFO] [stdout]    |                           ^^^^^^^^^^^^^^^^^^^^
[INFO] [stdout]    |
[INFO] [stdout]   ::: src/hw/gte.rs:7:1
[INFO] [stdout]    |
[INFO] [stdout] 7  | / define_cop! {
[INFO] [stdout] 8  | |     /// The 16-bit VX0 and VY0 vectors
[INFO] [stdout] 9  | |     VXY0<u32>; COP: 2; R: 0,
[INFO] [stdout] 10 | |     /// The 16-bit VZ0 vector
[INFO] [stdout] ...  |
[INFO] [stdout] 73 | |     */
[INFO] [stdout] 74 | | }
[INFO] [stdout]    | |_- in this macro invocation
[INFO] [stdout]    |
[INFO] [stdout]    = note: this error originates in the macro `define_cop` (in Nightly builds, run with -Z macro-backtrace for more info)
[INFO] [stdout] 
[INFO] [stdout] 
[INFO] [stdout] error: invalid register `$2`: unknown register
[INFO] [stdout]   --> src/hw/cop.rs:46:71
[INFO] [stdout]    |
[INFO] [stdout] 46 |                           concat!($cop_ty, "tc", $cop, " $2, $", $reg), in("$2") self.value
[INFO] [stdout]    |                                                                         ^^^^^^^^^^^^^^^^^^^
[INFO] [stdout]    |
[INFO] [stdout]   ::: src/hw/gte.rs:7:1
[INFO] [stdout]    |
[INFO] [stdout] 7  | / define_cop! {
[INFO] [stdout] 8  | |     /// The 16-bit VX0 and VY0 vectors
[INFO] [stdout] 9  | |     VXY0<u32>; COP: 2; R: 0,
[INFO] [stdout] 10 | |     /// The 16-bit VZ0 vector
[INFO] [stdout] ...  |
[INFO] [stdout] 73 | |     */
[INFO] [stdout] 74 | | }
[INFO] [stdout]    | |_- in this macro invocation
[INFO] [stdout]    |
[INFO] [stdout]    = note: this error originates in the macro `define_cop` (in Nightly builds, run with -Z macro-backtrace for more info)
[INFO] [stdout] 
[INFO] [stdout] 
[INFO] [stdout] error: invalid register `$2`: unknown register
[INFO] [stdout]   --> src/hw/cop.rs:37:25
[INFO] [stdout]    |
[INFO] [stdout] 37 |                           out("$2") self.value
[INFO] [stdout]    |                           ^^^^^^^^^^^^^^^^^^^^
[INFO] [stdout]    |
[INFO] [stdout]   ::: src/hw/gte.rs:7:1
[INFO] [stdout]    |
[INFO] [stdout] 7  | / define_cop! {
[INFO] [stdout] 8  | |     /// The 16-bit VX0 and VY0 vectors
[INFO] [stdout] 9  | |     VXY0<u32>; COP: 2; R: 0,
[INFO] [stdout] 10 | |     /// The 16-bit VZ0 vector
[INFO] [stdout] ...  |
[INFO] [stdout] 73 | |     */
[INFO] [stdout] 74 | | }
[INFO] [stdout]    | |_- in this macro invocation
[INFO] [stdout]    |
[INFO] [stdout]    = note: this error originates in the macro `define_cop` (in Nightly builds, run with -Z macro-backtrace for more info)
[INFO] [stdout] 
[INFO] [stdout] 
[INFO] [stdout] error: invalid register `$2`: unknown register
[INFO] [stdout]   --> src/hw/cop.rs:46:71
[INFO] [stdout]    |
[INFO] [stdout] 46 |                           concat!($cop_ty, "tc", $cop, " $2, $", $reg), in("$2") self.value
[INFO] [stdout]    |                                                                         ^^^^^^^^^^^^^^^^^^^
[INFO] [stdout]    |
[INFO] [stdout]   ::: src/hw/gte.rs:7:1
[INFO] [stdout]    |
[INFO] [stdout] 7  | / define_cop! {
[INFO] [stdout] 8  | |     /// The 16-bit VX0 and VY0 vectors
[INFO] [stdout] 9  | |     VXY0<u32>; COP: 2; R: 0,
[INFO] [stdout] 10 | |     /// The 16-bit VZ0 vector
[INFO] [stdout] ...  |
[INFO] [stdout] 73 | |     */
[INFO] [stdout] 74 | | }
[INFO] [stdout]    | |_- in this macro invocation
[INFO] [stdout]    |
[INFO] [stdout]    = note: this error originates in the macro `define_cop` (in Nightly builds, run with -Z macro-backtrace for more info)
[INFO] [stdout] 
[INFO] [stdout] 
[INFO] [stdout] error: invalid register `$2`: unknown register
[INFO] [stdout]   --> src/hw/cop.rs:37:25
[INFO] [stdout]    |
[INFO] [stdout] 37 |                           out("$2") self.value
[INFO] [stdout]    |                           ^^^^^^^^^^^^^^^^^^^^
[INFO] [stdout]    |
[INFO] [stdout]   ::: src/hw/gte.rs:7:1
[INFO] [stdout]    |
[INFO] [stdout] 7  | / define_cop! {
[INFO] [stdout] 8  | |     /// The 16-bit VX0 and VY0 vectors
[INFO] [stdout] 9  | |     VXY0<u32>; COP: 2; R: 0,
[INFO] [stdout] 10 | |     /// The 16-bit VZ0 vector
[INFO] [stdout] ...  |
[INFO] [stdout] 73 | |     */
[INFO] [stdout] 74 | | }
[INFO] [stdout]    | |_- in this macro invocation
[INFO] [stdout]    |
[INFO] [stdout]    = note: this error originates in the macro `define_cop` (in Nightly builds, run with -Z macro-backtrace for more info)
[INFO] [stdout] 
[INFO] [stdout] 
[INFO] [stdout] error: invalid register `$2`: unknown register
[INFO] [stdout]   --> src/hw/cop.rs:46:71
[INFO] [stdout]    |
[INFO] [stdout] 46 |                           concat!($cop_ty, "tc", $cop, " $2, $", $reg), in("$2") self.value
[INFO] [stdout]    |                                                                         ^^^^^^^^^^^^^^^^^^^
[INFO] [stdout]    |
[INFO] [stdout]   ::: src/hw/gte.rs:7:1
[INFO] [stdout]    |
[INFO] [stdout] 7  | / define_cop! {
[INFO] [stdout] 8  | |     /// The 16-bit VX0 and VY0 vectors
[INFO] [stdout] 9  | |     VXY0<u32>; COP: 2; R: 0,
[INFO] [stdout] 10 | |     /// The 16-bit VZ0 vector
[INFO] [stdout] ...  |
[INFO] [stdout] 73 | |     */
[INFO] [stdout] 74 | | }
[INFO] [stdout]    | |_- in this macro invocation
[INFO] [stdout]    |
[INFO] [stdout]    = note: this error originates in the macro `define_cop` (in Nightly builds, run with -Z macro-backtrace for more info)
[INFO] [stdout] 
[INFO] [stdout] 
[INFO] [stdout] error: invalid register `$2`: unknown register
[INFO] [stdout]   --> src/hw/cop.rs:37:25
[INFO] [stdout]    |
[INFO] [stdout] 37 |                           out("$2") self.value
[INFO] [stdout]    |                           ^^^^^^^^^^^^^^^^^^^^
[INFO] [stdout]    |
[INFO] [stdout]   ::: src/hw/gte.rs:7:1
[INFO] [stdout]    |
[INFO] [stdout] 7  | / define_cop! {
[INFO] [stdout] 8  | |     /// The 16-bit VX0 and VY0 vectors
[INFO] [stdout] 9  | |     VXY0<u32>; COP: 2; R: 0,
[INFO] [stdout] 10 | |     /// The 16-bit VZ0 vector
[INFO] [stdout] ...  |
[INFO] [stdout] 73 | |     */
[INFO] [stdout] 74 | | }
[INFO] [stdout]    | |_- in this macro invocation
[INFO] [stdout]    |
[INFO] [stdout]    = note: this error originates in the macro `define_cop` (in Nightly builds, run with -Z macro-backtrace for more info)
[INFO] [stdout] 
[INFO] [stdout] 
[INFO] [stdout] error: invalid register `$2`: unknown register
[INFO] [stdout]   --> src/hw/cop.rs:46:71
[INFO] [stdout]    |
[INFO] [stdout] 46 |                           concat!($cop_ty, "tc", $cop, " $2, $", $reg), in("$2") self.value
[INFO] [stdout]    |                                                                         ^^^^^^^^^^^^^^^^^^^
[INFO] [stdout]    |
[INFO] [stdout]   ::: src/hw/gte.rs:7:1
[INFO] [stdout]    |
[INFO] [stdout] 7  | / define_cop! {
[INFO] [stdout] 8  | |     /// The 16-bit VX0 and VY0 vectors
[INFO] [stdout] 9  | |     VXY0<u32>; COP: 2; R: 0,
[INFO] [stdout] 10 | |     /// The 16-bit VZ0 vector
[INFO] [stdout] ...  |
[INFO] [stdout] 73 | |     */
[INFO] [stdout] 74 | | }
[INFO] [stdout]    | |_- in this macro invocation
[INFO] [stdout]    |
[INFO] [stdout]    = note: this error originates in the macro `define_cop` (in Nightly builds, run with -Z macro-backtrace for more info)
[INFO] [stdout] 
[INFO] [stdout] 
[INFO] [stdout] error[E0554]: `#![feature]` may not be used on the stable release channel
[INFO] [stdout]   --> src/lib.rs:31:12
[INFO] [stdout]    |
[INFO] [stdout] 31 | #![feature(bench_black_box)]
[INFO] [stdout]    |            ^^^^^^^^^^^^^^^
[INFO] [stdout] 
[INFO] [stdout] 
[INFO] [stdout] error[E0554]: `#![feature]` may not be used on the stable release channel
[INFO] [stdout]   --> src/lib.rs:33:12
[INFO] [stdout]    |
[INFO] [stdout] 33 | #![feature(core_c_str)]
[INFO] [stdout]    |            ^^^^^^^^^^
[INFO] [stdout] 
[INFO] [stdout] 
[INFO] [stdout] error[E0554]: `#![feature]` may not be used on the stable release channel
[INFO] [stdout]   --> src/lib.rs:36:5
[INFO] [stdout]    |
[INFO] [stdout] 36 |     maybe_uninit_uninit_array,
[INFO] [stdout]    |     ^^^^^^^^^^^^^^^^^^^^^^^^^
[INFO] [stdout] 
[INFO] [stdout] 
[INFO] [stdout] error[E0554]: `#![feature]` may not be used on the stable release channel
[INFO] [stdout]   --> src/lib.rs:37:5
[INFO] [stdout]    |
[INFO] [stdout] 37 |     maybe_uninit_slice,
[INFO] [stdout]    |     ^^^^^^^^^^^^^^^^^^
[INFO] [stdout] 
[INFO] [stdout] 
[INFO] [stdout] error[E0554]: `#![feature]` may not be used on the stable release channel
[INFO] [stdout]   --> src/lib.rs:38:5
[INFO] [stdout]    |
[INFO] [stdout] 38 |     maybe_uninit_write_slice
[INFO] [stdout]    |     ^^^^^^^^^^^^^^^^^^^^^^^^
[INFO] [stdout] 
[INFO] [stdout] 
[INFO] [stdout] error[E0554]: `#![feature]` may not be used on the stable release channel
[INFO] [stdout]   --> src/lib.rs:43:12
[INFO] [stdout]    |
[INFO] [stdout] 43 | #![feature(panic_info_message)]
[INFO] [stdout]    |            ^^^^^^^^^^^^^^^^^^
[INFO] [stdout] 
[INFO] [stdout] 
[INFO] [stdout] error[E0554]: `#![feature]` may not be used on the stable release channel
[INFO] [stdout]   --> src/lib.rs:51:12
[INFO] [stdout]    |
[INFO] [stdout] 51 | #![feature(variant_count)]
[INFO] [stdout]    |            ^^^^^^^^^^^^^
[INFO] [stdout] 
[INFO] [stdout] 
[INFO] [stdout] warning: the feature `bench_black_box` has been stable since 1.66.0 and no longer requires an attribute to enable
[INFO] [stdout]   --> src/lib.rs:31:12
[INFO] [stdout]    |
[INFO] [stdout] 31 | #![feature(bench_black_box)]
[INFO] [stdout]    |            ^^^^^^^^^^^^^^^
[INFO] [stdout]    |
[INFO] [stdout]    = note: `#[warn(stable_features)]` on by default
[INFO] [stdout] 
[INFO] [stdout] 
[INFO] [stdout] warning: the feature `core_c_str` has been stable since 1.64.0 and no longer requires an attribute to enable
[INFO] [stdout]   --> src/lib.rs:33:12
[INFO] [stdout]    |
[INFO] [stdout] 33 | #![feature(core_c_str)]
[INFO] [stdout]    |            ^^^^^^^^^^
[INFO] [stdout] 
[INFO] [stdout] 
[INFO] [stdout] error: aborting due to 63 previous errors; 2 warnings emitted
[INFO] [stdout] 
[INFO] [stdout] 
[INFO] [stdout] For more information about this error, try `rustc --explain E0554`.
[INFO] [stdout] 
[INFO] [stderr] error: could not compile `psx` due to 64 previous errors; 2 warnings emitted
[INFO] running `Command { std: "docker" "inspect" "5ecbfd1a96e6f600adfd715453e54dd86685f63a050f692df3fb292a55713259", kill_on_drop: false }`
[INFO] running `Command { std: "docker" "rm" "-f" "5ecbfd1a96e6f600adfd715453e54dd86685f63a050f692df3fb292a55713259", kill_on_drop: false }`
[INFO] [stdout] 5ecbfd1a96e6f600adfd715453e54dd86685f63a050f692df3fb292a55713259
