[INFO] fetching crate processes 0.4.0...
[INFO] testing processes-0.4.0 against 1.69.0 for beta-1.70-1
[INFO] extracting crate processes 0.4.0 into /workspace/builds/worker-7-tc1/source
[INFO] validating manifest of crates.io crate processes 0.4.0 on toolchain 1.69.0
[INFO] running `Command { std: CARGO_HOME="/workspace/cargo-home" RUSTUP_HOME="/workspace/rustup-home" "/workspace/cargo-home/bin/cargo" "+1.69.0" "metadata" "--manifest-path" "Cargo.toml" "--no-deps", kill_on_drop: false }`
[INFO] started tweaking crates.io crate processes 0.4.0
[INFO] finished tweaking crates.io crate processes 0.4.0
[INFO] tweaked toml for crates.io crate processes 0.4.0 written to /workspace/builds/worker-7-tc1/source/Cargo.toml
[INFO] crate crates.io crate processes 0.4.0 already has a lockfile, it will not be regenerated
[INFO] running `Command { std: CARGO_HOME="/workspace/cargo-home" RUSTUP_HOME="/workspace/rustup-home" "/workspace/cargo-home/bin/cargo" "+1.69.0" "fetch" "--manifest-path" "Cargo.toml", kill_on_drop: false }`
[INFO] [stderr]  Downloading crates ...
[INFO] [stderr]   Downloaded current_platform v0.2.0
[INFO] [stderr]   Downloaded stopwatch2 v2.0.0
[INFO] [stderr]   Downloaded winresult-types v0.1.3
[INFO] [stderr]   Downloaded winresult v0.1.3
[INFO] running `Command { std: "docker" "create" "-v" "/var/lib/crater-agent-workspace/builds/worker-7-tc1/target:/opt/rustwide/target:rw,Z" "-v" "/var/lib/crater-agent-workspace/builds/worker-7-tc1/source:/opt/rustwide/workdir:ro,Z" "-v" "/var/lib/crater-agent-workspace/cargo-home:/opt/rustwide/cargo-home:ro,Z" "-v" "/var/lib/crater-agent-workspace/rustup-home:/opt/rustwide/rustup-home:ro,Z" "-e" "SOURCE_DIR=/opt/rustwide/workdir" "-e" "CARGO_TARGET_DIR=/opt/rustwide/target" "-e" "CARGO_HOME=/opt/rustwide/cargo-home" "-e" "RUSTUP_HOME=/opt/rustwide/rustup-home" "-w" "/opt/rustwide/workdir" "-m" "1610612736" "--user" "0:0" "--network" "none" "ghcr.io/rust-lang/crates-build-env/linux@sha256:5ff2268d62e97bff2cde7d5815dd6ed5b47097566f13b8d0ca110b04b60e07ed" "/opt/rustwide/cargo-home/bin/cargo" "+1.69.0" "metadata" "--no-deps" "--format-version=1", kill_on_drop: false }`
[INFO] [stdout] f16b8e53b63a9ce6e167842d5ac67d21b186be7081f94f4d208bc0adb2b968f4
[INFO] running `Command { std: "docker" "start" "-a" "f16b8e53b63a9ce6e167842d5ac67d21b186be7081f94f4d208bc0adb2b968f4", kill_on_drop: false }`
[INFO] running `Command { std: "docker" "inspect" "f16b8e53b63a9ce6e167842d5ac67d21b186be7081f94f4d208bc0adb2b968f4", kill_on_drop: false }`
[INFO] running `Command { std: "docker" "rm" "-f" "f16b8e53b63a9ce6e167842d5ac67d21b186be7081f94f4d208bc0adb2b968f4", kill_on_drop: false }`
[INFO] [stdout] f16b8e53b63a9ce6e167842d5ac67d21b186be7081f94f4d208bc0adb2b968f4
[INFO] running `Command { std: "docker" "create" "-v" "/var/lib/crater-agent-workspace/builds/worker-7-tc1/target:/opt/rustwide/target:rw,Z" "-v" "/var/lib/crater-agent-workspace/builds/worker-7-tc1/source:/opt/rustwide/workdir:ro,Z" "-v" "/var/lib/crater-agent-workspace/cargo-home:/opt/rustwide/cargo-home:ro,Z" "-v" "/var/lib/crater-agent-workspace/rustup-home:/opt/rustwide/rustup-home:ro,Z" "-e" "SOURCE_DIR=/opt/rustwide/workdir" "-e" "CARGO_TARGET_DIR=/opt/rustwide/target" "-e" "CARGO_INCREMENTAL=0" "-e" "RUST_BACKTRACE=full" "-e" "RUSTFLAGS=--cap-lints=warn" "-e" "RUSTDOCFLAGS=--cap-lints=warn" "-e" "CARGO_HOME=/opt/rustwide/cargo-home" "-e" "RUSTUP_HOME=/opt/rustwide/rustup-home" "-w" "/opt/rustwide/workdir" "-m" "1610612736" "--user" "0:0" "--network" "none" "ghcr.io/rust-lang/crates-build-env/linux@sha256:5ff2268d62e97bff2cde7d5815dd6ed5b47097566f13b8d0ca110b04b60e07ed" "/opt/rustwide/cargo-home/bin/cargo" "+1.69.0" "build" "--frozen" "--message-format=json", kill_on_drop: false }`
[INFO] [stdout] 896a48e7f12a555c7f29058f5c47eefcec95651837f58ec4c04d95f803e48810
[INFO] running `Command { std: "docker" "start" "-a" "896a48e7f12a555c7f29058f5c47eefcec95651837f58ec4c04d95f803e48810", kill_on_drop: false }`
[INFO] [stderr]    Compiling proc-macro2 v1.0.55
[INFO] [stderr]    Compiling quote v1.0.26
[INFO] [stderr]    Compiling syn v1.0.107
[INFO] [stderr]    Compiling winapi v0.3.9
[INFO] [stderr]    Compiling once_cell v1.17.0
[INFO] [stderr]    Compiling ntapi v0.4.0
[INFO] [stderr]    Compiling either v1.8.1
[INFO] [stderr]    Compiling bitflags v1.3.2
[INFO] [stderr]    Compiling widestring v1.0.2
[INFO] [stderr]    Compiling stopwatch2 v2.0.0
[INFO] [stderr]    Compiling memoffset v0.8.0
[INFO] [stderr]    Compiling itertools v0.8.2
[INFO] [stderr]    Compiling path-dedot v3.0.18
[INFO] [stderr]    Compiling path-absolutize v3.0.14
[INFO] [stderr]    Compiling syn v2.0.13
[INFO] [stderr]    Compiling bytemuck_derive v1.4.1
[INFO] [stderr]    Compiling thiserror-impl v1.0.38
[INFO] [stderr]    Compiling shrinkwraprs v0.3.0
[INFO] [stderr]    Compiling bytemuck v1.13.1
[INFO] [stderr]    Compiling winresult-types v0.1.3
[INFO] [stderr]    Compiling thiserror v1.0.38
[INFO] [stderr]    Compiling winresult v0.1.3
[INFO] [stderr]    Compiling processes v0.4.0 (/opt/rustwide/workdir)
[INFO] [stderr]     Finished dev [unoptimized + debuginfo] target(s) in 14.51s
[INFO] running `Command { std: "docker" "inspect" "896a48e7f12a555c7f29058f5c47eefcec95651837f58ec4c04d95f803e48810", kill_on_drop: false }`
[INFO] running `Command { std: "docker" "rm" "-f" "896a48e7f12a555c7f29058f5c47eefcec95651837f58ec4c04d95f803e48810", kill_on_drop: false }`
[INFO] [stdout] 896a48e7f12a555c7f29058f5c47eefcec95651837f58ec4c04d95f803e48810
[INFO] running `Command { std: "docker" "create" "-v" "/var/lib/crater-agent-workspace/builds/worker-7-tc1/target:/opt/rustwide/target:rw,Z" "-v" "/var/lib/crater-agent-workspace/builds/worker-7-tc1/source:/opt/rustwide/workdir:ro,Z" "-v" "/var/lib/crater-agent-workspace/cargo-home:/opt/rustwide/cargo-home:ro,Z" "-v" "/var/lib/crater-agent-workspace/rustup-home:/opt/rustwide/rustup-home:ro,Z" "-e" "SOURCE_DIR=/opt/rustwide/workdir" "-e" "CARGO_TARGET_DIR=/opt/rustwide/target" "-e" "CARGO_INCREMENTAL=0" "-e" "RUST_BACKTRACE=full" "-e" "RUSTFLAGS=--cap-lints=warn" "-e" "RUSTDOCFLAGS=--cap-lints=warn" "-e" "CARGO_HOME=/opt/rustwide/cargo-home" "-e" "RUSTUP_HOME=/opt/rustwide/rustup-home" "-w" "/opt/rustwide/workdir" "-m" "1610612736" "--user" "0:0" "--network" "none" "ghcr.io/rust-lang/crates-build-env/linux@sha256:5ff2268d62e97bff2cde7d5815dd6ed5b47097566f13b8d0ca110b04b60e07ed" "/opt/rustwide/cargo-home/bin/cargo" "+1.69.0" "test" "--frozen" "--no-run" "--message-format=json", kill_on_drop: false }`
[INFO] [stdout] 1afce99b8af025b8e41fd7245fcc33f27482dd8757705d5830fb21466dd362a4
[INFO] running `Command { std: "docker" "start" "-a" "1afce99b8af025b8e41fd7245fcc33f27482dd8757705d5830fb21466dd362a4", kill_on_drop: false }`
[INFO] [stderr]    Compiling libc v0.2.139
[INFO] [stderr]    Compiling current_platform v0.2.0
[INFO] [stderr]    Compiling fastrand v1.8.0
[INFO] [stderr]    Compiling tempfile v3.3.0
[INFO] [stderr]    Compiling processes v0.4.0 (/opt/rustwide/workdir)
[INFO] [stdout] error[E0425]: cannot find function `all` in crate `processes`
[INFO] [stdout]  --> examples/list.rs:4:31
[INFO] [stdout]   |
[INFO] [stdout] 4 |     for process in processes::all().unwrap() {
[INFO] [stdout]   |                               ^^^ not found in `processes`
[INFO] [stdout] 
[INFO] [stdout] 
[INFO] [stdout] error: aborting due to previous error
[INFO] [stdout] 
[INFO] [stdout] 
[INFO] [stdout] For more information about this error, try `rustc --explain E0425`.
[INFO] [stdout] 
[INFO] [stdout] error[E0432]: unresolved import `processes::OwnedProcess`
[INFO] [stdout]   --> tests/common/mod.rs:80:17
[INFO] [stdout]    |
[INFO] [stdout] 80 |               use processes::OwnedProcess;
[INFO] [stdout]    |                   ^^^^^^^^^^^^^^^^^^^^^^^ no `OwnedProcess` in the root
[INFO] [stdout]    |
[INFO] [stdout]   ::: tests/module.rs:6:1
[INFO] [stdout]    |
[INFO] [stdout] 6  | / process_test! {
[INFO] [stdout] 7  | |     fn path_returns_correct_path(
[INFO] [stdout] 8  | |         process: OwnedProcess
[INFO] [stdout] 9  | |     ) {
[INFO] [stdout] ...  |
[INFO] [stdout] 13 | |     }
[INFO] [stdout] 14 | | }
[INFO] [stdout]    | |_- in this macro invocation
[INFO] [stdout]    |
[INFO] [stdout]    = note: this error originates in the macro `process_test` (in Nightly builds, run with -Z macro-backtrace for more info)
[INFO] [stdout] 
[INFO] [stdout] 
[INFO] [stdout] error[E0432]: unresolved import `processes::OwnedProcess`
[INFO] [stdout]   --> tests/common/mod.rs:80:17
[INFO] [stdout]    |
[INFO] [stdout] 80 |               use processes::OwnedProcess;
[INFO] [stdout]    |                   ^^^^^^^^^^^^^^^^^^^^^^^ no `OwnedProcess` in the root
[INFO] [stdout]    |
[INFO] [stdout]   ::: tests/module.rs:16:1
[INFO] [stdout]    |
[INFO] [stdout] 16 | / process_test! {
[INFO] [stdout] 17 | |     fn base_name_returns_correct_path(
[INFO] [stdout] 18 | |         process: OwnedProcess
[INFO] [stdout] 19 | |     ) {
[INFO] [stdout] ...  |
[INFO] [stdout] 23 | |     }
[INFO] [stdout] 24 | | }
[INFO] [stdout]    | |_- in this macro invocation
[INFO] [stdout]    |
[INFO] [stdout]    = note: this error originates in the macro `process_test` (in Nightly builds, run with -Z macro-backtrace for more info)
[INFO] [stdout] 
[INFO] [stdout] 
[INFO] [stdout] error[E0432]: unresolved imports `processes::BorrowedProcess`, `processes::OwnedProcess`, `processes::Process`, `processes::ProcessError`
[INFO] [stdout]  --> tests/process.rs:1:17
[INFO] [stdout]   |
[INFO] [stdout] 1 | use processes::{BorrowedProcess, OwnedProcess, Process, ProcessError};
[INFO] [stdout]   |                 ^^^^^^^^^^^^^^^  ^^^^^^^^^^^^  ^^^^^^^  ^^^^^^^^^^^^ no `ProcessError` in the root
[INFO] [stdout]   |                 |                |             |
[INFO] [stdout]   |                 |                |             no `Process` in the root
[INFO] [stdout]   |                 |                no `OwnedProcess` in the root
[INFO] [stdout]   |                 no `BorrowedProcess` in the root
[INFO] [stdout] 
[INFO] [stdout] 
[INFO] [stdout] error[E0432]: unresolved import `processes::OwnedProcess`
[INFO] [stdout]   --> tests/common/mod.rs:80:17
[INFO] [stdout]    |
[INFO] [stdout] 80 |               use processes::OwnedProcess;
[INFO] [stdout]    |                   ^^^^^^^^^^^^^^^^^^^^^^^ no `OwnedProcess` in the root
[INFO] [stdout]    |
[INFO] [stdout]   ::: tests/process.rs:7:1
[INFO] [stdout]    |
[INFO] [stdout] 7  | / process_test! {
[INFO] [stdout] 8  | |     fn list_modules_on_running_succeeds(
[INFO] [stdout] 9  | |         process: OwnedProcess
[INFO] [stdout] 10 | |     ) {
[INFO] [stdout] 11 | |         process.modules().unwrap();
[INFO] [stdout] 12 | |     }
[INFO] [stdout] 13 | | }
[INFO] [stdout]    | |_- in this macro invocation
[INFO] [stdout]    |
[INFO] [stdout]    = note: this error originates in the macro `process_test` (in Nightly builds, run with -Z macro-backtrace for more info)
[INFO] [stdout] help: consider importing this unresolved item instead
[INFO] [stdout]    |
[INFO] [stdout] 80 |             use crate::OwnedProcess;
[INFO] [stdout]    |                 ~~~~~~~~~~~~~~~~~~~
[INFO] [stdout] 
[INFO] [stdout] 
[INFO] [stderr] error: could not compile `processes` due to 2 previous errors
[INFO] [stderr] warning: build failed, waiting for other jobs to finish...
[INFO] [stdout] error[E0432]: unresolved import `processes::OwnedProcess`
[INFO] [stdout]   --> tests/common/mod.rs:80:17
[INFO] [stdout]    |
[INFO] [stdout] 80 |               use processes::OwnedProcess;
[INFO] [stdout]    |                   ^^^^^^^^^^^^^^^^^^^^^^^ no `OwnedProcess` in the root
[INFO] [stdout]    |
[INFO] [stdout]   ::: tests/process.rs:15:1
[INFO] [stdout]    |
[INFO] [stdout] 15 | / process_test! {
[INFO] [stdout] 16 | |     fn list_module_handles_on_running_succeeds(
[INFO] [stdout] 17 | |         process: OwnedProcess
[INFO] [stdout] 18 | |     ) {
[INFO] [stdout] 19 | |         process.borrowed().module_handles().unwrap().for_each(mem::drop);
[INFO] [stdout] 20 | |     }
[INFO] [stdout] 21 | | }
[INFO] [stdout]    | |_- in this macro invocation
[INFO] [stdout]    |
[INFO] [stdout]    = note: this error originates in the macro `process_test` (in Nightly builds, run with -Z macro-backtrace for more info)
[INFO] [stdout] help: consider importing this unresolved item instead
[INFO] [stdout]    |
[INFO] [stdout] 80 |             use crate::OwnedProcess;
[INFO] [stdout]    |                 ~~~~~~~~~~~~~~~~~~~
[INFO] [stdout] 
[INFO] [stdout] 
[INFO] [stdout] error[E0432]: unresolved import `processes::OwnedProcess`
[INFO] [stdout]   --> tests/common/mod.rs:80:17
[INFO] [stdout]    |
[INFO] [stdout] 80 |               use processes::OwnedProcess;
[INFO] [stdout]    |                   ^^^^^^^^^^^^^^^^^^^^^^^ no `OwnedProcess` in the root
[INFO] [stdout]    |
[INFO] [stdout]   ::: tests/process.rs:23:1
[INFO] [stdout]    |
[INFO] [stdout] 23 | / process_test! {
[INFO] [stdout] 24 | |     fn wait_for_module_with_kernel32_succeeds(
[INFO] [stdout] 25 | |         process: OwnedProcess
[INFO] [stdout] 26 | |     ) {
[INFO] [stdout] 27 | |         process.wait_for_module_by_name("kernel32.dll", Duration::from_secs(1)).unwrap();
[INFO] [stdout] 28 | |     }
[INFO] [stdout] 29 | | }
[INFO] [stdout]    | |_- in this macro invocation
[INFO] [stdout]    |
[INFO] [stdout]    = note: this error originates in the macro `process_test` (in Nightly builds, run with -Z macro-backtrace for more info)
[INFO] [stdout] help: consider importing this unresolved item instead
[INFO] [stdout]    |
[INFO] [stdout] 80 |             use crate::OwnedProcess;
[INFO] [stdout]    |                 ~~~~~~~~~~~~~~~~~~~
[INFO] [stdout] 
[INFO] [stdout] 
[INFO] [stdout] error[E0432]: unresolved import `processes::OwnedProcess`
[INFO] [stdout]   --> tests/common/mod.rs:80:17
[INFO] [stdout]    |
[INFO] [stdout] 80 |               use processes::OwnedProcess;
[INFO] [stdout]    |                   ^^^^^^^^^^^^^^^^^^^^^^^ no `OwnedProcess` in the root
[INFO] [stdout]    |
[INFO] [stdout]   ::: tests/process.rs:31:1
[INFO] [stdout]    |
[INFO] [stdout] 31 | / process_test! {
[INFO] [stdout] 32 | |     fn list_module_handles_on_crashed_does_not_hang(
[INFO] [stdout] 33 | |         process: OwnedProcess
[INFO] [stdout] 34 | |     ) {
[INFO] [stdout] ...  |
[INFO] [stdout] 39 | |     }
[INFO] [stdout] 40 | | }
[INFO] [stdout]    | |_- in this macro invocation
[INFO] [stdout]    |
[INFO] [stdout]    = note: this error originates in the macro `process_test` (in Nightly builds, run with -Z macro-backtrace for more info)
[INFO] [stdout] help: consider importing this unresolved item instead
[INFO] [stdout]    |
[INFO] [stdout] 80 |             use crate::OwnedProcess;
[INFO] [stdout]    |                 ~~~~~~~~~~~~~~~~~~~
[INFO] [stdout] 
[INFO] [stdout] 
[INFO] [stdout] error[E0432]: unresolved import `processes::OwnedProcess`
[INFO] [stdout]   --> tests/common/mod.rs:80:17
[INFO] [stdout]    |
[INFO] [stdout] 80 |               use processes::OwnedProcess;
[INFO] [stdout]    |                   ^^^^^^^^^^^^^^^^^^^^^^^ no `OwnedProcess` in the root
[INFO] [stdout]    |
[INFO] [stdout]   ::: tests/process.rs:42:1
[INFO] [stdout]    |
[INFO] [stdout] 42 | / process_test! {
[INFO] [stdout] 43 | |     fn list_modules_on_crashed_does_return_correct_error(
[INFO] [stdout] 44 | |         process: OwnedProcess
[INFO] [stdout] 45 | |     ) {
[INFO] [stdout] ...  |
[INFO] [stdout] 49 | |     }
[INFO] [stdout] 50 | | }
[INFO] [stdout]    | |_- in this macro invocation
[INFO] [stdout]    |
[INFO] [stdout]    = note: this error originates in the macro `process_test` (in Nightly builds, run with -Z macro-backtrace for more info)
[INFO] [stdout] help: consider importing this unresolved item instead
[INFO] [stdout]    |
[INFO] [stdout] 80 |             use crate::OwnedProcess;
[INFO] [stdout]    |                 ~~~~~~~~~~~~~~~~~~~
[INFO] [stdout] 
[INFO] [stdout] 
[INFO] [stdout] error: aborting due to 2 previous errors
[INFO] [stdout] 
[INFO] [stdout] 
[INFO] [stdout] For more information about this error, try `rustc --explain E0432`.
[INFO] [stdout] 
[INFO] [stdout] error[E0432]: unresolved import `processes::OwnedProcess`
[INFO] [stdout]   --> tests/common/mod.rs:80:17
[INFO] [stdout]    |
[INFO] [stdout] 80 |               use processes::OwnedProcess;
[INFO] [stdout]    |                   ^^^^^^^^^^^^^^^^^^^^^^^ no `OwnedProcess` in the root
[INFO] [stdout]    |
[INFO] [stdout]   ::: tests/process.rs:52:1
[INFO] [stdout]    |
[INFO] [stdout] 52 | / process_test! {
[INFO] [stdout] 53 | |     fn is_alive_is_true_for_running(
[INFO] [stdout] 54 | |         process: OwnedProcess
[INFO] [stdout] 55 | |     ) {
[INFO] [stdout] ...  |
[INFO] [stdout] 59 | |     }
[INFO] [stdout] 60 | | }
[INFO] [stdout]    | |_- in this macro invocation
[INFO] [stdout]    |
[INFO] [stdout]    = note: this error originates in the macro `process_test` (in Nightly builds, run with -Z macro-backtrace for more info)
[INFO] [stdout] help: consider importing this unresolved item instead
[INFO] [stdout]    |
[INFO] [stdout] 80 |             use crate::OwnedProcess;
[INFO] [stdout]    |                 ~~~~~~~~~~~~~~~~~~~
[INFO] [stdout] 
[INFO] [stdout] 
[INFO] [stdout] error[E0432]: unresolved import `processes::OwnedProcess`
[INFO] [stdout]   --> tests/common/mod.rs:80:17
[INFO] [stdout]    |
[INFO] [stdout] 80 |               use processes::OwnedProcess;
[INFO] [stdout]    |                   ^^^^^^^^^^^^^^^^^^^^^^^ no `OwnedProcess` in the root
[INFO] [stdout]    |
[INFO] [stdout]   ::: tests/process.rs:62:1
[INFO] [stdout]    |
[INFO] [stdout] 62 | / process_test! {
[INFO] [stdout] 63 | |     fn is_alive_is_false_for_killed(
[INFO] [stdout] 64 | |         process: OwnedProcess
[INFO] [stdout] 65 | |     ) {
[INFO] [stdout] ...  |
[INFO] [stdout] 68 | |     }
[INFO] [stdout] 69 | | }
[INFO] [stdout]    | |_- in this macro invocation
[INFO] [stdout]    |
[INFO] [stdout]    = note: this error originates in the macro `process_test` (in Nightly builds, run with -Z macro-backtrace for more info)
[INFO] [stdout] help: consider importing this unresolved item instead
[INFO] [stdout]    |
[INFO] [stdout] 80 |             use crate::OwnedProcess;
[INFO] [stdout]    |                 ~~~~~~~~~~~~~~~~~~~
[INFO] [stdout] 
[INFO] [stdout] 
[INFO] [stdout] error[E0432]: unresolved import `processes::OwnedProcess`
[INFO] [stdout]   --> tests/common/mod.rs:80:17
[INFO] [stdout]    |
[INFO] [stdout] 80 |               use processes::OwnedProcess;
[INFO] [stdout]    |                   ^^^^^^^^^^^^^^^^^^^^^^^ no `OwnedProcess` in the root
[INFO] [stdout]    |
[INFO] [stdout]   ::: tests/process.rs:71:1
[INFO] [stdout]    |
[INFO] [stdout] 71 | / process_test! {
[INFO] [stdout] 72 | |     fn path_returns_correct_path(
[INFO] [stdout] 73 | |         process: OwnedProcess
[INFO] [stdout] 74 | |     ) {
[INFO] [stdout] ...  |
[INFO] [stdout] 78 | |     }
[INFO] [stdout] 79 | | }
[INFO] [stdout]    | |_- in this macro invocation
[INFO] [stdout]    |
[INFO] [stdout]    = note: this error originates in the macro `process_test` (in Nightly builds, run with -Z macro-backtrace for more info)
[INFO] [stdout] help: consider importing this unresolved item instead
[INFO] [stdout]    |
[INFO] [stdout] 80 |             use crate::OwnedProcess;
[INFO] [stdout]    |                 ~~~~~~~~~~~~~~~~~~~
[INFO] [stdout] 
[INFO] [stdout] 
[INFO] [stderr] error: could not compile `processes` due to 3 previous errors
[INFO] [stdout] error[E0432]: unresolved import `processes::OwnedProcess`
[INFO] [stdout]   --> tests/common/mod.rs:80:17
[INFO] [stdout]    |
[INFO] [stdout] 80 |               use processes::OwnedProcess;
[INFO] [stdout]    |                   ^^^^^^^^^^^^^^^^^^^^^^^ no `OwnedProcess` in the root
[INFO] [stdout]    |
[INFO] [stdout]   ::: tests/process.rs:81:1
[INFO] [stdout]    |
[INFO] [stdout] 81 | / process_test! {
[INFO] [stdout] 82 | |     fn base_name_returns_correct_path(
[INFO] [stdout] 83 | |         process: OwnedProcess
[INFO] [stdout] 84 | |     ) {
[INFO] [stdout] ...  |
[INFO] [stdout] 87 | |     }
[INFO] [stdout] 88 | | }
[INFO] [stdout]    | |_- in this macro invocation
[INFO] [stdout]    |
[INFO] [stdout]    = note: this error originates in the macro `process_test` (in Nightly builds, run with -Z macro-backtrace for more info)
[INFO] [stdout] help: consider importing this unresolved item instead
[INFO] [stdout]    |
[INFO] [stdout] 80 |             use crate::OwnedProcess;
[INFO] [stdout]    |                 ~~~~~~~~~~~~~~~~~~~
[INFO] [stdout] 
[INFO] [stdout] 
[INFO] [stdout] error[E0432]: unresolved import `processes::OwnedProcess`
[INFO] [stdout]   --> tests/common/mod.rs:80:17
[INFO] [stdout]    |
[INFO] [stdout] 80 |               use processes::OwnedProcess;
[INFO] [stdout]    |                   ^^^^^^^^^^^^^^^^^^^^^^^ no `OwnedProcess` in the root
[INFO] [stdout]    |
[INFO] [stdout]   ::: tests/process.rs:90:1
[INFO] [stdout]    |
[INFO] [stdout] 90 | / process_test! {
[INFO] [stdout] 91 | |     fn kill_guard_kills_process_on_drop(
[INFO] [stdout] 92 | |         process: OwnedProcess
[INFO] [stdout] 93 | |     ) {
[INFO] [stdout] ...  |
[INFO] [stdout] 98 | |     }
[INFO] [stdout] 99 | | }
[INFO] [stdout]    | |_- in this macro invocation
[INFO] [stdout]    |
[INFO] [stdout]    = note: this error originates in the macro `process_test` (in Nightly builds, run with -Z macro-backtrace for more info)
[INFO] [stdout] help: consider importing this unresolved item instead
[INFO] [stdout]    |
[INFO] [stdout] 80 |             use crate::OwnedProcess;
[INFO] [stdout]    |                 ~~~~~~~~~~~~~~~~~~~
[INFO] [stdout] 
[INFO] [stdout] 
[INFO] [stdout] error[E0432]: unresolved import `processes::OwnedProcess`
[INFO] [stdout]    --> tests/common/mod.rs:80:17
[INFO] [stdout]     |
[INFO] [stdout] 80  |               use processes::OwnedProcess;
[INFO] [stdout]     |                   ^^^^^^^^^^^^^^^^^^^^^^^ no `OwnedProcess` in the root
[INFO] [stdout]     |
[INFO] [stdout]    ::: tests/process.rs:101:1
[INFO] [stdout]     |
[INFO] [stdout] 101 | / process_test! {
[INFO] [stdout] 102 | |     fn long_process_paths_are_supported(
[INFO] [stdout] 103 | |         process: OwnedProcess
[INFO] [stdout] 104 | |     ) {
[INFO] [stdout] ...   |
[INFO] [stdout] 122 | |     }
[INFO] [stdout] 123 | | }
[INFO] [stdout]     | |_- in this macro invocation
[INFO] [stdout]     |
[INFO] [stdout]     = note: this error originates in the macro `process_test` (in Nightly builds, run with -Z macro-backtrace for more info)
[INFO] [stdout] help: consider importing this unresolved item instead
[INFO] [stdout]     |
[INFO] [stdout] 80  |             use crate::OwnedProcess;
[INFO] [stdout]     |                 ~~~~~~~~~~~~~~~~~~~
[INFO] [stdout] 
[INFO] [stdout] 
[INFO] [stdout] error: aborting due to 12 previous errors
[INFO] [stdout] 
[INFO] [stdout] 
[INFO] [stdout] For more information about this error, try `rustc --explain E0432`.
[INFO] [stdout] 
[INFO] [stderr] error: could not compile `processes` due to 13 previous errors
[INFO] running `Command { std: "docker" "inspect" "1afce99b8af025b8e41fd7245fcc33f27482dd8757705d5830fb21466dd362a4", kill_on_drop: false }`
[INFO] running `Command { std: "docker" "rm" "-f" "1afce99b8af025b8e41fd7245fcc33f27482dd8757705d5830fb21466dd362a4", kill_on_drop: false }`
[INFO] [stdout] 1afce99b8af025b8e41fd7245fcc33f27482dd8757705d5830fb21466dd362a4
