[INFO] fetching crate postman-api 2.0.0...
[INFO] testing postman-api-2.0.0 against beta-2023-04-20 for beta-1.70-1
[INFO] extracting crate postman-api 2.0.0 into /workspace/builds/worker-3-tc2/source
[INFO] validating manifest of crates.io crate postman-api 2.0.0 on toolchain beta-2023-04-20
[INFO] running `Command { std: CARGO_HOME="/workspace/cargo-home" RUSTUP_HOME="/workspace/rustup-home" "/workspace/cargo-home/bin/cargo" "+beta-2023-04-20" "metadata" "--manifest-path" "Cargo.toml" "--no-deps", kill_on_drop: false }`
[INFO] started tweaking crates.io crate postman-api 2.0.0
[INFO] removed 0 missing examples
[INFO] finished tweaking crates.io crate postman-api 2.0.0
[INFO] tweaked toml for crates.io crate postman-api 2.0.0 written to /workspace/builds/worker-3-tc2/source/Cargo.toml
[INFO] crate crates.io crate postman-api 2.0.0 already has a lockfile, it will not be regenerated
[INFO] running `Command { std: CARGO_HOME="/workspace/cargo-home" RUSTUP_HOME="/workspace/rustup-home" "/workspace/cargo-home/bin/cargo" "+beta-2023-04-20" "fetch" "--manifest-path" "Cargo.toml", kill_on_drop: false }`
[INFO] [stderr]     Updating crates.io index
[INFO] [stderr]  Downloading crates ...
[INFO] [stderr]   Downloaded httpclient v0.6.0
[INFO] running `Command { std: "docker" "create" "-v" "/var/lib/crater-agent-workspace/builds/worker-3-tc2/target:/opt/rustwide/target:rw,Z" "-v" "/var/lib/crater-agent-workspace/builds/worker-3-tc2/source:/opt/rustwide/workdir:ro,Z" "-v" "/var/lib/crater-agent-workspace/cargo-home:/opt/rustwide/cargo-home:ro,Z" "-v" "/var/lib/crater-agent-workspace/rustup-home:/opt/rustwide/rustup-home:ro,Z" "-e" "SOURCE_DIR=/opt/rustwide/workdir" "-e" "CARGO_TARGET_DIR=/opt/rustwide/target" "-e" "CARGO_HOME=/opt/rustwide/cargo-home" "-e" "RUSTUP_HOME=/opt/rustwide/rustup-home" "-w" "/opt/rustwide/workdir" "-m" "1610612736" "--user" "0:0" "--network" "none" "ghcr.io/rust-lang/crates-build-env/linux@sha256:5ff2268d62e97bff2cde7d5815dd6ed5b47097566f13b8d0ca110b04b60e07ed" "/opt/rustwide/cargo-home/bin/cargo" "+beta-2023-04-20" "metadata" "--no-deps" "--format-version=1", kill_on_drop: false }`
[INFO] [stdout] 3b1c3f64c632bdd93464996e6de8e5f44acb613f7ef1d5498d0929000245a566
[INFO] running `Command { std: "docker" "start" "-a" "3b1c3f64c632bdd93464996e6de8e5f44acb613f7ef1d5498d0929000245a566", kill_on_drop: false }`
[INFO] running `Command { std: "docker" "inspect" "3b1c3f64c632bdd93464996e6de8e5f44acb613f7ef1d5498d0929000245a566", kill_on_drop: false }`
[INFO] running `Command { std: "docker" "rm" "-f" "3b1c3f64c632bdd93464996e6de8e5f44acb613f7ef1d5498d0929000245a566", kill_on_drop: false }`
[INFO] [stdout] 3b1c3f64c632bdd93464996e6de8e5f44acb613f7ef1d5498d0929000245a566
[INFO] running `Command { std: "docker" "create" "-v" "/var/lib/crater-agent-workspace/builds/worker-3-tc2/target:/opt/rustwide/target:rw,Z" "-v" "/var/lib/crater-agent-workspace/builds/worker-3-tc2/source:/opt/rustwide/workdir:ro,Z" "-v" "/var/lib/crater-agent-workspace/cargo-home:/opt/rustwide/cargo-home:ro,Z" "-v" "/var/lib/crater-agent-workspace/rustup-home:/opt/rustwide/rustup-home:ro,Z" "-e" "SOURCE_DIR=/opt/rustwide/workdir" "-e" "CARGO_TARGET_DIR=/opt/rustwide/target" "-e" "CARGO_INCREMENTAL=0" "-e" "RUST_BACKTRACE=full" "-e" "RUSTFLAGS=--cap-lints=warn" "-e" "RUSTDOCFLAGS=--cap-lints=warn" "-e" "CARGO_HOME=/opt/rustwide/cargo-home" "-e" "RUSTUP_HOME=/opt/rustwide/rustup-home" "-w" "/opt/rustwide/workdir" "-m" "1610612736" "--user" "0:0" "--network" "none" "ghcr.io/rust-lang/crates-build-env/linux@sha256:5ff2268d62e97bff2cde7d5815dd6ed5b47097566f13b8d0ca110b04b60e07ed" "/opt/rustwide/cargo-home/bin/cargo" "+beta-2023-04-20" "build" "--frozen" "--message-format=json", kill_on_drop: false }`
[INFO] [stdout] 33d8c9fb996155fa54f93e66f6c18cdbb50a1c344831778d961dd021db4eee3d
[INFO] running `Command { std: "docker" "start" "-a" "33d8c9fb996155fa54f93e66f6c18cdbb50a1c344831778d961dd021db4eee3d", kill_on_drop: false }`
[INFO] [stderr]    Compiling proc-macro2 v1.0.46
[INFO] [stderr]    Compiling quote v1.0.21
[INFO] [stderr]    Compiling unicode-ident v1.0.5
[INFO] [stderr]    Compiling syn v1.0.102
[INFO] [stderr]    Compiling autocfg v1.1.0
[INFO] [stderr]    Compiling libc v0.2.135
[INFO] [stderr]    Compiling cfg-if v1.0.0
[INFO] [stderr]    Compiling pin-project-lite v0.2.9
[INFO] [stderr]    Compiling once_cell v1.15.0
[INFO] [stderr]    Compiling memchr v2.5.0
[INFO] [stderr]    Compiling log v0.4.17
[INFO] [stderr]    Compiling cc v1.0.73
[INFO] [stderr]    Compiling futures-core v0.3.24
[INFO] [stderr]    Compiling futures-channel v0.3.24
[INFO] [stderr]    Compiling futures-task v0.3.24
[INFO] [stderr]    Compiling parking_lot_core v0.9.3
[INFO] [stderr]    Compiling futures-util v0.3.24
[INFO] [stderr]    Compiling spin v0.5.2
[INFO] [stderr]    Compiling scopeguard v1.1.0
[INFO] [stderr]    Compiling untrusted v0.7.1
[INFO] [stderr]    Compiling bytes v1.2.1
[INFO] [stderr]    Compiling futures-sink v0.3.24
[INFO] [stderr]    Compiling smallvec v1.10.0
[INFO] [stderr]    Compiling pin-utils v0.1.0
[INFO] [stderr]    Compiling itoa v1.0.4
[INFO] [stderr]    Compiling futures-io v0.3.24
[INFO] [stderr]    Compiling rustls v0.20.6
[INFO] [stderr]    Compiling fnv v1.0.7
[INFO] [stderr]    Compiling httparse v1.8.0
[INFO] [stderr]    Compiling serde_derive v1.0.145
[INFO] [stderr]    Compiling slab v0.4.7
[INFO] [stderr]    Compiling lock_api v0.4.9
[INFO] [stderr]    Compiling tokio v1.21.2
[INFO] [stderr]    Compiling tracing-core v0.1.30
[INFO] [stderr]    Compiling try-lock v0.2.3
[INFO] [stderr]    Compiling serde v1.0.145
[INFO] [stderr]    Compiling base64 v0.13.0
[INFO] [stderr]    Compiling serde_json v1.0.86
[INFO] [stderr]    Compiling want v0.3.0
[INFO] [stderr]    Compiling http v0.2.8
[INFO] [stderr]    Compiling rustls-pemfile v1.0.1
[INFO] [stderr]    Compiling thiserror v1.0.37
[INFO] [stderr]    Compiling signal-hook-registry v1.4.0
[INFO] [stderr]    Compiling num_cpus v1.13.1
[INFO] [stderr]    Compiling socket2 v0.4.7
[INFO] [stderr]    Compiling mio v0.8.4
[INFO] [stderr]    Compiling tracing v0.1.37
[INFO] [stderr]    Compiling ring v0.16.20
[INFO] [stderr]    Compiling openssl-probe v0.1.5
[INFO] [stderr]    Compiling parking_lot v0.12.1
[INFO] [stderr]    Compiling encoding_rs v0.8.31
[INFO] [stderr]    Compiling tower-service v0.3.2
[INFO] [stderr]    Compiling httpdate v1.0.2
[INFO] [stderr]    Compiling async-trait v0.1.57
[INFO] [stderr]    Compiling rustls-native-certs v0.6.2
[INFO] [stderr]    Compiling same-file v1.0.6
[INFO] [stderr]    Compiling anyhow v1.0.65
[INFO] [stderr]    Compiling ryu v1.0.11
[INFO] [stderr]    Compiling urlencoding v2.1.2
[INFO] [stderr]    Compiling http-body v0.4.5
[INFO] [stderr]    Compiling walkdir v2.3.2
[INFO] [stderr]    Compiling webpki v0.22.0
[INFO] [stderr]    Compiling sct v0.7.0
[INFO] [stderr]    Compiling futures-macro v0.3.24
[INFO] [stderr]    Compiling tokio-macros v1.8.0
[INFO] [stderr]    Compiling thiserror-impl v1.0.37
[INFO] [stderr]    Compiling futures-executor v0.3.24
[INFO] [stderr]    Compiling futures v0.3.24
[INFO] [stderr]    Compiling hyper v0.14.20
[INFO] [stderr]    Compiling tokio-rustls v0.23.4
[INFO] [stderr]    Compiling hyper-rustls v0.23.0
[INFO] [stderr]    Compiling httpclient v0.6.0
[INFO] [stderr]    Compiling postman-api v2.0.0 (/opt/rustwide/workdir)
[INFO] [stderr]     Finished dev [unoptimized + debuginfo] target(s) in 14.85s
[INFO] running `Command { std: "docker" "inspect" "33d8c9fb996155fa54f93e66f6c18cdbb50a1c344831778d961dd021db4eee3d", kill_on_drop: false }`
[INFO] running `Command { std: "docker" "rm" "-f" "33d8c9fb996155fa54f93e66f6c18cdbb50a1c344831778d961dd021db4eee3d", kill_on_drop: false }`
[INFO] [stdout] 33d8c9fb996155fa54f93e66f6c18cdbb50a1c344831778d961dd021db4eee3d
[INFO] running `Command { std: "docker" "create" "-v" "/var/lib/crater-agent-workspace/builds/worker-3-tc2/target:/opt/rustwide/target:rw,Z" "-v" "/var/lib/crater-agent-workspace/builds/worker-3-tc2/source:/opt/rustwide/workdir:ro,Z" "-v" "/var/lib/crater-agent-workspace/cargo-home:/opt/rustwide/cargo-home:ro,Z" "-v" "/var/lib/crater-agent-workspace/rustup-home:/opt/rustwide/rustup-home:ro,Z" "-e" "SOURCE_DIR=/opt/rustwide/workdir" "-e" "CARGO_TARGET_DIR=/opt/rustwide/target" "-e" "CARGO_INCREMENTAL=0" "-e" "RUST_BACKTRACE=full" "-e" "RUSTFLAGS=--cap-lints=warn" "-e" "RUSTDOCFLAGS=--cap-lints=warn" "-e" "CARGO_HOME=/opt/rustwide/cargo-home" "-e" "RUSTUP_HOME=/opt/rustwide/rustup-home" "-w" "/opt/rustwide/workdir" "-m" "1610612736" "--user" "0:0" "--network" "none" "ghcr.io/rust-lang/crates-build-env/linux@sha256:5ff2268d62e97bff2cde7d5815dd6ed5b47097566f13b8d0ca110b04b60e07ed" "/opt/rustwide/cargo-home/bin/cargo" "+beta-2023-04-20" "test" "--frozen" "--no-run" "--message-format=json", kill_on_drop: false }`
[INFO] [stdout] e74cd22354e29db18d571bdaaefd2bd4eb6c429d7a30adf8b5106edf8daa9670
[INFO] running `Command { std: "docker" "start" "-a" "e74cd22354e29db18d571bdaaefd2bd4eb6c429d7a30adf8b5106edf8daa9670", kill_on_drop: false }`
[INFO] [stderr]    Compiling postman-api v2.0.0 (/opt/rustwide/workdir)
[INFO] [stdout] error[E0433]: failed to resolve: use of undeclared crate or module `postman2`
[INFO] [stdout]  --> examples/get_mock_server_relations.rs:2:5
[INFO] [stdout]   |
[INFO] [stdout] 2 | use postman2::model::*;
[INFO] [stdout]   |     ^^^^^^^^ use of undeclared crate or module `postman2`
[INFO] [stdout] 
[INFO] [stdout] 
[INFO] [stdout] error[E0433]: failed to resolve: use of undeclared crate or module `postman2`
[INFO] [stdout]  --> examples/single_api.rs:2:5
[INFO] [stdout]   |
[INFO] [stdout] 2 | use postman2::model::*;
[INFO] [stdout]   |     ^^^^^^^^ use of undeclared crate or module `postman2`
[INFO] [stdout] 
[INFO] [stdout] 
[INFO] [stdout] error[E0432]: unresolved import `postman2`
[INFO] [stdout]  --> examples/get_mock_server_relations.rs:1:5
[INFO] [stdout]   |
[INFO] [stdout] 1 | use postman2::PostmanClient;
[INFO] [stdout]   |     ^^^^^^^^ use of undeclared crate or module `postman2`
[INFO] [stdout] 
[INFO] [stdout] 
[INFO] [stdout] error[E0433]: failed to resolve: use of undeclared crate or module `postman2`
[INFO] [stdout]  --> examples/merge_a_fork.rs:2:5
[INFO] [stdout]   |
[INFO] [stdout] 2 | use postman2::model::*;
[INFO] [stdout]   |     ^^^^^^^^ use of undeclared crate or module `postman2`
[INFO] [stdout] 
[INFO] [stdout] 
[INFO] [stdout] error[E0433]: failed to resolve: use of undeclared crate or module `postman2`
[INFO] [stdout]  --> examples/service_provider_config.rs:2:5
[INFO] [stdout]   |
[INFO] [stdout] 2 | use postman2::model::*;
[INFO] [stdout]   |     ^^^^^^^^ use of undeclared crate or module `postman2`
[INFO] [stdout] 
[INFO] [stdout] 
[INFO] [stdout] error[E0432]: unresolved import `postman2`
[INFO] [stdout]  --> examples/single_api.rs:1:5
[INFO] [stdout]   |
[INFO] [stdout] 1 | use postman2::PostmanClient;
[INFO] [stdout]   |     ^^^^^^^^ use of undeclared crate or module `postman2`
[INFO] [stdout] 
[INFO] [stdout] 
[INFO] [stdout] error[E0433]: failed to resolve: use of undeclared crate or module `postman2`
[INFO] [stdout]  --> examples/create_collection.rs:2:5
[INFO] [stdout]   |
[INFO] [stdout] 2 | use postman2::model::*;
[INFO] [stdout]   |     ^^^^^^^^ use of undeclared crate or module `postman2`
[INFO] [stdout] 
[INFO] [stdout] 
[INFO] [stdout] error[E0432]: unresolved import `postman2`
[INFO] [stdout]  --> examples/merge_a_fork.rs:1:5
[INFO] [stdout]   |
[INFO] [stdout] 1 | use postman2::PostmanClient;
[INFO] [stdout]   |     ^^^^^^^^ use of undeclared crate or module `postman2`
[INFO] [stdout] 
[INFO] [stdout] 
[INFO] [stdout] error[E0433]: failed to resolve: use of undeclared crate or module `postman2`
[INFO] [stdout]  --> examples/single_mock.rs:2:5
[INFO] [stdout]   |
[INFO] [stdout] 2 | use postman2::model::*;
[INFO] [stdout]   |     ^^^^^^^^ use of undeclared crate or module `postman2`
[INFO] [stdout] 
[INFO] [stdout] 
[INFO] [stdout] error[E0433]: failed to resolve: use of undeclared crate or module `postman2`
[INFO] [stdout]  --> examples/single_collection.rs:2:5
[INFO] [stdout]   |
[INFO] [stdout] 2 | use postman2::model::*;
[INFO] [stdout]   |     ^^^^^^^^ use of undeclared crate or module `postman2`
[INFO] [stdout] 
[INFO] [stdout] 
[INFO] [stdout] error[E0432]: unresolved import `postman2`
[INFO] [stdout]  --> examples/service_provider_config.rs:1:5
[INFO] [stdout]   |
[INFO] [stdout] 1 | use postman2::PostmanClient;
[INFO] [stdout]   |     ^^^^^^^^ use of undeclared crate or module `postman2`
[INFO] [stdout] 
[INFO] [stdout] 
[INFO] [stdout] error[E0433]: failed to resolve: use of undeclared crate or module `postman2`
[INFO] [stdout]  --> examples/create_collection_from_schema.rs:2:5
[INFO] [stdout]   |
[INFO] [stdout] 2 | use postman2::model::*;
[INFO] [stdout]   |     ^^^^^^^^ use of undeclared crate or module `postman2`
[INFO] [stdout] 
[INFO] [stdout] 
[INFO] [stdout] error[E0433]: failed to resolve: use of undeclared crate or module `postman2`
[INFO] [stdout]  --> examples/all_monitors.rs:2:5
[INFO] [stdout]   |
[INFO] [stdout] 2 | use postman2::model::*;
[INFO] [stdout]   |     ^^^^^^^^ use of undeclared crate or module `postman2`
[INFO] [stdout] 
[INFO] [stdout] 
[INFO] [stdout] error[E0433]: failed to resolve: use of undeclared crate or module `postman2`
[INFO] [stdout]  --> examples/update_workspace.rs:2:5
[INFO] [stdout]   |
[INFO] [stdout] 2 | use postman2::model::*;
[INFO] [stdout]   |     ^^^^^^^^ use of undeclared crate or module `postman2`
[INFO] [stdout] 
[INFO] [stdout] 
[INFO] [stdout] error[E0432]: unresolved import `postman2`
[INFO] [stdout]  --> examples/create_collection.rs:1:5
[INFO] [stdout]   |
[INFO] [stdout] 1 | use postman2::PostmanClient;
[INFO] [stdout]   |     ^^^^^^^^ use of undeclared crate or module `postman2`
[INFO] [stdout] 
[INFO] [stdout] 
[INFO] [stdout] error[E0433]: failed to resolve: use of undeclared crate or module `postman2`
[INFO] [stdout]  --> examples/get_monitor_relations.rs:2:5
[INFO] [stdout]   |
[INFO] [stdout] 2 | use postman2::model::*;
[INFO] [stdout]   |     ^^^^^^^^ use of undeclared crate or module `postman2`
[INFO] [stdout] 
[INFO] [stdout] 
[INFO] [stdout] error[E0432]: unresolved import `postman2`
[INFO] [stdout]  --> examples/single_collection.rs:1:5
[INFO] [stdout]   |
[INFO] [stdout] 1 | use postman2::PostmanClient;
[INFO] [stdout]   |     ^^^^^^^^ use of undeclared crate or module `postman2`
[INFO] [stdout] 
[INFO] [stdout] 
[INFO] [stdout] error[E0432]: unresolved import `postman2`
[INFO] [stdout]  --> examples/single_mock.rs:1:5
[INFO] [stdout]   |
[INFO] [stdout] 1 | use postman2::PostmanClient;
[INFO] [stdout]   |     ^^^^^^^^ use of undeclared crate or module `postman2`
[INFO] [stdout] 
[INFO] [stdout] 
[INFO] [stdout] error[E0433]: failed to resolve: use of undeclared crate or module `postman2`
[INFO] [stdout]  --> examples/create_collection_from_schema.rs:3:5
[INFO] [stdout]   |
[INFO] [stdout] 3 | use postman2::request::CreateCollectionFromSchemaRequired;
[INFO] [stdout]   |     ^^^^^^^^ use of undeclared crate or module `postman2`
[INFO] [stdout] 
[INFO] [stdout] 
[INFO] [stdout] error[E0432]: unresolved imports `postman2`, `postman2::request::CreateCollectionFromSchemaRequired`
[INFO] [stdout]  --> examples/create_collection_from_schema.rs:1:5
[INFO] [stdout]   |
[INFO] [stdout] 1 | use postman2::PostmanClient;
[INFO] [stdout]   |     ^^^^^^^^ use of undeclared crate or module `postman2`
[INFO] [stdout] 2 | use postman2::model::*;
[INFO] [stdout] 3 | use postman2::request::CreateCollectionFromSchemaRequired;
[INFO] [stdout]   |     ^^^^^^^^^^^^^^^^^^^^^^^^^^^^^^^^^^^^^^^^^^^^^^^^^^^^^
[INFO] [stdout] 
[INFO] [stdout] 
[INFO] [stdout] error[E0432]: unresolved import `postman2`
[INFO] [stdout]  --> examples/update_workspace.rs:1:5
[INFO] [stdout]   |
[INFO] [stdout] 1 | use postman2::PostmanClient;
[INFO] [stdout]   |     ^^^^^^^^ use of undeclared crate or module `postman2`
[INFO] [stdout] 
[INFO] [stdout] 
[INFO] [stdout] error[E0432]: unresolved import `postman2`
[INFO] [stdout]  --> examples/all_monitors.rs:1:5
[INFO] [stdout]   |
[INFO] [stdout] 1 | use postman2::PostmanClient;
[INFO] [stdout]   |     ^^^^^^^^ use of undeclared crate or module `postman2`
[INFO] [stdout] 
[INFO] [stdout] 
[INFO] [stdout] error[E0433]: failed to resolve: use of undeclared crate or module `postman2`
[INFO] [stdout]  --> examples/create_mock.rs:2:5
[INFO] [stdout]   |
[INFO] [stdout] 2 | use postman2::model::*;
[INFO] [stdout]   |     ^^^^^^^^ use of undeclared crate or module `postman2`
[INFO] [stdout] 
[INFO] [stdout] 
[INFO] [stdout] error[E0432]: unresolved import `postman2`
[INFO] [stdout]  --> examples/get_monitor_relations.rs:1:5
[INFO] [stdout]   |
[INFO] [stdout] 1 | use postman2::PostmanClient;
[INFO] [stdout]   |     ^^^^^^^^ use of undeclared crate or module `postman2`
[INFO] [stdout] 
[INFO] [stdout] 
[INFO] [stdout] error[E0433]: failed to resolve: use of undeclared crate or module `postman2`
[INFO] [stdout]  --> examples/get_documentation_relations.rs:2:5
[INFO] [stdout]   |
[INFO] [stdout] 2 | use postman2::model::*;
[INFO] [stdout]   |     ^^^^^^^^ use of undeclared crate or module `postman2`
[INFO] [stdout] 
[INFO] [stdout] 
[INFO] [stdout] error: aborting due to 2 previous errors
[INFO] [stdout] 
[INFO] [stdout] 
[INFO] [stdout] Some errors have detailed explanations: E0432, E0433.
[INFO] [stdout] 
[INFO] [stdout] For more information about an error, try `rustc --explain E0432`.
[INFO] [stdout] 
[INFO] [stdout] error: aborting due to 2 previous errors
[INFO] [stdout] 
[INFO] [stdout] 
[INFO] [stdout] Some errors have detailed explanations: E0432, E0433.
[INFO] [stdout] 
[INFO] [stdout] For more information about an error, try `rustc --explain E0432`.
[INFO] [stdout] 
[INFO] [stdout] error: aborting due to 2 previous errors
[INFO] [stdout] 
[INFO] [stdout] 
[INFO] [stdout] error: aborting due to 2 previous errors
[INFO] [stdout] 
[INFO] [stdout] 
[INFO] [stdout] Some errors have detailed explanations: E0432, E0433.
[INFO] [stdout] 
[INFO] [stdout] For more information about an error, try `rustc --explain E0432`.
[INFO] [stdout] 
[INFO] [stdout] Some errors have detailed explanations: E0432, E0433.
[INFO] [stdout] 
[INFO] [stdout] For more information about an error, try `rustc --explain E0432`.
[INFO] [stdout] 
[INFO] [stdout] error[E0432]: unresolved import `postman2`
[INFO] [stdout]  --> examples/get_documentation_relations.rs:1:5
[INFO] [stdout]   |
[INFO] [stdout] 1 | use postman2::PostmanClient;
[INFO] [stdout]   |     ^^^^^^^^ use of undeclared crate or module `postman2`
[INFO] [stdout] 
[INFO] [stdout] 
[INFO] [stdout] error[E0432]: unresolved import `postman2`
[INFO] [stdout]  --> examples/create_mock.rs:1:5
[INFO] [stdout]   |
[INFO] [stdout] 1 | use postman2::PostmanClient;
[INFO] [stdout]   |     ^^^^^^^^ use of undeclared crate or module `postman2`
[INFO] [stdout] 
[INFO] [stdout] 
[INFO] [stdout] error: aborting due to 2 previous errors
[INFO] [stdout] 
[INFO] [stdout] 
[INFO] [stdout] error: aborting due to 2 previous errors
[INFO] [stdout] 
[INFO] [stdout] 
[INFO] [stdout] error: aborting due to 2 previous errors
[INFO] [stdout] 
[INFO] [stdout] 
[INFO] [stdout] Some errors have detailed explanations: E0432, E0433.
[INFO] [stdout] 
[INFO] [stdout] Some errors have detailed explanations: E0432, E0433.
[INFO] [stdout] 
[INFO] [stdout] Some errors have detailed explanations: E0432, E0433.
[INFO] [stdout] 
[INFO] [stdout] For more information about an error, try `rustc --explain E0432`.
[INFO] [stdout] 
[INFO] [stdout] For more information about an error, try `rustc --explain E0432`.
[INFO] [stdout] 
[INFO] [stdout] For more information about an error, try `rustc --explain E0432`.
[INFO] [stdout] 
[INFO] [stdout] error: aborting due to 2 previous errors
[INFO] [stdout] 
[INFO] [stdout] 
[INFO] [stdout] Some errors have detailed explanations: E0432, E0433.
[INFO] [stdout] 
[INFO] [stderr] error: could not compile `postman-api` (example "get_mock_server_relations") due to 3 previous errors
[INFO] [stdout] For more information about an error, try `rustc --explain E0432`.
[INFO] [stdout] 
[INFO] [stderr] warning: build failed, waiting for other jobs to finish...
[INFO] [stdout] error: aborting due to 2 previous errors
[INFO] [stdout] 
[INFO] [stdout] 
[INFO] [stderr] error: could not compile `postman-api` (example "single_mock") due to 3 previous errors
[INFO] [stdout] Some errors have detailed explanations: E0432, E0433.
[INFO] [stdout] 
[INFO] [stderr] error: could not compile `postman-api` (example "create_collection") due to 3 previous errors
[INFO] [stdout] For more information about an error, try `rustc --explain E0432`.
[INFO] [stdout] 
[INFO] [stderr] error: could not compile `postman-api` (example "single_collection") due to 3 previous errors
[INFO] [stdout] error: aborting due to 2 previous errors
[INFO] [stdout] 
[INFO] [stdout] 
[INFO] [stdout] Some errors have detailed explanations: E0432, E0433.
[INFO] [stdout] 
[INFO] [stdout] For more information about an error, try `rustc --explain E0432`.
[INFO] [stdout] 
[INFO] [stderr] error: could not compile `postman-api` (example "update_workspace") due to 3 previous errors
[INFO] [stdout] error: aborting due to 3 previous errors
[INFO] [stdout] 
[INFO] [stdout] 
[INFO] [stdout] Some errors have detailed explanations: E0432, E0433.
[INFO] [stdout] 
[INFO] [stdout] For more information about an error, try `rustc --explain E0432`.
[INFO] [stdout] 
[INFO] [stderr] error: could not compile `postman-api` (example "all_monitors") due to 3 previous errors
[INFO] [stderr] error: could not compile `postman-api` (example "get_monitor_relations") due to 3 previous errors
[INFO] [stderr] error: could not compile `postman-api` (example "service_provider_config") due to 3 previous errors
[INFO] [stderr] error: could not compile `postman-api` (example "single_api") due to 3 previous errors
[INFO] [stderr] error: could not compile `postman-api` (example "merge_a_fork") due to 3 previous errors
[INFO] [stdout] error[E0433]: failed to resolve: use of undeclared crate or module `postman2`
[INFO] [stdout]  --> examples/update_collection.rs:2:5
[INFO] [stdout]   |
[INFO] [stdout] 2 | use postman2::model::*;
[INFO] [stdout]   |     ^^^^^^^^ use of undeclared crate or module `postman2`
[INFO] [stdout] 
[INFO] [stdout] 
[INFO] [stderr] error: could not compile `postman-api` (example "create_collection_from_schema") due to 4 previous errors
[INFO] [stdout] error: aborting due to 2 previous errors
[INFO] [stdout] 
[INFO] [stdout] 
[INFO] [stdout] Some errors have detailed explanations: E0432, E0433.
[INFO] [stdout] 
[INFO] [stdout] For more information about an error, try `rustc --explain E0432`.
[INFO] [stdout] 
[INFO] [stdout] error[E0432]: unresolved import `postman2`
[INFO] [stdout]  --> examples/update_collection.rs:1:5
[INFO] [stdout]   |
[INFO] [stdout] 1 | use postman2::PostmanClient;
[INFO] [stdout]   |     ^^^^^^^^ use of undeclared crate or module `postman2`
[INFO] [stdout] 
[INFO] [stdout] 
[INFO] [stdout] error: aborting due to 2 previous errors
[INFO] [stdout] 
[INFO] [stdout] 
[INFO] [stdout] Some errors have detailed explanations: E0432, E0433.
[INFO] [stdout] 
[INFO] [stdout] For more information about an error, try `rustc --explain E0432`.
[INFO] [stdout] 
[INFO] [stderr] error: could not compile `postman-api` (example "create_mock") due to 3 previous errors
[INFO] [stderr] error: could not compile `postman-api` (example "get_documentation_relations") due to 3 previous errors
[INFO] [stdout] error: aborting due to 2 previous errors
[INFO] [stdout] 
[INFO] [stdout] 
[INFO] [stdout] Some errors have detailed explanations: E0432, E0433.
[INFO] [stdout] 
[INFO] [stdout] For more information about an error, try `rustc --explain E0432`.
[INFO] [stdout] 
[INFO] [stdout] error[E0433]: failed to resolve: use of undeclared crate or module `postman2`
[INFO] [stdout]  --> examples/delete_monitor.rs:2:5
[INFO] [stdout]   |
[INFO] [stdout] 2 | use postman2::model::*;
[INFO] [stdout]   |     ^^^^^^^^ use of undeclared crate or module `postman2`
[INFO] [stdout] 
[INFO] [stdout] 
[INFO] [stderr] error: could not compile `postman-api` (example "update_collection") due to 3 previous errors
[INFO] [stdout] error[E0432]: unresolved import `postman2`
[INFO] [stdout]  --> examples/delete_monitor.rs:1:5
[INFO] [stdout]   |
[INFO] [stdout] 1 | use postman2::PostmanClient;
[INFO] [stdout]   |     ^^^^^^^^ use of undeclared crate or module `postman2`
[INFO] [stdout] 
[INFO] [stdout] 
[INFO] [stdout] error: aborting due to 2 previous errors
[INFO] [stdout] 
[INFO] [stdout] 
[INFO] [stdout] Some errors have detailed explanations: E0432, E0433.
[INFO] [stdout] 
[INFO] [stdout] For more information about an error, try `rustc --explain E0432`.
[INFO] [stdout] 
[INFO] [stderr] error: could not compile `postman-api` (example "delete_monitor") due to 3 previous errors
[INFO] running `Command { std: "docker" "inspect" "e74cd22354e29db18d571bdaaefd2bd4eb6c429d7a30adf8b5106edf8daa9670", kill_on_drop: false }`
[INFO] running `Command { std: "docker" "rm" "-f" "e74cd22354e29db18d571bdaaefd2bd4eb6c429d7a30adf8b5106edf8daa9670", kill_on_drop: false }`
[INFO] [stdout] e74cd22354e29db18d571bdaaefd2bd4eb6c429d7a30adf8b5106edf8daa9670
