[INFO] fetching crate plotters-unstable 0.2.1...
[INFO] testing plotters-unstable-0.2.1 against beta-2023-04-20 for beta-1.70-1
[INFO] extracting crate plotters-unstable 0.2.1 into /workspace/builds/worker-4-tc2/source
[INFO] validating manifest of crates.io crate plotters-unstable 0.2.1 on toolchain beta-2023-04-20
[INFO] running `Command { std: CARGO_HOME="/workspace/cargo-home" RUSTUP_HOME="/workspace/rustup-home" "/workspace/cargo-home/bin/cargo" "+beta-2023-04-20" "metadata" "--manifest-path" "Cargo.toml" "--no-deps", kill_on_drop: false }`
[INFO] removed /workspace/builds/worker-4-tc2/source/.cargo/config
[INFO] started tweaking crates.io crate plotters-unstable 0.2.1
[INFO] finished tweaking crates.io crate plotters-unstable 0.2.1
[INFO] tweaked toml for crates.io crate plotters-unstable 0.2.1 written to /workspace/builds/worker-4-tc2/source/Cargo.toml
[INFO] crate crates.io crate plotters-unstable 0.2.1 already has a lockfile, it will not be regenerated
[INFO] running `Command { std: CARGO_HOME="/workspace/cargo-home" RUSTUP_HOME="/workspace/rustup-home" "/workspace/cargo-home/bin/cargo" "+beta-2023-04-20" "fetch" "--manifest-path" "Cargo.toml", kill_on_drop: false }`
[INFO] [stderr]     Updating crates.io index
[INFO] [stderr]  Downloading crates ...
[INFO] [stderr]   Downloaded cmake v0.1.44
[INFO] [stderr]   Downloaded freetype v0.4.1
[INFO] [stderr]   Downloaded core-text v15.0.0
[INFO] [stderr]   Downloaded rust-argon2 v0.8.2
[INFO] [stderr]   Downloaded servo-fontconfig v0.4.0
[INFO] [stderr]   Downloaded plotters-backend v0.2.1
[INFO] [stderr]   Downloaded wasm-bindgen-test-macro v0.3.17
[INFO] [stderr]   Downloaded wasm-bindgen-test v0.3.17
[INFO] [stderr]   Downloaded font-kit v0.7.1
[INFO] [stderr]   Downloaded bytemuck v1.4.0
[INFO] [stderr]   Downloaded image v0.23.8
[INFO] [stderr]   Downloaded plotters-bitmap v0.2.0
[INFO] [stderr]   Downloaded servo-freetype-sys v4.0.5
[INFO] [stderr]   Downloaded servo-fontconfig-sys v4.0.9
[INFO] [stderr]   Downloaded plotters-svg v0.2.0
[INFO] [stderr]   Downloaded pathfinder_simd v0.5.0
[INFO] running `Command { std: "docker" "create" "-v" "/var/lib/crater-agent-workspace/builds/worker-4-tc2/target:/opt/rustwide/target:rw,Z" "-v" "/var/lib/crater-agent-workspace/builds/worker-4-tc2/source:/opt/rustwide/workdir:ro,Z" "-v" "/var/lib/crater-agent-workspace/cargo-home:/opt/rustwide/cargo-home:ro,Z" "-v" "/var/lib/crater-agent-workspace/rustup-home:/opt/rustwide/rustup-home:ro,Z" "-e" "SOURCE_DIR=/opt/rustwide/workdir" "-e" "CARGO_TARGET_DIR=/opt/rustwide/target" "-e" "CARGO_HOME=/opt/rustwide/cargo-home" "-e" "RUSTUP_HOME=/opt/rustwide/rustup-home" "-w" "/opt/rustwide/workdir" "-m" "1610612736" "--user" "0:0" "--network" "none" "ghcr.io/rust-lang/crates-build-env/linux@sha256:5ff2268d62e97bff2cde7d5815dd6ed5b47097566f13b8d0ca110b04b60e07ed" "/opt/rustwide/cargo-home/bin/cargo" "+beta-2023-04-20" "metadata" "--no-deps" "--format-version=1", kill_on_drop: false }`
[INFO] [stdout] 60eb916b5801b8addbb1248fc5d8f0f0660ab738d11aaa769d228f35ac4c335a
[INFO] running `Command { std: "docker" "start" "-a" "60eb916b5801b8addbb1248fc5d8f0f0660ab738d11aaa769d228f35ac4c335a", kill_on_drop: false }`
[INFO] running `Command { std: "docker" "inspect" "60eb916b5801b8addbb1248fc5d8f0f0660ab738d11aaa769d228f35ac4c335a", kill_on_drop: false }`
[INFO] running `Command { std: "docker" "rm" "-f" "60eb916b5801b8addbb1248fc5d8f0f0660ab738d11aaa769d228f35ac4c335a", kill_on_drop: false }`
[INFO] [stdout] 60eb916b5801b8addbb1248fc5d8f0f0660ab738d11aaa769d228f35ac4c335a
[INFO] running `Command { std: "docker" "create" "-v" "/var/lib/crater-agent-workspace/builds/worker-4-tc2/target:/opt/rustwide/target:rw,Z" "-v" "/var/lib/crater-agent-workspace/builds/worker-4-tc2/source:/opt/rustwide/workdir:ro,Z" "-v" "/var/lib/crater-agent-workspace/cargo-home:/opt/rustwide/cargo-home:ro,Z" "-v" "/var/lib/crater-agent-workspace/rustup-home:/opt/rustwide/rustup-home:ro,Z" "-e" "SOURCE_DIR=/opt/rustwide/workdir" "-e" "CARGO_TARGET_DIR=/opt/rustwide/target" "-e" "CARGO_INCREMENTAL=0" "-e" "RUST_BACKTRACE=full" "-e" "RUSTFLAGS=--cap-lints=warn" "-e" "RUSTDOCFLAGS=--cap-lints=warn" "-e" "CARGO_HOME=/opt/rustwide/cargo-home" "-e" "RUSTUP_HOME=/opt/rustwide/rustup-home" "-w" "/opt/rustwide/workdir" "-m" "1610612736" "--user" "0:0" "--network" "none" "ghcr.io/rust-lang/crates-build-env/linux@sha256:5ff2268d62e97bff2cde7d5815dd6ed5b47097566f13b8d0ca110b04b60e07ed" "/opt/rustwide/cargo-home/bin/cargo" "+beta-2023-04-20" "build" "--frozen" "--message-format=json", kill_on_drop: false }`
[INFO] [stdout] f36fb976a925a51df0eb2983e7b3e2d3ee1a736ffec5c7310b7faa0ee792f2d5
[INFO] running `Command { std: "docker" "start" "-a" "f36fb976a925a51df0eb2983e7b3e2d3ee1a736ffec5c7310b7faa0ee792f2d5", kill_on_drop: false }`
[INFO] [stderr]    Compiling autocfg v1.0.1
[INFO] [stderr]    Compiling pkg-config v0.3.18
[INFO] [stderr]    Compiling cc v1.0.59
[INFO] [stderr]    Compiling libc v0.2.76
[INFO] [stderr]    Compiling adler32 v1.2.0
[INFO] [stderr]    Compiling bitflags v1.2.1
[INFO] [stderr]    Compiling crc32fast v1.2.0
[INFO] [stderr]    Compiling semver-parser v0.7.0
[INFO] [stderr]    Compiling inflate v0.4.5
[INFO] [stderr]    Compiling cmake v0.1.44
[INFO] [stderr]    Compiling num-traits v0.2.12
[INFO] [stderr]    Compiling num-integer v0.1.43
[INFO] [stderr]    Compiling semver v0.9.0
[INFO] [stderr]    Compiling num-iter v0.1.41
[INFO] [stderr]    Compiling servo-fontconfig-sys v4.0.9
[INFO] [stderr]    Compiling rustc_version v0.2.3
[INFO] [stderr]    Compiling num-rational v0.2.4
[INFO] [stderr]    Compiling num-rational v0.3.0
[INFO] [stderr]    Compiling deflate v0.7.20
[INFO] [stderr]    Compiling jpeg-decoder v0.1.20
[INFO] [stderr]    Compiling servo-freetype-sys v4.0.5
[INFO] [stderr]    Compiling expat-sys v2.1.6
[INFO] [stderr]    Compiling pathfinder_simd v0.5.0
[INFO] [stderr]    Compiling png v0.15.3
[INFO] [stderr]    Compiling dirs-sys v0.3.5
[INFO] [stderr]    Compiling deflate v0.8.6
[INFO] [stderr]    Compiling miniz_oxide v0.3.7
[INFO] [stderr]    Compiling lzw v0.10.0
[INFO] [stderr]    Compiling same-file v1.0.6
[INFO] [stderr]    Compiling color_quant v1.0.1
[INFO] [stderr]    Compiling plotters-backend v0.2.1
[INFO] [stderr]    Compiling pathfinder_geometry v0.5.1
[INFO] [stderr]    Compiling png v0.16.7
[INFO] [stderr]    Compiling gif v0.10.3
[INFO] [stderr]    Compiling walkdir v2.3.1
[INFO] [stderr]    Compiling ordered-float v1.1.0
[INFO] [stderr]    Compiling approx v0.3.2
[INFO] [stderr]    Compiling servo-fontconfig v0.4.0
[INFO] [stderr]    Compiling dirs v2.0.2
[INFO] [stderr]    Compiling freetype v0.4.1
[INFO] [stderr]    Compiling time v0.1.44
[INFO] [stderr]    Compiling stb_truetype v0.3.1
[INFO] [stderr]    Compiling image v0.22.5
[INFO] [stderr]    Compiling bytemuck v1.4.0
[INFO] [stderr]    Compiling float-ord v0.2.0
[INFO] [stderr]    Compiling image v0.23.8
[INFO] [stderr]    Compiling font-kit v0.7.1
[INFO] [stderr]    Compiling rusttype v0.8.3
[INFO] [stderr]    Compiling chrono v0.4.15
[INFO] [stderr]    Compiling plotters-svg v0.2.0
[INFO] [stderr]    Compiling plotters-bitmap v0.2.0
[INFO] [stderr]    Compiling plotters-unstable v0.2.1 (/opt/rustwide/workdir)
[INFO] [stderr]     Finished dev [unoptimized + debuginfo] target(s) in 21.38s
[INFO] running `Command { std: "docker" "inspect" "f36fb976a925a51df0eb2983e7b3e2d3ee1a736ffec5c7310b7faa0ee792f2d5", kill_on_drop: false }`
[INFO] running `Command { std: "docker" "rm" "-f" "f36fb976a925a51df0eb2983e7b3e2d3ee1a736ffec5c7310b7faa0ee792f2d5", kill_on_drop: false }`
[INFO] [stdout] f36fb976a925a51df0eb2983e7b3e2d3ee1a736ffec5c7310b7faa0ee792f2d5
[INFO] running `Command { std: "docker" "create" "-v" "/var/lib/crater-agent-workspace/builds/worker-4-tc2/target:/opt/rustwide/target:rw,Z" "-v" "/var/lib/crater-agent-workspace/builds/worker-4-tc2/source:/opt/rustwide/workdir:ro,Z" "-v" "/var/lib/crater-agent-workspace/cargo-home:/opt/rustwide/cargo-home:ro,Z" "-v" "/var/lib/crater-agent-workspace/rustup-home:/opt/rustwide/rustup-home:ro,Z" "-e" "SOURCE_DIR=/opt/rustwide/workdir" "-e" "CARGO_TARGET_DIR=/opt/rustwide/target" "-e" "CARGO_INCREMENTAL=0" "-e" "RUST_BACKTRACE=full" "-e" "RUSTFLAGS=--cap-lints=warn" "-e" "RUSTDOCFLAGS=--cap-lints=warn" "-e" "CARGO_HOME=/opt/rustwide/cargo-home" "-e" "RUSTUP_HOME=/opt/rustwide/rustup-home" "-w" "/opt/rustwide/workdir" "-m" "1610612736" "--user" "0:0" "--network" "none" "ghcr.io/rust-lang/crates-build-env/linux@sha256:5ff2268d62e97bff2cde7d5815dd6ed5b47097566f13b8d0ca110b04b60e07ed" "/opt/rustwide/cargo-home/bin/cargo" "+beta-2023-04-20" "test" "--frozen" "--no-run" "--message-format=json", kill_on_drop: false }`
[INFO] [stdout] 6507ec91494504d3f8be2c117a50d14cd712d0c0652107d4c3daf9608847058d
[INFO] running `Command { std: "docker" "start" "-a" "6507ec91494504d3f8be2c117a50d14cd712d0c0652107d4c3daf9608847058d", kill_on_drop: false }`
[INFO] [stderr]    Compiling crossbeam-utils v0.7.2
[INFO] [stderr]    Compiling serde v1.0.115
[INFO] [stderr]    Compiling memoffset v0.5.5
[INFO] [stderr]    Compiling getrandom v0.1.14
[INFO] [stderr]    Compiling maybe-uninit v2.0.0
[INFO] [stderr]    Compiling crossbeam-epoch v0.8.2
[INFO] [stderr]    Compiling memchr v2.3.3
[INFO] [stderr]    Compiling ryu v1.0.5
[INFO] [stderr]    Compiling proc-macro2 v1.0.19
[INFO] [stderr]    Compiling rayon-core v1.8.0
[INFO] [stderr]    Compiling rand_core v0.5.1
[INFO] [stderr]    Compiling cast v0.2.3
[INFO] [stderr]    Compiling syn v1.0.39
[INFO] [stderr]    Compiling serde_json v1.0.57
[INFO] [stderr]    Compiling either v1.6.0
[INFO] [stderr]    Compiling itoa v0.4.6
[INFO] [stderr]    Compiling regex-automata v0.1.9
[INFO] [stderr]    Compiling num_cpus v1.13.0
[INFO] [stderr]    Compiling crossbeam-channel v0.4.3
[INFO] [stderr]    Compiling quote v1.0.7
[INFO] [stderr]    Compiling rayon v1.4.0
[INFO] [stderr]    Compiling crossbeam-deque v0.7.3
[INFO] [stderr]    Compiling unicode-width v0.1.8
[INFO] [stderr]    Compiling serde_derive v1.0.115
[INFO] [stderr]    Compiling ppv-lite86 v0.2.9
[INFO] [stderr]    Compiling textwrap v0.11.0
[INFO] [stderr]    Compiling itertools v0.9.0
[INFO] [stderr]    Compiling csv-core v0.1.10
[INFO] [stderr]    Compiling regex-syntax v0.6.18
[INFO] [stderr]    Compiling rand_chacha v0.2.2
[INFO] [stderr]    Compiling half v1.6.0
[INFO] [stderr]    Compiling rand v0.7.3
[INFO] [stderr]    Compiling clap v2.33.3
[INFO] [stderr]    Compiling criterion-plot v0.4.3
[INFO] [stderr]    Compiling regex v1.3.9
[INFO] [stderr]    Compiling atty v0.2.14
[INFO] [stderr]    Compiling plotters v0.2.15
[INFO] [stderr]    Compiling oorandom v11.1.2
[INFO] [stderr]    Compiling rand_distr v0.2.2
[INFO] [stderr]    Compiling rand_xorshift v0.2.0
[INFO] [stderr]    Compiling bstr v0.2.13
[INFO] [stderr]    Compiling serde_cbor v0.11.1
[INFO] [stderr]    Compiling csv v1.1.3
[INFO] [stderr]    Compiling tinytemplate v1.1.0
[INFO] [stderr]    Compiling criterion v0.3.3
[INFO] [stderr]    Compiling plotters-unstable v0.2.1 (/opt/rustwide/workdir)
[INFO] [stdout] error[E0433]: failed to resolve: use of undeclared crate or module `plotters`
[INFO] [stdout]  --> examples/snowflake.rs:1:5
[INFO] [stdout]   |
[INFO] [stdout] 1 | use plotters::prelude::*;
[INFO] [stdout]   |     ^^^^^^^^ use of undeclared crate or module `plotters`
[INFO] [stdout] 
[INFO] [stdout] 
[INFO] [stdout] error[E0433]: failed to resolve: use of undeclared crate or module `plotters`
[INFO] [stdout]  --> examples/errorbar.rs:1:5
[INFO] [stdout]   |
[INFO] [stdout] 1 | use plotters::prelude::*;
[INFO] [stdout]   |     ^^^^^^^^ use of undeclared crate or module `plotters`
[INFO] [stdout] 
[INFO] [stdout] 
[INFO] [stdout] error[E0433]: failed to resolve: use of undeclared crate or module `plotters`
[INFO] [stdout]  --> examples/animation.rs:1:5
[INFO] [stdout]   |
[INFO] [stdout] 1 | use plotters::prelude::*;
[INFO] [stdout]   |     ^^^^^^^^ use of undeclared crate or module `plotters`
[INFO] [stdout] 
[INFO] [stdout] 
[INFO] [stdout] error[E0433]: failed to resolve: use of undeclared crate or module `plotters`
[INFO] [stdout]  --> examples/mandelbrot.rs:1:5
[INFO] [stdout]   |
[INFO] [stdout] 1 | use plotters::prelude::*;
[INFO] [stdout]   |     ^^^^^^^^ use of undeclared crate or module `plotters`
[INFO] [stdout] 
[INFO] [stdout] 
[INFO] [stdout] error[E0433]: failed to resolve: use of undeclared crate or module `plotters`
[INFO] [stdout]  --> examples/stock.rs:3:5
[INFO] [stdout]   |
[INFO] [stdout] 3 | use plotters::prelude::*;
[INFO] [stdout]   |     ^^^^^^^^ use of undeclared crate or module `plotters`
[INFO] [stdout] 
[INFO] [stdout] 
[INFO] [stdout] error[E0433]: failed to resolve: use of undeclared type `LabelAreaPosition`
[INFO] [stdout]   --> examples/errorbar.rs:23:30
[INFO] [stdout]    |
[INFO] [stdout] 23 |         .set_label_area_size(LabelAreaPosition::Left, 40)
[INFO] [stdout]    |                              ^^^^^^^^^^^^^^^^^ use of undeclared type `LabelAreaPosition`
[INFO] [stdout] 
[INFO] [stdout] 
[INFO] [stdout] error[E0433]: failed to resolve: use of undeclared type `LabelAreaPosition`
[INFO] [stdout]   --> examples/errorbar.rs:24:30
[INFO] [stdout]    |
[INFO] [stdout] 24 |         .set_label_area_size(LabelAreaPosition::Bottom, 40)
[INFO] [stdout]    |                              ^^^^^^^^^^^^^^^^^ use of undeclared type `LabelAreaPosition`
[INFO] [stdout] 
[INFO] [stdout] 
[INFO] [stdout] error[E0433]: failed to resolve: use of undeclared type `BitMapBackend`
[INFO] [stdout]   --> examples/errorbar.rs:16:9
[INFO] [stdout]    |
[INFO] [stdout] 16 |         BitMapBackend::new("plotters-doc-data/errorbar.png", (1024, 768)).into_drawing_area();
[INFO] [stdout]    |         ^^^^^^^^^^^^^ use of undeclared type `BitMapBackend`
[INFO] [stdout]    |
[INFO] [stdout] help: consider importing one of these items
[INFO] [stdout]    |
[INFO] [stdout] 1  + use plotters_bitmap::BitMapBackend;
[INFO] [stdout]    |
[INFO] [stdout] 1  + use plotters_unstable::prelude::BitMapBackend;
[INFO] [stdout]    |
[INFO] [stdout] 
[INFO] [stdout] 
[INFO] [stdout] error[E0425]: cannot find value `WHITE` in this scope
[INFO] [stdout]   --> examples/errorbar.rs:18:16
[INFO] [stdout]    |
[INFO] [stdout] 18 |     root.fill(&WHITE)?;
[INFO] [stdout]    |                ^^^^^ not found in this scope
[INFO] [stdout]    |
[INFO] [stdout] help: consider importing this constant
[INFO] [stdout]    |
[INFO] [stdout] 1  + use plotters_unstable::prelude::WHITE;
[INFO] [stdout]    |
[INFO] [stdout] 
[INFO] [stdout] 
[INFO] [stdout] error[E0433]: failed to resolve: use of undeclared type `ChartBuilder`
[INFO] [stdout]   --> examples/errorbar.rs:20:21
[INFO] [stdout]    |
[INFO] [stdout] 20 |     let mut chart = ChartBuilder::on(&root)
[INFO] [stdout]    |                     ^^^^^^^^^^^^ use of undeclared type `ChartBuilder`
[INFO] [stdout]    |
[INFO] [stdout] help: consider importing this struct
[INFO] [stdout]    |
[INFO] [stdout] 1  + use plotters_unstable::prelude::ChartBuilder;
[INFO] [stdout]    |
[INFO] [stdout] 
[INFO] [stdout] 
[INFO] [stdout] error[E0433]: failed to resolve: use of undeclared type `LineSeries`
[INFO] [stdout]   --> examples/errorbar.rs:30:22
[INFO] [stdout]    |
[INFO] [stdout] 30 |         .draw_series(LineSeries::new(data, &GREEN.mix(0.3)))?
[INFO] [stdout]    |                      ^^^^^^^^^^ use of undeclared type `LineSeries`
[INFO] [stdout]    |
[INFO] [stdout] help: consider importing this struct
[INFO] [stdout]    |
[INFO] [stdout] 1  + use plotters_unstable::prelude::LineSeries;
[INFO] [stdout]    |
[INFO] [stdout] 
[INFO] [stdout] 
[INFO] [stdout] error[E0425]: cannot find value `GREEN` in this scope
[INFO] [stdout]   --> examples/errorbar.rs:30:45
[INFO] [stdout]    |
[INFO] [stdout] 30 |         .draw_series(LineSeries::new(data, &GREEN.mix(0.3)))?
[INFO] [stdout]    |                                             ^^^^^ not found in this scope
[INFO] [stdout]    |
[INFO] [stdout] help: consider importing this constant
[INFO] [stdout]    |
[INFO] [stdout] 1  + use plotters_unstable::prelude::GREEN;
[INFO] [stdout]    |
[INFO] [stdout] 
[INFO] [stdout] 
[INFO] [stdout] error[E0433]: failed to resolve: use of undeclared type `PathElement`
[INFO] [stdout]   --> examples/errorbar.rs:32:26
[INFO] [stdout]    |
[INFO] [stdout] 32 |         .legend(|(x, y)| PathElement::new(vec![(x, y), (x + 20, y)], &GREEN));
[INFO] [stdout]    |                          ^^^^^^^^^^^ use of undeclared type `PathElement`
[INFO] [stdout]    |
[INFO] [stdout] help: consider importing this struct
[INFO] [stdout]    |
[INFO] [stdout] 1  + use plotters_unstable::prelude::PathElement;
[INFO] [stdout]    |
[INFO] [stdout] 
[INFO] [stdout] 
[INFO] [stdout] error[E0425]: cannot find value `GREEN` in this scope
[INFO] [stdout]   --> examples/errorbar.rs:32:71
[INFO] [stdout]    |
[INFO] [stdout] 32 |         .legend(|(x, y)| PathElement::new(vec![(x, y), (x + 20, y)], &GREEN));
[INFO] [stdout]    |                                                                       ^^^^^ not found in this scope
[INFO] [stdout]    |
[INFO] [stdout] help: consider importing this constant
[INFO] [stdout]    |
[INFO] [stdout] 1  + use plotters_unstable::prelude::GREEN;
[INFO] [stdout]    |
[INFO] [stdout] 
[INFO] [stdout] 
[INFO] [stdout] error[E0433]: failed to resolve: use of undeclared type `LineSeries`
[INFO] [stdout]   --> examples/errorbar.rs:34:23
[INFO] [stdout]    |
[INFO] [stdout] 34 |     chart.draw_series(LineSeries::new(
[INFO] [stdout]    |                       ^^^^^^^^^^ use of undeclared type `LineSeries`
[INFO] [stdout]    |
[INFO] [stdout] help: consider importing this struct
[INFO] [stdout]    |
[INFO] [stdout] 1  + use plotters_unstable::prelude::LineSeries;
[INFO] [stdout]    |
[INFO] [stdout] 
[INFO] [stdout] 
[INFO] [stdout] error[E0425]: cannot find value `BLUE` in this scope
[INFO] [stdout]   --> examples/errorbar.rs:36:10
[INFO] [stdout]    |
[INFO] [stdout] 36 |         &BLUE,
[INFO] [stdout]    |          ^^^^ not found in this scope
[INFO] [stdout]    |
[INFO] [stdout] help: consider importing this constant
[INFO] [stdout]    |
[INFO] [stdout] 1  + use plotters_unstable::prelude::BLUE;
[INFO] [stdout]    |
[INFO] [stdout] 
[INFO] [stdout] 
[INFO] [stdout] error[E0433]: failed to resolve: use of undeclared type `ErrorBar`
[INFO] [stdout]   --> examples/errorbar.rs:42:17
[INFO] [stdout]    |
[INFO] [stdout] 42 |                 ErrorBar::new_vertical(*x, *yl, *ym, *yh, BLUE.filled(), 20)
[INFO] [stdout]    |                 ^^^^^^^^ use of undeclared type `ErrorBar`
[INFO] [stdout]    |
[INFO] [stdout] help: consider importing this struct
[INFO] [stdout]    |
[INFO] [stdout] 1  + use plotters_unstable::prelude::ErrorBar;
[INFO] [stdout]    |
[INFO] [stdout] 
[INFO] [stdout] 
[INFO] [stdout] error[E0425]: cannot find value `BLUE` in this scope
[INFO] [stdout]   --> examples/errorbar.rs:42:59
[INFO] [stdout]    |
[INFO] [stdout] 42 |                 ErrorBar::new_vertical(*x, *yl, *ym, *yh, BLUE.filled(), 20)
[INFO] [stdout]    |                                                           ^^^^ not found in this scope
[INFO] [stdout]    |
[INFO] [stdout] help: consider importing this constant
[INFO] [stdout]    |
[INFO] [stdout] 1  + use plotters_unstable::prelude::BLUE;
[INFO] [stdout]    |
[INFO] [stdout] 
[INFO] [stdout] 
[INFO] [stdout] error[E0433]: failed to resolve: use of undeclared type `PathElement`
[INFO] [stdout]   --> examples/errorbar.rs:46:26
[INFO] [stdout]    |
[INFO] [stdout] 46 |         .legend(|(x, y)| PathElement::new(vec![(x, y), (x + 20, y)], &BLUE));
[INFO] [stdout]    |                          ^^^^^^^^^^^ use of undeclared type `PathElement`
[INFO] [stdout]    |
[INFO] [stdout] help: consider importing this struct
[INFO] [stdout]    |
[INFO] [stdout] 1  + use plotters_unstable::prelude::PathElement;
[INFO] [stdout]    |
[INFO] [stdout] 
[INFO] [stdout] 
[INFO] [stdout] error[E0425]: cannot find value `BLUE` in this scope
[INFO] [stdout]   --> examples/errorbar.rs:46:71
[INFO] [stdout]    |
[INFO] [stdout] 46 |         .legend(|(x, y)| PathElement::new(vec![(x, y), (x + 20, y)], &BLUE));
[INFO] [stdout]    |                                                                       ^^^^ not found in this scope
[INFO] [stdout]    |
[INFO] [stdout] help: consider importing this constant
[INFO] [stdout]    |
[INFO] [stdout] 1  + use plotters_unstable::prelude::BLUE;
[INFO] [stdout]    |
[INFO] [stdout] 
[INFO] [stdout] 
[INFO] [stdout] error[E0425]: cannot find value `WHITE` in this scope
[INFO] [stdout]   --> examples/errorbar.rs:50:27
[INFO] [stdout]    |
[INFO] [stdout] 50 |         .background_style(WHITE.filled())
[INFO] [stdout]    |                           ^^^^^ not found in this scope
[INFO] [stdout]    |
[INFO] [stdout] help: consider importing this constant
[INFO] [stdout]    |
[INFO] [stdout] 1  + use plotters_unstable::prelude::WHITE;
[INFO] [stdout]    |
[INFO] [stdout] 
[INFO] [stdout] 
[INFO] [stdout] error[E0433]: failed to resolve: use of undeclared type `BitMapBackend`
[INFO] [stdout]  --> examples/mandelbrot.rs:6:9
[INFO] [stdout]   |
[INFO] [stdout] 6 |         BitMapBackend::new("plotters-doc-data/mandelbrot.png", (800, 600)).into_drawing_area();
[INFO] [stdout]   |         ^^^^^^^^^^^^^ use of undeclared type `BitMapBackend`
[INFO] [stdout]   |
[INFO] [stdout] help: consider importing one of these items
[INFO] [stdout]   |
[INFO] [stdout] 1 + use plotters_bitmap::BitMapBackend;
[INFO] [stdout]   |
[INFO] [stdout] 1 + use plotters_unstable::prelude::BitMapBackend;
[INFO] [stdout]   |
[INFO] [stdout] 
[INFO] [stdout] 
[INFO] [stdout] error[E0425]: cannot find value `WHITE` in this scope
[INFO] [stdout]  --> examples/mandelbrot.rs:8:16
[INFO] [stdout]   |
[INFO] [stdout] 8 |     root.fill(&WHITE)?;
[INFO] [stdout]   |                ^^^^^ not found in this scope
[INFO] [stdout]   |
[INFO] [stdout] help: consider importing this constant
[INFO] [stdout]   |
[INFO] [stdout] 1 + use plotters_unstable::prelude::WHITE;
[INFO] [stdout]   |
[INFO] [stdout] 
[INFO] [stdout] 
[INFO] [stdout] error[E0433]: failed to resolve: use of undeclared type `ChartBuilder`
[INFO] [stdout]   --> examples/mandelbrot.rs:10:21
[INFO] [stdout]    |
[INFO] [stdout] 10 |     let mut chart = ChartBuilder::on(&root)
[INFO] [stdout]    |                     ^^^^^^^^^^^^ use of undeclared type `ChartBuilder`
[INFO] [stdout]    |
[INFO] [stdout] help: consider importing this struct
[INFO] [stdout]    |
[INFO] [stdout] 1  + use plotters_unstable::prelude::ChartBuilder;
[INFO] [stdout]    |
[INFO] [stdout] 
[INFO] [stdout] 
[INFO] [stdout] error[E0425]: cannot find function, tuple struct or tuple variant `HSLColor` in this scope
[INFO] [stdout]   --> examples/mandelbrot.rs:31:47
[INFO] [stdout]    |
[INFO] [stdout] 31 |             plotting_area.draw_pixel((x, y), &HSLColor(c as f64 / 100.0, 1.0, 0.5))?;
[INFO] [stdout]    |                                               ^^^^^^^^ not found in this scope
[INFO] [stdout]    |
[INFO] [stdout] help: consider importing this tuple struct
[INFO] [stdout]    |
[INFO] [stdout] 1  + use plotters_unstable::prelude::HSLColor;
[INFO] [stdout]    |
[INFO] [stdout] 
[INFO] [stdout] 
[INFO] [stdout] error[E0425]: cannot find value `BLACK` in this scope
[INFO] [stdout]   --> examples/mandelbrot.rs:33:47
[INFO] [stdout]    |
[INFO] [stdout] 33 |             plotting_area.draw_pixel((x, y), &BLACK)?;
[INFO] [stdout]    |                                               ^^^^^ not found in this scope
[INFO] [stdout]    |
[INFO] [stdout] help: consider importing this constant
[INFO] [stdout]    |
[INFO] [stdout] 1  + use plotters_unstable::prelude::BLACK;
[INFO] [stdout]    |
[INFO] [stdout] 
[INFO] [stdout] 
[INFO] [stdout] error[E0433]: failed to resolve: use of undeclared type `BitMapBackend`
[INFO] [stdout]   --> examples/snowflake.rs:22:9
[INFO] [stdout]    |
[INFO] [stdout] 22 |         BitMapBackend::new("plotters-doc-data/snowflake.png", (1024, 768)).into_drawing_area();
[INFO] [stdout]    |         ^^^^^^^^^^^^^ use of undeclared type `BitMapBackend`
[INFO] [stdout]    |
[INFO] [stdout] help: consider importing one of these items
[INFO] [stdout]    |
[INFO] [stdout] 1  + use plotters_bitmap::BitMapBackend;
[INFO] [stdout]    |
[INFO] [stdout] 1  + use plotters_unstable::prelude::BitMapBackend;
[INFO] [stdout]    |
[INFO] [stdout] 
[INFO] [stdout] 
[INFO] [stdout] error[E0425]: cannot find value `WHITE` in this scope
[INFO] [stdout]   --> examples/snowflake.rs:24:16
[INFO] [stdout]    |
[INFO] [stdout] 24 |     root.fill(&WHITE)?;
[INFO] [stdout]    |                ^^^^^ not found in this scope
[INFO] [stdout]    |
[INFO] [stdout] help: consider importing this constant
[INFO] [stdout]    |
[INFO] [stdout] 1  + use plotters_unstable::prelude::WHITE;
[INFO] [stdout]    |
[INFO] [stdout] 
[INFO] [stdout] 
[INFO] [stdout] error[E0433]: failed to resolve: use of undeclared type `ChartBuilder`
[INFO] [stdout]   --> examples/snowflake.rs:26:21
[INFO] [stdout]    |
[INFO] [stdout] 26 |     let mut chart = ChartBuilder::on(&root)
[INFO] [stdout]    |                     ^^^^^^^^^^^^ use of undeclared type `ChartBuilder`
[INFO] [stdout]    |
[INFO] [stdout] help: consider importing this struct
[INFO] [stdout]    |
[INFO] [stdout] 1  + use plotters_unstable::prelude::ChartBuilder;
[INFO] [stdout]    |
[INFO] [stdout] 
[INFO] [stdout] 
[INFO] [stdout] error[E0433]: failed to resolve: use of undeclared type `Polygon`
[INFO] [stdout]   --> examples/snowflake.rs:42:39
[INFO] [stdout]    |
[INFO] [stdout] 42 |     chart.draw_series(std::iter::once(Polygon::new(
[INFO] [stdout]    |                                       ^^^^^^^ use of undeclared type `Polygon`
[INFO] [stdout]    |
[INFO] [stdout] help: consider importing this struct
[INFO] [stdout]    |
[INFO] [stdout] 1  + use plotters_unstable::prelude::Polygon;
[INFO] [stdout]    |
[INFO] [stdout] 
[INFO] [stdout] 
[INFO] [stdout] error[E0425]: cannot find value `RED` in this scope
[INFO] [stdout]   --> examples/snowflake.rs:44:10
[INFO] [stdout]    |
[INFO] [stdout] 44 |         &RED.mix(0.2),
[INFO] [stdout]    |          ^^^ not found in this scope
[INFO] [stdout]    |
[INFO] [stdout] help: consider importing this constant
[INFO] [stdout]    |
[INFO] [stdout] 1  + use plotters_unstable::prelude::RED;
[INFO] [stdout]    |
[INFO] [stdout] 
[INFO] [stdout] 
[INFO] [stdout] error[E0433]: failed to resolve: use of undeclared type `PathElement`
[INFO] [stdout]   --> examples/snowflake.rs:47:39
[INFO] [stdout]    |
[INFO] [stdout] 47 |     chart.draw_series(std::iter::once(PathElement::new(snowflake_vertices, &RED)))?;
[INFO] [stdout]    |                                       ^^^^^^^^^^^ use of undeclared type `PathElement`
[INFO] [stdout]    |
[INFO] [stdout] help: consider importing this struct
[INFO] [stdout]    |
[INFO] [stdout] 1  + use plotters_unstable::prelude::PathElement;
[INFO] [stdout]    |
[INFO] [stdout] 
[INFO] [stdout] 
[INFO] [stdout] error[E0425]: cannot find value `RED` in this scope
[INFO] [stdout]   --> examples/snowflake.rs:47:77
[INFO] [stdout]    |
[INFO] [stdout] 47 |     chart.draw_series(std::iter::once(PathElement::new(snowflake_vertices, &RED)))?;
[INFO] [stdout]    |                                                                             ^^^ not found in this scope
[INFO] [stdout]    |
[INFO] [stdout] help: consider importing this constant
[INFO] [stdout]    |
[INFO] [stdout] 1  + use plotters_unstable::prelude::RED;
[INFO] [stdout]    |
[INFO] [stdout] 
[INFO] [stdout] 
[INFO] [stdout] error[E0433]: failed to resolve: use of undeclared type `BitMapBackend`
[INFO] [stdout]   --> examples/stock.rs:12:16
[INFO] [stdout]    |
[INFO] [stdout] 12 |     let root = BitMapBackend::new("plotters-doc-data/stock.png", (1024, 768)).into_drawing_area();
[INFO] [stdout]    |                ^^^^^^^^^^^^^ use of undeclared type `BitMapBackend`
[INFO] [stdout]    |
[INFO] [stdout] help: consider importing one of these items
[INFO] [stdout]    |
[INFO] [stdout] 1  + use plotters_bitmap::BitMapBackend;
[INFO] [stdout]    |
[INFO] [stdout] 1  + use plotters_unstable::prelude::BitMapBackend;
[INFO] [stdout]    |
[INFO] [stdout] 
[INFO] [stdout] 
[INFO] [stdout] error[E0425]: cannot find value `WHITE` in this scope
[INFO] [stdout]   --> examples/stock.rs:13:16
[INFO] [stdout]    |
[INFO] [stdout] 13 |     root.fill(&WHITE)?;
[INFO] [stdout]    |                ^^^^^ not found in this scope
[INFO] [stdout]    |
[INFO] [stdout] help: consider importing this constant
[INFO] [stdout]    |
[INFO] [stdout] 1  + use plotters_unstable::prelude::WHITE;
[INFO] [stdout]    |
[INFO] [stdout] 
[INFO] [stdout] 
[INFO] [stdout] error[E0433]: failed to resolve: use of undeclared type `ChartBuilder`
[INFO] [stdout]   --> examples/stock.rs:20:21
[INFO] [stdout]    |
[INFO] [stdout] 20 |     let mut chart = ChartBuilder::on(&root)
[INFO] [stdout]    |                     ^^^^^^^^^^^^ use of undeclared type `ChartBuilder`
[INFO] [stdout]    |
[INFO] [stdout] help: consider importing this struct
[INFO] [stdout]    |
[INFO] [stdout] 1  + use plotters_unstable::prelude::ChartBuilder;
[INFO] [stdout]    |
[INFO] [stdout] 
[INFO] [stdout] 
[INFO] [stdout] error[E0425]: cannot find value `WHITE` in this scope
[INFO] [stdout]   --> examples/stock.rs:26:46
[INFO] [stdout]    |
[INFO] [stdout] 26 |     chart.configure_mesh().light_line_style(&WHITE).draw()?;
[INFO] [stdout]    |                                              ^^^^^ not found in this scope
[INFO] [stdout]    |
[INFO] [stdout] help: consider importing this constant
[INFO] [stdout]    |
[INFO] [stdout] 1  + use plotters_unstable::prelude::WHITE;
[INFO] [stdout]    |
[INFO] [stdout] 
[INFO] [stdout] 
[INFO] [stdout] error[E0433]: failed to resolve: use of undeclared type `CandleStick`
[INFO] [stdout]   --> examples/stock.rs:30:22
[INFO] [stdout]    |
[INFO] [stdout] 30 |             .map(|x| CandleStick::new(parse_time(x.0), x.1, x.2, x.3, x.4, &GREEN, &RED, 15)),
[INFO] [stdout]    |                      ^^^^^^^^^^^ use of undeclared type `CandleStick`
[INFO] [stdout]    |
[INFO] [stdout] help: consider importing this struct
[INFO] [stdout]    |
[INFO] [stdout] 1  + use plotters_unstable::prelude::CandleStick;
[INFO] [stdout]    |
[INFO] [stdout] 
[INFO] [stdout] 
[INFO] [stdout] error[E0425]: cannot find value `GREEN` in this scope
[INFO] [stdout]   --> examples/stock.rs:30:77
[INFO] [stdout]    |
[INFO] [stdout] 30 |             .map(|x| CandleStick::new(parse_time(x.0), x.1, x.2, x.3, x.4, &GREEN, &RED, 15)),
[INFO] [stdout]    |                                                                             ^^^^^ not found in this scope
[INFO] [stdout]    |
[INFO] [stdout] help: consider importing this constant
[INFO] [stdout]    |
[INFO] [stdout] 1  + use plotters_unstable::prelude::GREEN;
[INFO] [stdout]    |
[INFO] [stdout] 
[INFO] [stdout] 
[INFO] [stdout] error[E0425]: cannot find value `RED` in this scope
[INFO] [stdout]   --> examples/stock.rs:30:85
[INFO] [stdout]    |
[INFO] [stdout] 30 |             .map(|x| CandleStick::new(parse_time(x.0), x.1, x.2, x.3, x.4, &GREEN, &RED, 15)),
[INFO] [stdout]    |                                                                                     ^^^ not found in this scope
[INFO] [stdout]    |
[INFO] [stdout] help: consider importing this constant
[INFO] [stdout]    |
[INFO] [stdout] 1  + use plotters_unstable::prelude::RED;
[INFO] [stdout]    |
[INFO] [stdout] 
[INFO] [stdout] 
[INFO] [stdout] error[E0433]: failed to resolve: use of undeclared crate or module `plotters`
[INFO] [stdout]  --> examples/area-chart.rs:1:5
[INFO] [stdout]   |
[INFO] [stdout] 1 | use plotters::prelude::*;
[INFO] [stdout]   |     ^^^^^^^^ use of undeclared crate or module `plotters`
[INFO] [stdout] 
[INFO] [stdout] 
[INFO] [stdout] error[E0433]: failed to resolve: use of undeclared crate or module `plotters`
[INFO] [stdout]  --> examples/blit-bitmap.rs:1:5
[INFO] [stdout]   |
[INFO] [stdout] 1 | use plotters::prelude::*;
[INFO] [stdout]   |     ^^^^^^^^ use of undeclared crate or module `plotters`
[INFO] [stdout] 
[INFO] [stdout] 
[INFO] [stdout] error[E0433]: failed to resolve: use of undeclared type `BitMapBackend`
[INFO] [stdout]   --> examples/animation.rs:21:16
[INFO] [stdout]    |
[INFO] [stdout] 21 |     let root = BitMapBackend::gif("plotters-doc-data/animation.gif", (800, 600), 1_000)?
[INFO] [stdout]    |                ^^^^^^^^^^^^^ use of undeclared type `BitMapBackend`
[INFO] [stdout]    |
[INFO] [stdout] help: consider importing one of these items
[INFO] [stdout]    |
[INFO] [stdout] 1  + use plotters_bitmap::BitMapBackend;
[INFO] [stdout]    |
[INFO] [stdout] 1  + use plotters_unstable::prelude::BitMapBackend;
[INFO] [stdout]    |
[INFO] [stdout] 
[INFO] [stdout] 
[INFO] [stdout] error[E0425]: cannot find value `WHITE` in this scope
[INFO] [stdout]   --> examples/animation.rs:25:20
[INFO] [stdout]    |
[INFO] [stdout] 25 |         root.fill(&WHITE)?;
[INFO] [stdout]    |                    ^^^^^ not found in this scope
[INFO] [stdout]    |
[INFO] [stdout] help: consider importing this constant
[INFO] [stdout]    |
[INFO] [stdout] 1  + use plotters_unstable::prelude::WHITE;
[INFO] [stdout]    |
[INFO] [stdout] 
[INFO] [stdout] 
[INFO] [stdout] error[E0433]: failed to resolve: use of undeclared type `ChartBuilder`
[INFO] [stdout]   --> examples/animation.rs:27:25
[INFO] [stdout]    |
[INFO] [stdout] 27 |         let mut chart = ChartBuilder::on(&root)
[INFO] [stdout]    |                         ^^^^^^^^^^^^ use of undeclared type `ChartBuilder`
[INFO] [stdout]    |
[INFO] [stdout] help: consider importing this struct
[INFO] [stdout]    |
[INFO] [stdout] 1  + use plotters_unstable::prelude::ChartBuilder;
[INFO] [stdout]    |
[INFO] [stdout] 
[INFO] [stdout] 
[INFO] [stdout] error[E0433]: failed to resolve: use of undeclared type `Polygon`
[INFO] [stdout]   --> examples/animation.rs:46:43
[INFO] [stdout]    |
[INFO] [stdout] 46 |         chart.draw_series(std::iter::once(Polygon::new(
[INFO] [stdout]    |                                           ^^^^^^^ use of undeclared type `Polygon`
[INFO] [stdout]    |
[INFO] [stdout] help: consider importing this struct
[INFO] [stdout]    |
[INFO] [stdout] 1  + use plotters_unstable::prelude::Polygon;
[INFO] [stdout]    |
[INFO] [stdout] 
[INFO] [stdout] 
[INFO] [stdout] error[E0425]: cannot find value `RED` in this scope
[INFO] [stdout]   --> examples/animation.rs:48:14
[INFO] [stdout]    |
[INFO] [stdout] 48 |             &RED.mix(0.2),
[INFO] [stdout]    |              ^^^ not found in this scope
[INFO] [stdout]    |
[INFO] [stdout] help: consider importing this constant
[INFO] [stdout]    |
[INFO] [stdout] 1  + use plotters_unstable::prelude::RED;
[INFO] [stdout]    |
[INFO] [stdout] 
[INFO] [stdout] 
[INFO] [stdout] error[E0433]: failed to resolve: use of undeclared type `PathElement`
[INFO] [stdout]   --> examples/animation.rs:52:43
[INFO] [stdout]    |
[INFO] [stdout] 52 |         chart.draw_series(std::iter::once(PathElement::new(snowflake_vertices, &RED)))?;
[INFO] [stdout]    |                                           ^^^^^^^^^^^ use of undeclared type `PathElement`
[INFO] [stdout]    |
[INFO] [stdout] help: consider importing this struct
[INFO] [stdout]    |
[INFO] [stdout] 1  + use plotters_unstable::prelude::PathElement;
[INFO] [stdout]    |
[INFO] [stdout] 
[INFO] [stdout] 
[INFO] [stdout] error[E0425]: cannot find value `RED` in this scope
[INFO] [stdout]   --> examples/animation.rs:52:81
[INFO] [stdout]    |
[INFO] [stdout] 52 |         chart.draw_series(std::iter::once(PathElement::new(snowflake_vertices, &RED)))?;
[INFO] [stdout]    |                                                                                 ^^^ not found in this scope
[INFO] [stdout]    |
[INFO] [stdout] help: consider importing this constant
[INFO] [stdout]    |
[INFO] [stdout] 1  + use plotters_unstable::prelude::RED;
[INFO] [stdout]    |
[INFO] [stdout] 
[INFO] [stdout] 
[INFO] [stdout] error[E0433]: failed to resolve: use of undeclared type `LabelAreaPosition`
[INFO] [stdout]   --> examples/blit-bitmap.rs:16:30
[INFO] [stdout]    |
[INFO] [stdout] 16 |         .set_label_area_size(LabelAreaPosition::Left, 40)
[INFO] [stdout]    |                              ^^^^^^^^^^^^^^^^^ use of undeclared type `LabelAreaPosition`
[INFO] [stdout] 
[INFO] [stdout] 
[INFO] [stdout] error[E0433]: failed to resolve: use of undeclared type `LabelAreaPosition`
[INFO] [stdout]   --> examples/blit-bitmap.rs:17:30
[INFO] [stdout]    |
[INFO] [stdout] 17 |         .set_label_area_size(LabelAreaPosition::Bottom, 40)
[INFO] [stdout]    |                              ^^^^^^^^^^^^^^^^^ use of undeclared type `LabelAreaPosition`
[INFO] [stdout] 
[INFO] [stdout] 
[INFO] [stdout] error[E0433]: failed to resolve: use of undeclared type `BitMapBackend`
[INFO] [stdout]   --> examples/blit-bitmap.rs:10:9
[INFO] [stdout]    |
[INFO] [stdout] 10 |         BitMapBackend::new("plotters-doc-data/blit-bitmap.png", (1024, 768)).into_drawing_area();
[INFO] [stdout]    |         ^^^^^^^^^^^^^ use of undeclared type `BitMapBackend`
[INFO] [stdout]    |
[INFO] [stdout] help: consider importing one of these items
[INFO] [stdout]    |
[INFO] [stdout] 1  + use plotters_bitmap::BitMapBackend;
[INFO] [stdout]    |
[INFO] [stdout] 1  + use plotters_unstable::prelude::BitMapBackend;
[INFO] [stdout]    |
[INFO] [stdout] 
[INFO] [stdout] 
[INFO] [stdout] error[E0425]: cannot find value `WHITE` in this scope
[INFO] [stdout]   --> examples/blit-bitmap.rs:11:16
[INFO] [stdout]    |
[INFO] [stdout] 11 |     root.fill(&WHITE)?;
[INFO] [stdout]    |                ^^^^^ not found in this scope
[INFO] [stdout]    |
[INFO] [stdout] help: consider importing this constant
[INFO] [stdout]    |
[INFO] [stdout] 1  + use plotters_unstable::prelude::WHITE;
[INFO] [stdout]    |
[INFO] [stdout] 
[INFO] [stdout] 
[INFO] [stdout] error[E0433]: failed to resolve: use of undeclared type `ChartBuilder`
[INFO] [stdout]   --> examples/blit-bitmap.rs:13:21
[INFO] [stdout]    |
[INFO] [stdout] 13 |     let mut chart = ChartBuilder::on(&root)
[INFO] [stdout]    |                     ^^^^^^^^^^^^ use of undeclared type `ChartBuilder`
[INFO] [stdout]    |
[INFO] [stdout] help: consider importing this struct
[INFO] [stdout]    |
[INFO] [stdout] 1  + use plotters_unstable::prelude::ChartBuilder;
[INFO] [stdout]    |
[INFO] [stdout] 
[INFO] [stdout] 
[INFO] [stdout] error[E0412]: cannot find type `BitMapElement` in this scope
[INFO] [stdout]   --> examples/blit-bitmap.rs:29:15
[INFO] [stdout]    |
[INFO] [stdout] 29 |     let elem: BitMapElement<_> = ((0.05, 0.95), image).into();
[INFO] [stdout]    |               ^^^^^^^^^^^^^ not found in this scope
[INFO] [stdout]    |
[INFO] [stdout] help: consider importing this struct
[INFO] [stdout]    |
[INFO] [stdout] 1  + use plotters_unstable::prelude::BitMapElement;
[INFO] [stdout]    |
[INFO] [stdout] 
[INFO] [stdout] 
[INFO] [stdout] error: aborting due to 8 previous errors
[INFO] [stdout] 
[INFO] [stdout] 
[INFO] [stdout] Some errors have detailed explanations: E0425, E0433.
[INFO] [stdout] 
[INFO] [stdout] For more information about an error, try `rustc --explain E0425`.
[INFO] [stdout] 
[INFO] [stdout] error: aborting due to 8 previous errors
[INFO] [stdout] 
[INFO] [stdout] 
[INFO] [stdout] Some errors have detailed explanations: E0425, E0433.
[INFO] [stdout] 
[INFO] [stdout] For more information about an error, try `rustc --explain E0425`.
[INFO] [stdout] 
[INFO] [stdout] error: aborting due to 6 previous errors
[INFO] [stdout] 
[INFO] [stdout] 
[INFO] [stdout] Some errors have detailed explanations: E0425, E0433.
[INFO] [stdout] 
[INFO] [stdout] For more information about an error, try `rustc --explain E0425`.
[INFO] [stdout] 
[INFO] [stdout] error[E0433]: failed to resolve: use of undeclared type `LabelAreaPosition`
[INFO] [stdout]   --> examples/area-chart.rs:26:30
[INFO] [stdout]    |
[INFO] [stdout] 26 |         .set_label_area_size(LabelAreaPosition::Left, 60)
[INFO] [stdout]    |                              ^^^^^^^^^^^^^^^^^ use of undeclared type `LabelAreaPosition`
[INFO] [stdout] 
[INFO] [stdout] 
[INFO] [stdout] error[E0433]: failed to resolve: use of undeclared type `LabelAreaPosition`
[INFO] [stdout]   --> examples/area-chart.rs:27:30
[INFO] [stdout]    |
[INFO] [stdout] 27 |         .set_label_area_size(LabelAreaPosition::Bottom, 60)
[INFO] [stdout]    |                              ^^^^^^^^^^^^^^^^^ use of undeclared type `LabelAreaPosition`
[INFO] [stdout] 
[INFO] [stdout] 
[INFO] [stdout] error[E0433]: failed to resolve: use of undeclared type `BitMapBackend`
[INFO] [stdout]   --> examples/area-chart.rs:21:9
[INFO] [stdout]    |
[INFO] [stdout] 21 |         BitMapBackend::new("plotters-doc-data/area-chart.png", (1024, 768)).into_drawing_area();
[INFO] [stdout]    |         ^^^^^^^^^^^^^ use of undeclared type `BitMapBackend`
[INFO] [stdout]    |
[INFO] [stdout] help: consider importing one of these items
[INFO] [stdout]    |
[INFO] [stdout] 1  + use plotters_bitmap::BitMapBackend;
[INFO] [stdout]    |
[INFO] [stdout] 1  + use plotters_unstable::prelude::BitMapBackend;
[INFO] [stdout]    |
[INFO] [stdout] 
[INFO] [stdout] 
[INFO] [stdout] error[E0425]: cannot find value `WHITE` in this scope
[INFO] [stdout]   --> examples/area-chart.rs:23:16
[INFO] [stdout]    |
[INFO] [stdout] 23 |     root.fill(&WHITE)?;
[INFO] [stdout]    |                ^^^^^ not found in this scope
[INFO] [stdout]    |
[INFO] [stdout] help: consider importing this constant
[INFO] [stdout]    |
[INFO] [stdout] 1  + use plotters_unstable::prelude::WHITE;
[INFO] [stdout]    |
[INFO] [stdout] 
[INFO] [stdout] 
[INFO] [stdout] error[E0433]: failed to resolve: use of undeclared type `ChartBuilder`
[INFO] [stdout]   --> examples/area-chart.rs:25:21
[INFO] [stdout]    |
[INFO] [stdout] 25 |     let mut chart = ChartBuilder::on(&root)
[INFO] [stdout]    |                     ^^^^^^^^^^^^ use of undeclared type `ChartBuilder`
[INFO] [stdout]    |
[INFO] [stdout] help: consider importing this struct
[INFO] [stdout]    |
[INFO] [stdout] 1  + use plotters_unstable::prelude::ChartBuilder;
[INFO] [stdout]    |
[INFO] [stdout] 
[INFO] [stdout] 
[INFO] [stdout] error[E0433]: failed to resolve: use of undeclared type `AreaSeries`
[INFO] [stdout]   --> examples/area-chart.rs:38:9
[INFO] [stdout]    |
[INFO] [stdout] 38 |         AreaSeries::new(
[INFO] [stdout]    |         ^^^^^^^^^^ use of undeclared type `AreaSeries`
[INFO] [stdout]    |
[INFO] [stdout] help: consider importing this struct
[INFO] [stdout]    |
[INFO] [stdout] 1  + use plotters_unstable::prelude::AreaSeries;
[INFO] [stdout]    |
[INFO] [stdout] 
[INFO] [stdout] 
[INFO] [stdout] error[E0425]: cannot find value `RED` in this scope
[INFO] [stdout]   --> examples/area-chart.rs:41:14
[INFO] [stdout]    |
[INFO] [stdout] 41 |             &RED.mix(0.2),
[INFO] [stdout]    |              ^^^ not found in this scope
[INFO] [stdout]    |
[INFO] [stdout] help: consider importing this constant
[INFO] [stdout]    |
[INFO] [stdout] 1  + use plotters_unstable::prelude::RED;
[INFO] [stdout]    |
[INFO] [stdout] 
[INFO] [stdout] 
[INFO] [stderr] error: could not compile `plotters-unstable` (example "snowflake") due to 9 previous errors
[INFO] [stderr] warning: build failed, waiting for other jobs to finish...
[INFO] [stderr] error: could not compile `plotters-unstable` (example "animation") due to 9 previous errors
[INFO] [stdout] error[E0425]: cannot find value `RED` in this scope
[INFO] [stdout]   --> examples/area-chart.rs:43:24
[INFO] [stdout]    |
[INFO] [stdout] 43 |         .border_style(&RED),
[INFO] [stdout]    |                        ^^^ not found in this scope
[INFO] [stdout]    |
[INFO] [stdout] help: consider importing this constant
[INFO] [stdout]    |
[INFO] [stdout] 1  + use plotters_unstable::prelude::RED;
[INFO] [stdout]    |
[INFO] [stdout] 
[INFO] [stdout] 
[INFO] [stdout] error[E0599]: no method named `into_font` found for tuple `(&'static str, {float})` in the current scope
[INFO] [stdout]   --> examples/stock.rs:23:59
[INFO] [stdout]    |
[INFO] [stdout] 23 |         .caption("MSFT Stock Price", ("sans-serif", 50.0).into_font())
[INFO] [stdout]    |                                                           ^^^^^^^^^ method not found in `(&str, {float})`
[INFO] [stdout]    |
[INFO] [stdout]    = help: items from traits can only be used if the trait is in scope
[INFO] [stdout] help: the following traits are implemented but not in scope; perhaps add a `use` for one of them:
[INFO] [stdout]    |
[INFO] [stdout] 1  + use plotters::style::IntoFont;
[INFO] [stdout]    |
[INFO] [stdout] 1  + use plotters_unstable::style::IntoFont;
[INFO] [stdout]    |
[INFO] [stdout] 
[INFO] [stdout] 
[INFO] [stderr] error: could not compile `plotters-unstable` (example "mandelbrot") due to 7 previous errors
[INFO] [stdout] error: aborting due to 7 previous errors
[INFO] [stdout] 
[INFO] [stdout] 
[INFO] [stdout] Some errors have detailed explanations: E0412, E0425, E0433.
[INFO] [stdout] 
[INFO] [stdout] For more information about an error, try `rustc --explain E0412`.
[INFO] [stdout] 
[INFO] [stdout] error: aborting due to 17 previous errors
[INFO] [stdout] 
[INFO] [stdout] 
[INFO] [stdout] Some errors have detailed explanations: E0425, E0433.
[INFO] [stdout] 
[INFO] [stdout] For more information about an error, try `rustc --explain E0425`.
[INFO] [stdout] 
[INFO] [stderr] error: could not compile `plotters-unstable` (example "errorbar") due to 18 previous errors
[INFO] [stderr] error: could not compile `plotters-unstable` (example "blit-bitmap") due to 8 previous errors
[INFO] [stdout] error: aborting due to 9 previous errors
[INFO] [stdout] 
[INFO] [stdout] 
[INFO] [stdout] Some errors have detailed explanations: E0425, E0433, E0599.
[INFO] [stdout] 
[INFO] [stdout] For more information about an error, try `rustc --explain E0425`.
[INFO] [stdout] 
[INFO] [stderr] error: could not compile `plotters-unstable` (example "stock") due to 10 previous errors
[INFO] [stdout] error[E0433]: failed to resolve: use of undeclared crate or module `plotters`
[INFO] [stdout]  --> examples/histogram.rs:1:5
[INFO] [stdout]   |
[INFO] [stdout] 1 | use plotters::prelude::*;
[INFO] [stdout]   |     ^^^^^^^^ use of undeclared crate or module `plotters`
[INFO] [stdout] 
[INFO] [stdout] 
[INFO] [stdout] error: aborting due to 9 previous errors
[INFO] [stdout] 
[INFO] [stdout] 
[INFO] [stdout] Some errors have detailed explanations: E0425, E0433.
[INFO] [stdout] 
[INFO] [stdout] For more information about an error, try `rustc --explain E0425`.
[INFO] [stdout] 
[INFO] [stderr] error: could not compile `plotters-unstable` (example "area-chart") due to 10 previous errors
[INFO] [stdout] error[E0433]: failed to resolve: use of undeclared type `BitMapBackend`
[INFO] [stdout]  --> examples/histogram.rs:4:9
[INFO] [stdout]   |
[INFO] [stdout] 4 |         BitMapBackend::new("plotters-doc-data/histogram.png", (640, 480)).into_drawing_area();
[INFO] [stdout]   |         ^^^^^^^^^^^^^ use of undeclared type `BitMapBackend`
[INFO] [stdout]   |
[INFO] [stdout] help: consider importing one of these items
[INFO] [stdout]   |
[INFO] [stdout] 1 + use plotters_bitmap::BitMapBackend;
[INFO] [stdout]   |
[INFO] [stdout] 1 + use plotters_unstable::prelude::BitMapBackend;
[INFO] [stdout]   |
[INFO] [stdout] 
[INFO] [stdout] 
[INFO] [stdout] error[E0425]: cannot find value `WHITE` in this scope
[INFO] [stdout]  --> examples/histogram.rs:6:16
[INFO] [stdout]   |
[INFO] [stdout] 6 |     root.fill(&WHITE)?;
[INFO] [stdout]   |                ^^^^^ not found in this scope
[INFO] [stdout]   |
[INFO] [stdout] help: consider importing this constant
[INFO] [stdout]   |
[INFO] [stdout] 1 + use plotters_unstable::prelude::WHITE;
[INFO] [stdout]   |
[INFO] [stdout] 
[INFO] [stdout] 
[INFO] [stdout] error[E0433]: failed to resolve: use of undeclared type `ChartBuilder`
[INFO] [stdout]  --> examples/histogram.rs:8:21
[INFO] [stdout]   |
[INFO] [stdout] 8 |     let mut chart = ChartBuilder::on(&root)
[INFO] [stdout]   |                     ^^^^^^^^^^^^ use of undeclared type `ChartBuilder`
[INFO] [stdout]   |
[INFO] [stdout] help: consider importing this struct
[INFO] [stdout]   |
[INFO] [stdout] 1 + use plotters_unstable::prelude::ChartBuilder;
[INFO] [stdout]   |
[INFO] [stdout] 
[INFO] [stdout] 
[INFO] [stdout] error[E0425]: cannot find value `WHITE` in this scope
[INFO] [stdout]   --> examples/histogram.rs:18:27
[INFO] [stdout]    |
[INFO] [stdout] 18 |         .bold_line_style(&WHITE.mix(0.3))
[INFO] [stdout]    |                           ^^^^^ not found in this scope
[INFO] [stdout]    |
[INFO] [stdout] help: consider importing this constant
[INFO] [stdout]    |
[INFO] [stdout] 1  + use plotters_unstable::prelude::WHITE;
[INFO] [stdout]    |
[INFO] [stdout] 
[INFO] [stdout] 
[INFO] [stdout] error[E0433]: failed to resolve: use of undeclared type `Histogram`
[INFO] [stdout]   --> examples/histogram.rs:29:9
[INFO] [stdout]    |
[INFO] [stdout] 29 |         Histogram::vertical(&chart)
[INFO] [stdout]    |         ^^^^^^^^^ use of undeclared type `Histogram`
[INFO] [stdout]    |
[INFO] [stdout] help: consider importing this struct
[INFO] [stdout]    |
[INFO] [stdout] 1  + use plotters_unstable::prelude::Histogram;
[INFO] [stdout]    |
[INFO] [stdout] 
[INFO] [stdout] 
[INFO] [stdout] error[E0425]: cannot find value `RED` in this scope
[INFO] [stdout]   --> examples/histogram.rs:30:20
[INFO] [stdout]    |
[INFO] [stdout] 30 |             .style(RED.mix(0.5).filled())
[INFO] [stdout]    |                    ^^^ not found in this scope
[INFO] [stdout]    |
[INFO] [stdout] help: consider importing this constant
[INFO] [stdout]    |
[INFO] [stdout] 1  + use plotters_unstable::prelude::RED;
[INFO] [stdout]    |
[INFO] [stdout] 
[INFO] [stdout] 
[INFO] [stdout] error[E0599]: no method named `into_font` found for tuple `(&'static str, {float})` in the current scope
[INFO] [stdout]   --> examples/histogram.rs:12:57
[INFO] [stdout]    |
[INFO] [stdout] 12 |         .caption("Histogram Test", ("sans-serif", 50.0).into_font())
[INFO] [stdout]    |                                                         ^^^^^^^^^ method not found in `(&str, {float})`
[INFO] [stdout]    |
[INFO] [stdout]    = help: items from traits can only be used if the trait is in scope
[INFO] [stdout] help: the following traits are implemented but not in scope; perhaps add a `use` for one of them:
[INFO] [stdout]    |
[INFO] [stdout] 1  + use plotters::style::IntoFont;
[INFO] [stdout]    |
[INFO] [stdout] 1  + use plotters_unstable::style::IntoFont;
[INFO] [stdout]    |
[INFO] [stdout] 
[INFO] [stdout] 
[INFO] [stdout] error[E0599]: no method named `into_segmented` found for struct `std::ops::Range` in the current scope
[INFO] [stdout]    --> examples/histogram.rs:13:43
[INFO] [stdout]     |
[INFO] [stdout] 13  |         .build_cartesian_2d((0u32..10u32).into_segmented(), 0u32..10u32)?;
[INFO] [stdout]     |                                           ^^^^^^^^^^^^^^ method not found in `Range<u32>`
[INFO] [stdout]     |
[INFO] [stdout]    ::: /opt/rustwide/workdir/src/coord/ranged1d/discrete.rs:103:8
[INFO] [stdout]     |
[INFO] [stdout] 103 |     fn into_segmented(self) -> SegmentedCoord<Self::CoordDescType> {
[INFO] [stdout]     |        -------------- the method is available for `std::ops::Range<u32>` here
[INFO] [stdout]     |
[INFO] [stdout]     = help: items from traits can only be used if the trait is in scope
[INFO] [stdout] help: the following trait is implemented but not in scope; perhaps add a `use` for it:
[INFO] [stdout]     |
[INFO] [stdout] 1   + use plotters_unstable::prelude::IntoSegmentedCoord;
[INFO] [stdout]     |
[INFO] [stdout] 
[INFO] [stdout] 
[INFO] [stdout] error[E0599]: no method named `into_font` found for tuple `(&'static str, {integer})` in the current scope
[INFO] [stdout]   --> examples/histogram.rs:21:45
[INFO] [stdout]    |
[INFO] [stdout] 21 |         .axis_desc_style(("sans-serif", 15).into_font())
[INFO] [stdout]    |                                             ^^^^^^^^^ method not found in `(&str, {integer})`
[INFO] [stdout]    |
[INFO] [stdout]    = help: items from traits can only be used if the trait is in scope
[INFO] [stdout] help: the following traits are implemented but not in scope; perhaps add a `use` for one of them:
[INFO] [stdout]    |
[INFO] [stdout] 1  + use plotters::style::IntoFont;
[INFO] [stdout]    |
[INFO] [stdout] 1  + use plotters_unstable::style::IntoFont;
[INFO] [stdout]    |
[INFO] [stdout] 
[INFO] [stdout] 
[INFO] [stdout] error: aborting due to 10 previous errors
[INFO] [stdout] 
[INFO] [stdout] 
[INFO] [stdout] Some errors have detailed explanations: E0425, E0433, E0599.
[INFO] [stdout] 
[INFO] [stdout] For more information about an error, try `rustc --explain E0425`.
[INFO] [stdout] 
[INFO] [stderr] error: could not compile `plotters-unstable` (example "histogram") due to 11 previous errors
[INFO] running `Command { std: "docker" "inspect" "6507ec91494504d3f8be2c117a50d14cd712d0c0652107d4c3daf9608847058d", kill_on_drop: false }`
[INFO] running `Command { std: "docker" "rm" "-f" "6507ec91494504d3f8be2c117a50d14cd712d0c0652107d4c3daf9608847058d", kill_on_drop: false }`
[INFO] [stdout] 6507ec91494504d3f8be2c117a50d14cd712d0c0652107d4c3daf9608847058d
