[INFO] fetching crate pkz 0.1.0...
[INFO] testing pkz-0.1.0 against 1.69.0 for beta-1.70-1
[INFO] extracting crate pkz 0.1.0 into /workspace/builds/worker-3-tc1/source
[INFO] validating manifest of crates.io crate pkz 0.1.0 on toolchain 1.69.0
[INFO] running `Command { std: CARGO_HOME="/workspace/cargo-home" RUSTUP_HOME="/workspace/rustup-home" "/workspace/cargo-home/bin/cargo" "+1.69.0" "metadata" "--manifest-path" "Cargo.toml" "--no-deps", kill_on_drop: false }`
[INFO] started tweaking crates.io crate pkz 0.1.0
[INFO] finished tweaking crates.io crate pkz 0.1.0
[INFO] tweaked toml for crates.io crate pkz 0.1.0 written to /workspace/builds/worker-3-tc1/source/Cargo.toml
[INFO] running `Command { std: CARGO_HOME="/workspace/cargo-home" RUSTUP_HOME="/workspace/rustup-home" __CARGO_TEST_CHANNEL_OVERRIDE_DO_NOT_USE_THIS="nightly" "/workspace/cargo-home/bin/cargo" "+1.69.0" "generate-lockfile" "--manifest-path" "Cargo.toml" "-Zno-index-update", kill_on_drop: false }`
[INFO] running `Command { std: CARGO_HOME="/workspace/cargo-home" RUSTUP_HOME="/workspace/rustup-home" "/workspace/cargo-home/bin/cargo" "+1.69.0" "fetch" "--manifest-path" "Cargo.toml", kill_on_drop: false }`
[INFO] [stderr]  Downloading crates ...
[INFO] [stderr]   Downloaded async_zip v0.0.14
[INFO] running `Command { std: "docker" "create" "-v" "/var/lib/crater-agent-workspace/builds/worker-3-tc1/target:/opt/rustwide/target:rw,Z" "-v" "/var/lib/crater-agent-workspace/builds/worker-3-tc1/source:/opt/rustwide/workdir:ro,Z" "-v" "/var/lib/crater-agent-workspace/cargo-home:/opt/rustwide/cargo-home:ro,Z" "-v" "/var/lib/crater-agent-workspace/rustup-home:/opt/rustwide/rustup-home:ro,Z" "-e" "SOURCE_DIR=/opt/rustwide/workdir" "-e" "CARGO_TARGET_DIR=/opt/rustwide/target" "-e" "CARGO_HOME=/opt/rustwide/cargo-home" "-e" "RUSTUP_HOME=/opt/rustwide/rustup-home" "-w" "/opt/rustwide/workdir" "-m" "1610612736" "--user" "0:0" "--network" "none" "ghcr.io/rust-lang/crates-build-env/linux@sha256:5ff2268d62e97bff2cde7d5815dd6ed5b47097566f13b8d0ca110b04b60e07ed" "/opt/rustwide/cargo-home/bin/cargo" "+1.69.0" "metadata" "--no-deps" "--format-version=1", kill_on_drop: false }`
[INFO] [stdout] 5e4eb2344ff46de32490d1121747aa2ad8dbfceabc6faf9c37b25844414b75e2
[INFO] running `Command { std: "docker" "start" "-a" "5e4eb2344ff46de32490d1121747aa2ad8dbfceabc6faf9c37b25844414b75e2", kill_on_drop: false }`
[INFO] running `Command { std: "docker" "inspect" "5e4eb2344ff46de32490d1121747aa2ad8dbfceabc6faf9c37b25844414b75e2", kill_on_drop: false }`
[INFO] running `Command { std: "docker" "rm" "-f" "5e4eb2344ff46de32490d1121747aa2ad8dbfceabc6faf9c37b25844414b75e2", kill_on_drop: false }`
[INFO] [stdout] 5e4eb2344ff46de32490d1121747aa2ad8dbfceabc6faf9c37b25844414b75e2
[INFO] running `Command { std: "docker" "create" "-v" "/var/lib/crater-agent-workspace/builds/worker-3-tc1/target:/opt/rustwide/target:rw,Z" "-v" "/var/lib/crater-agent-workspace/builds/worker-3-tc1/source:/opt/rustwide/workdir:ro,Z" "-v" "/var/lib/crater-agent-workspace/cargo-home:/opt/rustwide/cargo-home:ro,Z" "-v" "/var/lib/crater-agent-workspace/rustup-home:/opt/rustwide/rustup-home:ro,Z" "-e" "SOURCE_DIR=/opt/rustwide/workdir" "-e" "CARGO_TARGET_DIR=/opt/rustwide/target" "-e" "CARGO_INCREMENTAL=0" "-e" "RUST_BACKTRACE=full" "-e" "RUSTFLAGS=--cap-lints=warn" "-e" "RUSTDOCFLAGS=--cap-lints=warn" "-e" "CARGO_HOME=/opt/rustwide/cargo-home" "-e" "RUSTUP_HOME=/opt/rustwide/rustup-home" "-w" "/opt/rustwide/workdir" "-m" "1610612736" "--user" "0:0" "--network" "none" "ghcr.io/rust-lang/crates-build-env/linux@sha256:5ff2268d62e97bff2cde7d5815dd6ed5b47097566f13b8d0ca110b04b60e07ed" "/opt/rustwide/cargo-home/bin/cargo" "+1.69.0" "build" "--frozen" "--message-format=json", kill_on_drop: false }`
[INFO] [stdout] 500064e0eae15edde0a600387bfea428e67d991bcca57c78e112d80216839758
[INFO] running `Command { std: "docker" "start" "-a" "500064e0eae15edde0a600387bfea428e67d991bcca57c78e112d80216839758", kill_on_drop: false }`
[INFO] [stderr]    Compiling syn v1.0.109
[INFO] [stderr]    Compiling futures-core v0.3.28
[INFO] [stderr]    Compiling serde v1.0.160
[INFO] [stderr]    Compiling futures-task v0.3.28
[INFO] [stderr]    Compiling futures-util v0.3.28
[INFO] [stderr]    Compiling tokio v1.28.0
[INFO] [stderr]    Compiling pin-utils v0.1.0
[INFO] [stderr]    Compiling async-trait v0.1.68
[INFO] [stderr]    Compiling anyhow v1.0.71
[INFO] [stderr]    Compiling futures-io v0.3.28
[INFO] [stderr]    Compiling syn v2.0.15
[INFO] [stderr]    Compiling getrandom v0.2.9
[INFO] [stderr]    Compiling either v1.8.1
[INFO] [stderr]    Compiling itertools v0.10.5
[INFO] [stderr]    Compiling uuid v1.3.2
[INFO] [stderr]    Compiling serde_json v1.0.96
[INFO] [stderr]    Compiling futures-macro v0.3.28
[INFO] [stderr]    Compiling thiserror-impl v1.0.40
[INFO] [stderr]    Compiling serde_derive v1.0.160
[INFO] [stderr]    Compiling pin-project-internal v1.0.12
[INFO] [stderr]    Compiling thiserror v1.0.40
[INFO] [stderr]    Compiling pin-project v1.0.12
[INFO] [stderr]    Compiling async_zip v0.0.14
[INFO] [stderr]    Compiling pkz v0.1.0 (/opt/rustwide/workdir)
[INFO] [stdout] error[E0433]: failed to resolve: could not find `read` in `async_zip`
[INFO] [stdout]  --> src/lib.rs:4:16
[INFO] [stdout]   |
[INFO] [stdout] 4 | use async_zip::read::fs::ZipFileReader;
[INFO] [stdout]   |                ^^^^ could not find `read` in `async_zip`
[INFO] [stdout] 
[INFO] [stdout] 
[INFO] [stdout] error[E0432]: unresolved import `async_zip::write`
[INFO] [stdout]  --> src/lib.rs:5:16
[INFO] [stdout]   |
[INFO] [stdout] 5 | use async_zip::write::{EntryOptions, ZipFileWriter};
[INFO] [stdout]   |                ^^^^^ could not find `write` in `async_zip`
[INFO] [stdout] 
[INFO] [stdout] 
[INFO] [stdout] error[E0432]: unresolved import `tokio::io::AsyncReadExt`
[INFO] [stdout]  --> src/lib.rs:8:5
[INFO] [stdout]   |
[INFO] [stdout] 8 | use tokio::io::AsyncReadExt;
[INFO] [stdout]   |     ^^^^^^^^^^^------------
[INFO] [stdout]   |     |          |
[INFO] [stdout]   |     |          help: a similar name exists in the module: `AsyncRead`
[INFO] [stdout]   |     no `AsyncReadExt` in `io`
[INFO] [stdout] 
[INFO] [stdout] 
[INFO] [stdout] error[E0599]: no variant or associated item named `Deflate` found for enum `Compression` in the current scope
[INFO] [stdout]    --> src/lib.rs:107:67
[INFO] [stdout]     |
[INFO] [stdout] 107 |     let opts = EntryOptions::new(String::from(path), Compression::Deflate);
[INFO] [stdout]     |                                                                   ^^^^^^^ variant or associated item not found in `Compression`
[INFO] [stdout] 
[INFO] [stdout] 
[INFO] [stdout] warning: unused import: `anyhow::Context`
[INFO] [stdout]  --> src/lib.rs:1:5
[INFO] [stdout]   |
[INFO] [stdout] 1 | use anyhow::Context;
[INFO] [stdout]   |     ^^^^^^^^^^^^^^^
[INFO] [stdout]   |
[INFO] [stdout]   = note: `#[warn(unused_imports)]` on by default
[INFO] [stdout] 
[INFO] [stdout] 
[INFO] [stdout] error: aborting due to 4 previous errors; 1 warning emitted
[INFO] [stdout] 
[INFO] [stdout] 
[INFO] [stdout] Some errors have detailed explanations: E0432, E0433, E0599.
[INFO] [stdout] 
[INFO] [stdout] For more information about an error, try `rustc --explain E0432`.
[INFO] [stdout] 
[INFO] [stderr] error: could not compile `pkz` due to 5 previous errors; 1 warning emitted
[INFO] running `Command { std: "docker" "inspect" "500064e0eae15edde0a600387bfea428e67d991bcca57c78e112d80216839758", kill_on_drop: false }`
[INFO] running `Command { std: "docker" "rm" "-f" "500064e0eae15edde0a600387bfea428e67d991bcca57c78e112d80216839758", kill_on_drop: false }`
[INFO] [stdout] 500064e0eae15edde0a600387bfea428e67d991bcca57c78e112d80216839758
