[INFO] fetching crate pi_orca 0.2.0...
[INFO] testing pi_orca-0.2.0 against 1.69.0 for beta-1.70-1
[INFO] extracting crate pi_orca 0.2.0 into /workspace/builds/worker-2-tc1/source
[INFO] validating manifest of crates.io crate pi_orca 0.2.0 on toolchain 1.69.0
[INFO] running `Command { std: CARGO_HOME="/workspace/cargo-home" RUSTUP_HOME="/workspace/rustup-home" "/workspace/cargo-home/bin/cargo" "+1.69.0" "metadata" "--manifest-path" "Cargo.toml" "--no-deps", kill_on_drop: false }`
[INFO] started tweaking crates.io crate pi_orca 0.2.0
[INFO] finished tweaking crates.io crate pi_orca 0.2.0
[INFO] tweaked toml for crates.io crate pi_orca 0.2.0 written to /workspace/builds/worker-2-tc1/source/Cargo.toml
[INFO] crate crates.io crate pi_orca 0.2.0 already has a lockfile, it will not be regenerated
[INFO] running `Command { std: CARGO_HOME="/workspace/cargo-home" RUSTUP_HOME="/workspace/rustup-home" "/workspace/cargo-home/bin/cargo" "+1.69.0" "fetch" "--manifest-path" "Cargo.toml", kill_on_drop: false }`
[INFO] [stderr]  Downloading crates ...
[INFO] [stderr]   Downloaded matrixmultiply v0.3.3
[INFO] [stderr]   Downloaded parry2d v0.13.4
[INFO] [stderr]   Downloaded pi_null v0.1.0
[INFO] [stderr]   Downloaded parry3d v0.13.4
[INFO] [stderr]   Downloaded pi_slotmap v0.1.5
[INFO] [stderr]   Downloaded pi_spatial v0.4.1
[INFO] running `Command { std: "docker" "create" "-v" "/var/lib/crater-agent-workspace/builds/worker-2-tc1/target:/opt/rustwide/target:rw,Z" "-v" "/var/lib/crater-agent-workspace/builds/worker-2-tc1/source:/opt/rustwide/workdir:ro,Z" "-v" "/var/lib/crater-agent-workspace/cargo-home:/opt/rustwide/cargo-home:ro,Z" "-v" "/var/lib/crater-agent-workspace/rustup-home:/opt/rustwide/rustup-home:ro,Z" "-e" "SOURCE_DIR=/opt/rustwide/workdir" "-e" "CARGO_TARGET_DIR=/opt/rustwide/target" "-e" "CARGO_HOME=/opt/rustwide/cargo-home" "-e" "RUSTUP_HOME=/opt/rustwide/rustup-home" "-w" "/opt/rustwide/workdir" "-m" "1610612736" "--user" "0:0" "--network" "none" "ghcr.io/rust-lang/crates-build-env/linux@sha256:5ff2268d62e97bff2cde7d5815dd6ed5b47097566f13b8d0ca110b04b60e07ed" "/opt/rustwide/cargo-home/bin/cargo" "+1.69.0" "metadata" "--no-deps" "--format-version=1", kill_on_drop: false }`
[INFO] [stdout] cba67ecfae48ee8fbd8dabcbe880a778d10faa497a06ec3048a9e24c1d4b2350
[INFO] running `Command { std: "docker" "start" "-a" "cba67ecfae48ee8fbd8dabcbe880a778d10faa497a06ec3048a9e24c1d4b2350", kill_on_drop: false }`
[INFO] running `Command { std: "docker" "inspect" "cba67ecfae48ee8fbd8dabcbe880a778d10faa497a06ec3048a9e24c1d4b2350", kill_on_drop: false }`
[INFO] running `Command { std: "docker" "rm" "-f" "cba67ecfae48ee8fbd8dabcbe880a778d10faa497a06ec3048a9e24c1d4b2350", kill_on_drop: false }`
[INFO] [stdout] cba67ecfae48ee8fbd8dabcbe880a778d10faa497a06ec3048a9e24c1d4b2350
[INFO] running `Command { std: "docker" "create" "-v" "/var/lib/crater-agent-workspace/builds/worker-2-tc1/target:/opt/rustwide/target:rw,Z" "-v" "/var/lib/crater-agent-workspace/builds/worker-2-tc1/source:/opt/rustwide/workdir:ro,Z" "-v" "/var/lib/crater-agent-workspace/cargo-home:/opt/rustwide/cargo-home:ro,Z" "-v" "/var/lib/crater-agent-workspace/rustup-home:/opt/rustwide/rustup-home:ro,Z" "-e" "SOURCE_DIR=/opt/rustwide/workdir" "-e" "CARGO_TARGET_DIR=/opt/rustwide/target" "-e" "CARGO_INCREMENTAL=0" "-e" "RUST_BACKTRACE=full" "-e" "RUSTFLAGS=--cap-lints=warn" "-e" "RUSTDOCFLAGS=--cap-lints=warn" "-e" "CARGO_HOME=/opt/rustwide/cargo-home" "-e" "RUSTUP_HOME=/opt/rustwide/rustup-home" "-w" "/opt/rustwide/workdir" "-m" "1610612736" "--user" "0:0" "--network" "none" "ghcr.io/rust-lang/crates-build-env/linux@sha256:5ff2268d62e97bff2cde7d5815dd6ed5b47097566f13b8d0ca110b04b60e07ed" "/opt/rustwide/cargo-home/bin/cargo" "+1.69.0" "build" "--frozen" "--message-format=json", kill_on_drop: false }`
[INFO] [stdout] 381cb7f6980172b8301324142fd1b7df24a1a4e24bc05e4fd5c54ef06e4c3060
[INFO] running `Command { std: "docker" "start" "-a" "381cb7f6980172b8301324142fd1b7df24a1a4e24bc05e4fd5c54ef06e4c3060", kill_on_drop: false }`
[INFO] [stderr]    Compiling autocfg v1.1.0
[INFO] [stderr]    Compiling proc-macro2 v1.0.56
[INFO] [stderr]    Compiling libm v0.2.6
[INFO] [stderr]    Compiling quote v1.0.26
[INFO] [stderr]    Compiling unicode-ident v1.0.8
[INFO] [stderr]    Compiling syn v1.0.109
[INFO] [stderr]    Compiling paste v1.0.12
[INFO] [stderr]    Compiling bytemuck v1.13.1
[INFO] [stderr]    Compiling wasm-bindgen-shared v0.2.84
[INFO] [stderr]    Compiling log v0.4.17
[INFO] [stderr]    Compiling typenum v1.16.0
[INFO] [stderr]    Compiling rawpointer v0.2.1
[INFO] [stderr]    Compiling once_cell v1.17.1
[INFO] [stderr]    Compiling robust v0.2.3
[INFO] [stderr]    Compiling smallvec v1.10.0
[INFO] [stderr]    Compiling bumpalo v3.12.1
[INFO] [stderr]    Compiling matrixmultiply v0.3.3
[INFO] [stderr]    Compiling version_check v0.9.4
[INFO] [stderr]    Compiling optional v0.5.0
[INFO] [stderr]    Compiling safe_arch v0.6.0
[INFO] [stderr]    Compiling downcast-rs v1.2.0
[INFO] [stderr]    Compiling rustc-hash v1.1.0
[INFO] [stderr]    Compiling bitflags v1.3.2
[INFO] [stderr]    Compiling arrayvec v0.7.2
[INFO] [stderr]    Compiling num-traits v0.2.15
[INFO] [stderr]    Compiling num-integer v0.1.45
[INFO] [stderr]    Compiling num-rational v0.4.1
[INFO] [stderr]    Compiling slab v0.4.8
[INFO] [stderr]    Compiling either v1.8.1
[INFO] [stderr]    Compiling wasm-bindgen v0.2.84
[INFO] [stderr]    Compiling pi_slotmap v0.1.5
[INFO] [stderr]    Compiling pi_null v0.1.0
[INFO] [stderr]    Compiling wide v0.7.8
[INFO] [stderr]    Compiling approx v0.5.1
[INFO] [stderr]    Compiling num-complex v0.4.3
[INFO] [stderr]    Compiling spade v2.2.0
[INFO] [stderr]    Compiling simba v0.8.1
[INFO] [stderr]    Compiling wasm-bindgen-backend v0.2.84
[INFO] [stderr]    Compiling nalgebra-macros v0.2.0
[INFO] [stderr]    Compiling num-derive v0.3.3
[INFO] [stderr]    Compiling wasm-bindgen-macro-support v0.2.84
[INFO] [stderr]    Compiling wasm-bindgen-macro v0.2.84
[INFO] [stderr]    Compiling nalgebra v0.32.2
[INFO] [stderr]    Compiling parry2d v0.13.4
[INFO] [stderr]    Compiling parry3d v0.13.4
[INFO] [stderr]    Compiling pi_spatial v0.4.1
[INFO] [stderr]    Compiling pi_orca v0.2.0 (/opt/rustwide/workdir)
[INFO] [stdout] warning: unused imports: `QuadHelper`, `Tree`
[INFO] [stdout]   --> src/rvos_imulator.rs:11:36
[INFO] [stdout]    |
[INFO] [stdout] 11 | use pi_spatial::{tilemap::TileMap, QuadHelper, QuadTree, Tree};
[INFO] [stdout]    |                                    ^^^^^^^^^^            ^^^^
[INFO] [stdout]    |
[INFO] [stdout]    = note: `#[warn(unused_imports)]` on by default
[INFO] [stdout] 
[INFO] [stdout] 
[INFO] [stdout] warning: 1 warning emitted
[INFO] [stdout] 
[INFO] [stdout] 
[INFO] [stderr]     Finished dev [unoptimized + debuginfo] target(s) in 23.64s
[INFO] running `Command { std: "docker" "inspect" "381cb7f6980172b8301324142fd1b7df24a1a4e24bc05e4fd5c54ef06e4c3060", kill_on_drop: false }`
[INFO] running `Command { std: "docker" "rm" "-f" "381cb7f6980172b8301324142fd1b7df24a1a4e24bc05e4fd5c54ef06e4c3060", kill_on_drop: false }`
[INFO] [stdout] 381cb7f6980172b8301324142fd1b7df24a1a4e24bc05e4fd5c54ef06e4c3060
[INFO] running `Command { std: "docker" "create" "-v" "/var/lib/crater-agent-workspace/builds/worker-2-tc1/target:/opt/rustwide/target:rw,Z" "-v" "/var/lib/crater-agent-workspace/builds/worker-2-tc1/source:/opt/rustwide/workdir:ro,Z" "-v" "/var/lib/crater-agent-workspace/cargo-home:/opt/rustwide/cargo-home:ro,Z" "-v" "/var/lib/crater-agent-workspace/rustup-home:/opt/rustwide/rustup-home:ro,Z" "-e" "SOURCE_DIR=/opt/rustwide/workdir" "-e" "CARGO_TARGET_DIR=/opt/rustwide/target" "-e" "CARGO_INCREMENTAL=0" "-e" "RUST_BACKTRACE=full" "-e" "RUSTFLAGS=--cap-lints=warn" "-e" "RUSTDOCFLAGS=--cap-lints=warn" "-e" "CARGO_HOME=/opt/rustwide/cargo-home" "-e" "RUSTUP_HOME=/opt/rustwide/rustup-home" "-w" "/opt/rustwide/workdir" "-m" "1610612736" "--user" "0:0" "--network" "none" "ghcr.io/rust-lang/crates-build-env/linux@sha256:5ff2268d62e97bff2cde7d5815dd6ed5b47097566f13b8d0ca110b04b60e07ed" "/opt/rustwide/cargo-home/bin/cargo" "+1.69.0" "test" "--frozen" "--no-run" "--message-format=json", kill_on_drop: false }`
[INFO] [stdout] 3a97b727ba6ed7599b29f14816f08f2c1fc0ea9b362fa93e23dd188e69a0e16f
[INFO] running `Command { std: "docker" "start" "-a" "3a97b727ba6ed7599b29f14816f08f2c1fc0ea9b362fa93e23dd188e69a0e16f", kill_on_drop: false }`
[INFO] [stderr]    Compiling pi_orca v0.2.0 (/opt/rustwide/workdir)
[INFO] [stdout] warning: unused imports: `QuadHelper`, `Tree`
[INFO] [stdout]   --> src/rvos_imulator.rs:11:36
[INFO] [stdout]    |
[INFO] [stdout] 11 | use pi_spatial::{tilemap::TileMap, QuadHelper, QuadTree, Tree};
[INFO] [stdout]    |                                    ^^^^^^^^^^            ^^^^
[INFO] [stdout]    |
[INFO] [stdout]    = note: `#[warn(unused_imports)]` on by default
[INFO] [stdout] 
[INFO] [stdout] 
[INFO] [stdout] warning: 1 warning emitted
[INFO] [stdout] 
[INFO] [stdout] 
[INFO] [stdout] error[E0432]: unresolved import `pi_orca::obstacle::Vertices`
[INFO] [stdout]  --> examples/blocks.rs:1:15
[INFO] [stdout]   |
[INFO] [stdout] 1 | use pi_orca::{obstacle::Vertices, rvos_imulator::RVOSimulator, vector2::Vector2};
[INFO] [stdout]   |               ^^^^^^^^^^^^^^^^^^ no `Vertices` in `obstacle`
[INFO] [stdout]   |
[INFO] [stdout]   = help: consider importing this struct instead:
[INFO] [stdout]           pi_orca::util::Vertices
[INFO] [stdout] 
[INFO] [stdout] 
[INFO] [stdout] error[E0432]: unresolved import `rand`
[INFO] [stdout]  --> examples/blocks.rs:2:5
[INFO] [stdout]   |
[INFO] [stdout] 2 | use rand::Rng;
[INFO] [stdout]   |     ^^^^ use of undeclared crate or module `rand`
[INFO] [stdout] 
[INFO] [stdout] 
[INFO] [stdout] error[E0432]: unresolved imports `pi_orca::a_start`, `pi_orca::obstacle::Vertices`
[INFO] [stdout]  --> examples/a_star.rs:2:5
[INFO] [stdout]   |
[INFO] [stdout] 2 |     a_start::{AStar, NodeIndex, ResultPath, TileMap, TileObstacle},
[INFO] [stdout]   |     ^^^^^^^ could not find `a_start` in `pi_orca`
[INFO] [stdout] 3 |     obstacle::Vertices,
[INFO] [stdout]   |     ^^^^^^^^^^^^^^^^^^ no `Vertices` in `obstacle`
[INFO] [stdout]   |
[INFO] [stdout]   = help: consider importing this struct instead:
[INFO] [stdout]           pi_orca::util::Vertices
[INFO] [stdout] 
[INFO] [stdout] 
[INFO] [stdout] error[E0432]: unresolved import `rand`
[INFO] [stdout]  --> examples/a_star.rs:7:5
[INFO] [stdout]   |
[INFO] [stdout] 7 | use rand::Rng;
[INFO] [stdout]   |     ^^^^ use of undeclared crate or module `rand`
[INFO] [stdout] 
[INFO] [stdout] 
[INFO] [stdout] warning: unused imports: `rvos_imulator::RVOSimulator`, `vector2::Vector2`
[INFO] [stdout]  --> examples/a_star.rs:4:5
[INFO] [stdout]   |
[INFO] [stdout] 4 |     rvos_imulator::RVOSimulator,
[INFO] [stdout]   |     ^^^^^^^^^^^^^^^^^^^^^^^^^^^
[INFO] [stdout] 5 |     vector2::Vector2,
[INFO] [stdout]   |     ^^^^^^^^^^^^^^^^
[INFO] [stdout]   |
[INFO] [stdout]   = note: `#[warn(unused_imports)]` on by default
[INFO] [stdout] 
[INFO] [stdout] 
[INFO] [stdout] error[E0432]: unresolved import `pi_orca::obstacle::Vertices`
[INFO] [stdout]  --> examples/circle.rs:2:5
[INFO] [stdout]   |
[INFO] [stdout] 2 |     obstacle::Vertices,
[INFO] [stdout]   |     ^^^^^^^^^^^^^^^^^^ no `Vertices` in `obstacle`
[INFO] [stdout]   |
[INFO] [stdout]   = help: consider importing this struct instead:
[INFO] [stdout]           pi_orca::util::Vertices
[INFO] [stdout] 
[INFO] [stdout] 
[INFO] [stdout] error[E0432]: unresolved import `rand`
[INFO] [stdout]   --> examples/circle.rs:11:5
[INFO] [stdout]    |
[INFO] [stdout] 11 | use rand::Rng;
[INFO] [stdout]    |     ^^^^ use of undeclared crate or module `rand`
[INFO] [stdout] 
[INFO] [stdout] 
[INFO] [stdout] error[E0603]: struct `ID` is private
[INFO] [stdout]  --> examples/circle.rs:3:35
[INFO] [stdout]   |
[INFO] [stdout] 3 |     rvos_imulator::{RVOSimulator, ID},
[INFO] [stdout]   |                                   ^^ private struct
[INFO] [stdout]   |
[INFO] [stdout] note: the struct `ID` is defined here
[INFO] [stdout]  --> /opt/rustwide/workdir/src/rvos_imulator.rs:4:68
[INFO] [stdout]   |
[INFO] [stdout] 4 |     util::{ab_query_func, intersects, AbQueryArgs, Line, Vertices, ID},
[INFO] [stdout]   |                                                                    ^^
[INFO] [stdout] 
[INFO] [stdout] 
[INFO] [stdout] error[E0433]: failed to resolve: use of undeclared crate or module `rand`
[INFO] [stdout]   --> examples/circle.rs:16:19
[INFO] [stdout]    |
[INFO] [stdout] 16 |     let mut rng = rand::thread_rng();
[INFO] [stdout]    |                   ^^^^ use of undeclared crate or module `rand`
[INFO] [stdout] 
[INFO] [stdout] 
[INFO] [stdout] error[E0433]: failed to resolve: use of undeclared crate or module `rand`
[INFO] [stdout]   --> examples/circle.rs:92:19
[INFO] [stdout]    |
[INFO] [stdout] 92 |     let mut rng = rand::thread_rng();
[INFO] [stdout]    |                   ^^^^ use of undeclared crate or module `rand`
[INFO] [stdout] 
[INFO] [stdout] 
[INFO] [stdout] error[E0433]: failed to resolve: use of undeclared crate or module `rand`
[INFO] [stdout]    --> examples/blocks.rs:124:19
[INFO] [stdout]     |
[INFO] [stdout] 124 |     let mut rng = rand::thread_rng();
[INFO] [stdout]     |                   ^^^^ use of undeclared crate or module `rand`
[INFO] [stdout] 
[INFO] [stdout] 
[INFO] [stdout] error: aborting due to 5 previous errors
[INFO] [stdout] 
[INFO] [stdout] 
[INFO] [stdout] Some errors have detailed explanations: E0432, E0433, E0603.
[INFO] [stdout] 
[INFO] [stdout] For more information about an error, try `rustc --explain E0432`.
[INFO] [stdout] 
[INFO] [stdout] error: aborting due to 3 previous errors
[INFO] [stdout] 
[INFO] [stdout] 
[INFO] [stdout] Some errors have detailed explanations: E0432, E0433.
[INFO] [stdout] 
[INFO] [stdout] For more information about an error, try `rustc --explain E0432`.
[INFO] [stdout] 
[INFO] [stderr] error: could not compile `pi_orca` due to 6 previous errors
[INFO] [stderr] warning: build failed, waiting for other jobs to finish...
[INFO] [stderr] error: could not compile `pi_orca` due to 4 previous errors
[INFO] [stdout] error: aborting due to 2 previous errors; 1 warning emitted
[INFO] [stdout] 
[INFO] [stdout] 
[INFO] [stdout] For more information about this error, try `rustc --explain E0432`.
[INFO] [stdout] 
[INFO] [stderr] error: could not compile `pi_orca` due to 3 previous errors; 1 warning emitted
[INFO] [stdout] warning: unused imports: `QuadHelper`, `Tree`
[INFO] [stdout]   --> src/rvos_imulator.rs:11:36
[INFO] [stdout]    |
[INFO] [stdout] 11 | use pi_spatial::{tilemap::TileMap, QuadHelper, QuadTree, Tree};
[INFO] [stdout]    |                                    ^^^^^^^^^^            ^^^^
[INFO] [stdout]    |
[INFO] [stdout]    = note: `#[warn(unused_imports)]` on by default
[INFO] [stdout] 
[INFO] [stdout] 
[INFO] [stdout] warning: 1 warning emitted
[INFO] [stdout] 
[INFO] [stdout] 
[INFO] running `Command { std: "docker" "inspect" "3a97b727ba6ed7599b29f14816f08f2c1fc0ea9b362fa93e23dd188e69a0e16f", kill_on_drop: false }`
[INFO] running `Command { std: "docker" "rm" "-f" "3a97b727ba6ed7599b29f14816f08f2c1fc0ea9b362fa93e23dd188e69a0e16f", kill_on_drop: false }`
[INFO] [stdout] 3a97b727ba6ed7599b29f14816f08f2c1fc0ea9b362fa93e23dd188e69a0e16f
