[INFO] fetching crate pg-srv 0.2.0...
[INFO] testing pg-srv-0.2.0 against 1.69.0 for beta-1.70-1
[INFO] extracting crate pg-srv 0.2.0 into /workspace/builds/worker-7-tc1/source
[INFO] validating manifest of crates.io crate pg-srv 0.2.0 on toolchain 1.69.0
[INFO] running `Command { std: CARGO_HOME="/workspace/cargo-home" RUSTUP_HOME="/workspace/rustup-home" "/workspace/cargo-home/bin/cargo" "+1.69.0" "metadata" "--manifest-path" "Cargo.toml" "--no-deps", kill_on_drop: false }`
[INFO] started tweaking crates.io crate pg-srv 0.2.0
[INFO] finished tweaking crates.io crate pg-srv 0.2.0
[INFO] tweaked toml for crates.io crate pg-srv 0.2.0 written to /workspace/builds/worker-7-tc1/source/Cargo.toml
[INFO] running `Command { std: CARGO_HOME="/workspace/cargo-home" RUSTUP_HOME="/workspace/rustup-home" __CARGO_TEST_CHANNEL_OVERRIDE_DO_NOT_USE_THIS="nightly" "/workspace/cargo-home/bin/cargo" "+1.69.0" "generate-lockfile" "--manifest-path" "Cargo.toml" "-Zno-index-update", kill_on_drop: false }`
[INFO] running `Command { std: CARGO_HOME="/workspace/cargo-home" RUSTUP_HOME="/workspace/rustup-home" "/workspace/cargo-home/bin/cargo" "+1.69.0" "fetch" "--manifest-path" "Cargo.toml", kill_on_drop: false }`
[INFO] running `Command { std: "docker" "create" "-v" "/var/lib/crater-agent-workspace/builds/worker-7-tc1/target:/opt/rustwide/target:rw,Z" "-v" "/var/lib/crater-agent-workspace/builds/worker-7-tc1/source:/opt/rustwide/workdir:ro,Z" "-v" "/var/lib/crater-agent-workspace/cargo-home:/opt/rustwide/cargo-home:ro,Z" "-v" "/var/lib/crater-agent-workspace/rustup-home:/opt/rustwide/rustup-home:ro,Z" "-e" "SOURCE_DIR=/opt/rustwide/workdir" "-e" "CARGO_TARGET_DIR=/opt/rustwide/target" "-e" "CARGO_HOME=/opt/rustwide/cargo-home" "-e" "RUSTUP_HOME=/opt/rustwide/rustup-home" "-w" "/opt/rustwide/workdir" "-m" "1610612736" "--user" "0:0" "--network" "none" "ghcr.io/rust-lang/crates-build-env/linux@sha256:5ff2268d62e97bff2cde7d5815dd6ed5b47097566f13b8d0ca110b04b60e07ed" "/opt/rustwide/cargo-home/bin/cargo" "+1.69.0" "metadata" "--no-deps" "--format-version=1", kill_on_drop: false }`
[INFO] [stdout] 02844bd7088cb09c93276187a5cbbdb09fca3e85605c36b324eeb3e232182276
[INFO] running `Command { std: "docker" "start" "-a" "02844bd7088cb09c93276187a5cbbdb09fca3e85605c36b324eeb3e232182276", kill_on_drop: false }`
[INFO] running `Command { std: "docker" "inspect" "02844bd7088cb09c93276187a5cbbdb09fca3e85605c36b324eeb3e232182276", kill_on_drop: false }`
[INFO] running `Command { std: "docker" "rm" "-f" "02844bd7088cb09c93276187a5cbbdb09fca3e85605c36b324eeb3e232182276", kill_on_drop: false }`
[INFO] [stdout] 02844bd7088cb09c93276187a5cbbdb09fca3e85605c36b324eeb3e232182276
[INFO] running `Command { std: "docker" "create" "-v" "/var/lib/crater-agent-workspace/builds/worker-7-tc1/target:/opt/rustwide/target:rw,Z" "-v" "/var/lib/crater-agent-workspace/builds/worker-7-tc1/source:/opt/rustwide/workdir:ro,Z" "-v" "/var/lib/crater-agent-workspace/cargo-home:/opt/rustwide/cargo-home:ro,Z" "-v" "/var/lib/crater-agent-workspace/rustup-home:/opt/rustwide/rustup-home:ro,Z" "-e" "SOURCE_DIR=/opt/rustwide/workdir" "-e" "CARGO_TARGET_DIR=/opt/rustwide/target" "-e" "CARGO_INCREMENTAL=0" "-e" "RUST_BACKTRACE=full" "-e" "RUSTFLAGS=--cap-lints=warn" "-e" "RUSTDOCFLAGS=--cap-lints=warn" "-e" "CARGO_HOME=/opt/rustwide/cargo-home" "-e" "RUSTUP_HOME=/opt/rustwide/rustup-home" "-w" "/opt/rustwide/workdir" "-m" "1610612736" "--user" "0:0" "--network" "none" "ghcr.io/rust-lang/crates-build-env/linux@sha256:5ff2268d62e97bff2cde7d5815dd6ed5b47097566f13b8d0ca110b04b60e07ed" "/opt/rustwide/cargo-home/bin/cargo" "+1.69.0" "build" "--frozen" "--message-format=json", kill_on_drop: false }`
[INFO] [stdout] f27b3a4562e1e8871773868262283ac0ff06d647afc0b86902f549152fd1a2c4
[INFO] running `Command { std: "docker" "start" "-a" "f27b3a4562e1e8871773868262283ac0ff06d647afc0b86902f549152fd1a2c4", kill_on_drop: false }`
[INFO] [stderr]    Compiling proc-macro2 v1.0.56
[INFO] [stderr]    Compiling unicode-ident v1.0.8
[INFO] [stderr]    Compiling quote v1.0.26
[INFO] [stderr]    Compiling num-traits v0.2.15
[INFO] [stderr]    Compiling log v0.4.11
[INFO] [stderr]    Compiling syn v1.0.109
[INFO] [stderr]    Compiling num-integer v0.1.45
[INFO] [stderr]    Compiling scopeguard v1.1.0
[INFO] [stderr]    Compiling smallvec v1.10.0
[INFO] [stderr]    Compiling cfg-if v0.1.10
[INFO] [stderr]    Compiling tokio v1.28.0
[INFO] [stderr]    Compiling async-trait v0.1.68
[INFO] [stderr]    Compiling lock_api v0.4.9
[INFO] [stderr]    Compiling parking_lot_core v0.9.7
[INFO] [stderr]    Compiling anyhow v1.0.71
[INFO] [stderr]    Compiling signal-hook-registry v1.4.1
[INFO] [stderr]    Compiling num_cpus v1.15.0
[INFO] [stderr]    Compiling socket2 v0.4.9
[INFO] [stderr]    Compiling pin-project-lite v0.2.9
[INFO] [stderr]    Compiling iana-time-zone v0.1.56
[INFO] [stderr]    Compiling bytes v1.4.0
[INFO] [stderr]    Compiling bytes v0.5.6
[INFO] [stderr]    Compiling parking_lot v0.12.1
[INFO] [stderr]    Compiling mio v0.8.6
[INFO] [stderr]    Compiling syn v2.0.15
[INFO] [stderr]    Compiling chrono v0.4.24
[INFO] [stderr]    Compiling thiserror-impl v1.0.32
[INFO] [stderr]    Compiling thiserror v1.0.32
[INFO] [stderr]    Compiling tokio-macros v2.1.0
[INFO] [stderr]    Compiling pg-srv v0.2.0 (/opt/rustwide/workdir)
[INFO] [stdout] error[E0407]: method `backtrace` is not a member of trait `std::error::Error`
[INFO] [stdout]   --> src/lib.rs:25:10
[INFO] [stdout]    |
[INFO] [stdout] 25 | #[derive(thiserror::Error, Debug)]
[INFO] [stdout]    |          ^^^^^^^^^^^^^^^^ not a member of trait `std::error::Error`
[INFO] [stdout]    |
[INFO] [stdout]    = note: this error originates in the derive macro `thiserror::Error` (in Nightly builds, run with -Z macro-backtrace for more info)
[INFO] [stdout] 
[INFO] [stdout] 
[INFO] [stdout] error[E0554]: `#![feature]` may not be used on the stable release channel
[INFO] [stdout]  --> src/lib.rs:5:1
[INFO] [stdout]   |
[INFO] [stdout] 5 | #![feature(backtrace)]
[INFO] [stdout]   | ^^^^^^^^^^^^^^^^^^^^^^
[INFO] [stdout] 
[INFO] [stdout] 
[INFO] [stdout] error[E0554]: `#![feature]` may not be used on the stable release channel
[INFO] [stdout]  --> src/lib.rs:6:1
[INFO] [stdout]   |
[INFO] [stdout] 6 | #![feature(type_ascription)]
[INFO] [stdout]   | ^^^^^^^^^^^^^^^^^^^^^^^^^^^^
[INFO] [stdout] 
[INFO] [stdout] 
[INFO] [stdout] error[E0554]: `#![feature]` may not be used on the stable release channel
[INFO] [stdout]  --> src/lib.rs:5:12
[INFO] [stdout]   |
[INFO] [stdout] 5 | #![feature(backtrace)]
[INFO] [stdout]   |            ^^^^^^^^^
[INFO] [stdout] 
[INFO] [stdout] 
[INFO] [stdout] warning: the feature `backtrace` has been stable since 1.65.0 and no longer requires an attribute to enable
[INFO] [stdout]  --> src/lib.rs:5:12
[INFO] [stdout]   |
[INFO] [stdout] 5 | #![feature(backtrace)]
[INFO] [stdout]   |            ^^^^^^^^^
[INFO] [stdout]   |
[INFO] [stdout]   = note: `#[warn(stable_features)]` on by default
[INFO] [stdout] 
[INFO] [stdout] 
[INFO] [stdout] warning: use of deprecated associated function `chrono::NaiveDate::from_ymd`: use `from_ymd_opt()` instead
[INFO] [stdout]    --> src/encoding.rs:102:16
[INFO] [stdout]     |
[INFO] [stdout] 102 |     NaiveDate::from_ymd(2000, 1, 1).and_hms(0, 0, 0)
[INFO] [stdout]     |                ^^^^^^^^
[INFO] [stdout]     |
[INFO] [stdout]     = note: `#[warn(deprecated)]` on by default
[INFO] [stdout] 
[INFO] [stdout] 
[INFO] [stdout] warning: use of deprecated method `chrono::NaiveDate::and_hms`: use `and_hms_opt()` instead
[INFO] [stdout]    --> src/encoding.rs:102:37
[INFO] [stdout]     |
[INFO] [stdout] 102 |     NaiveDate::from_ymd(2000, 1, 1).and_hms(0, 0, 0)
[INFO] [stdout]     |                                     ^^^^^^^
[INFO] [stdout] 
[INFO] [stdout] 
[INFO] [stdout] error[E0599]: no method named `backtrace` found for reference `&dyn std::error::Error` in the current scope
[INFO] [stdout]   --> src/lib.rs:30:9
[INFO] [stdout]    |
[INFO] [stdout] 30 |         source: std::io::Error,
[INFO] [stdout]    |         ^^^^^^ method not found in `&dyn Error`
[INFO] [stdout] 
[INFO] [stdout] 
[INFO] [stdout] error[E0599]: no method named `backtrace` found for reference `&dyn std::error::Error` in the current scope
[INFO] [stdout]   --> src/lib.rs:36:9
[INFO] [stdout]    |
[INFO] [stdout] 36 |         source: protocol::ErrorResponse,
[INFO] [stdout]    |         ^^^^^^ method not found in `&dyn Error`
[INFO] [stdout] 
[INFO] [stdout] 
[INFO] [stdout] error: aborting due to 6 previous errors; 3 warnings emitted
[INFO] [stdout] 
[INFO] [stdout] 
[INFO] [stdout] Some errors have detailed explanations: E0407, E0554, E0599.
[INFO] [stdout] 
[INFO] [stdout] For more information about an error, try `rustc --explain E0407`.
[INFO] [stdout] 
[INFO] [stderr] error: could not compile `pg-srv` due to 7 previous errors; 3 warnings emitted
[INFO] [stderr] warning: build failed, waiting for other jobs to finish...
[INFO] running `Command { std: "docker" "inspect" "f27b3a4562e1e8871773868262283ac0ff06d647afc0b86902f549152fd1a2c4", kill_on_drop: false }`
[INFO] running `Command { std: "docker" "rm" "-f" "f27b3a4562e1e8871773868262283ac0ff06d647afc0b86902f549152fd1a2c4", kill_on_drop: false }`
[INFO] [stdout] f27b3a4562e1e8871773868262283ac0ff06d647afc0b86902f549152fd1a2c4
