[INFO] fetching crate passivized_vault_client 0.0.9...
[INFO] testing passivized_vault_client-0.0.9 against 1.69.0 for beta-1.70-1
[INFO] extracting crate passivized_vault_client 0.0.9 into /workspace/builds/worker-4-tc1/source
[INFO] validating manifest of crates.io crate passivized_vault_client 0.0.9 on toolchain 1.69.0
[INFO] running `Command { std: CARGO_HOME="/workspace/cargo-home" RUSTUP_HOME="/workspace/rustup-home" "/workspace/cargo-home/bin/cargo" "+1.69.0" "metadata" "--manifest-path" "Cargo.toml" "--no-deps", kill_on_drop: false }`
[INFO] started tweaking crates.io crate passivized_vault_client 0.0.9
[INFO] finished tweaking crates.io crate passivized_vault_client 0.0.9
[INFO] tweaked toml for crates.io crate passivized_vault_client 0.0.9 written to /workspace/builds/worker-4-tc1/source/Cargo.toml
[INFO] crate crates.io crate passivized_vault_client 0.0.9 already has a lockfile, it will not be regenerated
[INFO] running `Command { std: CARGO_HOME="/workspace/cargo-home" RUSTUP_HOME="/workspace/rustup-home" "/workspace/cargo-home/bin/cargo" "+1.69.0" "fetch" "--manifest-path" "Cargo.toml", kill_on_drop: false }`
[INFO] [stderr]  Downloading crates ...
[INFO] [stderr]   Downloaded openssl-sys v0.9.82
[INFO] [stderr]   Downloaded const-str v0.5.3
[INFO] [stderr]   Downloaded passivized_vault_client_versions v0.0.9
[INFO] [stderr]   Downloaded passivized_docker_engine_client v0.0.7
[INFO] [stderr]   Downloaded reqwest v0.11.15
[INFO] [stderr]   Downloaded openssl v0.10.47
[INFO] [stderr]   Downloaded syn v2.0.6
[INFO] [stderr]   Downloaded passivized_test_support v0.0.9
[INFO] running `Command { std: "docker" "create" "-v" "/var/lib/crater-agent-workspace/builds/worker-4-tc1/target:/opt/rustwide/target:rw,Z" "-v" "/var/lib/crater-agent-workspace/builds/worker-4-tc1/source:/opt/rustwide/workdir:ro,Z" "-v" "/var/lib/crater-agent-workspace/cargo-home:/opt/rustwide/cargo-home:ro,Z" "-v" "/var/lib/crater-agent-workspace/rustup-home:/opt/rustwide/rustup-home:ro,Z" "-e" "SOURCE_DIR=/opt/rustwide/workdir" "-e" "CARGO_TARGET_DIR=/opt/rustwide/target" "-e" "CARGO_HOME=/opt/rustwide/cargo-home" "-e" "RUSTUP_HOME=/opt/rustwide/rustup-home" "-w" "/opt/rustwide/workdir" "-m" "1610612736" "--user" "0:0" "--network" "none" "ghcr.io/rust-lang/crates-build-env/linux@sha256:5ff2268d62e97bff2cde7d5815dd6ed5b47097566f13b8d0ca110b04b60e07ed" "/opt/rustwide/cargo-home/bin/cargo" "+1.69.0" "metadata" "--no-deps" "--format-version=1", kill_on_drop: false }`
[INFO] [stdout] db2afc915a519b23381bdcec40b960ed334e24ca43f7582e07673afa1fc312f7
[INFO] running `Command { std: "docker" "start" "-a" "db2afc915a519b23381bdcec40b960ed334e24ca43f7582e07673afa1fc312f7", kill_on_drop: false }`
[INFO] running `Command { std: "docker" "inspect" "db2afc915a519b23381bdcec40b960ed334e24ca43f7582e07673afa1fc312f7", kill_on_drop: false }`
[INFO] running `Command { std: "docker" "rm" "-f" "db2afc915a519b23381bdcec40b960ed334e24ca43f7582e07673afa1fc312f7", kill_on_drop: false }`
[INFO] [stdout] db2afc915a519b23381bdcec40b960ed334e24ca43f7582e07673afa1fc312f7
[INFO] running `Command { std: "docker" "create" "-v" "/var/lib/crater-agent-workspace/builds/worker-4-tc1/target:/opt/rustwide/target:rw,Z" "-v" "/var/lib/crater-agent-workspace/builds/worker-4-tc1/source:/opt/rustwide/workdir:ro,Z" "-v" "/var/lib/crater-agent-workspace/cargo-home:/opt/rustwide/cargo-home:ro,Z" "-v" "/var/lib/crater-agent-workspace/rustup-home:/opt/rustwide/rustup-home:ro,Z" "-e" "SOURCE_DIR=/opt/rustwide/workdir" "-e" "CARGO_TARGET_DIR=/opt/rustwide/target" "-e" "CARGO_INCREMENTAL=0" "-e" "RUST_BACKTRACE=full" "-e" "RUSTFLAGS=--cap-lints=warn" "-e" "RUSTDOCFLAGS=--cap-lints=warn" "-e" "CARGO_HOME=/opt/rustwide/cargo-home" "-e" "RUSTUP_HOME=/opt/rustwide/rustup-home" "-w" "/opt/rustwide/workdir" "-m" "1610612736" "--user" "0:0" "--network" "none" "ghcr.io/rust-lang/crates-build-env/linux@sha256:5ff2268d62e97bff2cde7d5815dd6ed5b47097566f13b8d0ca110b04b60e07ed" "/opt/rustwide/cargo-home/bin/cargo" "+1.69.0" "build" "--frozen" "--message-format=json", kill_on_drop: false }`
[INFO] [stdout] eb3adf4daf69b207c1109f311d042d79bc8caf868bfabf45712421709c98d53c
[INFO] running `Command { std: "docker" "start" "-a" "eb3adf4daf69b207c1109f311d042d79bc8caf868bfabf45712421709c98d53c", kill_on_drop: false }`
[INFO] [stderr]    Compiling proc-macro2 v1.0.53
[INFO] [stderr]    Compiling syn v1.0.109
[INFO] [stderr]    Compiling libc v0.2.140
[INFO] [stderr]    Compiling cc v1.0.79
[INFO] [stderr]    Compiling futures-core v0.3.27
[INFO] [stderr]    Compiling bytes v1.4.0
[INFO] [stderr]    Compiling itoa v1.0.6
[INFO] [stderr]    Compiling tokio v1.26.0
[INFO] [stderr]    Compiling futures-channel v0.3.27
[INFO] [stderr]    Compiling futures-sink v0.3.27
[INFO] [stderr]    Compiling futures-task v0.3.27
[INFO] [stderr]    Compiling tracing-core v0.1.30
[INFO] [stderr]    Compiling indexmap v1.9.2
[INFO] [stderr]    Compiling futures-util v0.3.27
[INFO] [stderr]    Compiling serde_derive v1.0.158
[INFO] [stderr]    Compiling openssl v0.10.47
[INFO] [stderr]    Compiling http v0.2.9
[INFO] [stderr]    Compiling tracing v0.1.37
[INFO] [stderr]    Compiling quote v1.0.26
[INFO] [stderr]    Compiling openssl-sys v0.9.82
[INFO] [stderr]    Compiling native-tls v0.2.11
[INFO] [stderr]    Compiling syn v2.0.6
[INFO] [stderr]    Compiling httparse v1.8.0
[INFO] [stderr]    Compiling tinyvec_macros v0.1.1
[INFO] [stderr]    Compiling serde v1.0.158
[INFO] [stderr]    Compiling futures-io v0.3.27
[INFO] [stderr]    Compiling hashbrown v0.12.3
[INFO] [stderr]    Compiling tinyvec v1.6.0
[INFO] [stderr]    Compiling percent-encoding v2.2.0
[INFO] [stderr]    Compiling openssl-probe v0.1.5
[INFO] [stderr]    Compiling num_cpus v1.15.0
[INFO] [stderr]    Compiling mio v0.8.6
[INFO] [stderr]    Compiling socket2 v0.4.9
[INFO] [stderr]    Compiling try-lock v0.2.4
[INFO] [stderr]    Compiling form_urlencoded v1.1.0
[INFO] [stderr]    Compiling want v0.3.0
[INFO] [stderr]    Compiling unicode-normalization v0.1.22
[INFO] [stderr]    Compiling http-body v0.4.5
[INFO] [stderr]    Compiling httpdate v1.0.2
[INFO] [stderr]    Compiling serde_json v1.0.94
[INFO] [stderr]    Compiling tower-service v0.3.2
[INFO] [stderr]    Compiling unicode-bidi v0.3.13
[INFO] [stderr]    Compiling ryu v1.0.13
[INFO] [stderr]    Compiling time-core v0.1.0
[INFO] [stderr]    Compiling thiserror v1.0.35
[INFO] [stderr]    Compiling encoding_rs v0.8.32
[INFO] [stderr]    Compiling time-macros v0.2.8
[INFO] [stderr]    Compiling num_threads v0.1.6
[INFO] [stderr]    Compiling idna v0.3.0
[INFO] [stderr]    Compiling mime v0.3.17
[INFO] [stderr]    Compiling base64 v0.21.0
[INFO] [stderr]    Compiling ipnet v2.7.1
[INFO] [stderr]    Compiling url v2.3.1
[INFO] [stderr]    Compiling urlencoding v2.1.2
[INFO] [stderr]    Compiling time v0.3.20
[INFO] [stderr]    Compiling tokio-macros v1.8.2
[INFO] [stderr]    Compiling futures-macro v0.3.27
[INFO] [stderr]    Compiling openssl-macros v0.1.0
[INFO] [stderr]    Compiling thiserror-impl v1.0.35
[INFO] [stderr]    Compiling serde_urlencoded v0.7.1
[INFO] [stderr]    Compiling tokio-util v0.7.7
[INFO] [stderr]    Compiling tokio-native-tls v0.3.1
[INFO] [stderr]    Compiling h2 v0.3.16
[INFO] [stderr]    Compiling hyper v0.14.25
[INFO] [stderr]    Compiling hyper-tls v0.5.0
[INFO] [stderr]    Compiling reqwest v0.11.15
[INFO] [stderr]    Compiling passivized_vault_client v0.0.9 (/opt/rustwide/workdir)
[INFO] [stderr]     Finished dev [unoptimized + debuginfo] target(s) in 1m 10s
[INFO] running `Command { std: "docker" "inspect" "eb3adf4daf69b207c1109f311d042d79bc8caf868bfabf45712421709c98d53c", kill_on_drop: false }`
[INFO] running `Command { std: "docker" "rm" "-f" "eb3adf4daf69b207c1109f311d042d79bc8caf868bfabf45712421709c98d53c", kill_on_drop: false }`
[INFO] [stdout] eb3adf4daf69b207c1109f311d042d79bc8caf868bfabf45712421709c98d53c
[INFO] running `Command { std: "docker" "create" "-v" "/var/lib/crater-agent-workspace/builds/worker-4-tc1/target:/opt/rustwide/target:rw,Z" "-v" "/var/lib/crater-agent-workspace/builds/worker-4-tc1/source:/opt/rustwide/workdir:ro,Z" "-v" "/var/lib/crater-agent-workspace/cargo-home:/opt/rustwide/cargo-home:ro,Z" "-v" "/var/lib/crater-agent-workspace/rustup-home:/opt/rustwide/rustup-home:ro,Z" "-e" "SOURCE_DIR=/opt/rustwide/workdir" "-e" "CARGO_TARGET_DIR=/opt/rustwide/target" "-e" "CARGO_INCREMENTAL=0" "-e" "RUST_BACKTRACE=full" "-e" "RUSTFLAGS=--cap-lints=warn" "-e" "RUSTDOCFLAGS=--cap-lints=warn" "-e" "CARGO_HOME=/opt/rustwide/cargo-home" "-e" "RUSTUP_HOME=/opt/rustwide/rustup-home" "-w" "/opt/rustwide/workdir" "-m" "1610612736" "--user" "0:0" "--network" "none" "ghcr.io/rust-lang/crates-build-env/linux@sha256:5ff2268d62e97bff2cde7d5815dd6ed5b47097566f13b8d0ca110b04b60e07ed" "/opt/rustwide/cargo-home/bin/cargo" "+1.69.0" "test" "--frozen" "--no-run" "--message-format=json", kill_on_drop: false }`
[INFO] [stdout] 8a01fccde111d6556b0816222a5c0542e14d6ef24448bc176377d5da8087faa0
[INFO] running `Command { std: "docker" "start" "-a" "8a01fccde111d6556b0816222a5c0542e14d6ef24448bc176377d5da8087faa0", kill_on_drop: false }`
[INFO] [stderr]    Compiling proc-macro-error-attr v1.0.4
[INFO] [stderr]    Compiling proc-macro-error v1.0.4
[INFO] [stderr]    Compiling getrandom v0.2.8
[INFO] [stderr]    Compiling io-lifetimes v1.0.9
[INFO] [stderr]    Compiling pin-project-internal v1.0.12
[INFO] [stderr]    Compiling rustix v0.36.11
[INFO] [stderr]    Compiling futures-executor v0.3.27
[INFO] [stderr]    Compiling instant v0.1.12
[INFO] [stderr]    Compiling linux-raw-sys v0.1.4
[INFO] [stderr]    Compiling rand_core v0.6.4
[INFO] [stderr]    Compiling futures v0.3.27
[INFO] [stderr]    Compiling rand_chacha v0.3.1
[INFO] [stderr]    Compiling simple_logger v4.1.0
[INFO] [stderr]    Compiling const-str v0.5.3
[INFO] [stderr]    Compiling rand v0.8.5
[INFO] [stderr]    Compiling passivized_vault_client_versions v0.0.9
[INFO] [stderr]    Compiling test-case-core v3.0.0
[INFO] [stderr]    Compiling backoff v0.4.0
[INFO] [stderr]    Compiling pin-project v1.0.12
[INFO] [stderr]    Compiling passivized_test_support v0.0.9
[INFO] [stderr]    Compiling test-case-macros v3.0.0
[INFO] [stderr]    Compiling hyperlocal v0.8.0
[INFO] [stderr]    Compiling passivized_docker_engine_client v0.0.7
[INFO] [stderr]    Compiling test-case v3.0.0
[INFO] [stderr]    Compiling tempfile v3.4.0
[INFO] [stderr]    Compiling passivized_vault_client v0.0.9 (/opt/rustwide/workdir)
[INFO] [stdout] error: linking with `cc` failed: exit status: 1
[INFO] [stdout]   |
[INFO] [stdout]   = note: LC_ALL="C" PATH="/opt/rustwide/rustup-home/toolchains/1.69.0-x86_64-unknown-linux-gnu/lib/rustlib/x86_64-unknown-linux-gnu/bin:/opt/rustwide/cargo-home/bin:/usr/local/sbin:/usr/local/bin:/usr/sbin:/usr/bin:/sbin:/bin" VSLANG="1033" "cc" "-m64" "/tmp/rustcfbFIQz/symbols.o" "/opt/rustwide/target/debug/examples/auto_unseal-dba90b54fecd273a.auto_unseal.6c0bcb5d-cgu.0.rcgu.o" "/opt/rustwide/target/debug/examples/auto_unseal-dba90b54fecd273a.auto_unseal.6c0bcb5d-cgu.1.rcgu.o" "/opt/rustwide/target/debug/examples/auto_unseal-dba90b54fecd273a.auto_unseal.6c0bcb5d-cgu.10.rcgu.o" "/opt/rustwide/target/debug/examples/auto_unseal-dba90b54fecd273a.auto_unseal.6c0bcb5d-cgu.11.rcgu.o" "/opt/rustwide/target/debug/examples/auto_unseal-dba90b54fecd273a.auto_unseal.6c0bcb5d-cgu.12.rcgu.o" "/opt/rustwide/target/debug/examples/auto_unseal-dba90b54fecd273a.auto_unseal.6c0bcb5d-cgu.13.rcgu.o" "/opt/rustwide/target/debug/examples/auto_unseal-dba90b54fecd273a.auto_unseal.6c0bcb5d-cgu.14.rcgu.o" "/opt/rustwide/target/debug/examples/auto_unseal-dba90b54fecd273a.auto_unseal.6c0bcb5d-cgu.15.rcgu.o" "/opt/rustwide/target/debug/examples/auto_unseal-dba90b54fecd273a.auto_unseal.6c0bcb5d-cgu.2.rcgu.o" "/opt/rustwide/target/debug/examples/auto_unseal-dba90b54fecd273a.auto_unseal.6c0bcb5d-cgu.3.rcgu.o" "/opt/rustwide/target/debug/examples/auto_unseal-dba90b54fecd273a.auto_unseal.6c0bcb5d-cgu.4.rcgu.o" "/opt/rustwide/target/debug/examples/auto_unseal-dba90b54fecd273a.auto_unseal.6c0bcb5d-cgu.5.rcgu.o" "/opt/rustwide/target/debug/examples/auto_unseal-dba90b54fecd273a.auto_unseal.6c0bcb5d-cgu.6.rcgu.o" "/opt/rustwide/target/debug/examples/auto_unseal-dba90b54fecd273a.auto_unseal.6c0bcb5d-cgu.7.rcgu.o" "/opt/rustwide/target/debug/examples/auto_unseal-dba90b54fecd273a.auto_unseal.6c0bcb5d-cgu.8.rcgu.o" "/opt/rustwide/target/debug/examples/auto_unseal-dba90b54fecd273a.auto_unseal.6c0bcb5d-cgu.9.rcgu.o" "/opt/rustwide/target/debug/examples/auto_unseal-dba90b54fecd273a.48riq40ggoi4qtg2.rcgu.o" "-Wl,--as-needed" "-L" "/opt/rustwide/target/debug/deps" "-L" "/opt/rustwide/rustup-home/toolchains/1.69.0-x86_64-unknown-linux-gnu/lib/rustlib/x86_64-unknown-linux-gnu/lib" "-Wl,-Bstatic" "/opt/rustwide/target/debug/deps/libpassivized_vault_client-afe861f365eac61b.rlib" "/opt/rustwide/target/debug/deps/liburlencoding-1157924a9e5f842f.rlib" "/opt/rustwide/target/debug/deps/libreqwest-594a77ea4a95f139.rlib" "/opt/rustwide/target/debug/deps/libserde_urlencoded-eb1863e6be9619bf.rlib" "/opt/rustwide/target/debug/deps/libipnet-94d79dc908be7e57.rlib" "/opt/rustwide/target/debug/deps/libmime-a79fe19129dcd0fb.rlib" "/opt/rustwide/target/debug/deps/libencoding_rs-73122f64baa7d749.rlib" "/opt/rustwide/target/debug/deps/libtempfile-2e52e2a0caae68de.rlib" "/opt/rustwide/target/debug/deps/libfastrand-36b5f93a51c81f9b.rlib" "/opt/rustwide/target/debug/deps/librustix-f27c918a520544cd.rlib" "/opt/rustwide/target/debug/deps/libio_lifetimes-40914a1c2b51e7ff.rlib" "/opt/rustwide/target/debug/deps/liblinux_raw_sys-58de9ac7237c6be0.rlib" "/opt/rustwide/target/debug/deps/libpassivized_test_support-142ce0e1434d1f43.rlib" "/opt/rustwide/target/debug/deps/libbackoff-54df4db3b983d94b.rlib" "/opt/rustwide/target/debug/deps/librand-92747fd9901c7ba8.rlib" "/opt/rustwide/target/debug/deps/librand_chacha-cf7422aec26cc425.rlib" "/opt/rustwide/target/debug/deps/libppv_lite86-c3ad053967cc551c.rlib" "/opt/rustwide/target/debug/deps/librand_core-b70a796fcec1d474.rlib" "/opt/rustwide/target/debug/deps/libgetrandom-27c7e51f415ac291.rlib" "/opt/rustwide/target/debug/deps/libinstant-1bfa666718b38be4.rlib" "/opt/rustwide/target/debug/deps/libsimple_logger-63309d59b67ab9d1.rlib" "/opt/rustwide/target/debug/deps/libpassivized_docker_engine_client-2cb25a8288130081.rlib" "/opt/rustwide/target/debug/deps/libthiserror-ae1e0f359b8e8107.rlib" "/opt/rustwide/target/debug/deps/libbase64-8062ff4772a66de9.rlib" "/opt/rustwide/target/debug/deps/liburl-25a81f6654f7c1c7.rlib" "/opt/rustwide/target/debug/deps/libidna-b865ee86652f4dd4.rlib" "/opt/rustwide/target/debug/deps/libunicode_normalization-65834209e2c3efa0.rlib" "/opt/rustwide/target/debug/deps/libtinyvec-4aa74f8a972e3d9d.rlib" "/opt/rustwide/target/debug/deps/libtinyvec_macros-8eb663675e81bb18.rlib" "/opt/rustwide/target/debug/deps/libunicode_bidi-df88d89b87cd1c3f.rlib" "/opt/rustwide/target/debug/deps/libform_urlencoded-4406ed733a551179.rlib" "/opt/rustwide/target/debug/deps/libpercent_encoding-5b4f3c280783d946.rlib" "/opt/rustwide/target/debug/deps/libhyperlocal-6abfc73ca647b317.rlib" "/opt/rustwide/target/debug/deps/libpin_project-86a0941f4bbf46fd.rlib" "/opt/rustwide/target/debug/deps/libhex-ad79348a67e835f3.rlib" "/opt/rustwide/target/debug/deps/libconst_str-f90ace622f28d77d.rlib" "/opt/rustwide/target/debug/deps/libserde_json-1a129d508f08d5f1.rlib" "/opt/rustwide/target/debug/deps/libryu-87a43729435ac998.rlib" "/opt/rustwide/target/debug/deps/libbyteorder-50c19e9bd62c942c.rlib" "/opt/rustwide/target/debug/deps/libserde-48d25504773a882f.rlib" "/opt/rustwide/target/debug/deps/libtime-74b689e8b7aca825.rlib" "/opt/rustwide/target/debug/deps/libnum_threads-509066beeb1109ec.rlib" "/opt/rustwide/target/debug/deps/libtime_core-4a74880e8761e797.rlib" "/opt/rustwide/target/debug/deps/libhyper_tls-ff8e593d3f3fa723.rlib" "/opt/rustwide/target/debug/deps/libtokio_native_tls-a4cc64a09547672e.rlib" "/opt/rustwide/target/debug/deps/libhyper-f3c412b2c8ae2c3b.rlib" "/opt/rustwide/target/debug/deps/libwant-c819868714771aeb.rlib" "/opt/rustwide/target/debug/deps/libtry_lock-ec51eacf97b087e9.rlib" "/opt/rustwide/target/debug/deps/libhttparse-30fefae29fd53c2e.rlib" "/opt/rustwide/target/debug/deps/libh2-e0fd1eb76d965468.rlib" "/opt/rustwide/target/debug/deps/libindexmap-b76be7e23e97da1c.rlib" "/opt/rustwide/target/debug/deps/libhashbrown-f669da50cece7aa5.rlib" "/opt/rustwide/target/debug/deps/libtokio_util-ce802f32e75a0fc6.rlib" "/opt/rustwide/target/debug/deps/libtower_service-a82a463fea06a00e.rlib" "/opt/rustwide/target/debug/deps/libtracing-5e45c18f98c454bb.rlib" "/opt/rustwide/target/debug/deps/libtracing_core-259db95f475fb2a8.rlib" "/opt/rustwide/target/debug/deps/libhttp_body-1af96f59fded0cc1.rlib" "/opt/rustwide/target/debug/deps/libfutures_util-172abab20015e97c.rlib" "/opt/rustwide/target/debug/deps/libfutures_io-418adb9453257ff5.rlib" "/opt/rustwide/target/debug/deps/libslab-8bb798f134a0a9e7.rlib" "/opt/rustwide/target/debug/deps/libfutures_channel-1d350bba3aff1100.rlib" "/opt/rustwide/target/debug/deps/libfutures_sink-0ec9a16b6b905718.rlib" "/opt/rustwide/target/debug/deps/libfutures_task-22d8815da521e2eb.rlib" "/opt/rustwide/target/debug/deps/libpin_utils-0d8eaf4ac0fcb221.rlib" "/opt/rustwide/target/debug/deps/libfutures_core-b13bb4cd803da25d.rlib" "/opt/rustwide/target/debug/deps/libtokio-1a0f60a65c771a1c.rlib" "/opt/rustwide/target/debug/deps/libnum_cpus-4049bb4952109c03.rlib" "/opt/rustwide/target/debug/deps/libsocket2-f398ffa2c3c542be.rlib" "/opt/rustwide/target/debug/deps/libmemchr-b18e4aa3c7a38625.rlib" "/opt/rustwide/target/debug/deps/libmio-35f539694e8b4a9b.rlib" "/opt/rustwide/target/debug/deps/libpin_project_lite-e66e1bab7310d569.rlib" "/opt/rustwide/target/debug/deps/libhttpdate-fbb447b85a38529c.rlib" "/opt/rustwide/target/debug/deps/libhttp-1912e0b438bd2fae.rlib" "/opt/rustwide/target/debug/deps/libitoa-12e0c769e046c1b6.rlib" "/opt/rustwide/target/debug/deps/libbytes-e760d6ac9a2f6963.rlib" "/opt/rustwide/target/debug/deps/libfnv-41a559218f992797.rlib" "/opt/rustwide/target/debug/deps/libnative_tls-42c94335de491462.rlib" "/opt/rustwide/target/debug/deps/libopenssl_probe-2d1cd15c290ad1de.rlib" "/opt/rustwide/target/debug/deps/libopenssl-0999a93a9d6e29e7.rlib" "/opt/rustwide/target/debug/deps/libonce_cell-7d2ec3fb6b6c5a4d.rlib" "/opt/rustwide/target/debug/deps/libbitflags-82cc2d155c6eb112.rlib" "/opt/rustwide/target/debug/deps/libforeign_types-f2b053f84105065c.rlib" "/opt/rustwide/target/debug/deps/libforeign_types_shared-48f8f1f9ea32d068.rlib" "/opt/rustwide/target/debug/deps/libopenssl_sys-b920e6bbeffd68f6.rlib" "/opt/rustwide/target/debug/deps/liblibc-b3921bff615d742a.rlib" "/opt/rustwide/target/debug/deps/liblog-e4acea3c8ca43b70.rlib" "/opt/rustwide/target/debug/deps/libcfg_if-e5e118dd7d121aaa.rlib" "/opt/rustwide/rustup-home/toolchains/1.69.0-x86_64-unknown-linux-gnu/lib/rustlib/x86_64-unknown-linux-gnu/lib/libstd-89bc084783fdc439.rlib" "/opt/rustwide/rustup-home/toolchains/1.69.0-x86_64-unknown-linux-gnu/lib/rustlib/x86_64-unknown-linux-gnu/lib/libpanic_unwind-8bee4b287d4367c1.rlib" "/opt/rustwide/rustup-home/toolchains/1.69.0-x86_64-unknown-linux-gnu/lib/rustlib/x86_64-unknown-linux-gnu/lib/libobject-d61707aed80694c0.rlib" "/opt/rustwide/rustup-home/toolchains/1.69.0-x86_64-unknown-linux-gnu/lib/rustlib/x86_64-unknown-linux-gnu/lib/libmemchr-d85366256f22345b.rlib" "/opt/rustwide/rustup-home/toolchains/1.69.0-x86_64-unknown-linux-gnu/lib/rustlib/x86_64-unknown-linux-gnu/lib/libaddr2line-96069b86b8a8cae9.rlib" "/opt/rustwide/rustup-home/toolchains/1.69.0-x86_64-unknown-linux-gnu/lib/rustlib/x86_64-unknown-linux-gnu/lib/libgimli-d19d53abf68dfa6c.rlib" "/opt/rustwide/rustup-home/toolchains/1.69.0-x86_64-unknown-linux-gnu/lib/rustlib/x86_64-unknown-linux-gnu/lib/librustc_demangle-787cbccd19d64ac6.rlib" "/opt/rustwide/rustup-home/toolchains/1.69.0-x86_64-unknown-linux-gnu/lib/rustlib/x86_64-unknown-linux-gnu/lib/libstd_detect-b3837a36b830e0d0.rlib" "/opt/rustwide/rustup-home/toolchains/1.69.0-x86_64-unknown-linux-gnu/lib/rustlib/x86_64-unknown-linux-gnu/lib/libhashbrown-e3deb0e7e3f04966.rlib" "/opt/rustwide/rustup-home/toolchains/1.69.0-x86_64-unknown-linux-gnu/lib/rustlib/x86_64-unknown-linux-gnu/lib/libminiz_oxide-dabbb79c9815def4.rlib" "/opt/rustwide/rustup-home/toolchains/1.69.0-x86_64-unknown-linux-gnu/lib/rustlib/x86_64-unknown-linux-gnu/lib/libadler-305b01f34c9409f2.rlib" "/opt/rustwide/rustup-home/toolchains/1.69.0-x86_64-unknown-linux-gnu/lib/rustlib/x86_64-unknown-linux-gnu/lib/librustc_std_workspace_alloc-f833521df6074e73.rlib" "/opt/rustwide/rustup-home/toolchains/1.69.0-x86_64-unknown-linux-gnu/lib/rustlib/x86_64-unknown-linux-gnu/lib/libunwind-9ac333113350d171.rlib" "/opt/rustwide/rustup-home/toolchains/1.69.0-x86_64-unknown-linux-gnu/lib/rustlib/x86_64-unknown-linux-gnu/lib/libcfg_if-1c126114322d0eee.rlib" "/opt/rustwide/rustup-home/toolchains/1.69.0-x86_64-unknown-linux-gnu/lib/rustlib/x86_64-unknown-linux-gnu/lib/liblibc-bad9164fdeeecf92.rlib" "/opt/rustwide/rustup-home/toolchains/1.69.0-x86_64-unknown-linux-gnu/lib/rustlib/x86_64-unknown-linux-gnu/lib/liballoc-f9374b1e480fa681.rlib" "/opt/rustwide/rustup-home/toolchains/1.69.0-x86_64-unknown-linux-gnu/lib/rustlib/x86_64-unknown-linux-gnu/lib/librustc_std_workspace_core-207f06e41d9603af.rlib" "/opt/rustwide/rustup-home/toolchains/1.69.0-x86_64-unknown-linux-gnu/lib/rustlib/x86_64-unknown-linux-gnu/lib/libcore-7e2768e66e984e85.rlib" "/opt/rustwide/rustup-home/toolchains/1.69.0-x86_64-unknown-linux-gnu/lib/rustlib/x86_64-unknown-linux-gnu/lib/libcompiler_builtins-957b4aff41f8cd46.rlib" "-Wl,-Bdynamic" "-lssl" "-lcrypto" "-lgcc_s" "-lutil" "-lrt" "-lpthread" "-lm" "-ldl" "-lc" "-Wl,--eh-frame-hdr" "-Wl,-z,noexecstack" "-L" "/opt/rustwide/rustup-home/toolchains/1.69.0-x86_64-unknown-linux-gnu/lib/rustlib/x86_64-unknown-linux-gnu/lib" "-o" "/opt/rustwide/target/debug/examples/auto_unseal-dba90b54fecd273a" "-Wl,--gc-sections" "-pie" "-Wl,-z,relro,-z,now" "-nodefaultlibs"
[INFO] [stdout]   = note: collect2: fatal error: ld terminated with signal 9 [Killed]
[INFO] [stdout]           compilation terminated.
[INFO] [stdout]           
[INFO] [stdout] 
[INFO] [stdout] 
[INFO] [stdout] error: aborting due to previous error
[INFO] [stdout] 
[INFO] [stdout] 
[INFO] [stderr] error: could not compile `passivized_vault_client` due to 2 previous errors
[INFO] [stderr] warning: build failed, waiting for other jobs to finish...
[INFO] [stdout] error: linking with `cc` failed: exit status: 1
[INFO] [stdout]   |
[INFO] [stdout]   = note: LC_ALL="C" PATH="/opt/rustwide/rustup-home/toolchains/1.69.0-x86_64-unknown-linux-gnu/lib/rustlib/x86_64-unknown-linux-gnu/bin:/opt/rustwide/cargo-home/bin:/usr/local/sbin:/usr/local/bin:/usr/sbin:/usr/bin:/sbin:/bin" VSLANG="1033" "cc" "-m64" "/tmp/rustcIRj5FK/symbols.o" "/opt/rustwide/target/debug/deps/test_vault_status-49494af1e462edce.test_vault_status.fef7e5c0-cgu.0.rcgu.o" "/opt/rustwide/target/debug/deps/test_vault_status-49494af1e462edce.test_vault_status.fef7e5c0-cgu.1.rcgu.o" "/opt/rustwide/target/debug/deps/test_vault_status-49494af1e462edce.test_vault_status.fef7e5c0-cgu.10.rcgu.o" "/opt/rustwide/target/debug/deps/test_vault_status-49494af1e462edce.test_vault_status.fef7e5c0-cgu.11.rcgu.o" "/opt/rustwide/target/debug/deps/test_vault_status-49494af1e462edce.test_vault_status.fef7e5c0-cgu.12.rcgu.o" "/opt/rustwide/target/debug/deps/test_vault_status-49494af1e462edce.test_vault_status.fef7e5c0-cgu.13.rcgu.o" "/opt/rustwide/target/debug/deps/test_vault_status-49494af1e462edce.test_vault_status.fef7e5c0-cgu.14.rcgu.o" "/opt/rustwide/target/debug/deps/test_vault_status-49494af1e462edce.test_vault_status.fef7e5c0-cgu.15.rcgu.o" "/opt/rustwide/target/debug/deps/test_vault_status-49494af1e462edce.test_vault_status.fef7e5c0-cgu.2.rcgu.o" "/opt/rustwide/target/debug/deps/test_vault_status-49494af1e462edce.test_vault_status.fef7e5c0-cgu.3.rcgu.o" "/opt/rustwide/target/debug/deps/test_vault_status-49494af1e462edce.test_vault_status.fef7e5c0-cgu.4.rcgu.o" "/opt/rustwide/target/debug/deps/test_vault_status-49494af1e462edce.test_vault_status.fef7e5c0-cgu.5.rcgu.o" "/opt/rustwide/target/debug/deps/test_vault_status-49494af1e462edce.test_vault_status.fef7e5c0-cgu.6.rcgu.o" "/opt/rustwide/target/debug/deps/test_vault_status-49494af1e462edce.test_vault_status.fef7e5c0-cgu.7.rcgu.o" "/opt/rustwide/target/debug/deps/test_vault_status-49494af1e462edce.test_vault_status.fef7e5c0-cgu.8.rcgu.o" "/opt/rustwide/target/debug/deps/test_vault_status-49494af1e462edce.test_vault_status.fef7e5c0-cgu.9.rcgu.o" "/opt/rustwide/target/debug/deps/test_vault_status-49494af1e462edce.2tb4gey2jz9fke1l.rcgu.o" "-Wl,--as-needed" "-L" "/opt/rustwide/target/debug/deps" "-L" "/opt/rustwide/rustup-home/toolchains/1.69.0-x86_64-unknown-linux-gnu/lib/rustlib/x86_64-unknown-linux-gnu/lib" "-Wl,-Bstatic" "/opt/rustwide/rustup-home/toolchains/1.69.0-x86_64-unknown-linux-gnu/lib/rustlib/x86_64-unknown-linux-gnu/lib/libtest-7791a6353d4a7929.rlib" "/opt/rustwide/rustup-home/toolchains/1.69.0-x86_64-unknown-linux-gnu/lib/rustlib/x86_64-unknown-linux-gnu/lib/libgetopts-7b17724e9ce90a72.rlib" "/opt/rustwide/rustup-home/toolchains/1.69.0-x86_64-unknown-linux-gnu/lib/rustlib/x86_64-unknown-linux-gnu/lib/libunicode_width-596f8ce9d30a755e.rlib" "/opt/rustwide/rustup-home/toolchains/1.69.0-x86_64-unknown-linux-gnu/lib/rustlib/x86_64-unknown-linux-gnu/lib/librustc_std_workspace_std-da04f86254de594f.rlib" "/opt/rustwide/target/debug/deps/libtest_case-5b452391347331cc.rlib" "/opt/rustwide/target/debug/deps/libpassivized_vault_client-afe861f365eac61b.rlib" "/opt/rustwide/target/debug/deps/liburlencoding-1157924a9e5f842f.rlib" "/opt/rustwide/target/debug/deps/libreqwest-594a77ea4a95f139.rlib" "/opt/rustwide/target/debug/deps/libserde_urlencoded-eb1863e6be9619bf.rlib" "/opt/rustwide/target/debug/deps/libipnet-94d79dc908be7e57.rlib" "/opt/rustwide/target/debug/deps/libmime-a79fe19129dcd0fb.rlib" "/opt/rustwide/target/debug/deps/libencoding_rs-73122f64baa7d749.rlib" "/opt/rustwide/target/debug/deps/libtempfile-2e52e2a0caae68de.rlib" "/opt/rustwide/target/debug/deps/libfastrand-36b5f93a51c81f9b.rlib" "/opt/rustwide/target/debug/deps/librustix-f27c918a520544cd.rlib" "/opt/rustwide/target/debug/deps/libio_lifetimes-40914a1c2b51e7ff.rlib" "/opt/rustwide/target/debug/deps/liblinux_raw_sys-58de9ac7237c6be0.rlib" "/opt/rustwide/target/debug/deps/libpassivized_test_support-142ce0e1434d1f43.rlib" "/opt/rustwide/target/debug/deps/libbackoff-54df4db3b983d94b.rlib" "/opt/rustwide/target/debug/deps/librand-92747fd9901c7ba8.rlib" "/opt/rustwide/target/debug/deps/librand_chacha-cf7422aec26cc425.rlib" "/opt/rustwide/target/debug/deps/libppv_lite86-c3ad053967cc551c.rlib" "/opt/rustwide/target/debug/deps/librand_core-b70a796fcec1d474.rlib" "/opt/rustwide/target/debug/deps/libgetrandom-27c7e51f415ac291.rlib" "/opt/rustwide/target/debug/deps/libinstant-1bfa666718b38be4.rlib" "/opt/rustwide/target/debug/deps/libsimple_logger-63309d59b67ab9d1.rlib" "/opt/rustwide/target/debug/deps/libpassivized_docker_engine_client-2cb25a8288130081.rlib" "/opt/rustwide/target/debug/deps/libthiserror-ae1e0f359b8e8107.rlib" "/opt/rustwide/target/debug/deps/libbase64-8062ff4772a66de9.rlib" "/opt/rustwide/target/debug/deps/liburl-25a81f6654f7c1c7.rlib" "/opt/rustwide/target/debug/deps/libidna-b865ee86652f4dd4.rlib" "/opt/rustwide/target/debug/deps/libunicode_normalization-65834209e2c3efa0.rlib" "/opt/rustwide/target/debug/deps/libtinyvec-4aa74f8a972e3d9d.rlib" "/opt/rustwide/target/debug/deps/libtinyvec_macros-8eb663675e81bb18.rlib" "/opt/rustwide/target/debug/deps/libunicode_bidi-df88d89b87cd1c3f.rlib" "/opt/rustwide/target/debug/deps/libform_urlencoded-4406ed733a551179.rlib" "/opt/rustwide/target/debug/deps/libpercent_encoding-5b4f3c280783d946.rlib" "/opt/rustwide/target/debug/deps/libhyperlocal-6abfc73ca647b317.rlib" "/opt/rustwide/target/debug/deps/libpin_project-86a0941f4bbf46fd.rlib" "/opt/rustwide/target/debug/deps/libhex-ad79348a67e835f3.rlib" "/opt/rustwide/target/debug/deps/libconst_str-f90ace622f28d77d.rlib" "/opt/rustwide/target/debug/deps/libserde_json-1a129d508f08d5f1.rlib" "/opt/rustwide/target/debug/deps/libryu-87a43729435ac998.rlib" "/opt/rustwide/target/debug/deps/libbyteorder-50c19e9bd62c942c.rlib" "/opt/rustwide/target/debug/deps/libserde-48d25504773a882f.rlib" "/opt/rustwide/target/debug/deps/libtime-74b689e8b7aca825.rlib" "/opt/rustwide/target/debug/deps/libnum_threads-509066beeb1109ec.rlib" "/opt/rustwide/target/debug/deps/libtime_core-4a74880e8761e797.rlib" "/opt/rustwide/target/debug/deps/libhyper_tls-ff8e593d3f3fa723.rlib" "/opt/rustwide/target/debug/deps/libtokio_native_tls-a4cc64a09547672e.rlib" "/opt/rustwide/target/debug/deps/libhyper-f3c412b2c8ae2c3b.rlib" "/opt/rustwide/target/debug/deps/libwant-c819868714771aeb.rlib" "/opt/rustwide/target/debug/deps/libtry_lock-ec51eacf97b087e9.rlib" "/opt/rustwide/target/debug/deps/libhttparse-30fefae29fd53c2e.rlib" "/opt/rustwide/target/debug/deps/libh2-e0fd1eb76d965468.rlib" "/opt/rustwide/target/debug/deps/libindexmap-b76be7e23e97da1c.rlib" "/opt/rustwide/target/debug/deps/libhashbrown-f669da50cece7aa5.rlib" "/opt/rustwide/target/debug/deps/libtokio_util-ce802f32e75a0fc6.rlib" "/opt/rustwide/target/debug/deps/libtower_service-a82a463fea06a00e.rlib" "/opt/rustwide/target/debug/deps/libtracing-5e45c18f98c454bb.rlib" "/opt/rustwide/target/debug/deps/libtracing_core-259db95f475fb2a8.rlib" "/opt/rustwide/target/debug/deps/libhttp_body-1af96f59fded0cc1.rlib" "/opt/rustwide/target/debug/deps/libfutures_util-172abab20015e97c.rlib" "/opt/rustwide/target/debug/deps/libfutures_io-418adb9453257ff5.rlib" "/opt/rustwide/target/debug/deps/libslab-8bb798f134a0a9e7.rlib" "/opt/rustwide/target/debug/deps/libfutures_channel-1d350bba3aff1100.rlib" "/opt/rustwide/target/debug/deps/libfutures_sink-0ec9a16b6b905718.rlib" "/opt/rustwide/target/debug/deps/libfutures_task-22d8815da521e2eb.rlib" "/opt/rustwide/target/debug/deps/libpin_utils-0d8eaf4ac0fcb221.rlib" "/opt/rustwide/target/debug/deps/libfutures_core-b13bb4cd803da25d.rlib" "/opt/rustwide/target/debug/deps/libtokio-1a0f60a65c771a1c.rlib" "/opt/rustwide/target/debug/deps/libnum_cpus-4049bb4952109c03.rlib" "/opt/rustwide/target/debug/deps/libsocket2-f398ffa2c3c542be.rlib" "/opt/rustwide/target/debug/deps/libmemchr-b18e4aa3c7a38625.rlib" "/opt/rustwide/target/debug/deps/libmio-35f539694e8b4a9b.rlib" "/opt/rustwide/target/debug/deps/libpin_project_lite-e66e1bab7310d569.rlib" "/opt/rustwide/target/debug/deps/libhttpdate-fbb447b85a38529c.rlib" "/opt/rustwide/target/debug/deps/libhttp-1912e0b438bd2fae.rlib" "/opt/rustwide/target/debug/deps/libitoa-12e0c769e046c1b6.rlib" "/opt/rustwide/target/debug/deps/libbytes-e760d6ac9a2f6963.rlib" "/opt/rustwide/target/debug/deps/libfnv-41a559218f992797.rlib" "/opt/rustwide/target/debug/deps/libnative_tls-42c94335de491462.rlib" "/opt/rustwide/target/debug/deps/libopenssl_probe-2d1cd15c290ad1de.rlib" "/opt/rustwide/target/debug/deps/libopenssl-0999a93a9d6e29e7.rlib" "/opt/rustwide/target/debug/deps/libonce_cell-7d2ec3fb6b6c5a4d.rlib" "/opt/rustwide/target/debug/deps/libbitflags-82cc2d155c6eb112.rlib" "/opt/rustwide/target/debug/deps/libforeign_types-f2b053f84105065c.rlib" "/opt/rustwide/target/debug/deps/libforeign_types_shared-48f8f1f9ea32d068.rlib" "/opt/rustwide/target/debug/deps/libopenssl_sys-b920e6bbeffd68f6.rlib" "/opt/rustwide/target/debug/deps/liblibc-b3921bff615d742a.rlib" "/opt/rustwide/target/debug/deps/liblog-e4acea3c8ca43b70.rlib" "/opt/rustwide/target/debug/deps/libcfg_if-e5e118dd7d121aaa.rlib" "/opt/rustwide/rustup-home/toolchains/1.69.0-x86_64-unknown-linux-gnu/lib/rustlib/x86_64-unknown-linux-gnu/lib/libstd-89bc084783fdc439.rlib" "/opt/rustwide/rustup-home/toolchains/1.69.0-x86_64-unknown-linux-gnu/lib/rustlib/x86_64-unknown-linux-gnu/lib/libpanic_unwind-8bee4b287d4367c1.rlib" "/opt/rustwide/rustup-home/toolchains/1.69.0-x86_64-unknown-linux-gnu/lib/rustlib/x86_64-unknown-linux-gnu/lib/libobject-d61707aed80694c0.rlib" "/opt/rustwide/rustup-home/toolchains/1.69.0-x86_64-unknown-linux-gnu/lib/rustlib/x86_64-unknown-linux-gnu/lib/libmemchr-d85366256f22345b.rlib" "/opt/rustwide/rustup-home/toolchains/1.69.0-x86_64-unknown-linux-gnu/lib/rustlib/x86_64-unknown-linux-gnu/lib/libaddr2line-96069b86b8a8cae9.rlib" "/opt/rustwide/rustup-home/toolchains/1.69.0-x86_64-unknown-linux-gnu/lib/rustlib/x86_64-unknown-linux-gnu/lib/libgimli-d19d53abf68dfa6c.rlib" "/opt/rustwide/rustup-home/toolchains/1.69.0-x86_64-unknown-linux-gnu/lib/rustlib/x86_64-unknown-linux-gnu/lib/librustc_demangle-787cbccd19d64ac6.rlib" "/opt/rustwide/rustup-home/toolchains/1.69.0-x86_64-unknown-linux-gnu/lib/rustlib/x86_64-unknown-linux-gnu/lib/libstd_detect-b3837a36b830e0d0.rlib" "/opt/rustwide/rustup-home/toolchains/1.69.0-x86_64-unknown-linux-gnu/lib/rustlib/x86_64-unknown-linux-gnu/lib/libhashbrown-e3deb0e7e3f04966.rlib" "/opt/rustwide/rustup-home/toolchains/1.69.0-x86_64-unknown-linux-gnu/lib/rustlib/x86_64-unknown-linux-gnu/lib/libminiz_oxide-dabbb79c9815def4.rlib" "/opt/rustwide/rustup-home/toolchains/1.69.0-x86_64-unknown-linux-gnu/lib/rustlib/x86_64-unknown-linux-gnu/lib/libadler-305b01f34c9409f2.rlib" "/opt/rustwide/rustup-home/toolchains/1.69.0-x86_64-unknown-linux-gnu/lib/rustlib/x86_64-unknown-linux-gnu/lib/librustc_std_workspace_alloc-f833521df6074e73.rlib" "/opt/rustwide/rustup-home/toolchains/1.69.0-x86_64-unknown-linux-gnu/lib/rustlib/x86_64-unknown-linux-gnu/lib/libunwind-9ac333113350d171.rlib" "/opt/rustwide/rustup-home/toolchains/1.69.0-x86_64-unknown-linux-gnu/lib/rustlib/x86_64-unknown-linux-gnu/lib/libcfg_if-1c126114322d0eee.rlib" "/opt/rustwide/rustup-home/toolchains/1.69.0-x86_64-unknown-linux-gnu/lib/rustlib/x86_64-unknown-linux-gnu/lib/liblibc-bad9164fdeeecf92.rlib" "/opt/rustwide/rustup-home/toolchains/1.69.0-x86_64-unknown-linux-gnu/lib/rustlib/x86_64-unknown-linux-gnu/lib/liballoc-f9374b1e480fa681.rlib" "/opt/rustwide/rustup-home/toolchains/1.69.0-x86_64-unknown-linux-gnu/lib/rustlib/x86_64-unknown-linux-gnu/lib/librustc_std_workspace_core-207f06e41d9603af.rlib" "/opt/rustwide/rustup-home/toolchains/1.69.0-x86_64-unknown-linux-gnu/lib/rustlib/x86_64-unknown-linux-gnu/lib/libcore-7e2768e66e984e85.rlib" "/opt/rustwide/rustup-home/toolchains/1.69.0-x86_64-unknown-linux-gnu/lib/rustlib/x86_64-unknown-linux-gnu/lib/libcompiler_builtins-957b4aff41f8cd46.rlib" "-Wl,-Bdynamic" "-lssl" "-lcrypto" "-lgcc_s" "-lutil" "-lrt" "-lpthread" "-lm" "-ldl" "-lc" "-Wl,--eh-frame-hdr" "-Wl,-z,noexecstack" "-L" "/opt/rustwide/rustup-home/toolchains/1.69.0-x86_64-unknown-linux-gnu/lib/rustlib/x86_64-unknown-linux-gnu/lib" "-o" "/opt/rustwide/target/debug/deps/test_vault_status-49494af1e462edce" "-Wl,--gc-sections" "-pie" "-Wl,-z,relro,-z,now" "-nodefaultlibs"
[INFO] [stdout]   = note: collect2: fatal error: ld terminated with signal 9 [Killed]
[INFO] [stdout]           compilation terminated.
[INFO] [stdout]           
[INFO] [stdout] 
[INFO] [stdout] 
[INFO] [stdout] error: aborting due to previous error
[INFO] [stdout] 
[INFO] [stdout] 
[INFO] [stderr] error: could not compile `passivized_vault_client` due to 2 previous errors
[INFO] [stdout] error: linking with `cc` failed: exit status: 1
[INFO] [stdout]   |
[INFO] [stdout]   = note: LC_ALL="C" PATH="/opt/rustwide/rustup-home/toolchains/1.69.0-x86_64-unknown-linux-gnu/lib/rustlib/x86_64-unknown-linux-gnu/bin:/opt/rustwide/cargo-home/bin:/usr/local/sbin:/usr/local/bin:/usr/sbin:/usr/bin:/sbin:/bin" VSLANG="1033" "cc" "-m64" "/tmp/rustc36Pgio/symbols.o" "/opt/rustwide/target/debug/deps/test_vault_auth_userpass-1ab23465a31650a1.test_vault_auth_userpass.0131956d-cgu.0.rcgu.o" "/opt/rustwide/target/debug/deps/test_vault_auth_userpass-1ab23465a31650a1.test_vault_auth_userpass.0131956d-cgu.1.rcgu.o" "/opt/rustwide/target/debug/deps/test_vault_auth_userpass-1ab23465a31650a1.test_vault_auth_userpass.0131956d-cgu.10.rcgu.o" "/opt/rustwide/target/debug/deps/test_vault_auth_userpass-1ab23465a31650a1.test_vault_auth_userpass.0131956d-cgu.11.rcgu.o" "/opt/rustwide/target/debug/deps/test_vault_auth_userpass-1ab23465a31650a1.test_vault_auth_userpass.0131956d-cgu.12.rcgu.o" "/opt/rustwide/target/debug/deps/test_vault_auth_userpass-1ab23465a31650a1.test_vault_auth_userpass.0131956d-cgu.13.rcgu.o" "/opt/rustwide/target/debug/deps/test_vault_auth_userpass-1ab23465a31650a1.test_vault_auth_userpass.0131956d-cgu.14.rcgu.o" "/opt/rustwide/target/debug/deps/test_vault_auth_userpass-1ab23465a31650a1.test_vault_auth_userpass.0131956d-cgu.15.rcgu.o" "/opt/rustwide/target/debug/deps/test_vault_auth_userpass-1ab23465a31650a1.test_vault_auth_userpass.0131956d-cgu.2.rcgu.o" "/opt/rustwide/target/debug/deps/test_vault_auth_userpass-1ab23465a31650a1.test_vault_auth_userpass.0131956d-cgu.3.rcgu.o" "/opt/rustwide/target/debug/deps/test_vault_auth_userpass-1ab23465a31650a1.test_vault_auth_userpass.0131956d-cgu.4.rcgu.o" "/opt/rustwide/target/debug/deps/test_vault_auth_userpass-1ab23465a31650a1.test_vault_auth_userpass.0131956d-cgu.5.rcgu.o" "/opt/rustwide/target/debug/deps/test_vault_auth_userpass-1ab23465a31650a1.test_vault_auth_userpass.0131956d-cgu.6.rcgu.o" "/opt/rustwide/target/debug/deps/test_vault_auth_userpass-1ab23465a31650a1.test_vault_auth_userpass.0131956d-cgu.7.rcgu.o" "/opt/rustwide/target/debug/deps/test_vault_auth_userpass-1ab23465a31650a1.test_vault_auth_userpass.0131956d-cgu.8.rcgu.o" "/opt/rustwide/target/debug/deps/test_vault_auth_userpass-1ab23465a31650a1.test_vault_auth_userpass.0131956d-cgu.9.rcgu.o" "/opt/rustwide/target/debug/deps/test_vault_auth_userpass-1ab23465a31650a1.1effwyy8exqy1uev.rcgu.o" "-Wl,--as-needed" "-L" "/opt/rustwide/target/debug/deps" "-L" "/opt/rustwide/rustup-home/toolchains/1.69.0-x86_64-unknown-linux-gnu/lib/rustlib/x86_64-unknown-linux-gnu/lib" "-Wl,-Bstatic" "/opt/rustwide/rustup-home/toolchains/1.69.0-x86_64-unknown-linux-gnu/lib/rustlib/x86_64-unknown-linux-gnu/lib/libtest-7791a6353d4a7929.rlib" "/opt/rustwide/rustup-home/toolchains/1.69.0-x86_64-unknown-linux-gnu/lib/rustlib/x86_64-unknown-linux-gnu/lib/libgetopts-7b17724e9ce90a72.rlib" "/opt/rustwide/rustup-home/toolchains/1.69.0-x86_64-unknown-linux-gnu/lib/rustlib/x86_64-unknown-linux-gnu/lib/libunicode_width-596f8ce9d30a755e.rlib" "/opt/rustwide/rustup-home/toolchains/1.69.0-x86_64-unknown-linux-gnu/lib/rustlib/x86_64-unknown-linux-gnu/lib/librustc_std_workspace_std-da04f86254de594f.rlib" "/opt/rustwide/target/debug/deps/libtest_case-5b452391347331cc.rlib" "/opt/rustwide/target/debug/deps/libpassivized_vault_client-afe861f365eac61b.rlib" "/opt/rustwide/target/debug/deps/liburlencoding-1157924a9e5f842f.rlib" "/opt/rustwide/target/debug/deps/libreqwest-594a77ea4a95f139.rlib" "/opt/rustwide/target/debug/deps/libserde_urlencoded-eb1863e6be9619bf.rlib" "/opt/rustwide/target/debug/deps/libipnet-94d79dc908be7e57.rlib" "/opt/rustwide/target/debug/deps/libmime-a79fe19129dcd0fb.rlib" "/opt/rustwide/target/debug/deps/libencoding_rs-73122f64baa7d749.rlib" "/opt/rustwide/target/debug/deps/libtempfile-2e52e2a0caae68de.rlib" "/opt/rustwide/target/debug/deps/libfastrand-36b5f93a51c81f9b.rlib" "/opt/rustwide/target/debug/deps/librustix-f27c918a520544cd.rlib" "/opt/rustwide/target/debug/deps/libio_lifetimes-40914a1c2b51e7ff.rlib" "/opt/rustwide/target/debug/deps/liblinux_raw_sys-58de9ac7237c6be0.rlib" "/opt/rustwide/target/debug/deps/libpassivized_test_support-142ce0e1434d1f43.rlib" "/opt/rustwide/target/debug/deps/libbackoff-54df4db3b983d94b.rlib" "/opt/rustwide/target/debug/deps/librand-92747fd9901c7ba8.rlib" "/opt/rustwide/target/debug/deps/librand_chacha-cf7422aec26cc425.rlib" "/opt/rustwide/target/debug/deps/libppv_lite86-c3ad053967cc551c.rlib" "/opt/rustwide/target/debug/deps/librand_core-b70a796fcec1d474.rlib" "/opt/rustwide/target/debug/deps/libgetrandom-27c7e51f415ac291.rlib" "/opt/rustwide/target/debug/deps/libinstant-1bfa666718b38be4.rlib" "/opt/rustwide/target/debug/deps/libsimple_logger-63309d59b67ab9d1.rlib" "/opt/rustwide/target/debug/deps/libpassivized_docker_engine_client-2cb25a8288130081.rlib" "/opt/rustwide/target/debug/deps/libthiserror-ae1e0f359b8e8107.rlib" "/opt/rustwide/target/debug/deps/libbase64-8062ff4772a66de9.rlib" "/opt/rustwide/target/debug/deps/liburl-25a81f6654f7c1c7.rlib" "/opt/rustwide/target/debug/deps/libidna-b865ee86652f4dd4.rlib" "/opt/rustwide/target/debug/deps/libunicode_normalization-65834209e2c3efa0.rlib" "/opt/rustwide/target/debug/deps/libtinyvec-4aa74f8a972e3d9d.rlib" "/opt/rustwide/target/debug/deps/libtinyvec_macros-8eb663675e81bb18.rlib" "/opt/rustwide/target/debug/deps/libunicode_bidi-df88d89b87cd1c3f.rlib" "/opt/rustwide/target/debug/deps/libform_urlencoded-4406ed733a551179.rlib" "/opt/rustwide/target/debug/deps/libpercent_encoding-5b4f3c280783d946.rlib" "/opt/rustwide/target/debug/deps/libhyperlocal-6abfc73ca647b317.rlib" "/opt/rustwide/target/debug/deps/libpin_project-86a0941f4bbf46fd.rlib" "/opt/rustwide/target/debug/deps/libhex-ad79348a67e835f3.rlib" "/opt/rustwide/target/debug/deps/libconst_str-f90ace622f28d77d.rlib" "/opt/rustwide/target/debug/deps/libserde_json-1a129d508f08d5f1.rlib" "/opt/rustwide/target/debug/deps/libryu-87a43729435ac998.rlib" "/opt/rustwide/target/debug/deps/libbyteorder-50c19e9bd62c942c.rlib" "/opt/rustwide/target/debug/deps/libserde-48d25504773a882f.rlib" "/opt/rustwide/target/debug/deps/libtime-74b689e8b7aca825.rlib" "/opt/rustwide/target/debug/deps/libnum_threads-509066beeb1109ec.rlib" "/opt/rustwide/target/debug/deps/libtime_core-4a74880e8761e797.rlib" "/opt/rustwide/target/debug/deps/libhyper_tls-ff8e593d3f3fa723.rlib" "/opt/rustwide/target/debug/deps/libtokio_native_tls-a4cc64a09547672e.rlib" "/opt/rustwide/target/debug/deps/libhyper-f3c412b2c8ae2c3b.rlib" "/opt/rustwide/target/debug/deps/libwant-c819868714771aeb.rlib" "/opt/rustwide/target/debug/deps/libtry_lock-ec51eacf97b087e9.rlib" "/opt/rustwide/target/debug/deps/libhttparse-30fefae29fd53c2e.rlib" "/opt/rustwide/target/debug/deps/libh2-e0fd1eb76d965468.rlib" "/opt/rustwide/target/debug/deps/libindexmap-b76be7e23e97da1c.rlib" "/opt/rustwide/target/debug/deps/libhashbrown-f669da50cece7aa5.rlib" "/opt/rustwide/target/debug/deps/libtokio_util-ce802f32e75a0fc6.rlib" "/opt/rustwide/target/debug/deps/libtower_service-a82a463fea06a00e.rlib" "/opt/rustwide/target/debug/deps/libtracing-5e45c18f98c454bb.rlib" "/opt/rustwide/target/debug/deps/libtracing_core-259db95f475fb2a8.rlib" "/opt/rustwide/target/debug/deps/libhttp_body-1af96f59fded0cc1.rlib" "/opt/rustwide/target/debug/deps/libfutures_util-172abab20015e97c.rlib" "/opt/rustwide/target/debug/deps/libfutures_io-418adb9453257ff5.rlib" "/opt/rustwide/target/debug/deps/libslab-8bb798f134a0a9e7.rlib" "/opt/rustwide/target/debug/deps/libfutures_channel-1d350bba3aff1100.rlib" "/opt/rustwide/target/debug/deps/libfutures_sink-0ec9a16b6b905718.rlib" "/opt/rustwide/target/debug/deps/libfutures_task-22d8815da521e2eb.rlib" "/opt/rustwide/target/debug/deps/libpin_utils-0d8eaf4ac0fcb221.rlib" "/opt/rustwide/target/debug/deps/libfutures_core-b13bb4cd803da25d.rlib" "/opt/rustwide/target/debug/deps/libtokio-1a0f60a65c771a1c.rlib" "/opt/rustwide/target/debug/deps/libnum_cpus-4049bb4952109c03.rlib" "/opt/rustwide/target/debug/deps/libsocket2-f398ffa2c3c542be.rlib" "/opt/rustwide/target/debug/deps/libmemchr-b18e4aa3c7a38625.rlib" "/opt/rustwide/target/debug/deps/libmio-35f539694e8b4a9b.rlib" "/opt/rustwide/target/debug/deps/libpin_project_lite-e66e1bab7310d569.rlib" "/opt/rustwide/target/debug/deps/libhttpdate-fbb447b85a38529c.rlib" "/opt/rustwide/target/debug/deps/libhttp-1912e0b438bd2fae.rlib" "/opt/rustwide/target/debug/deps/libitoa-12e0c769e046c1b6.rlib" "/opt/rustwide/target/debug/deps/libbytes-e760d6ac9a2f6963.rlib" "/opt/rustwide/target/debug/deps/libfnv-41a559218f992797.rlib" "/opt/rustwide/target/debug/deps/libnative_tls-42c94335de491462.rlib" "/opt/rustwide/target/debug/deps/libopenssl_probe-2d1cd15c290ad1de.rlib" "/opt/rustwide/target/debug/deps/libopenssl-0999a93a9d6e29e7.rlib" "/opt/rustwide/target/debug/deps/libonce_cell-7d2ec3fb6b6c5a4d.rlib" "/opt/rustwide/target/debug/deps/libbitflags-82cc2d155c6eb112.rlib" "/opt/rustwide/target/debug/deps/libforeign_types-f2b053f84105065c.rlib" "/opt/rustwide/target/debug/deps/libforeign_types_shared-48f8f1f9ea32d068.rlib" "/opt/rustwide/target/debug/deps/libopenssl_sys-b920e6bbeffd68f6.rlib" "/opt/rustwide/target/debug/deps/liblibc-b3921bff615d742a.rlib" "/opt/rustwide/target/debug/deps/liblog-e4acea3c8ca43b70.rlib" "/opt/rustwide/target/debug/deps/libcfg_if-e5e118dd7d121aaa.rlib" "/opt/rustwide/rustup-home/toolchains/1.69.0-x86_64-unknown-linux-gnu/lib/rustlib/x86_64-unknown-linux-gnu/lib/libstd-89bc084783fdc439.rlib" "/opt/rustwide/rustup-home/toolchains/1.69.0-x86_64-unknown-linux-gnu/lib/rustlib/x86_64-unknown-linux-gnu/lib/libpanic_unwind-8bee4b287d4367c1.rlib" "/opt/rustwide/rustup-home/toolchains/1.69.0-x86_64-unknown-linux-gnu/lib/rustlib/x86_64-unknown-linux-gnu/lib/libobject-d61707aed80694c0.rlib" "/opt/rustwide/rustup-home/toolchains/1.69.0-x86_64-unknown-linux-gnu/lib/rustlib/x86_64-unknown-linux-gnu/lib/libmemchr-d85366256f22345b.rlib" "/opt/rustwide/rustup-home/toolchains/1.69.0-x86_64-unknown-linux-gnu/lib/rustlib/x86_64-unknown-linux-gnu/lib/libaddr2line-96069b86b8a8cae9.rlib" "/opt/rustwide/rustup-home/toolchains/1.69.0-x86_64-unknown-linux-gnu/lib/rustlib/x86_64-unknown-linux-gnu/lib/libgimli-d19d53abf68dfa6c.rlib" "/opt/rustwide/rustup-home/toolchains/1.69.0-x86_64-unknown-linux-gnu/lib/rustlib/x86_64-unknown-linux-gnu/lib/librustc_demangle-787cbccd19d64ac6.rlib" "/opt/rustwide/rustup-home/toolchains/1.69.0-x86_64-unknown-linux-gnu/lib/rustlib/x86_64-unknown-linux-gnu/lib/libstd_detect-b3837a36b830e0d0.rlib" "/opt/rustwide/rustup-home/toolchains/1.69.0-x86_64-unknown-linux-gnu/lib/rustlib/x86_64-unknown-linux-gnu/lib/libhashbrown-e3deb0e7e3f04966.rlib" "/opt/rustwide/rustup-home/toolchains/1.69.0-x86_64-unknown-linux-gnu/lib/rustlib/x86_64-unknown-linux-gnu/lib/libminiz_oxide-dabbb79c9815def4.rlib" "/opt/rustwide/rustup-home/toolchains/1.69.0-x86_64-unknown-linux-gnu/lib/rustlib/x86_64-unknown-linux-gnu/lib/libadler-305b01f34c9409f2.rlib" "/opt/rustwide/rustup-home/toolchains/1.69.0-x86_64-unknown-linux-gnu/lib/rustlib/x86_64-unknown-linux-gnu/lib/librustc_std_workspace_alloc-f833521df6074e73.rlib" "/opt/rustwide/rustup-home/toolchains/1.69.0-x86_64-unknown-linux-gnu/lib/rustlib/x86_64-unknown-linux-gnu/lib/libunwind-9ac333113350d171.rlib" "/opt/rustwide/rustup-home/toolchains/1.69.0-x86_64-unknown-linux-gnu/lib/rustlib/x86_64-unknown-linux-gnu/lib/libcfg_if-1c126114322d0eee.rlib" "/opt/rustwide/rustup-home/toolchains/1.69.0-x86_64-unknown-linux-gnu/lib/rustlib/x86_64-unknown-linux-gnu/lib/liblibc-bad9164fdeeecf92.rlib" "/opt/rustwide/rustup-home/toolchains/1.69.0-x86_64-unknown-linux-gnu/lib/rustlib/x86_64-unknown-linux-gnu/lib/liballoc-f9374b1e480fa681.rlib" "/opt/rustwide/rustup-home/toolchains/1.69.0-x86_64-unknown-linux-gnu/lib/rustlib/x86_64-unknown-linux-gnu/lib/librustc_std_workspace_core-207f06e41d9603af.rlib" "/opt/rustwide/rustup-home/toolchains/1.69.0-x86_64-unknown-linux-gnu/lib/rustlib/x86_64-unknown-linux-gnu/lib/libcore-7e2768e66e984e85.rlib" "/opt/rustwide/rustup-home/toolchains/1.69.0-x86_64-unknown-linux-gnu/lib/rustlib/x86_64-unknown-linux-gnu/lib/libcompiler_builtins-957b4aff41f8cd46.rlib" "-Wl,-Bdynamic" "-lssl" "-lcrypto" "-lgcc_s" "-lutil" "-lrt" "-lpthread" "-lm" "-ldl" "-lc" "-Wl,--eh-frame-hdr" "-Wl,-z,noexecstack" "-L" "/opt/rustwide/rustup-home/toolchains/1.69.0-x86_64-unknown-linux-gnu/lib/rustlib/x86_64-unknown-linux-gnu/lib" "-o" "/opt/rustwide/target/debug/deps/test_vault_auth_userpass-1ab23465a31650a1" "-Wl,--gc-sections" "-pie" "-Wl,-z,relro,-z,now" "-nodefaultlibs"
[INFO] [stdout]   = note: collect2: fatal error: ld terminated with signal 9 [Killed]
[INFO] [stdout]           compilation terminated.
[INFO] [stdout]           
[INFO] [stdout] 
[INFO] [stdout] 
[INFO] [stdout] error: aborting due to previous error
[INFO] [stdout] 
[INFO] [stdout] 
[INFO] [stderr] error: could not compile `passivized_vault_client` due to 2 previous errors
[INFO] running `Command { std: "docker" "inspect" "8a01fccde111d6556b0816222a5c0542e14d6ef24448bc176377d5da8087faa0", kill_on_drop: false }`
[INFO] running `Command { std: "docker" "rm" "-f" "8a01fccde111d6556b0816222a5c0542e14d6ef24448bc176377d5da8087faa0", kill_on_drop: false }`
[INFO] [stdout] 8a01fccde111d6556b0816222a5c0542e14d6ef24448bc176377d5da8087faa0
