[INFO] fetching crate parasite 0.1.1...
[INFO] testing parasite-0.1.1 against 1.69.0 for beta-1.70-1
[INFO] extracting crate parasite 0.1.1 into /workspace/builds/worker-2-tc1/source
[INFO] validating manifest of crates.io crate parasite 0.1.1 on toolchain 1.69.0
[INFO] running `Command { std: CARGO_HOME="/workspace/cargo-home" RUSTUP_HOME="/workspace/rustup-home" "/workspace/cargo-home/bin/cargo" "+1.69.0" "metadata" "--manifest-path" "Cargo.toml" "--no-deps", kill_on_drop: false }`
[INFO] started tweaking crates.io crate parasite 0.1.1
[INFO] finished tweaking crates.io crate parasite 0.1.1
[INFO] tweaked toml for crates.io crate parasite 0.1.1 written to /workspace/builds/worker-2-tc1/source/Cargo.toml
[INFO] running `Command { std: CARGO_HOME="/workspace/cargo-home" RUSTUP_HOME="/workspace/rustup-home" __CARGO_TEST_CHANNEL_OVERRIDE_DO_NOT_USE_THIS="nightly" "/workspace/cargo-home/bin/cargo" "+1.69.0" "generate-lockfile" "--manifest-path" "Cargo.toml" "-Zno-index-update", kill_on_drop: false }`
[INFO] running `Command { std: CARGO_HOME="/workspace/cargo-home" RUSTUP_HOME="/workspace/rustup-home" "/workspace/cargo-home/bin/cargo" "+1.69.0" "fetch" "--manifest-path" "Cargo.toml", kill_on_drop: false }`
[INFO] running `Command { std: "docker" "create" "-v" "/var/lib/crater-agent-workspace/builds/worker-2-tc1/target:/opt/rustwide/target:rw,Z" "-v" "/var/lib/crater-agent-workspace/builds/worker-2-tc1/source:/opt/rustwide/workdir:ro,Z" "-v" "/var/lib/crater-agent-workspace/cargo-home:/opt/rustwide/cargo-home:ro,Z" "-v" "/var/lib/crater-agent-workspace/rustup-home:/opt/rustwide/rustup-home:ro,Z" "-e" "SOURCE_DIR=/opt/rustwide/workdir" "-e" "CARGO_TARGET_DIR=/opt/rustwide/target" "-e" "CARGO_HOME=/opt/rustwide/cargo-home" "-e" "RUSTUP_HOME=/opt/rustwide/rustup-home" "-w" "/opt/rustwide/workdir" "-m" "1610612736" "--user" "0:0" "--network" "none" "ghcr.io/rust-lang/crates-build-env/linux@sha256:5ff2268d62e97bff2cde7d5815dd6ed5b47097566f13b8d0ca110b04b60e07ed" "/opt/rustwide/cargo-home/bin/cargo" "+1.69.0" "metadata" "--no-deps" "--format-version=1", kill_on_drop: false }`
[INFO] [stdout] 0dbe6d366964e4bb9683c3b999573a3f3c0086836353a1d14d8fa57f641e0566
[INFO] running `Command { std: "docker" "start" "-a" "0dbe6d366964e4bb9683c3b999573a3f3c0086836353a1d14d8fa57f641e0566", kill_on_drop: false }`
[INFO] running `Command { std: "docker" "inspect" "0dbe6d366964e4bb9683c3b999573a3f3c0086836353a1d14d8fa57f641e0566", kill_on_drop: false }`
[INFO] running `Command { std: "docker" "rm" "-f" "0dbe6d366964e4bb9683c3b999573a3f3c0086836353a1d14d8fa57f641e0566", kill_on_drop: false }`
[INFO] [stdout] 0dbe6d366964e4bb9683c3b999573a3f3c0086836353a1d14d8fa57f641e0566
[INFO] running `Command { std: "docker" "create" "-v" "/var/lib/crater-agent-workspace/builds/worker-2-tc1/target:/opt/rustwide/target:rw,Z" "-v" "/var/lib/crater-agent-workspace/builds/worker-2-tc1/source:/opt/rustwide/workdir:ro,Z" "-v" "/var/lib/crater-agent-workspace/cargo-home:/opt/rustwide/cargo-home:ro,Z" "-v" "/var/lib/crater-agent-workspace/rustup-home:/opt/rustwide/rustup-home:ro,Z" "-e" "SOURCE_DIR=/opt/rustwide/workdir" "-e" "CARGO_TARGET_DIR=/opt/rustwide/target" "-e" "CARGO_INCREMENTAL=0" "-e" "RUST_BACKTRACE=full" "-e" "RUSTFLAGS=--cap-lints=warn" "-e" "RUSTDOCFLAGS=--cap-lints=warn" "-e" "CARGO_HOME=/opt/rustwide/cargo-home" "-e" "RUSTUP_HOME=/opt/rustwide/rustup-home" "-w" "/opt/rustwide/workdir" "-m" "1610612736" "--user" "0:0" "--network" "none" "ghcr.io/rust-lang/crates-build-env/linux@sha256:5ff2268d62e97bff2cde7d5815dd6ed5b47097566f13b8d0ca110b04b60e07ed" "/opt/rustwide/cargo-home/bin/cargo" "+1.69.0" "build" "--frozen" "--message-format=json", kill_on_drop: false }`
[INFO] [stdout] 1794ee08cc8fc21b3ee12b5471a447921c01bf6bb4291c443c84de78fc3f2ee7
[INFO] running `Command { std: "docker" "start" "-a" "1794ee08cc8fc21b3ee12b5471a447921c01bf6bb4291c443c84de78fc3f2ee7", kill_on_drop: false }`
[INFO] [stderr]    Compiling libc v0.2.142
[INFO] [stderr]    Compiling num-traits v0.2.15
[INFO] [stderr]    Compiling num-integer v0.1.45
[INFO] [stderr]    Compiling time-core v0.1.0
[INFO] [stderr]    Compiling winapi v0.3.9
[INFO] [stderr]    Compiling num_threads v0.1.6
[INFO] [stderr]    Compiling termcolor v1.1.3
[INFO] [stderr]    Compiling iana-time-zone v0.1.56
[INFO] [stderr]    Compiling time-macros v0.2.8
[INFO] [stderr]    Compiling widestring v1.0.2
[INFO] [stderr]    Compiling time v0.1.45
[INFO] [stderr]    Compiling time v0.3.20
[INFO] [stderr]    Compiling chrono v0.4.24
[INFO] [stderr]    Compiling simplelog v0.12.1
[INFO] [stderr]    Compiling parasite v0.1.1 (/opt/rustwide/workdir)
[INFO] [stdout] error: only windows is supported
[INFO] [stdout]   --> src/lib.rs:15:1
[INFO] [stdout]    |
[INFO] [stdout] 15 | compile_error!("only windows is supported");
[INFO] [stdout]    | ^^^^^^^^^^^^^^^^^^^^^^^^^^^^^^^^^^^^^^^^^^^
[INFO] [stdout] 
[INFO] [stdout] 
[INFO] [stdout] error[E0433]: failed to resolve: could not find `shared` in `winapi`
[INFO] [stdout]  --> src/lib.rs:4:13
[INFO] [stdout]   |
[INFO] [stdout] 4 | use winapi::shared::minwindef::DWORD;
[INFO] [stdout]   |             ^^^^^^ could not find `shared` in `winapi`
[INFO] [stdout] 
[INFO] [stdout] 
[INFO] [stdout] error[E0433]: failed to resolve: could not find `shared` in `winapi`
[INFO] [stdout]  --> src/lib.rs:8:5
[INFO] [stdout]   |
[INFO] [stdout] 8 |     shared::minwindef::MAX_PATH,
[INFO] [stdout]   |     ^^^^^^ could not find `shared` in `winapi`
[INFO] [stdout] 
[INFO] [stdout] 
[INFO] [stdout] error[E0433]: failed to resolve: could not find `um` in `winapi`
[INFO] [stdout]  --> src/lib.rs:9:5
[INFO] [stdout]   |
[INFO] [stdout] 9 |     um::{libloaderapi::GetModuleFileNameW, winnt::IMAGE_DOS_HEADER},
[INFO] [stdout]   |     ^^ could not find `um` in `winapi`
[INFO] [stdout] 
[INFO] [stdout] 
[INFO] [stdout] error[E0433]: failed to resolve: could not find `um` in `winapi`
[INFO] [stdout]   --> src/lib.rs:32:44
[INFO] [stdout]    |
[INFO] [stdout] 32 |             &__ImageBase as *const winapi::um::winnt::IMAGE_DOS_HEADER
[INFO] [stdout]    |                                            ^^ could not find `um` in `winapi`
[INFO] [stdout] 
[INFO] [stdout] 
[INFO] [stdout] error[E0433]: failed to resolve: could not find `shared` in `winapi`
[INFO] [stdout]   --> src/lib.rs:33:33
[INFO] [stdout]    |
[INFO] [stdout] 33 |                 as *mut winapi::shared::minwindef::HINSTANCE__,
[INFO] [stdout]    |                                 ^^^^^^ could not find `shared` in `winapi`
[INFO] [stdout] 
[INFO] [stdout] 
[INFO] [stdout] error: aborting due to 6 previous errors
[INFO] [stdout] 
[INFO] [stdout] 
[INFO] [stdout] For more information about this error, try `rustc --explain E0433`.
[INFO] [stdout] 
[INFO] [stderr] error: could not compile `parasite` due to 7 previous errors
[INFO] [stderr] warning: build failed, waiting for other jobs to finish...
[INFO] running `Command { std: "docker" "inspect" "1794ee08cc8fc21b3ee12b5471a447921c01bf6bb4291c443c84de78fc3f2ee7", kill_on_drop: false }`
[INFO] running `Command { std: "docker" "rm" "-f" "1794ee08cc8fc21b3ee12b5471a447921c01bf6bb4291c443c84de78fc3f2ee7", kill_on_drop: false }`
[INFO] [stdout] 1794ee08cc8fc21b3ee12b5471a447921c01bf6bb4291c443c84de78fc3f2ee7
