[INFO] fetching crate panda-re 0.46.0...
[INFO] testing panda-re-0.46.0 against beta-2023-04-20 for beta-1.70-1
[INFO] extracting crate panda-re 0.46.0 into /workspace/builds/worker-1-tc2/source
[INFO] validating manifest of crates.io crate panda-re 0.46.0 on toolchain beta-2023-04-20
[INFO] running `Command { std: CARGO_HOME="/workspace/cargo-home" RUSTUP_HOME="/workspace/rustup-home" "/workspace/cargo-home/bin/cargo" "+beta-2023-04-20" "metadata" "--manifest-path" "Cargo.toml" "--no-deps", kill_on_drop: false }`
[INFO] started tweaking crates.io crate panda-re 0.46.0
[INFO] removed 0 missing examples
[INFO] finished tweaking crates.io crate panda-re 0.46.0
[INFO] tweaked toml for crates.io crate panda-re 0.46.0 written to /workspace/builds/worker-1-tc2/source/Cargo.toml
[INFO] crate crates.io crate panda-re 0.46.0 already has a lockfile, it will not be regenerated
[INFO] running `Command { std: CARGO_HOME="/workspace/cargo-home" RUSTUP_HOME="/workspace/rustup-home" "/workspace/cargo-home/bin/cargo" "+beta-2023-04-20" "fetch" "--manifest-path" "Cargo.toml", kill_on_drop: false }`
[INFO] [stderr]     Updating crates.io index
[INFO] [stderr]  Downloading crates ...
[INFO] [stderr]   Downloaded ghost v0.1.7
[INFO] [stderr]   Downloaded array-init v2.1.0
[INFO] [stderr]   Downloaded panda-re-macros v0.25.0
[INFO] [stderr]   Downloaded panda-re-sys v0.7.0
[INFO] running `Command { std: "docker" "create" "-v" "/var/lib/crater-agent-workspace/builds/worker-1-tc2/target:/opt/rustwide/target:rw,Z" "-v" "/var/lib/crater-agent-workspace/builds/worker-1-tc2/source:/opt/rustwide/workdir:ro,Z" "-v" "/var/lib/crater-agent-workspace/cargo-home:/opt/rustwide/cargo-home:ro,Z" "-v" "/var/lib/crater-agent-workspace/rustup-home:/opt/rustwide/rustup-home:ro,Z" "-e" "SOURCE_DIR=/opt/rustwide/workdir" "-e" "CARGO_TARGET_DIR=/opt/rustwide/target" "-e" "CARGO_HOME=/opt/rustwide/cargo-home" "-e" "RUSTUP_HOME=/opt/rustwide/rustup-home" "-w" "/opt/rustwide/workdir" "-m" "1610612736" "--user" "0:0" "--network" "none" "ghcr.io/rust-lang/crates-build-env/linux@sha256:5ff2268d62e97bff2cde7d5815dd6ed5b47097566f13b8d0ca110b04b60e07ed" "/opt/rustwide/cargo-home/bin/cargo" "+beta-2023-04-20" "metadata" "--no-deps" "--format-version=1", kill_on_drop: false }`
[INFO] [stdout] 6458cf1fd09a163dffd5e51c13ceaf99c91918656f738e5626f40389050c0d9b
[INFO] running `Command { std: "docker" "start" "-a" "6458cf1fd09a163dffd5e51c13ceaf99c91918656f738e5626f40389050c0d9b", kill_on_drop: false }`
[INFO] running `Command { std: "docker" "inspect" "6458cf1fd09a163dffd5e51c13ceaf99c91918656f738e5626f40389050c0d9b", kill_on_drop: false }`
[INFO] running `Command { std: "docker" "rm" "-f" "6458cf1fd09a163dffd5e51c13ceaf99c91918656f738e5626f40389050c0d9b", kill_on_drop: false }`
[INFO] [stdout] 6458cf1fd09a163dffd5e51c13ceaf99c91918656f738e5626f40389050c0d9b
[INFO] running `Command { std: "docker" "create" "-v" "/var/lib/crater-agent-workspace/builds/worker-1-tc2/target:/opt/rustwide/target:rw,Z" "-v" "/var/lib/crater-agent-workspace/builds/worker-1-tc2/source:/opt/rustwide/workdir:ro,Z" "-v" "/var/lib/crater-agent-workspace/cargo-home:/opt/rustwide/cargo-home:ro,Z" "-v" "/var/lib/crater-agent-workspace/rustup-home:/opt/rustwide/rustup-home:ro,Z" "-e" "SOURCE_DIR=/opt/rustwide/workdir" "-e" "CARGO_TARGET_DIR=/opt/rustwide/target" "-e" "CARGO_INCREMENTAL=0" "-e" "RUST_BACKTRACE=full" "-e" "RUSTFLAGS=--cap-lints=warn" "-e" "RUSTDOCFLAGS=--cap-lints=warn" "-e" "CARGO_HOME=/opt/rustwide/cargo-home" "-e" "RUSTUP_HOME=/opt/rustwide/rustup-home" "-w" "/opt/rustwide/workdir" "-m" "1610612736" "--user" "0:0" "--network" "none" "ghcr.io/rust-lang/crates-build-env/linux@sha256:5ff2268d62e97bff2cde7d5815dd6ed5b47097566f13b8d0ca110b04b60e07ed" "/opt/rustwide/cargo-home/bin/cargo" "+beta-2023-04-20" "build" "--frozen" "--message-format=json", kill_on_drop: false }`
[INFO] [stdout] a1100a8d787ee95639a0620e618555d4d9b905d98e951817cc0efe05d24e704f
[INFO] running `Command { std: "docker" "start" "-a" "a1100a8d787ee95639a0620e618555d4d9b905d98e951817cc0efe05d24e704f", kill_on_drop: false }`
[INFO] [stderr]     Blocking waiting for file lock on package cache
[INFO] [stderr]    Compiling proc-macro2 v1.0.49
[INFO] [stderr]    Compiling unicode-ident v1.0.6
[INFO] [stderr]    Compiling quote v1.0.23
[INFO] [stderr]    Compiling syn v1.0.107
[INFO] [stderr]    Compiling libc v0.2.139
[INFO] [stderr]    Compiling unicode-segmentation v1.10.0
[INFO] [stderr]    Compiling serde v1.0.152
[INFO] [stderr]    Compiling thiserror v1.0.38
[INFO] [stderr]    Compiling fnv v1.0.7
[INFO] [stderr]    Compiling strsim v0.9.3
[INFO] [stderr]    Compiling ident_case v1.0.1
[INFO] [stderr]    Compiling version-compare v0.0.10
[INFO] [stderr]    Compiling strum v0.18.0
[INFO] [stderr]    Compiling lock_api v0.4.9
[INFO] [stderr]    Compiling doc-comment v0.3.3
[INFO] [stderr]    Compiling parking_lot_core v0.8.6
[INFO] [stderr]    Compiling instant v0.1.12
[INFO] [stderr]    Compiling inventory v0.1.11
[INFO] [stderr]    Compiling panda-re-sys v0.7.0
[INFO] [stderr]    Compiling smallvec v1.10.0
[INFO] [stderr]    Compiling async-trait v0.1.60
[INFO] [stderr]    Compiling paste v1.0.11
[INFO] [stderr]    Compiling libloading v0.6.7
[INFO] [stderr]    Compiling heck v0.3.3
[INFO] [stderr]    Compiling strum v0.20.0
[INFO] [stderr]    Compiling once_cell v1.17.0
[INFO] [stderr]    Compiling array-init v2.1.0
[INFO] [stderr]    Compiling dirs-sys v0.3.7
[INFO] [stderr]    Compiling num_cpus v1.15.0
[INFO] [stderr]    Compiling dirs v3.0.2
[INFO] [stderr]    Compiling dashmap v4.0.2
[INFO] [stderr]    Compiling parking_lot v0.11.2
[INFO] [stderr]    Compiling toml v0.5.10
[INFO] [stderr]    Compiling darling_core v0.10.2
[INFO] [stderr]    Compiling thiserror-impl v1.0.38
[INFO] [stderr]    Compiling strum_macros v0.18.0
[INFO] [stderr]    Compiling ctor v0.1.26
[INFO] [stderr]    Compiling ghost v0.1.7
[INFO] [stderr]    Compiling inventory-impl v0.1.11
[INFO] [stderr]    Compiling strum_macros v0.20.1
[INFO] [stderr]    Compiling darling_macro v0.10.2
[INFO] [stderr]    Compiling darling v0.10.2
[INFO] [stderr]    Compiling system-deps v1.3.2
[INFO] [stderr]    Compiling panda-re-macros v0.25.0
[INFO] [stderr]    Compiling glib-sys v0.10.1
[INFO] [stderr]    Compiling panda-re v0.46.0 (/opt/rustwide/workdir)
[INFO] [stdout] warning: function `last_injected_syscall` is never used
[INFO] [stdout]   --> src/syscall_injection/syscall_future.rs:35:15
[INFO] [stdout]    |
[INFO] [stdout] 35 | pub(crate) fn last_injected_syscall() -> target_ulong {
[INFO] [stdout]    |               ^^^^^^^^^^^^^^^^^^^^^
[INFO] [stdout]    |
[INFO] [stdout]    = note: `#[warn(dead_code)]` on by default
[INFO] [stdout] 
[INFO] [stdout] 
[INFO] [stdout] warning: 1 warning emitted
[INFO] [stdout] 
[INFO] [stdout] 
[INFO] [stderr]     Finished dev [unoptimized + debuginfo] target(s) in 51.37s
[INFO] running `Command { std: "docker" "inspect" "a1100a8d787ee95639a0620e618555d4d9b905d98e951817cc0efe05d24e704f", kill_on_drop: false }`
[INFO] running `Command { std: "docker" "rm" "-f" "a1100a8d787ee95639a0620e618555d4d9b905d98e951817cc0efe05d24e704f", kill_on_drop: false }`
[INFO] [stdout] a1100a8d787ee95639a0620e618555d4d9b905d98e951817cc0efe05d24e704f
[INFO] running `Command { std: "docker" "create" "-v" "/var/lib/crater-agent-workspace/builds/worker-1-tc2/target:/opt/rustwide/target:rw,Z" "-v" "/var/lib/crater-agent-workspace/builds/worker-1-tc2/source:/opt/rustwide/workdir:ro,Z" "-v" "/var/lib/crater-agent-workspace/cargo-home:/opt/rustwide/cargo-home:ro,Z" "-v" "/var/lib/crater-agent-workspace/rustup-home:/opt/rustwide/rustup-home:ro,Z" "-e" "SOURCE_DIR=/opt/rustwide/workdir" "-e" "CARGO_TARGET_DIR=/opt/rustwide/target" "-e" "CARGO_INCREMENTAL=0" "-e" "RUST_BACKTRACE=full" "-e" "RUSTFLAGS=--cap-lints=warn" "-e" "RUSTDOCFLAGS=--cap-lints=warn" "-e" "CARGO_HOME=/opt/rustwide/cargo-home" "-e" "RUSTUP_HOME=/opt/rustwide/rustup-home" "-w" "/opt/rustwide/workdir" "-m" "1610612736" "--user" "0:0" "--network" "none" "ghcr.io/rust-lang/crates-build-env/linux@sha256:5ff2268d62e97bff2cde7d5815dd6ed5b47097566f13b8d0ca110b04b60e07ed" "/opt/rustwide/cargo-home/bin/cargo" "+beta-2023-04-20" "test" "--frozen" "--no-run" "--message-format=json", kill_on_drop: false }`
[INFO] [stdout] a7d7465571c2a13a2e996f40269a08639b20b9e26ba206f4db81d2de5ad6bbc5
[INFO] running `Command { std: "docker" "start" "-a" "a7d7465571c2a13a2e996f40269a08639b20b9e26ba206f4db81d2de5ad6bbc5", kill_on_drop: false }`
[INFO] [stderr]    Compiling panda-re v0.46.0 (/opt/rustwide/workdir)
[INFO] [stdout] warning: function `last_injected_syscall` is never used
[INFO] [stdout]   --> src/syscall_injection/syscall_future.rs:35:15
[INFO] [stdout]    |
[INFO] [stdout] 35 | pub(crate) fn last_injected_syscall() -> target_ulong {
[INFO] [stdout]    |               ^^^^^^^^^^^^^^^^^^^^^
[INFO] [stdout]    |
[INFO] [stdout]    = note: `#[warn(dead_code)]` on by default
[INFO] [stdout] 
[INFO] [stdout] 
[INFO] [stdout] warning: 1 warning emitted
[INFO] [stdout] 
[INFO] [stdout] 
[INFO] [stdout] warning: unused variable: `cpu`
[INFO] [stdout]   --> examples/osi.rs:39:18
[INFO] [stdout]    |
[INFO] [stdout] 39 | fn on_proc_start(cpu: &mut CPUState, tb: &mut TranslationBlock, auxv: &AuxvValues) {
[INFO] [stdout]    |                  ^^^ help: if this is intentional, prefix it with an underscore: `_cpu`
[INFO] [stdout]    |
[INFO] [stdout]    = note: `#[warn(unused_variables)]` on by default
[INFO] [stdout] 
[INFO] [stdout] 
[INFO] [stdout] warning: unused variable: `tb`
[INFO] [stdout]   --> examples/osi.rs:39:38
[INFO] [stdout]    |
[INFO] [stdout] 39 | fn on_proc_start(cpu: &mut CPUState, tb: &mut TranslationBlock, auxv: &AuxvValues) {
[INFO] [stdout]    |                                      ^^ help: if this is intentional, prefix it with an underscore: `_tb`
[INFO] [stdout] 
[INFO] [stdout] 
[INFO] [stdout] warning: unused `Result` that must be used
[INFO] [stdout]   --> examples/guest_ptr.rs:32:5
[INFO] [stdout]    |
[INFO] [stdout] 32 | /     ptr.write(|test| {
[INFO] [stdout] 33 | |         test.x = 0x2345;
[INFO] [stdout] 34 | |         test.y = 0x21;
[INFO] [stdout] 35 | |     });
[INFO] [stdout]    | |______^
[INFO] [stdout]    |
[INFO] [stdout]    = note: this `Result` may be an `Err` variant, which should be handled
[INFO] [stdout]    = note: `#[warn(unused_must_use)]` on by default
[INFO] [stdout] help: use `let _ = ...` to ignore the resulting value
[INFO] [stdout]    |
[INFO] [stdout] 32 |     let _ = ptr.write(|test| {
[INFO] [stdout]    |     +++++++
[INFO] [stdout] 
[INFO] [stdout] 
[INFO] [stdout] error: linking with `cc` failed: exit status: 1
[INFO] [stdout]   |
[INFO] [stdout]   = note: LC_ALL="C" PATH="/opt/rustwide/rustup-home/toolchains/beta-2023-04-20-x86_64-unknown-linux-gnu/lib/rustlib/x86_64-unknown-linux-gnu/bin:/opt/rustwide/cargo-home/bin:/usr/local/sbin:/usr/local/bin:/usr/sbin:/usr/bin:/sbin:/bin" VSLANG="1033" "cc" "-m64" "/tmp/rustcuKQhpO/symbols.o" "/opt/rustwide/target/debug/examples/guest_ptr-34ad2e3844913b97.guest_ptr.054f393b-cgu.0.rcgu.o" "/opt/rustwide/target/debug/examples/guest_ptr-34ad2e3844913b97.guest_ptr.054f393b-cgu.1.rcgu.o" "/opt/rustwide/target/debug/examples/guest_ptr-34ad2e3844913b97.guest_ptr.054f393b-cgu.10.rcgu.o" "/opt/rustwide/target/debug/examples/guest_ptr-34ad2e3844913b97.guest_ptr.054f393b-cgu.11.rcgu.o" "/opt/rustwide/target/debug/examples/guest_ptr-34ad2e3844913b97.guest_ptr.054f393b-cgu.12.rcgu.o" "/opt/rustwide/target/debug/examples/guest_ptr-34ad2e3844913b97.guest_ptr.054f393b-cgu.13.rcgu.o" "/opt/rustwide/target/debug/examples/guest_ptr-34ad2e3844913b97.guest_ptr.054f393b-cgu.14.rcgu.o" "/opt/rustwide/target/debug/examples/guest_ptr-34ad2e3844913b97.guest_ptr.054f393b-cgu.15.rcgu.o" "/opt/rustwide/target/debug/examples/guest_ptr-34ad2e3844913b97.guest_ptr.054f393b-cgu.2.rcgu.o" "/opt/rustwide/target/debug/examples/guest_ptr-34ad2e3844913b97.guest_ptr.054f393b-cgu.3.rcgu.o" "/opt/rustwide/target/debug/examples/guest_ptr-34ad2e3844913b97.guest_ptr.054f393b-cgu.4.rcgu.o" "/opt/rustwide/target/debug/examples/guest_ptr-34ad2e3844913b97.guest_ptr.054f393b-cgu.5.rcgu.o" "/opt/rustwide/target/debug/examples/guest_ptr-34ad2e3844913b97.guest_ptr.054f393b-cgu.6.rcgu.o" "/opt/rustwide/target/debug/examples/guest_ptr-34ad2e3844913b97.guest_ptr.054f393b-cgu.7.rcgu.o" "/opt/rustwide/target/debug/examples/guest_ptr-34ad2e3844913b97.guest_ptr.054f393b-cgu.8.rcgu.o" "/opt/rustwide/target/debug/examples/guest_ptr-34ad2e3844913b97.guest_ptr.054f393b-cgu.9.rcgu.o" "/opt/rustwide/target/debug/examples/guest_ptr-34ad2e3844913b97.32cxhsensjoussjk.rcgu.o" "-Wl,--as-needed" "-L" "/opt/rustwide/target/debug/deps" "-L" "/opt/rustwide/rustup-home/toolchains/beta-2023-04-20-x86_64-unknown-linux-gnu/lib/rustlib/x86_64-unknown-linux-gnu/lib" "-Wl,-Bstatic" "/opt/rustwide/target/debug/deps/libpanda-66818afa530d17d0.rlib" "/opt/rustwide/target/debug/deps/libarray_init-ffeb59227641760c.rlib" "/opt/rustwide/target/debug/deps/liblog-6f3e788ba8b980aa.rlib" "/opt/rustwide/target/debug/deps/libparking_lot-7d316ee2e410555e.rlib" "/opt/rustwide/target/debug/deps/libparking_lot_core-8828a14e23064656.rlib" "/opt/rustwide/target/debug/deps/libsmallvec-a078f506e4f080f1.rlib" "/opt/rustwide/target/debug/deps/liblock_api-83dbbbc23913e320.rlib" "/opt/rustwide/target/debug/deps/libscopeguard-54ff2283d814f48f.rlib" "/opt/rustwide/target/debug/deps/libinstant-939f0c301cdc968a.rlib" "/opt/rustwide/target/debug/deps/libdashmap-797817ad5b45fe5c.rlib" "/opt/rustwide/target/debug/deps/libnum_cpus-bb3fbdd611a62e1b.rlib" "/opt/rustwide/target/debug/deps/libglib_sys-ad9cbf5205b134e9.rlib" "/opt/rustwide/target/debug/deps/liblibc-e95620791e8937ab.rlib" "/opt/rustwide/target/debug/deps/liblibloading-e0096b3acf82c226.rlib" "/opt/rustwide/target/debug/deps/libcfg_if-97437e183f3ae6e4.rlib" "/opt/rustwide/target/debug/deps/libthiserror-a0759ebdcbea8b0e.rlib" "/opt/rustwide/target/debug/deps/libstrum-2bbb1b9be775f4fb.rlib" "/opt/rustwide/target/debug/deps/libonce_cell-aab2d926ec727be6.rlib" "/opt/rustwide/target/debug/deps/liblazy_static-86422d76b8bd90ed.rlib" "/opt/rustwide/target/debug/deps/libinventory-b16034df02cf241d.rlib" "/opt/rustwide/target/debug/deps/libpanda_sys-e88c00d17fe59cff.rlib" "/opt/rustwide/rustup-home/toolchains/beta-2023-04-20-x86_64-unknown-linux-gnu/lib/rustlib/x86_64-unknown-linux-gnu/lib/libstd-0e29cc23c5e02021.rlib" "/opt/rustwide/rustup-home/toolchains/beta-2023-04-20-x86_64-unknown-linux-gnu/lib/rustlib/x86_64-unknown-linux-gnu/lib/libpanic_unwind-d903621768a861d9.rlib" "/opt/rustwide/rustup-home/toolchains/beta-2023-04-20-x86_64-unknown-linux-gnu/lib/rustlib/x86_64-unknown-linux-gnu/lib/libobject-6d0225e655f31c13.rlib" "/opt/rustwide/rustup-home/toolchains/beta-2023-04-20-x86_64-unknown-linux-gnu/lib/rustlib/x86_64-unknown-linux-gnu/lib/libmemchr-9dbaf4eac7eaa079.rlib" "/opt/rustwide/rustup-home/toolchains/beta-2023-04-20-x86_64-unknown-linux-gnu/lib/rustlib/x86_64-unknown-linux-gnu/lib/libaddr2line-27f05b3d42a66dd0.rlib" "/opt/rustwide/rustup-home/toolchains/beta-2023-04-20-x86_64-unknown-linux-gnu/lib/rustlib/x86_64-unknown-linux-gnu/lib/libgimli-4d73f1030321c9a2.rlib" "/opt/rustwide/rustup-home/toolchains/beta-2023-04-20-x86_64-unknown-linux-gnu/lib/rustlib/x86_64-unknown-linux-gnu/lib/librustc_demangle-2846c9e58abd0acb.rlib" "/opt/rustwide/rustup-home/toolchains/beta-2023-04-20-x86_64-unknown-linux-gnu/lib/rustlib/x86_64-unknown-linux-gnu/lib/libstd_detect-a53d0f50415947be.rlib" "/opt/rustwide/rustup-home/toolchains/beta-2023-04-20-x86_64-unknown-linux-gnu/lib/rustlib/x86_64-unknown-linux-gnu/lib/libhashbrown-d48e4b6abc25b9dc.rlib" "/opt/rustwide/rustup-home/toolchains/beta-2023-04-20-x86_64-unknown-linux-gnu/lib/rustlib/x86_64-unknown-linux-gnu/lib/libminiz_oxide-2991859439ef1207.rlib" "/opt/rustwide/rustup-home/toolchains/beta-2023-04-20-x86_64-unknown-linux-gnu/lib/rustlib/x86_64-unknown-linux-gnu/lib/libadler-8a687517e4221bae.rlib" "/opt/rustwide/rustup-home/toolchains/beta-2023-04-20-x86_64-unknown-linux-gnu/lib/rustlib/x86_64-unknown-linux-gnu/lib/librustc_std_workspace_alloc-e07b554f6a67f5b3.rlib" "/opt/rustwide/rustup-home/toolchains/beta-2023-04-20-x86_64-unknown-linux-gnu/lib/rustlib/x86_64-unknown-linux-gnu/lib/libunwind-b68238b7c3c619dd.rlib" "/opt/rustwide/rustup-home/toolchains/beta-2023-04-20-x86_64-unknown-linux-gnu/lib/rustlib/x86_64-unknown-linux-gnu/lib/libcfg_if-d5e213e896c017e4.rlib" "/opt/rustwide/rustup-home/toolchains/beta-2023-04-20-x86_64-unknown-linux-gnu/lib/rustlib/x86_64-unknown-linux-gnu/lib/liblibc-0211a3b2e61d8689.rlib" "/opt/rustwide/rustup-home/toolchains/beta-2023-04-20-x86_64-unknown-linux-gnu/lib/rustlib/x86_64-unknown-linux-gnu/lib/liballoc-b371f055239ba51f.rlib" "/opt/rustwide/rustup-home/toolchains/beta-2023-04-20-x86_64-unknown-linux-gnu/lib/rustlib/x86_64-unknown-linux-gnu/lib/librustc_std_workspace_core-e60518d2760eb01e.rlib" "/opt/rustwide/rustup-home/toolchains/beta-2023-04-20-x86_64-unknown-linux-gnu/lib/rustlib/x86_64-unknown-linux-gnu/lib/libcore-1ad943f92a4b1081.rlib" "/opt/rustwide/rustup-home/toolchains/beta-2023-04-20-x86_64-unknown-linux-gnu/lib/rustlib/x86_64-unknown-linux-gnu/lib/libcompiler_builtins-f0d6e4d0fc1e80b4.rlib" "-Wl,-Bdynamic" "-lglib-2.0" "-ldl" "-lgcc_s" "-lutil" "-lrt" "-lpthread" "-lm" "-ldl" "-lc" "-Wl,--eh-frame-hdr" "-Wl,-z,noexecstack" "-L" "/opt/rustwide/rustup-home/toolchains/beta-2023-04-20-x86_64-unknown-linux-gnu/lib/rustlib/x86_64-unknown-linux-gnu/lib" "-o" "/opt/rustwide/target/debug/examples/guest_ptr-34ad2e3844913b97" "-Wl,--gc-sections" "-pie" "-Wl,-z,relro,-z,now" "-nodefaultlibs"
[INFO] [stdout]   = note: /usr/bin/ld: /opt/rustwide/target/debug/examples/guest_ptr-34ad2e3844913b97.guest_ptr.054f393b-cgu.6.rcgu.o: in function `panda::guest_ptr::GuestPtr<T>::read':
[INFO] [stdout]           /opt/rustwide/workdir/src/guest_ptr.rs:72: undefined reference to `get_cpu'
[INFO] [stdout]           /usr/bin/ld: /opt/rustwide/target/debug/examples/guest_ptr-34ad2e3844913b97.guest_ptr.054f393b-cgu.6.rcgu.o: in function `panda::guest_ptr::GuestPtr<T>::read':
[INFO] [stdout]           /opt/rustwide/workdir/src/guest_ptr.rs:72: undefined reference to `get_cpu'
[INFO] [stdout]           /usr/bin/ld: /opt/rustwide/target/debug/examples/guest_ptr-34ad2e3844913b97.guest_ptr.054f393b-cgu.6.rcgu.o: in function `panda::guest_ptr::GuestPtr<T>::write':
[INFO] [stdout]           /opt/rustwide/workdir/src/guest_ptr.rs:136: undefined reference to `get_cpu'
[INFO] [stdout]           /usr/bin/ld: /opt/rustwide/target/debug/deps/libpanda-66818afa530d17d0.rlib(panda-66818afa530d17d0.panda.607199a7-cgu.6.rcgu.o): in function `panda::api::mem::virtual_memory_read_into':
[INFO] [stdout]           /opt/rustwide/workdir/src/api/mem.rs:124: undefined reference to `panda_virtual_memory_read_external'
[INFO] [stdout]           /usr/bin/ld: /opt/rustwide/target/debug/deps/libpanda-66818afa530d17d0.rlib(panda-66818afa530d17d0.panda.607199a7-cgu.6.rcgu.o): in function `panda::api::mem::virtual_memory_write':
[INFO] [stdout]           /opt/rustwide/workdir/src/api/mem.rs:182: undefined reference to `panda_virtual_memory_write_external'
[INFO] [stdout]           /usr/bin/ld: /opt/rustwide/target/debug/deps/libpanda-66818afa530d17d0.rlib(panda-66818afa530d17d0.panda.607199a7-cgu.6.rcgu.o): in function `panda::api::mem::physical_memory_write':
[INFO] [stdout]           /opt/rustwide/workdir/src/api/mem.rs:196: undefined reference to `panda_physical_memory_write_external'
[INFO] [stdout]           /usr/bin/ld: /opt/rustwide/target/debug/deps/libpanda-66818afa530d17d0.rlib(panda-66818afa530d17d0.panda.607199a7-cgu.6.rcgu.o): in function `panda::api::mem::map_memory':
[INFO] [stdout]           /opt/rustwide/workdir/src/api/mem.rs:224: undefined reference to `map_memory'
[INFO] [stdout]           collect2: error: ld returned 1 exit status
[INFO] [stdout]           
[INFO] [stdout]   = note: some `extern` functions couldn't be found; some native libraries may need to be installed or have their path specified
[INFO] [stdout]   = note: use the `-l` flag to specify native libraries to link
[INFO] [stdout]   = note: use the `cargo:rustc-link-lib` directive to specify the native libraries to link with Cargo (see https://doc.rust-lang.org/cargo/reference/build-scripts.html#cargorustc-link-libkindname)
[INFO] [stdout] 
[INFO] [stdout] 
[INFO] [stdout] error: aborting due to previous error; 1 warning emitted
[INFO] [stdout] 
[INFO] [stdout] 
[INFO] [stderr] error: could not compile `panda-re` (example "guest_ptr") due to 2 previous errors; 1 warning emitted
[INFO] [stderr] warning: build failed, waiting for other jobs to finish...
[INFO] [stdout] error: linking with `cc` failed: exit status: 1
[INFO] [stdout]   |
[INFO] [stdout]   = note: LC_ALL="C" PATH="/opt/rustwide/rustup-home/toolchains/beta-2023-04-20-x86_64-unknown-linux-gnu/lib/rustlib/x86_64-unknown-linux-gnu/bin:/opt/rustwide/cargo-home/bin:/usr/local/sbin:/usr/local/bin:/usr/sbin:/usr/bin:/sbin:/bin" VSLANG="1033" "cc" "-m64" "/tmp/rustcgcPwxX/symbols.o" "/opt/rustwide/target/debug/examples/ppp_callback_export-4f5bb5fa599d4427.ppp_callback_export.796289e0-cgu.0.rcgu.o" "/opt/rustwide/target/debug/examples/ppp_callback_export-4f5bb5fa599d4427.ppp_callback_export.796289e0-cgu.1.rcgu.o" "/opt/rustwide/target/debug/examples/ppp_callback_export-4f5bb5fa599d4427.ppp_callback_export.796289e0-cgu.10.rcgu.o" "/opt/rustwide/target/debug/examples/ppp_callback_export-4f5bb5fa599d4427.ppp_callback_export.796289e0-cgu.11.rcgu.o" "/opt/rustwide/target/debug/examples/ppp_callback_export-4f5bb5fa599d4427.ppp_callback_export.796289e0-cgu.12.rcgu.o" "/opt/rustwide/target/debug/examples/ppp_callback_export-4f5bb5fa599d4427.ppp_callback_export.796289e0-cgu.13.rcgu.o" "/opt/rustwide/target/debug/examples/ppp_callback_export-4f5bb5fa599d4427.ppp_callback_export.796289e0-cgu.14.rcgu.o" "/opt/rustwide/target/debug/examples/ppp_callback_export-4f5bb5fa599d4427.ppp_callback_export.796289e0-cgu.15.rcgu.o" "/opt/rustwide/target/debug/examples/ppp_callback_export-4f5bb5fa599d4427.ppp_callback_export.796289e0-cgu.2.rcgu.o" "/opt/rustwide/target/debug/examples/ppp_callback_export-4f5bb5fa599d4427.ppp_callback_export.796289e0-cgu.3.rcgu.o" "/opt/rustwide/target/debug/examples/ppp_callback_export-4f5bb5fa599d4427.ppp_callback_export.796289e0-cgu.4.rcgu.o" "/opt/rustwide/target/debug/examples/ppp_callback_export-4f5bb5fa599d4427.ppp_callback_export.796289e0-cgu.5.rcgu.o" "/opt/rustwide/target/debug/examples/ppp_callback_export-4f5bb5fa599d4427.ppp_callback_export.796289e0-cgu.6.rcgu.o" "/opt/rustwide/target/debug/examples/ppp_callback_export-4f5bb5fa599d4427.ppp_callback_export.796289e0-cgu.7.rcgu.o" "/opt/rustwide/target/debug/examples/ppp_callback_export-4f5bb5fa599d4427.ppp_callback_export.796289e0-cgu.8.rcgu.o" "/opt/rustwide/target/debug/examples/ppp_callback_export-4f5bb5fa599d4427.ppp_callback_export.796289e0-cgu.9.rcgu.o" "/opt/rustwide/target/debug/examples/ppp_callback_export-4f5bb5fa599d4427.3hui6dadnoa6q3bk.rcgu.o" "-Wl,--as-needed" "-L" "/opt/rustwide/target/debug/deps" "-L" "/opt/rustwide/rustup-home/toolchains/beta-2023-04-20-x86_64-unknown-linux-gnu/lib/rustlib/x86_64-unknown-linux-gnu/lib" "-Wl,-Bstatic" "/opt/rustwide/target/debug/deps/libpanda-66818afa530d17d0.rlib" "/opt/rustwide/target/debug/deps/libarray_init-ffeb59227641760c.rlib" "/opt/rustwide/target/debug/deps/liblog-6f3e788ba8b980aa.rlib" "/opt/rustwide/target/debug/deps/libparking_lot-7d316ee2e410555e.rlib" "/opt/rustwide/target/debug/deps/libparking_lot_core-8828a14e23064656.rlib" "/opt/rustwide/target/debug/deps/libsmallvec-a078f506e4f080f1.rlib" "/opt/rustwide/target/debug/deps/liblock_api-83dbbbc23913e320.rlib" "/opt/rustwide/target/debug/deps/libscopeguard-54ff2283d814f48f.rlib" "/opt/rustwide/target/debug/deps/libinstant-939f0c301cdc968a.rlib" "/opt/rustwide/target/debug/deps/libdashmap-797817ad5b45fe5c.rlib" "/opt/rustwide/target/debug/deps/libnum_cpus-bb3fbdd611a62e1b.rlib" "/opt/rustwide/target/debug/deps/libglib_sys-ad9cbf5205b134e9.rlib" "/opt/rustwide/target/debug/deps/liblibc-e95620791e8937ab.rlib" "/opt/rustwide/target/debug/deps/liblibloading-e0096b3acf82c226.rlib" "/opt/rustwide/target/debug/deps/libcfg_if-97437e183f3ae6e4.rlib" "/opt/rustwide/target/debug/deps/libthiserror-a0759ebdcbea8b0e.rlib" "/opt/rustwide/target/debug/deps/libstrum-2bbb1b9be775f4fb.rlib" "/opt/rustwide/target/debug/deps/libonce_cell-aab2d926ec727be6.rlib" "/opt/rustwide/target/debug/deps/liblazy_static-86422d76b8bd90ed.rlib" "/opt/rustwide/target/debug/deps/libinventory-b16034df02cf241d.rlib" "/opt/rustwide/target/debug/deps/libpanda_sys-e88c00d17fe59cff.rlib" "/opt/rustwide/rustup-home/toolchains/beta-2023-04-20-x86_64-unknown-linux-gnu/lib/rustlib/x86_64-unknown-linux-gnu/lib/libstd-0e29cc23c5e02021.rlib" "/opt/rustwide/rustup-home/toolchains/beta-2023-04-20-x86_64-unknown-linux-gnu/lib/rustlib/x86_64-unknown-linux-gnu/lib/libpanic_unwind-d903621768a861d9.rlib" "/opt/rustwide/rustup-home/toolchains/beta-2023-04-20-x86_64-unknown-linux-gnu/lib/rustlib/x86_64-unknown-linux-gnu/lib/libobject-6d0225e655f31c13.rlib" "/opt/rustwide/rustup-home/toolchains/beta-2023-04-20-x86_64-unknown-linux-gnu/lib/rustlib/x86_64-unknown-linux-gnu/lib/libmemchr-9dbaf4eac7eaa079.rlib" "/opt/rustwide/rustup-home/toolchains/beta-2023-04-20-x86_64-unknown-linux-gnu/lib/rustlib/x86_64-unknown-linux-gnu/lib/libaddr2line-27f05b3d42a66dd0.rlib" "/opt/rustwide/rustup-home/toolchains/beta-2023-04-20-x86_64-unknown-linux-gnu/lib/rustlib/x86_64-unknown-linux-gnu/lib/libgimli-4d73f1030321c9a2.rlib" "/opt/rustwide/rustup-home/toolchains/beta-2023-04-20-x86_64-unknown-linux-gnu/lib/rustlib/x86_64-unknown-linux-gnu/lib/librustc_demangle-2846c9e58abd0acb.rlib" "/opt/rustwide/rustup-home/toolchains/beta-2023-04-20-x86_64-unknown-linux-gnu/lib/rustlib/x86_64-unknown-linux-gnu/lib/libstd_detect-a53d0f50415947be.rlib" "/opt/rustwide/rustup-home/toolchains/beta-2023-04-20-x86_64-unknown-linux-gnu/lib/rustlib/x86_64-unknown-linux-gnu/lib/libhashbrown-d48e4b6abc25b9dc.rlib" "/opt/rustwide/rustup-home/toolchains/beta-2023-04-20-x86_64-unknown-linux-gnu/lib/rustlib/x86_64-unknown-linux-gnu/lib/libminiz_oxide-2991859439ef1207.rlib" "/opt/rustwide/rustup-home/toolchains/beta-2023-04-20-x86_64-unknown-linux-gnu/lib/rustlib/x86_64-unknown-linux-gnu/lib/libadler-8a687517e4221bae.rlib" "/opt/rustwide/rustup-home/toolchains/beta-2023-04-20-x86_64-unknown-linux-gnu/lib/rustlib/x86_64-unknown-linux-gnu/lib/librustc_std_workspace_alloc-e07b554f6a67f5b3.rlib" "/opt/rustwide/rustup-home/toolchains/beta-2023-04-20-x86_64-unknown-linux-gnu/lib/rustlib/x86_64-unknown-linux-gnu/lib/libunwind-b68238b7c3c619dd.rlib" "/opt/rustwide/rustup-home/toolchains/beta-2023-04-20-x86_64-unknown-linux-gnu/lib/rustlib/x86_64-unknown-linux-gnu/lib/libcfg_if-d5e213e896c017e4.rlib" "/opt/rustwide/rustup-home/toolchains/beta-2023-04-20-x86_64-unknown-linux-gnu/lib/rustlib/x86_64-unknown-linux-gnu/lib/liblibc-0211a3b2e61d8689.rlib" "/opt/rustwide/rustup-home/toolchains/beta-2023-04-20-x86_64-unknown-linux-gnu/lib/rustlib/x86_64-unknown-linux-gnu/lib/liballoc-b371f055239ba51f.rlib" "/opt/rustwide/rustup-home/toolchains/beta-2023-04-20-x86_64-unknown-linux-gnu/lib/rustlib/x86_64-unknown-linux-gnu/lib/librustc_std_workspace_core-e60518d2760eb01e.rlib" "/opt/rustwide/rustup-home/toolchains/beta-2023-04-20-x86_64-unknown-linux-gnu/lib/rustlib/x86_64-unknown-linux-gnu/lib/libcore-1ad943f92a4b1081.rlib" "/opt/rustwide/rustup-home/toolchains/beta-2023-04-20-x86_64-unknown-linux-gnu/lib/rustlib/x86_64-unknown-linux-gnu/lib/libcompiler_builtins-f0d6e4d0fc1e80b4.rlib" "-Wl,-Bdynamic" "-lglib-2.0" "-ldl" "-lgcc_s" "-lutil" "-lrt" "-lpthread" "-lm" "-ldl" "-lc" "-Wl,--eh-frame-hdr" "-Wl,-z,noexecstack" "-L" "/opt/rustwide/rustup-home/toolchains/beta-2023-04-20-x86_64-unknown-linux-gnu/lib/rustlib/x86_64-unknown-linux-gnu/lib" "-o" "/opt/rustwide/target/debug/examples/ppp_callback_export-4f5bb5fa599d4427" "-Wl,--gc-sections" "-pie" "-Wl,-z,relro,-z,now" "-nodefaultlibs"
[INFO] [stdout]   = note: /usr/bin/ld: /opt/rustwide/target/debug/deps/libpanda-66818afa530d17d0.rlib(panda-66818afa530d17d0.panda.607199a7-cgu.11.rcgu.o): in function `panda::callbacks::closure::Callback::disable':
[INFO] [stdout]           /opt/rustwide/workdir/src/callbacks/closure.rs:91: undefined reference to `panda_disable_callback_with_context'
[INFO] [stdout]           /usr/bin/ld: /opt/rustwide/target/debug/deps/libpanda-66818afa530d17d0.rlib(panda-66818afa530d17d0.panda.607199a7-cgu.11.rcgu.o): in function `panda::callbacks::closure::install_closure_callback':
[INFO] [stdout]           /opt/rustwide/workdir/src/callbacks/closure.rs:129: undefined reference to `panda_register_callback_with_context'
[INFO] [stdout]           collect2: error: ld returned 1 exit status
[INFO] [stdout]           
[INFO] [stdout]   = note: some `extern` functions couldn't be found; some native libraries may need to be installed or have their path specified
[INFO] [stdout]   = note: use the `-l` flag to specify native libraries to link
[INFO] [stdout]   = note: use the `cargo:rustc-link-lib` directive to specify the native libraries to link with Cargo (see https://doc.rust-lang.org/cargo/reference/build-scripts.html#cargorustc-link-libkindname)
[INFO] [stdout] 
[INFO] [stdout] 
[INFO] [stdout] error: aborting due to previous error
[INFO] [stdout] 
[INFO] [stdout] 
[INFO] [stderr] error: could not compile `panda-re` (example "ppp_callback_export") due to 2 previous errors
[INFO] [stdout] error: linking with `cc` failed: exit status: 1
[INFO] [stdout]   |
[INFO] [stdout]   = note: LC_ALL="C" PATH="/opt/rustwide/rustup-home/toolchains/beta-2023-04-20-x86_64-unknown-linux-gnu/lib/rustlib/x86_64-unknown-linux-gnu/bin:/opt/rustwide/cargo-home/bin:/usr/local/sbin:/usr/local/bin:/usr/sbin:/usr/bin:/sbin:/bin" VSLANG="1033" "cc" "-m64" "/tmp/rustc1yFDrY/symbols.o" "/opt/rustwide/target/debug/examples/osi-c7b3f57091932d6e.osi.849ae491-cgu.0.rcgu.o" "/opt/rustwide/target/debug/examples/osi-c7b3f57091932d6e.osi.849ae491-cgu.1.rcgu.o" "/opt/rustwide/target/debug/examples/osi-c7b3f57091932d6e.osi.849ae491-cgu.10.rcgu.o" "/opt/rustwide/target/debug/examples/osi-c7b3f57091932d6e.osi.849ae491-cgu.11.rcgu.o" "/opt/rustwide/target/debug/examples/osi-c7b3f57091932d6e.osi.849ae491-cgu.12.rcgu.o" "/opt/rustwide/target/debug/examples/osi-c7b3f57091932d6e.osi.849ae491-cgu.13.rcgu.o" "/opt/rustwide/target/debug/examples/osi-c7b3f57091932d6e.osi.849ae491-cgu.14.rcgu.o" "/opt/rustwide/target/debug/examples/osi-c7b3f57091932d6e.osi.849ae491-cgu.15.rcgu.o" "/opt/rustwide/target/debug/examples/osi-c7b3f57091932d6e.osi.849ae491-cgu.2.rcgu.o" "/opt/rustwide/target/debug/examples/osi-c7b3f57091932d6e.osi.849ae491-cgu.3.rcgu.o" "/opt/rustwide/target/debug/examples/osi-c7b3f57091932d6e.osi.849ae491-cgu.4.rcgu.o" "/opt/rustwide/target/debug/examples/osi-c7b3f57091932d6e.osi.849ae491-cgu.5.rcgu.o" "/opt/rustwide/target/debug/examples/osi-c7b3f57091932d6e.osi.849ae491-cgu.6.rcgu.o" "/opt/rustwide/target/debug/examples/osi-c7b3f57091932d6e.osi.849ae491-cgu.7.rcgu.o" "/opt/rustwide/target/debug/examples/osi-c7b3f57091932d6e.osi.849ae491-cgu.8.rcgu.o" "/opt/rustwide/target/debug/examples/osi-c7b3f57091932d6e.osi.849ae491-cgu.9.rcgu.o" "/opt/rustwide/target/debug/examples/osi-c7b3f57091932d6e.53a3rtsuzlz2vjqp.rcgu.o" "-Wl,--as-needed" "-L" "/opt/rustwide/target/debug/deps" "-L" "/opt/rustwide/rustup-home/toolchains/beta-2023-04-20-x86_64-unknown-linux-gnu/lib/rustlib/x86_64-unknown-linux-gnu/lib" "-Wl,-Bstatic" "/opt/rustwide/target/debug/deps/libpanda-66818afa530d17d0.rlib" "/opt/rustwide/target/debug/deps/libarray_init-ffeb59227641760c.rlib" "/opt/rustwide/target/debug/deps/liblog-6f3e788ba8b980aa.rlib" "/opt/rustwide/target/debug/deps/libparking_lot-7d316ee2e410555e.rlib" "/opt/rustwide/target/debug/deps/libparking_lot_core-8828a14e23064656.rlib" "/opt/rustwide/target/debug/deps/libsmallvec-a078f506e4f080f1.rlib" "/opt/rustwide/target/debug/deps/liblock_api-83dbbbc23913e320.rlib" "/opt/rustwide/target/debug/deps/libscopeguard-54ff2283d814f48f.rlib" "/opt/rustwide/target/debug/deps/libinstant-939f0c301cdc968a.rlib" "/opt/rustwide/target/debug/deps/libdashmap-797817ad5b45fe5c.rlib" "/opt/rustwide/target/debug/deps/libnum_cpus-bb3fbdd611a62e1b.rlib" "/opt/rustwide/target/debug/deps/libglib_sys-ad9cbf5205b134e9.rlib" "/opt/rustwide/target/debug/deps/liblibc-e95620791e8937ab.rlib" "/opt/rustwide/target/debug/deps/liblibloading-e0096b3acf82c226.rlib" "/opt/rustwide/target/debug/deps/libcfg_if-97437e183f3ae6e4.rlib" "/opt/rustwide/target/debug/deps/libthiserror-a0759ebdcbea8b0e.rlib" "/opt/rustwide/target/debug/deps/libstrum-2bbb1b9be775f4fb.rlib" "/opt/rustwide/target/debug/deps/libonce_cell-aab2d926ec727be6.rlib" "/opt/rustwide/target/debug/deps/liblazy_static-86422d76b8bd90ed.rlib" "/opt/rustwide/target/debug/deps/libinventory-b16034df02cf241d.rlib" "/opt/rustwide/target/debug/deps/libpanda_sys-e88c00d17fe59cff.rlib" "/opt/rustwide/rustup-home/toolchains/beta-2023-04-20-x86_64-unknown-linux-gnu/lib/rustlib/x86_64-unknown-linux-gnu/lib/libstd-0e29cc23c5e02021.rlib" "/opt/rustwide/rustup-home/toolchains/beta-2023-04-20-x86_64-unknown-linux-gnu/lib/rustlib/x86_64-unknown-linux-gnu/lib/libpanic_unwind-d903621768a861d9.rlib" "/opt/rustwide/rustup-home/toolchains/beta-2023-04-20-x86_64-unknown-linux-gnu/lib/rustlib/x86_64-unknown-linux-gnu/lib/libobject-6d0225e655f31c13.rlib" "/opt/rustwide/rustup-home/toolchains/beta-2023-04-20-x86_64-unknown-linux-gnu/lib/rustlib/x86_64-unknown-linux-gnu/lib/libmemchr-9dbaf4eac7eaa079.rlib" "/opt/rustwide/rustup-home/toolchains/beta-2023-04-20-x86_64-unknown-linux-gnu/lib/rustlib/x86_64-unknown-linux-gnu/lib/libaddr2line-27f05b3d42a66dd0.rlib" "/opt/rustwide/rustup-home/toolchains/beta-2023-04-20-x86_64-unknown-linux-gnu/lib/rustlib/x86_64-unknown-linux-gnu/lib/libgimli-4d73f1030321c9a2.rlib" "/opt/rustwide/rustup-home/toolchains/beta-2023-04-20-x86_64-unknown-linux-gnu/lib/rustlib/x86_64-unknown-linux-gnu/lib/librustc_demangle-2846c9e58abd0acb.rlib" "/opt/rustwide/rustup-home/toolchains/beta-2023-04-20-x86_64-unknown-linux-gnu/lib/rustlib/x86_64-unknown-linux-gnu/lib/libstd_detect-a53d0f50415947be.rlib" "/opt/rustwide/rustup-home/toolchains/beta-2023-04-20-x86_64-unknown-linux-gnu/lib/rustlib/x86_64-unknown-linux-gnu/lib/libhashbrown-d48e4b6abc25b9dc.rlib" "/opt/rustwide/rustup-home/toolchains/beta-2023-04-20-x86_64-unknown-linux-gnu/lib/rustlib/x86_64-unknown-linux-gnu/lib/libminiz_oxide-2991859439ef1207.rlib" "/opt/rustwide/rustup-home/toolchains/beta-2023-04-20-x86_64-unknown-linux-gnu/lib/rustlib/x86_64-unknown-linux-gnu/lib/libadler-8a687517e4221bae.rlib" "/opt/rustwide/rustup-home/toolchains/beta-2023-04-20-x86_64-unknown-linux-gnu/lib/rustlib/x86_64-unknown-linux-gnu/lib/librustc_std_workspace_alloc-e07b554f6a67f5b3.rlib" "/opt/rustwide/rustup-home/toolchains/beta-2023-04-20-x86_64-unknown-linux-gnu/lib/rustlib/x86_64-unknown-linux-gnu/lib/libunwind-b68238b7c3c619dd.rlib" "/opt/rustwide/rustup-home/toolchains/beta-2023-04-20-x86_64-unknown-linux-gnu/lib/rustlib/x86_64-unknown-linux-gnu/lib/libcfg_if-d5e213e896c017e4.rlib" "/opt/rustwide/rustup-home/toolchains/beta-2023-04-20-x86_64-unknown-linux-gnu/lib/rustlib/x86_64-unknown-linux-gnu/lib/liblibc-0211a3b2e61d8689.rlib" "/opt/rustwide/rustup-home/toolchains/beta-2023-04-20-x86_64-unknown-linux-gnu/lib/rustlib/x86_64-unknown-linux-gnu/lib/liballoc-b371f055239ba51f.rlib" "/opt/rustwide/rustup-home/toolchains/beta-2023-04-20-x86_64-unknown-linux-gnu/lib/rustlib/x86_64-unknown-linux-gnu/lib/librustc_std_workspace_core-e60518d2760eb01e.rlib" "/opt/rustwide/rustup-home/toolchains/beta-2023-04-20-x86_64-unknown-linux-gnu/lib/rustlib/x86_64-unknown-linux-gnu/lib/libcore-1ad943f92a4b1081.rlib" "/opt/rustwide/rustup-home/toolchains/beta-2023-04-20-x86_64-unknown-linux-gnu/lib/rustlib/x86_64-unknown-linux-gnu/lib/libcompiler_builtins-f0d6e4d0fc1e80b4.rlib" "-Wl,-Bdynamic" "-lglib-2.0" "-ldl" "-lgcc_s" "-lutil" "-lrt" "-lpthread" "-lm" "-ldl" "-lc" "-Wl,--eh-frame-hdr" "-Wl,-z,noexecstack" "-L" "/opt/rustwide/rustup-home/toolchains/beta-2023-04-20-x86_64-unknown-linux-gnu/lib/rustlib/x86_64-unknown-linux-gnu/lib" "-o" "/opt/rustwide/target/debug/examples/osi-c7b3f57091932d6e" "-Wl,--gc-sections" "-pie" "-Wl,-z,relro,-z,now" "-nodefaultlibs"
[INFO] [stdout]   = note: /usr/bin/ld: /opt/rustwide/target/debug/deps/libpanda-66818afa530d17d0.rlib(panda-66818afa530d17d0.panda.607199a7-cgu.10.rcgu.o): in function `panda::api::misc::in_kernel_mode':
[INFO] [stdout]           /opt/rustwide/workdir/src/api/misc.rs:8: undefined reference to `panda_in_kernel_mode_external'
[INFO] [stdout]           /usr/bin/ld: /opt/rustwide/target/debug/deps/libpanda-66818afa530d17d0.rlib(panda-66818afa530d17d0.panda.607199a7-cgu.13.rcgu.o): in function `panda::plugins::Plugin::new':
[INFO] [stdout]           /opt/rustwide/workdir/src/plugins/mod.rs:423: undefined reference to `panda_require'
[INFO] [stdout]           collect2: error: ld returned 1 exit status
[INFO] [stdout]           
[INFO] [stdout]   = note: some `extern` functions couldn't be found; some native libraries may need to be installed or have their path specified
[INFO] [stdout]   = note: use the `-l` flag to specify native libraries to link
[INFO] [stdout]   = note: use the `cargo:rustc-link-lib` directive to specify the native libraries to link with Cargo (see https://doc.rust-lang.org/cargo/reference/build-scripts.html#cargorustc-link-libkindname)
[INFO] [stdout] 
[INFO] [stdout] 
[INFO] [stdout] error: aborting due to previous error; 2 warnings emitted
[INFO] [stdout] 
[INFO] [stdout] 
[INFO] [stderr] error: could not compile `panda-re` (example "osi") due to 2 previous errors; 2 warnings emitted
[INFO] [stdout] error: linking with `cc` failed: exit status: 1
[INFO] [stdout]   |
[INFO] [stdout]   = note: LC_ALL="C" PATH="/opt/rustwide/rustup-home/toolchains/beta-2023-04-20-x86_64-unknown-linux-gnu/lib/rustlib/x86_64-unknown-linux-gnu/bin:/opt/rustwide/cargo-home/bin:/usr/local/sbin:/usr/local/bin:/usr/sbin:/usr/bin:/sbin:/bin" VSLANG="1033" "cc" "-m64" "/tmp/rustcChlTdz/symbols.o" "/opt/rustwide/target/debug/examples/hooks-6c8116b86cfd546b.hooks.5eac14d8-cgu.0.rcgu.o" "/opt/rustwide/target/debug/examples/hooks-6c8116b86cfd546b.hooks.5eac14d8-cgu.1.rcgu.o" "/opt/rustwide/target/debug/examples/hooks-6c8116b86cfd546b.hooks.5eac14d8-cgu.10.rcgu.o" "/opt/rustwide/target/debug/examples/hooks-6c8116b86cfd546b.hooks.5eac14d8-cgu.11.rcgu.o" "/opt/rustwide/target/debug/examples/hooks-6c8116b86cfd546b.hooks.5eac14d8-cgu.12.rcgu.o" "/opt/rustwide/target/debug/examples/hooks-6c8116b86cfd546b.hooks.5eac14d8-cgu.13.rcgu.o" "/opt/rustwide/target/debug/examples/hooks-6c8116b86cfd546b.hooks.5eac14d8-cgu.14.rcgu.o" "/opt/rustwide/target/debug/examples/hooks-6c8116b86cfd546b.hooks.5eac14d8-cgu.15.rcgu.o" "/opt/rustwide/target/debug/examples/hooks-6c8116b86cfd546b.hooks.5eac14d8-cgu.2.rcgu.o" "/opt/rustwide/target/debug/examples/hooks-6c8116b86cfd546b.hooks.5eac14d8-cgu.3.rcgu.o" "/opt/rustwide/target/debug/examples/hooks-6c8116b86cfd546b.hooks.5eac14d8-cgu.4.rcgu.o" "/opt/rustwide/target/debug/examples/hooks-6c8116b86cfd546b.hooks.5eac14d8-cgu.5.rcgu.o" "/opt/rustwide/target/debug/examples/hooks-6c8116b86cfd546b.hooks.5eac14d8-cgu.6.rcgu.o" "/opt/rustwide/target/debug/examples/hooks-6c8116b86cfd546b.hooks.5eac14d8-cgu.7.rcgu.o" "/opt/rustwide/target/debug/examples/hooks-6c8116b86cfd546b.hooks.5eac14d8-cgu.8.rcgu.o" "/opt/rustwide/target/debug/examples/hooks-6c8116b86cfd546b.hooks.5eac14d8-cgu.9.rcgu.o" "/opt/rustwide/target/debug/examples/hooks-6c8116b86cfd546b.4u6yggjuspftqwlp.rcgu.o" "-Wl,--as-needed" "-L" "/opt/rustwide/target/debug/deps" "-L" "/opt/rustwide/rustup-home/toolchains/beta-2023-04-20-x86_64-unknown-linux-gnu/lib/rustlib/x86_64-unknown-linux-gnu/lib" "-Wl,-Bstatic" "/opt/rustwide/target/debug/deps/libpanda-66818afa530d17d0.rlib" "/opt/rustwide/target/debug/deps/libarray_init-ffeb59227641760c.rlib" "/opt/rustwide/target/debug/deps/liblog-6f3e788ba8b980aa.rlib" "/opt/rustwide/target/debug/deps/libparking_lot-7d316ee2e410555e.rlib" "/opt/rustwide/target/debug/deps/libparking_lot_core-8828a14e23064656.rlib" "/opt/rustwide/target/debug/deps/libsmallvec-a078f506e4f080f1.rlib" "/opt/rustwide/target/debug/deps/liblock_api-83dbbbc23913e320.rlib" "/opt/rustwide/target/debug/deps/libscopeguard-54ff2283d814f48f.rlib" "/opt/rustwide/target/debug/deps/libinstant-939f0c301cdc968a.rlib" "/opt/rustwide/target/debug/deps/libdashmap-797817ad5b45fe5c.rlib" "/opt/rustwide/target/debug/deps/libnum_cpus-bb3fbdd611a62e1b.rlib" "/opt/rustwide/target/debug/deps/libglib_sys-ad9cbf5205b134e9.rlib" "/opt/rustwide/target/debug/deps/liblibc-e95620791e8937ab.rlib" "/opt/rustwide/target/debug/deps/liblibloading-e0096b3acf82c226.rlib" "/opt/rustwide/target/debug/deps/libcfg_if-97437e183f3ae6e4.rlib" "/opt/rustwide/target/debug/deps/libthiserror-a0759ebdcbea8b0e.rlib" "/opt/rustwide/target/debug/deps/libstrum-2bbb1b9be775f4fb.rlib" "/opt/rustwide/target/debug/deps/libonce_cell-aab2d926ec727be6.rlib" "/opt/rustwide/target/debug/deps/liblazy_static-86422d76b8bd90ed.rlib" "/opt/rustwide/target/debug/deps/libinventory-b16034df02cf241d.rlib" "/opt/rustwide/target/debug/deps/libpanda_sys-e88c00d17fe59cff.rlib" "/opt/rustwide/rustup-home/toolchains/beta-2023-04-20-x86_64-unknown-linux-gnu/lib/rustlib/x86_64-unknown-linux-gnu/lib/libstd-0e29cc23c5e02021.rlib" "/opt/rustwide/rustup-home/toolchains/beta-2023-04-20-x86_64-unknown-linux-gnu/lib/rustlib/x86_64-unknown-linux-gnu/lib/libpanic_unwind-d903621768a861d9.rlib" "/opt/rustwide/rustup-home/toolchains/beta-2023-04-20-x86_64-unknown-linux-gnu/lib/rustlib/x86_64-unknown-linux-gnu/lib/libobject-6d0225e655f31c13.rlib" "/opt/rustwide/rustup-home/toolchains/beta-2023-04-20-x86_64-unknown-linux-gnu/lib/rustlib/x86_64-unknown-linux-gnu/lib/libmemchr-9dbaf4eac7eaa079.rlib" "/opt/rustwide/rustup-home/toolchains/beta-2023-04-20-x86_64-unknown-linux-gnu/lib/rustlib/x86_64-unknown-linux-gnu/lib/libaddr2line-27f05b3d42a66dd0.rlib" "/opt/rustwide/rustup-home/toolchains/beta-2023-04-20-x86_64-unknown-linux-gnu/lib/rustlib/x86_64-unknown-linux-gnu/lib/libgimli-4d73f1030321c9a2.rlib" "/opt/rustwide/rustup-home/toolchains/beta-2023-04-20-x86_64-unknown-linux-gnu/lib/rustlib/x86_64-unknown-linux-gnu/lib/librustc_demangle-2846c9e58abd0acb.rlib" "/opt/rustwide/rustup-home/toolchains/beta-2023-04-20-x86_64-unknown-linux-gnu/lib/rustlib/x86_64-unknown-linux-gnu/lib/libstd_detect-a53d0f50415947be.rlib" "/opt/rustwide/rustup-home/toolchains/beta-2023-04-20-x86_64-unknown-linux-gnu/lib/rustlib/x86_64-unknown-linux-gnu/lib/libhashbrown-d48e4b6abc25b9dc.rlib" "/opt/rustwide/rustup-home/toolchains/beta-2023-04-20-x86_64-unknown-linux-gnu/lib/rustlib/x86_64-unknown-linux-gnu/lib/libminiz_oxide-2991859439ef1207.rlib" "/opt/rustwide/rustup-home/toolchains/beta-2023-04-20-x86_64-unknown-linux-gnu/lib/rustlib/x86_64-unknown-linux-gnu/lib/libadler-8a687517e4221bae.rlib" "/opt/rustwide/rustup-home/toolchains/beta-2023-04-20-x86_64-unknown-linux-gnu/lib/rustlib/x86_64-unknown-linux-gnu/lib/librustc_std_workspace_alloc-e07b554f6a67f5b3.rlib" "/opt/rustwide/rustup-home/toolchains/beta-2023-04-20-x86_64-unknown-linux-gnu/lib/rustlib/x86_64-unknown-linux-gnu/lib/libunwind-b68238b7c3c619dd.rlib" "/opt/rustwide/rustup-home/toolchains/beta-2023-04-20-x86_64-unknown-linux-gnu/lib/rustlib/x86_64-unknown-linux-gnu/lib/libcfg_if-d5e213e896c017e4.rlib" "/opt/rustwide/rustup-home/toolchains/beta-2023-04-20-x86_64-unknown-linux-gnu/lib/rustlib/x86_64-unknown-linux-gnu/lib/liblibc-0211a3b2e61d8689.rlib" "/opt/rustwide/rustup-home/toolchains/beta-2023-04-20-x86_64-unknown-linux-gnu/lib/rustlib/x86_64-unknown-linux-gnu/lib/liballoc-b371f055239ba51f.rlib" "/opt/rustwide/rustup-home/toolchains/beta-2023-04-20-x86_64-unknown-linux-gnu/lib/rustlib/x86_64-unknown-linux-gnu/lib/librustc_std_workspace_core-e60518d2760eb01e.rlib" "/opt/rustwide/rustup-home/toolchains/beta-2023-04-20-x86_64-unknown-linux-gnu/lib/rustlib/x86_64-unknown-linux-gnu/lib/libcore-1ad943f92a4b1081.rlib" "/opt/rustwide/rustup-home/toolchains/beta-2023-04-20-x86_64-unknown-linux-gnu/lib/rustlib/x86_64-unknown-linux-gnu/lib/libcompiler_builtins-f0d6e4d0fc1e80b4.rlib" "-Wl,-Bdynamic" "-lglib-2.0" "-ldl" "-lgcc_s" "-lutil" "-lrt" "-lpthread" "-lm" "-ldl" "-lc" "-Wl,--eh-frame-hdr" "-Wl,-z,noexecstack" "-L" "/opt/rustwide/rustup-home/toolchains/beta-2023-04-20-x86_64-unknown-linux-gnu/lib/rustlib/x86_64-unknown-linux-gnu/lib" "-o" "/opt/rustwide/target/debug/examples/hooks-6c8116b86cfd546b" "-Wl,--gc-sections" "-pie" "-Wl,-z,relro,-z,now" "-nodefaultlibs"
[INFO] [stdout]   = note: /usr/bin/ld: /opt/rustwide/target/debug/deps/libpanda-66818afa530d17d0.rlib(panda-66818afa530d17d0.panda.607199a7-cgu.13.rcgu.o): in function `panda::plugins::Plugin::new':
[INFO] [stdout]           /opt/rustwide/workdir/src/plugins/mod.rs:423: undefined reference to `panda_require'
[INFO] [stdout]           collect2: error: ld returned 1 exit status
[INFO] [stdout]           
[INFO] [stdout]   = note: some `extern` functions couldn't be found; some native libraries may need to be installed or have their path specified
[INFO] [stdout]   = note: use the `-l` flag to specify native libraries to link
[INFO] [stdout]   = note: use the `cargo:rustc-link-lib` directive to specify the native libraries to link with Cargo (see https://doc.rust-lang.org/cargo/reference/build-scripts.html#cargorustc-link-libkindname)
[INFO] [stdout] 
[INFO] [stdout] 
[INFO] [stdout] error: aborting due to previous error
[INFO] [stdout] 
[INFO] [stdout] 
[INFO] [stderr] error: could not compile `panda-re` (example "hooks") due to 2 previous errors
[INFO] [stdout] error: linking with `cc` failed: exit status: 1
[INFO] [stdout]   |
[INFO] [stdout]   = note: LC_ALL="C" PATH="/opt/rustwide/rustup-home/toolchains/beta-2023-04-20-x86_64-unknown-linux-gnu/lib/rustlib/x86_64-unknown-linux-gnu/bin:/opt/rustwide/cargo-home/bin:/usr/local/sbin:/usr/local/bin:/usr/sbin:/usr/bin:/sbin:/bin" VSLANG="1033" "cc" "-m64" "/tmp/rustc0huBim/symbols.o" "/opt/rustwide/target/debug/examples/unicorn_taint-6ce91a1e26d3258d.unicorn_taint.e2398af3-cgu.0.rcgu.o" "/opt/rustwide/target/debug/examples/unicorn_taint-6ce91a1e26d3258d.unicorn_taint.e2398af3-cgu.1.rcgu.o" "/opt/rustwide/target/debug/examples/unicorn_taint-6ce91a1e26d3258d.unicorn_taint.e2398af3-cgu.10.rcgu.o" "/opt/rustwide/target/debug/examples/unicorn_taint-6ce91a1e26d3258d.unicorn_taint.e2398af3-cgu.11.rcgu.o" "/opt/rustwide/target/debug/examples/unicorn_taint-6ce91a1e26d3258d.unicorn_taint.e2398af3-cgu.12.rcgu.o" "/opt/rustwide/target/debug/examples/unicorn_taint-6ce91a1e26d3258d.unicorn_taint.e2398af3-cgu.13.rcgu.o" "/opt/rustwide/target/debug/examples/unicorn_taint-6ce91a1e26d3258d.unicorn_taint.e2398af3-cgu.14.rcgu.o" "/opt/rustwide/target/debug/examples/unicorn_taint-6ce91a1e26d3258d.unicorn_taint.e2398af3-cgu.15.rcgu.o" "/opt/rustwide/target/debug/examples/unicorn_taint-6ce91a1e26d3258d.unicorn_taint.e2398af3-cgu.2.rcgu.o" "/opt/rustwide/target/debug/examples/unicorn_taint-6ce91a1e26d3258d.unicorn_taint.e2398af3-cgu.3.rcgu.o" "/opt/rustwide/target/debug/examples/unicorn_taint-6ce91a1e26d3258d.unicorn_taint.e2398af3-cgu.4.rcgu.o" "/opt/rustwide/target/debug/examples/unicorn_taint-6ce91a1e26d3258d.unicorn_taint.e2398af3-cgu.5.rcgu.o" "/opt/rustwide/target/debug/examples/unicorn_taint-6ce91a1e26d3258d.unicorn_taint.e2398af3-cgu.6.rcgu.o" "/opt/rustwide/target/debug/examples/unicorn_taint-6ce91a1e26d3258d.unicorn_taint.e2398af3-cgu.7.rcgu.o" "/opt/rustwide/target/debug/examples/unicorn_taint-6ce91a1e26d3258d.unicorn_taint.e2398af3-cgu.8.rcgu.o" "/opt/rustwide/target/debug/examples/unicorn_taint-6ce91a1e26d3258d.unicorn_taint.e2398af3-cgu.9.rcgu.o" "/opt/rustwide/target/debug/examples/unicorn_taint-6ce91a1e26d3258d.42k5phzzk2wt6n4n.rcgu.o" "-Wl,--as-needed" "-L" "/opt/rustwide/target/debug/deps" "-L" "/opt/rustwide/rustup-home/toolchains/beta-2023-04-20-x86_64-unknown-linux-gnu/lib/rustlib/x86_64-unknown-linux-gnu/lib" "-Wl,-Bstatic" "/opt/rustwide/target/debug/deps/libpanda-66818afa530d17d0.rlib" "/opt/rustwide/target/debug/deps/libarray_init-ffeb59227641760c.rlib" "/opt/rustwide/target/debug/deps/liblog-6f3e788ba8b980aa.rlib" "/opt/rustwide/target/debug/deps/libparking_lot-7d316ee2e410555e.rlib" "/opt/rustwide/target/debug/deps/libparking_lot_core-8828a14e23064656.rlib" "/opt/rustwide/target/debug/deps/libsmallvec-a078f506e4f080f1.rlib" "/opt/rustwide/target/debug/deps/liblock_api-83dbbbc23913e320.rlib" "/opt/rustwide/target/debug/deps/libscopeguard-54ff2283d814f48f.rlib" "/opt/rustwide/target/debug/deps/libinstant-939f0c301cdc968a.rlib" "/opt/rustwide/target/debug/deps/libdashmap-797817ad5b45fe5c.rlib" "/opt/rustwide/target/debug/deps/libnum_cpus-bb3fbdd611a62e1b.rlib" "/opt/rustwide/target/debug/deps/libglib_sys-ad9cbf5205b134e9.rlib" "/opt/rustwide/target/debug/deps/liblibc-e95620791e8937ab.rlib" "/opt/rustwide/target/debug/deps/liblibloading-e0096b3acf82c226.rlib" "/opt/rustwide/target/debug/deps/libcfg_if-97437e183f3ae6e4.rlib" "/opt/rustwide/target/debug/deps/libthiserror-a0759ebdcbea8b0e.rlib" "/opt/rustwide/target/debug/deps/libstrum-2bbb1b9be775f4fb.rlib" "/opt/rustwide/target/debug/deps/libonce_cell-aab2d926ec727be6.rlib" "/opt/rustwide/target/debug/deps/liblazy_static-86422d76b8bd90ed.rlib" "/opt/rustwide/target/debug/deps/libinventory-b16034df02cf241d.rlib" "/opt/rustwide/target/debug/deps/libpanda_sys-e88c00d17fe59cff.rlib" "/opt/rustwide/rustup-home/toolchains/beta-2023-04-20-x86_64-unknown-linux-gnu/lib/rustlib/x86_64-unknown-linux-gnu/lib/libstd-0e29cc23c5e02021.rlib" "/opt/rustwide/rustup-home/toolchains/beta-2023-04-20-x86_64-unknown-linux-gnu/lib/rustlib/x86_64-unknown-linux-gnu/lib/libpanic_unwind-d903621768a861d9.rlib" "/opt/rustwide/rustup-home/toolchains/beta-2023-04-20-x86_64-unknown-linux-gnu/lib/rustlib/x86_64-unknown-linux-gnu/lib/libobject-6d0225e655f31c13.rlib" "/opt/rustwide/rustup-home/toolchains/beta-2023-04-20-x86_64-unknown-linux-gnu/lib/rustlib/x86_64-unknown-linux-gnu/lib/libmemchr-9dbaf4eac7eaa079.rlib" "/opt/rustwide/rustup-home/toolchains/beta-2023-04-20-x86_64-unknown-linux-gnu/lib/rustlib/x86_64-unknown-linux-gnu/lib/libaddr2line-27f05b3d42a66dd0.rlib" "/opt/rustwide/rustup-home/toolchains/beta-2023-04-20-x86_64-unknown-linux-gnu/lib/rustlib/x86_64-unknown-linux-gnu/lib/libgimli-4d73f1030321c9a2.rlib" "/opt/rustwide/rustup-home/toolchains/beta-2023-04-20-x86_64-unknown-linux-gnu/lib/rustlib/x86_64-unknown-linux-gnu/lib/librustc_demangle-2846c9e58abd0acb.rlib" "/opt/rustwide/rustup-home/toolchains/beta-2023-04-20-x86_64-unknown-linux-gnu/lib/rustlib/x86_64-unknown-linux-gnu/lib/libstd_detect-a53d0f50415947be.rlib" "/opt/rustwide/rustup-home/toolchains/beta-2023-04-20-x86_64-unknown-linux-gnu/lib/rustlib/x86_64-unknown-linux-gnu/lib/libhashbrown-d48e4b6abc25b9dc.rlib" "/opt/rustwide/rustup-home/toolchains/beta-2023-04-20-x86_64-unknown-linux-gnu/lib/rustlib/x86_64-unknown-linux-gnu/lib/libminiz_oxide-2991859439ef1207.rlib" "/opt/rustwide/rustup-home/toolchains/beta-2023-04-20-x86_64-unknown-linux-gnu/lib/rustlib/x86_64-unknown-linux-gnu/lib/libadler-8a687517e4221bae.rlib" "/opt/rustwide/rustup-home/toolchains/beta-2023-04-20-x86_64-unknown-linux-gnu/lib/rustlib/x86_64-unknown-linux-gnu/lib/librustc_std_workspace_alloc-e07b554f6a67f5b3.rlib" "/opt/rustwide/rustup-home/toolchains/beta-2023-04-20-x86_64-unknown-linux-gnu/lib/rustlib/x86_64-unknown-linux-gnu/lib/libunwind-b68238b7c3c619dd.rlib" "/opt/rustwide/rustup-home/toolchains/beta-2023-04-20-x86_64-unknown-linux-gnu/lib/rustlib/x86_64-unknown-linux-gnu/lib/libcfg_if-d5e213e896c017e4.rlib" "/opt/rustwide/rustup-home/toolchains/beta-2023-04-20-x86_64-unknown-linux-gnu/lib/rustlib/x86_64-unknown-linux-gnu/lib/liblibc-0211a3b2e61d8689.rlib" "/opt/rustwide/rustup-home/toolchains/beta-2023-04-20-x86_64-unknown-linux-gnu/lib/rustlib/x86_64-unknown-linux-gnu/lib/liballoc-b371f055239ba51f.rlib" "/opt/rustwide/rustup-home/toolchains/beta-2023-04-20-x86_64-unknown-linux-gnu/lib/rustlib/x86_64-unknown-linux-gnu/lib/librustc_std_workspace_core-e60518d2760eb01e.rlib" "/opt/rustwide/rustup-home/toolchains/beta-2023-04-20-x86_64-unknown-linux-gnu/lib/rustlib/x86_64-unknown-linux-gnu/lib/libcore-1ad943f92a4b1081.rlib" "/opt/rustwide/rustup-home/toolchains/beta-2023-04-20-x86_64-unknown-linux-gnu/lib/rustlib/x86_64-unknown-linux-gnu/lib/libcompiler_builtins-f0d6e4d0fc1e80b4.rlib" "-Wl,-Bdynamic" "-lglib-2.0" "-ldl" "-lgcc_s" "-lutil" "-lrt" "-lpthread" "-lm" "-ldl" "-lc" "-Wl,--eh-frame-hdr" "-Wl,-z,noexecstack" "-L" "/opt/rustwide/rustup-home/toolchains/beta-2023-04-20-x86_64-unknown-linux-gnu/lib/rustlib/x86_64-unknown-linux-gnu/lib" "-o" "/opt/rustwide/target/debug/examples/unicorn_taint-6ce91a1e26d3258d" "-Wl,--gc-sections" "-pie" "-Wl,-z,relro,-z,now" "-nodefaultlibs"
[INFO] [stdout]   = note: /usr/bin/ld: /opt/rustwide/target/debug/deps/libpanda-66818afa530d17d0.rlib(panda-66818afa530d17d0.panda.607199a7-cgu.13.rcgu.o): in function `panda::plugins::Plugin::new':
[INFO] [stdout]           /opt/rustwide/workdir/src/plugins/mod.rs:423: undefined reference to `panda_require'
[INFO] [stdout]           /usr/bin/ld: /opt/rustwide/target/debug/deps/libpanda-66818afa530d17d0.rlib(panda-66818afa530d17d0.panda.607199a7-cgu.6.rcgu.o): in function `panda::api::mem::physical_memory_write':
[INFO] [stdout]           /opt/rustwide/workdir/src/api/mem.rs:196: undefined reference to `panda_physical_memory_write_external'
[INFO] [stdout]           /usr/bin/ld: /opt/rustwide/target/debug/deps/libpanda-66818afa530d17d0.rlib(panda-66818afa530d17d0.panda.607199a7-cgu.6.rcgu.o): in function `panda::api::mem::map_memory':
[INFO] [stdout]           /opt/rustwide/workdir/src/api/mem.rs:224: undefined reference to `map_memory'
[INFO] [stdout]           collect2: error: ld returned 1 exit status
[INFO] [stdout]           
[INFO] [stdout]   = note: some `extern` functions couldn't be found; some native libraries may need to be installed or have their path specified
[INFO] [stdout]   = note: use the `-l` flag to specify native libraries to link
[INFO] [stdout]   = note: use the `cargo:rustc-link-lib` directive to specify the native libraries to link with Cargo (see https://doc.rust-lang.org/cargo/reference/build-scripts.html#cargorustc-link-libkindname)
[INFO] [stdout] 
[INFO] [stdout] 
[INFO] [stdout] error: aborting due to previous error
[INFO] [stdout] 
[INFO] [stdout] 
[INFO] [stderr] error: could not compile `panda-re` (example "unicorn_taint") due to 2 previous errors
[INFO] [stdout] error: linking with `cc` failed: exit status: 1
[INFO] [stdout]   |
[INFO] [stdout]   = note: LC_ALL="C" PATH="/opt/rustwide/rustup-home/toolchains/beta-2023-04-20-x86_64-unknown-linux-gnu/lib/rustlib/x86_64-unknown-linux-gnu/bin:/opt/rustwide/cargo-home/bin:/usr/local/sbin:/usr/local/bin:/usr/sbin:/usr/bin:/sbin:/bin" VSLANG="1033" "cc" "-m64" "/tmp/rustc2XIOX9/symbols.o" "/opt/rustwide/target/debug/examples/closures-bf7baa617a8e8617.closures.fb9ebb32-cgu.0.rcgu.o" "/opt/rustwide/target/debug/examples/closures-bf7baa617a8e8617.closures.fb9ebb32-cgu.1.rcgu.o" "/opt/rustwide/target/debug/examples/closures-bf7baa617a8e8617.closures.fb9ebb32-cgu.10.rcgu.o" "/opt/rustwide/target/debug/examples/closures-bf7baa617a8e8617.closures.fb9ebb32-cgu.2.rcgu.o" "/opt/rustwide/target/debug/examples/closures-bf7baa617a8e8617.closures.fb9ebb32-cgu.3.rcgu.o" "/opt/rustwide/target/debug/examples/closures-bf7baa617a8e8617.closures.fb9ebb32-cgu.4.rcgu.o" "/opt/rustwide/target/debug/examples/closures-bf7baa617a8e8617.closures.fb9ebb32-cgu.5.rcgu.o" "/opt/rustwide/target/debug/examples/closures-bf7baa617a8e8617.closures.fb9ebb32-cgu.6.rcgu.o" "/opt/rustwide/target/debug/examples/closures-bf7baa617a8e8617.closures.fb9ebb32-cgu.7.rcgu.o" "/opt/rustwide/target/debug/examples/closures-bf7baa617a8e8617.closures.fb9ebb32-cgu.8.rcgu.o" "/opt/rustwide/target/debug/examples/closures-bf7baa617a8e8617.closures.fb9ebb32-cgu.9.rcgu.o" "/opt/rustwide/target/debug/examples/closures-bf7baa617a8e8617.2l8v7oowguhsbvpb.rcgu.o" "-Wl,--as-needed" "-L" "/opt/rustwide/target/debug/deps" "-L" "/opt/rustwide/rustup-home/toolchains/beta-2023-04-20-x86_64-unknown-linux-gnu/lib/rustlib/x86_64-unknown-linux-gnu/lib" "-Wl,-Bstatic" "/opt/rustwide/target/debug/deps/libpanda-66818afa530d17d0.rlib" "/opt/rustwide/target/debug/deps/libarray_init-ffeb59227641760c.rlib" "/opt/rustwide/target/debug/deps/liblog-6f3e788ba8b980aa.rlib" "/opt/rustwide/target/debug/deps/libparking_lot-7d316ee2e410555e.rlib" "/opt/rustwide/target/debug/deps/libparking_lot_core-8828a14e23064656.rlib" "/opt/rustwide/target/debug/deps/libsmallvec-a078f506e4f080f1.rlib" "/opt/rustwide/target/debug/deps/liblock_api-83dbbbc23913e320.rlib" "/opt/rustwide/target/debug/deps/libscopeguard-54ff2283d814f48f.rlib" "/opt/rustwide/target/debug/deps/libinstant-939f0c301cdc968a.rlib" "/opt/rustwide/target/debug/deps/libdashmap-797817ad5b45fe5c.rlib" "/opt/rustwide/target/debug/deps/libnum_cpus-bb3fbdd611a62e1b.rlib" "/opt/rustwide/target/debug/deps/libglib_sys-ad9cbf5205b134e9.rlib" "/opt/rustwide/target/debug/deps/liblibc-e95620791e8937ab.rlib" "/opt/rustwide/target/debug/deps/liblibloading-e0096b3acf82c226.rlib" "/opt/rustwide/target/debug/deps/libcfg_if-97437e183f3ae6e4.rlib" "/opt/rustwide/target/debug/deps/libthiserror-a0759ebdcbea8b0e.rlib" "/opt/rustwide/target/debug/deps/libstrum-2bbb1b9be775f4fb.rlib" "/opt/rustwide/target/debug/deps/libonce_cell-aab2d926ec727be6.rlib" "/opt/rustwide/target/debug/deps/liblazy_static-86422d76b8bd90ed.rlib" "/opt/rustwide/target/debug/deps/libinventory-b16034df02cf241d.rlib" "/opt/rustwide/target/debug/deps/libpanda_sys-e88c00d17fe59cff.rlib" "/opt/rustwide/rustup-home/toolchains/beta-2023-04-20-x86_64-unknown-linux-gnu/lib/rustlib/x86_64-unknown-linux-gnu/lib/libstd-0e29cc23c5e02021.rlib" "/opt/rustwide/rustup-home/toolchains/beta-2023-04-20-x86_64-unknown-linux-gnu/lib/rustlib/x86_64-unknown-linux-gnu/lib/libpanic_unwind-d903621768a861d9.rlib" "/opt/rustwide/rustup-home/toolchains/beta-2023-04-20-x86_64-unknown-linux-gnu/lib/rustlib/x86_64-unknown-linux-gnu/lib/libobject-6d0225e655f31c13.rlib" "/opt/rustwide/rustup-home/toolchains/beta-2023-04-20-x86_64-unknown-linux-gnu/lib/rustlib/x86_64-unknown-linux-gnu/lib/libmemchr-9dbaf4eac7eaa079.rlib" "/opt/rustwide/rustup-home/toolchains/beta-2023-04-20-x86_64-unknown-linux-gnu/lib/rustlib/x86_64-unknown-linux-gnu/lib/libaddr2line-27f05b3d42a66dd0.rlib" "/opt/rustwide/rustup-home/toolchains/beta-2023-04-20-x86_64-unknown-linux-gnu/lib/rustlib/x86_64-unknown-linux-gnu/lib/libgimli-4d73f1030321c9a2.rlib" "/opt/rustwide/rustup-home/toolchains/beta-2023-04-20-x86_64-unknown-linux-gnu/lib/rustlib/x86_64-unknown-linux-gnu/lib/librustc_demangle-2846c9e58abd0acb.rlib" "/opt/rustwide/rustup-home/toolchains/beta-2023-04-20-x86_64-unknown-linux-gnu/lib/rustlib/x86_64-unknown-linux-gnu/lib/libstd_detect-a53d0f50415947be.rlib" "/opt/rustwide/rustup-home/toolchains/beta-2023-04-20-x86_64-unknown-linux-gnu/lib/rustlib/x86_64-unknown-linux-gnu/lib/libhashbrown-d48e4b6abc25b9dc.rlib" "/opt/rustwide/rustup-home/toolchains/beta-2023-04-20-x86_64-unknown-linux-gnu/lib/rustlib/x86_64-unknown-linux-gnu/lib/libminiz_oxide-2991859439ef1207.rlib" "/opt/rustwide/rustup-home/toolchains/beta-2023-04-20-x86_64-unknown-linux-gnu/lib/rustlib/x86_64-unknown-linux-gnu/lib/libadler-8a687517e4221bae.rlib" "/opt/rustwide/rustup-home/toolchains/beta-2023-04-20-x86_64-unknown-linux-gnu/lib/rustlib/x86_64-unknown-linux-gnu/lib/librustc_std_workspace_alloc-e07b554f6a67f5b3.rlib" "/opt/rustwide/rustup-home/toolchains/beta-2023-04-20-x86_64-unknown-linux-gnu/lib/rustlib/x86_64-unknown-linux-gnu/lib/libunwind-b68238b7c3c619dd.rlib" "/opt/rustwide/rustup-home/toolchains/beta-2023-04-20-x86_64-unknown-linux-gnu/lib/rustlib/x86_64-unknown-linux-gnu/lib/libcfg_if-d5e213e896c017e4.rlib" "/opt/rustwide/rustup-home/toolchains/beta-2023-04-20-x86_64-unknown-linux-gnu/lib/rustlib/x86_64-unknown-linux-gnu/lib/liblibc-0211a3b2e61d8689.rlib" "/opt/rustwide/rustup-home/toolchains/beta-2023-04-20-x86_64-unknown-linux-gnu/lib/rustlib/x86_64-unknown-linux-gnu/lib/liballoc-b371f055239ba51f.rlib" "/opt/rustwide/rustup-home/toolchains/beta-2023-04-20-x86_64-unknown-linux-gnu/lib/rustlib/x86_64-unknown-linux-gnu/lib/librustc_std_workspace_core-e60518d2760eb01e.rlib" "/opt/rustwide/rustup-home/toolchains/beta-2023-04-20-x86_64-unknown-linux-gnu/lib/rustlib/x86_64-unknown-linux-gnu/lib/libcore-1ad943f92a4b1081.rlib" "/opt/rustwide/rustup-home/toolchains/beta-2023-04-20-x86_64-unknown-linux-gnu/lib/rustlib/x86_64-unknown-linux-gnu/lib/libcompiler_builtins-f0d6e4d0fc1e80b4.rlib" "-Wl,-Bdynamic" "-lglib-2.0" "-ldl" "-lgcc_s" "-lutil" "-lrt" "-lpthread" "-lm" "-ldl" "-lc" "-Wl,--eh-frame-hdr" "-Wl,-z,noexecstack" "-L" "/opt/rustwide/rustup-home/toolchains/beta-2023-04-20-x86_64-unknown-linux-gnu/lib/rustlib/x86_64-unknown-linux-gnu/lib" "-o" "/opt/rustwide/target/debug/examples/closures-bf7baa617a8e8617" "-Wl,--gc-sections" "-pie" "-Wl,-z,relro,-z,now" "-nodefaultlibs"
[INFO] [stdout]   = note: /usr/bin/ld: /opt/rustwide/target/debug/deps/libpanda-66818afa530d17d0.rlib(panda-66818afa530d17d0.panda.607199a7-cgu.11.rcgu.o): in function `panda::callbacks::closure::Callback::disable':
[INFO] [stdout]           /opt/rustwide/workdir/src/callbacks/closure.rs:91: undefined reference to `panda_disable_callback_with_context'
[INFO] [stdout]           /usr/bin/ld: /opt/rustwide/target/debug/deps/libpanda-66818afa530d17d0.rlib(panda-66818afa530d17d0.panda.607199a7-cgu.11.rcgu.o): in function `panda::callbacks::closure::install_closure_callback':
[INFO] [stdout]           /opt/rustwide/workdir/src/callbacks/closure.rs:129: undefined reference to `panda_register_callback_with_context'
[INFO] [stdout]           /usr/bin/ld: /opt/rustwide/target/debug/deps/libpanda-66818afa530d17d0.rlib(panda-66818afa530d17d0.panda.607199a7-cgu.13.rcgu.o): in function `panda::plugins::Plugin::new':
[INFO] [stdout]           /opt/rustwide/workdir/src/plugins/mod.rs:423: undefined reference to `panda_require'
[INFO] [stdout]           collect2: error: ld returned 1 exit status
[INFO] [stdout]           
[INFO] [stdout]   = note: some `extern` functions couldn't be found; some native libraries may need to be installed or have their path specified
[INFO] [stdout]   = note: use the `-l` flag to specify native libraries to link
[INFO] [stdout]   = note: use the `cargo:rustc-link-lib` directive to specify the native libraries to link with Cargo (see https://doc.rust-lang.org/cargo/reference/build-scripts.html#cargorustc-link-libkindname)
[INFO] [stdout] 
[INFO] [stdout] 
[INFO] [stdout] error: aborting due to previous error
[INFO] [stdout] 
[INFO] [stdout] 
[INFO] [stderr] error: could not compile `panda-re` (example "closures") due to 2 previous errors
[INFO] [stdout] error: linking with `cc` failed: exit status: 1
[INFO] [stdout]   |
[INFO] [stdout]   = note: LC_ALL="C" PATH="/opt/rustwide/rustup-home/toolchains/beta-2023-04-20-x86_64-unknown-linux-gnu/lib/rustlib/x86_64-unknown-linux-gnu/bin:/opt/rustwide/cargo-home/bin:/usr/local/sbin:/usr/local/bin:/usr/sbin:/usr/bin:/sbin:/bin" VSLANG="1033" "cc" "-m64" "/tmp/rustcdhSjLV/symbols.o" "/opt/rustwide/target/debug/examples/syscall_injection-d3b129d6b0ee55d5.syscall_injection.a5209d65-cgu.0.rcgu.o" "/opt/rustwide/target/debug/examples/syscall_injection-d3b129d6b0ee55d5.syscall_injection.a5209d65-cgu.1.rcgu.o" "/opt/rustwide/target/debug/examples/syscall_injection-d3b129d6b0ee55d5.syscall_injection.a5209d65-cgu.10.rcgu.o" "/opt/rustwide/target/debug/examples/syscall_injection-d3b129d6b0ee55d5.syscall_injection.a5209d65-cgu.11.rcgu.o" "/opt/rustwide/target/debug/examples/syscall_injection-d3b129d6b0ee55d5.syscall_injection.a5209d65-cgu.12.rcgu.o" "/opt/rustwide/target/debug/examples/syscall_injection-d3b129d6b0ee55d5.syscall_injection.a5209d65-cgu.13.rcgu.o" "/opt/rustwide/target/debug/examples/syscall_injection-d3b129d6b0ee55d5.syscall_injection.a5209d65-cgu.14.rcgu.o" "/opt/rustwide/target/debug/examples/syscall_injection-d3b129d6b0ee55d5.syscall_injection.a5209d65-cgu.15.rcgu.o" "/opt/rustwide/target/debug/examples/syscall_injection-d3b129d6b0ee55d5.syscall_injection.a5209d65-cgu.2.rcgu.o" "/opt/rustwide/target/debug/examples/syscall_injection-d3b129d6b0ee55d5.syscall_injection.a5209d65-cgu.3.rcgu.o" "/opt/rustwide/target/debug/examples/syscall_injection-d3b129d6b0ee55d5.syscall_injection.a5209d65-cgu.4.rcgu.o" "/opt/rustwide/target/debug/examples/syscall_injection-d3b129d6b0ee55d5.syscall_injection.a5209d65-cgu.5.rcgu.o" "/opt/rustwide/target/debug/examples/syscall_injection-d3b129d6b0ee55d5.syscall_injection.a5209d65-cgu.6.rcgu.o" "/opt/rustwide/target/debug/examples/syscall_injection-d3b129d6b0ee55d5.syscall_injection.a5209d65-cgu.7.rcgu.o" "/opt/rustwide/target/debug/examples/syscall_injection-d3b129d6b0ee55d5.syscall_injection.a5209d65-cgu.8.rcgu.o" "/opt/rustwide/target/debug/examples/syscall_injection-d3b129d6b0ee55d5.syscall_injection.a5209d65-cgu.9.rcgu.o" "/opt/rustwide/target/debug/examples/syscall_injection-d3b129d6b0ee55d5.1v9ri5oyjdb9si5v.rcgu.o" "-Wl,--as-needed" "-L" "/opt/rustwide/target/debug/deps" "-L" "/opt/rustwide/rustup-home/toolchains/beta-2023-04-20-x86_64-unknown-linux-gnu/lib/rustlib/x86_64-unknown-linux-gnu/lib" "-Wl,-Bstatic" "/opt/rustwide/target/debug/deps/libpanda-66818afa530d17d0.rlib" "/opt/rustwide/target/debug/deps/libarray_init-ffeb59227641760c.rlib" "/opt/rustwide/target/debug/deps/liblog-6f3e788ba8b980aa.rlib" "/opt/rustwide/target/debug/deps/libparking_lot-7d316ee2e410555e.rlib" "/opt/rustwide/target/debug/deps/libparking_lot_core-8828a14e23064656.rlib" "/opt/rustwide/target/debug/deps/libsmallvec-a078f506e4f080f1.rlib" "/opt/rustwide/target/debug/deps/liblock_api-83dbbbc23913e320.rlib" "/opt/rustwide/target/debug/deps/libscopeguard-54ff2283d814f48f.rlib" "/opt/rustwide/target/debug/deps/libinstant-939f0c301cdc968a.rlib" "/opt/rustwide/target/debug/deps/libdashmap-797817ad5b45fe5c.rlib" "/opt/rustwide/target/debug/deps/libnum_cpus-bb3fbdd611a62e1b.rlib" "/opt/rustwide/target/debug/deps/libglib_sys-ad9cbf5205b134e9.rlib" "/opt/rustwide/target/debug/deps/liblibc-e95620791e8937ab.rlib" "/opt/rustwide/target/debug/deps/liblibloading-e0096b3acf82c226.rlib" "/opt/rustwide/target/debug/deps/libcfg_if-97437e183f3ae6e4.rlib" "/opt/rustwide/target/debug/deps/libthiserror-a0759ebdcbea8b0e.rlib" "/opt/rustwide/target/debug/deps/libstrum-2bbb1b9be775f4fb.rlib" "/opt/rustwide/target/debug/deps/libonce_cell-aab2d926ec727be6.rlib" "/opt/rustwide/target/debug/deps/liblazy_static-86422d76b8bd90ed.rlib" "/opt/rustwide/target/debug/deps/libinventory-b16034df02cf241d.rlib" "/opt/rustwide/target/debug/deps/libpanda_sys-e88c00d17fe59cff.rlib" "/opt/rustwide/rustup-home/toolchains/beta-2023-04-20-x86_64-unknown-linux-gnu/lib/rustlib/x86_64-unknown-linux-gnu/lib/libstd-0e29cc23c5e02021.rlib" "/opt/rustwide/rustup-home/toolchains/beta-2023-04-20-x86_64-unknown-linux-gnu/lib/rustlib/x86_64-unknown-linux-gnu/lib/libpanic_unwind-d903621768a861d9.rlib" "/opt/rustwide/rustup-home/toolchains/beta-2023-04-20-x86_64-unknown-linux-gnu/lib/rustlib/x86_64-unknown-linux-gnu/lib/libobject-6d0225e655f31c13.rlib" "/opt/rustwide/rustup-home/toolchains/beta-2023-04-20-x86_64-unknown-linux-gnu/lib/rustlib/x86_64-unknown-linux-gnu/lib/libmemchr-9dbaf4eac7eaa079.rlib" "/opt/rustwide/rustup-home/toolchains/beta-2023-04-20-x86_64-unknown-linux-gnu/lib/rustlib/x86_64-unknown-linux-gnu/lib/libaddr2line-27f05b3d42a66dd0.rlib" "/opt/rustwide/rustup-home/toolchains/beta-2023-04-20-x86_64-unknown-linux-gnu/lib/rustlib/x86_64-unknown-linux-gnu/lib/libgimli-4d73f1030321c9a2.rlib" "/opt/rustwide/rustup-home/toolchains/beta-2023-04-20-x86_64-unknown-linux-gnu/lib/rustlib/x86_64-unknown-linux-gnu/lib/librustc_demangle-2846c9e58abd0acb.rlib" "/opt/rustwide/rustup-home/toolchains/beta-2023-04-20-x86_64-unknown-linux-gnu/lib/rustlib/x86_64-unknown-linux-gnu/lib/libstd_detect-a53d0f50415947be.rlib" "/opt/rustwide/rustup-home/toolchains/beta-2023-04-20-x86_64-unknown-linux-gnu/lib/rustlib/x86_64-unknown-linux-gnu/lib/libhashbrown-d48e4b6abc25b9dc.rlib" "/opt/rustwide/rustup-home/toolchains/beta-2023-04-20-x86_64-unknown-linux-gnu/lib/rustlib/x86_64-unknown-linux-gnu/lib/libminiz_oxide-2991859439ef1207.rlib" "/opt/rustwide/rustup-home/toolchains/beta-2023-04-20-x86_64-unknown-linux-gnu/lib/rustlib/x86_64-unknown-linux-gnu/lib/libadler-8a687517e4221bae.rlib" "/opt/rustwide/rustup-home/toolchains/beta-2023-04-20-x86_64-unknown-linux-gnu/lib/rustlib/x86_64-unknown-linux-gnu/lib/librustc_std_workspace_alloc-e07b554f6a67f5b3.rlib" "/opt/rustwide/rustup-home/toolchains/beta-2023-04-20-x86_64-unknown-linux-gnu/lib/rustlib/x86_64-unknown-linux-gnu/lib/libunwind-b68238b7c3c619dd.rlib" "/opt/rustwide/rustup-home/toolchains/beta-2023-04-20-x86_64-unknown-linux-gnu/lib/rustlib/x86_64-unknown-linux-gnu/lib/libcfg_if-d5e213e896c017e4.rlib" "/opt/rustwide/rustup-home/toolchains/beta-2023-04-20-x86_64-unknown-linux-gnu/lib/rustlib/x86_64-unknown-linux-gnu/lib/liblibc-0211a3b2e61d8689.rlib" "/opt/rustwide/rustup-home/toolchains/beta-2023-04-20-x86_64-unknown-linux-gnu/lib/rustlib/x86_64-unknown-linux-gnu/lib/liballoc-b371f055239ba51f.rlib" "/opt/rustwide/rustup-home/toolchains/beta-2023-04-20-x86_64-unknown-linux-gnu/lib/rustlib/x86_64-unknown-linux-gnu/lib/librustc_std_workspace_core-e60518d2760eb01e.rlib" "/opt/rustwide/rustup-home/toolchains/beta-2023-04-20-x86_64-unknown-linux-gnu/lib/rustlib/x86_64-unknown-linux-gnu/lib/libcore-1ad943f92a4b1081.rlib" "/opt/rustwide/rustup-home/toolchains/beta-2023-04-20-x86_64-unknown-linux-gnu/lib/rustlib/x86_64-unknown-linux-gnu/lib/libcompiler_builtins-f0d6e4d0fc1e80b4.rlib" "-Wl,-Bdynamic" "-lglib-2.0" "-ldl" "-lgcc_s" "-lutil" "-lrt" "-lpthread" "-lm" "-ldl" "-lc" "-Wl,--eh-frame-hdr" "-Wl,-z,noexecstack" "-L" "/opt/rustwide/rustup-home/toolchains/beta-2023-04-20-x86_64-unknown-linux-gnu/lib/rustlib/x86_64-unknown-linux-gnu/lib" "-o" "/opt/rustwide/target/debug/examples/syscall_injection-d3b129d6b0ee55d5" "-Wl,--gc-sections" "-pie" "-Wl,-z,relro,-z,now" "-nodefaultlibs"
[INFO] [stdout]   = note: /usr/bin/ld: /opt/rustwide/target/debug/examples/syscall_injection-d3b129d6b0ee55d5.syscall_injection.a5209d65-cgu.5.rcgu.o: in function `syscall_injection::in_same_asid':
[INFO] [stdout]           /opt/rustwide/workdir/examples/syscall_injection.rs:47: undefined reference to `panda_current_asid'
[INFO] [stdout]           /usr/bin/ld: /opt/rustwide/target/debug/examples/syscall_injection-d3b129d6b0ee55d5.syscall_injection.a5209d65-cgu.1.rcgu.o: in function `panda::syscall_injection::run_injector':
[INFO] [stdout]           /opt/rustwide/workdir/src/syscall_injection.rs:249: undefined reference to `get_cpu'
[INFO] [stdout]           /usr/bin/ld: /opt/rustwide/target/debug/examples/syscall_injection-d3b129d6b0ee55d5.syscall_injection.a5209d65-cgu.11.rcgu.o: in function `panda::syscall_injection::syscall_future::syscall::{{closure}}':
[INFO] [stdout]           /opt/rustwide/workdir/src/syscall_injection/syscall_future.rs:57: undefined reference to `get_cpu'
[INFO] [stdout]           /usr/bin/ld: /opt/rustwide/target/debug/deps/libpanda-66818afa530d17d0.rlib(panda-66818afa530d17d0.panda.607199a7-cgu.10.rcgu.o): in function `panda::syscall_injection::syscall_regs::SyscallRegs::backup':
[INFO] [stdout]           /opt/rustwide/workdir/src/syscall_injection/syscall_regs.rs:15: undefined reference to `get_cpu'
[INFO] [stdout]           /usr/bin/ld: /opt/rustwide/target/debug/deps/libpanda-66818afa530d17d0.rlib(panda-66818afa530d17d0.panda.607199a7-cgu.10.rcgu.o): in function `panda::syscall_injection::syscall_regs::SyscallRegs::restore':
[INFO] [stdout]           /opt/rustwide/workdir/src/syscall_injection/syscall_regs.rs:32: undefined reference to `get_cpu'
[INFO] [stdout]           /usr/bin/ld: /opt/rustwide/target/debug/deps/libpanda-66818afa530d17d0.rlib(panda-66818afa530d17d0.panda.607199a7-cgu.13.rcgu.o): in function `panda::plugins::Plugin::new':
[INFO] [stdout]           /opt/rustwide/workdir/src/plugins/mod.rs:423: undefined reference to `panda_require'
[INFO] [stdout]           /usr/bin/ld: /opt/rustwide/target/debug/deps/libpanda-66818afa530d17d0.rlib(panda-66818afa530d17d0.panda.607199a7-cgu.6.rcgu.o): in function `panda::api::mem::virtual_memory_read':
[INFO] [stdout]           /opt/rustwide/workdir/src/api/mem.rs:104: undefined reference to `panda_virtual_memory_read_external'
[INFO] [stdout]           /usr/bin/ld: /opt/rustwide/target/debug/deps/libpanda-66818afa530d17d0.rlib(panda-66818afa530d17d0.panda.607199a7-cgu.6.rcgu.o): in function `panda::api::mem::virtual_memory_write':
[INFO] [stdout]           /opt/rustwide/workdir/src/api/mem.rs:182: undefined reference to `panda_virtual_memory_write_external'
[INFO] [stdout]           /usr/bin/ld: /opt/rustwide/target/debug/deps/libpanda-66818afa530d17d0.rlib(panda-66818afa530d17d0.panda.607199a7-cgu.7.rcgu.o): in function `panda::syscall_injection::ThreadId::current':
[INFO] [stdout]           /opt/rustwide/workdir/src/syscall_injection.rs:99: undefined reference to `get_cpu'
[INFO] [stdout]           /usr/bin/ld: /opt/rustwide/target/debug/deps/libpanda-66818afa530d17d0.rlib(panda-66818afa530d17d0.panda.607199a7-cgu.7.rcgu.o): in function `panda::syscall_injection::restart_syscall':
[INFO] [stdout]           /opt/rustwide/workdir/src/syscall_injection.rs:202: undefined reference to `cpu_loop_exit_noexc'
[INFO] [stdout]           /usr/bin/ld: /opt/rustwide/target/debug/deps/libpanda-66818afa530d17d0.rlib(panda-66818afa530d17d0.panda.607199a7-cgu.7.rcgu.o): in function `panda::syscall_injection::current_asid':
[INFO] [stdout]           /opt/rustwide/workdir/src/syscall_injection.rs:446: undefined reference to `get_cpu'
[INFO] [stdout]           /usr/bin/ld: /opt/rustwide/workdir/src/syscall_injection.rs:446: undefined reference to `panda_current_asid'
[INFO] [stdout]           collect2: error: ld returned 1 exit status
[INFO] [stdout]           
[INFO] [stdout]   = note: some `extern` functions couldn't be found; some native libraries may need to be installed or have their path specified
[INFO] [stdout]   = note: use the `-l` flag to specify native libraries to link
[INFO] [stdout]   = note: use the `cargo:rustc-link-lib` directive to specify the native libraries to link with Cargo (see https://doc.rust-lang.org/cargo/reference/build-scripts.html#cargorustc-link-libkindname)
[INFO] [stdout] 
[INFO] [stdout] 
[INFO] [stdout] error: aborting due to previous error
[INFO] [stdout] 
[INFO] [stdout] 
[INFO] [stderr] error: could not compile `panda-re` (example "syscall_injection") due to 2 previous errors
[INFO] [stdout] warning: function `last_injected_syscall` is never used
[INFO] [stdout]   --> src/syscall_injection/syscall_future.rs:35:15
[INFO] [stdout]    |
[INFO] [stdout] 35 | pub(crate) fn last_injected_syscall() -> target_ulong {
[INFO] [stdout]    |               ^^^^^^^^^^^^^^^^^^^^^
[INFO] [stdout]    |
[INFO] [stdout]    = note: `#[warn(dead_code)]` on by default
[INFO] [stdout] 
[INFO] [stdout] 
[INFO] [stdout] warning: 1 warning emitted
[INFO] [stdout] 
[INFO] [stdout] 
[INFO] running `Command { std: "docker" "inspect" "a7d7465571c2a13a2e996f40269a08639b20b9e26ba206f4db81d2de5ad6bbc5", kill_on_drop: false }`
[INFO] running `Command { std: "docker" "rm" "-f" "a7d7465571c2a13a2e996f40269a08639b20b9e26ba206f4db81d2de5ad6bbc5", kill_on_drop: false }`
[INFO] [stdout] a7d7465571c2a13a2e996f40269a08639b20b9e26ba206f4db81d2de5ad6bbc5
