[INFO] fetching crate oxid 0.1.0...
[INFO] testing oxid-0.1.0 against 1.69.0 for beta-1.70-1
[INFO] extracting crate oxid 0.1.0 into /workspace/builds/worker-6-tc1/source
[INFO] validating manifest of crates.io crate oxid 0.1.0 on toolchain 1.69.0
[INFO] running `Command { std: CARGO_HOME="/workspace/cargo-home" RUSTUP_HOME="/workspace/rustup-home" "/workspace/cargo-home/bin/cargo" "+1.69.0" "metadata" "--manifest-path" "Cargo.toml" "--no-deps", kill_on_drop: false }`
[INFO] removed /workspace/builds/worker-6-tc1/source/.cargo/config
[INFO] started tweaking crates.io crate oxid 0.1.0
[INFO] finished tweaking crates.io crate oxid 0.1.0
[INFO] tweaked toml for crates.io crate oxid 0.1.0 written to /workspace/builds/worker-6-tc1/source/Cargo.toml
[INFO] crate crates.io crate oxid 0.1.0 already has a lockfile, it will not be regenerated
[INFO] running `Command { std: CARGO_HOME="/workspace/cargo-home" RUSTUP_HOME="/workspace/rustup-home" "/workspace/cargo-home/bin/cargo" "+1.69.0" "fetch" "--manifest-path" "Cargo.toml", kill_on_drop: false }`
[INFO] [stderr]  Downloading crates ...
[INFO] [stderr]   Downloaded quad-rand v0.1.1
[INFO] [stderr]   Downloaded fontdue v0.4.0
[INFO] [stderr]   Downloaded glam v0.10.2
[INFO] [stderr]   Downloaded glam v0.8.7
[INFO] [stderr]   Downloaded ttf-parser v0.8.3
[INFO] [stderr]   Downloaded rwasm_macro v0.1.0
[INFO] [stderr]   Downloaded rwasm v0.0.1
[INFO] running `Command { std: "docker" "create" "-v" "/var/lib/crater-agent-workspace/builds/worker-6-tc1/target:/opt/rustwide/target:rw,Z" "-v" "/var/lib/crater-agent-workspace/builds/worker-6-tc1/source:/opt/rustwide/workdir:ro,Z" "-v" "/var/lib/crater-agent-workspace/cargo-home:/opt/rustwide/cargo-home:ro,Z" "-v" "/var/lib/crater-agent-workspace/rustup-home:/opt/rustwide/rustup-home:ro,Z" "-e" "SOURCE_DIR=/opt/rustwide/workdir" "-e" "CARGO_TARGET_DIR=/opt/rustwide/target" "-e" "CARGO_HOME=/opt/rustwide/cargo-home" "-e" "RUSTUP_HOME=/opt/rustwide/rustup-home" "-w" "/opt/rustwide/workdir" "-m" "1610612736" "--user" "0:0" "--network" "none" "ghcr.io/rust-lang/crates-build-env/linux@sha256:5ff2268d62e97bff2cde7d5815dd6ed5b47097566f13b8d0ca110b04b60e07ed" "/opt/rustwide/cargo-home/bin/cargo" "+1.69.0" "metadata" "--no-deps" "--format-version=1", kill_on_drop: false }`
[INFO] [stdout] 98b1849e114c0d4b5e1025d5d7b4576f2943b593c2b445514ae60a4d824b1607
[INFO] running `Command { std: "docker" "start" "-a" "98b1849e114c0d4b5e1025d5d7b4576f2943b593c2b445514ae60a4d824b1607", kill_on_drop: false }`
[INFO] running `Command { std: "docker" "inspect" "98b1849e114c0d4b5e1025d5d7b4576f2943b593c2b445514ae60a4d824b1607", kill_on_drop: false }`
[INFO] running `Command { std: "docker" "rm" "-f" "98b1849e114c0d4b5e1025d5d7b4576f2943b593c2b445514ae60a4d824b1607", kill_on_drop: false }`
[INFO] [stdout] 98b1849e114c0d4b5e1025d5d7b4576f2943b593c2b445514ae60a4d824b1607
[INFO] running `Command { std: "docker" "create" "-v" "/var/lib/crater-agent-workspace/builds/worker-6-tc1/target:/opt/rustwide/target:rw,Z" "-v" "/var/lib/crater-agent-workspace/builds/worker-6-tc1/source:/opt/rustwide/workdir:ro,Z" "-v" "/var/lib/crater-agent-workspace/cargo-home:/opt/rustwide/cargo-home:ro,Z" "-v" "/var/lib/crater-agent-workspace/rustup-home:/opt/rustwide/rustup-home:ro,Z" "-e" "SOURCE_DIR=/opt/rustwide/workdir" "-e" "CARGO_TARGET_DIR=/opt/rustwide/target" "-e" "CARGO_INCREMENTAL=0" "-e" "RUST_BACKTRACE=full" "-e" "RUSTFLAGS=--cap-lints=warn" "-e" "RUSTDOCFLAGS=--cap-lints=warn" "-e" "CARGO_HOME=/opt/rustwide/cargo-home" "-e" "RUSTUP_HOME=/opt/rustwide/rustup-home" "-w" "/opt/rustwide/workdir" "-m" "1610612736" "--user" "0:0" "--network" "none" "ghcr.io/rust-lang/crates-build-env/linux@sha256:5ff2268d62e97bff2cde7d5815dd6ed5b47097566f13b8d0ca110b04b60e07ed" "/opt/rustwide/cargo-home/bin/cargo" "+1.69.0" "build" "--frozen" "--message-format=json", kill_on_drop: false }`
[INFO] [stdout] 8ac7813607e2ed98abeb3aa2aef95c9b2a20860dacd441a1eb91cbd858970608
[INFO] running `Command { std: "docker" "start" "-a" "8ac7813607e2ed98abeb3aa2aef95c9b2a20860dacd441a1eb91cbd858970608", kill_on_drop: false }`
[INFO] [stderr]    Compiling num-traits v0.2.15
[INFO] [stderr]    Compiling cc v1.0.73
[INFO] [stderr]    Compiling adler32 v1.2.0
[INFO] [stderr]    Compiling libc v0.2.132
[INFO] [stderr]    Compiling num-iter v0.1.43
[INFO] [stderr]    Compiling num-rational v0.2.4
[INFO] [stderr]    Compiling hashbrown v0.8.2
[INFO] [stderr]    Compiling gimli v0.26.2
[INFO] [stderr]    Compiling rustc-demangle v0.1.21
[INFO] [stderr]    Compiling memchr v2.5.0
[INFO] [stderr]    Compiling glam v0.10.2
[INFO] [stderr]    Compiling miniz_oxide v0.5.4
[INFO] [stderr]    Compiling ahash v0.3.8
[INFO] [stderr]    Compiling once_cell v1.14.0
[INFO] [stderr]    Compiling rwasm_macro v0.1.0
[INFO] [stderr]    Compiling ttf-parser v0.8.3
[INFO] [stderr]    Compiling inflate v0.4.5
[INFO] [stderr]    Compiling deflate v0.7.20
[INFO] [stderr]    Compiling quad-rand v0.1.1
[INFO] [stderr]    Compiling object v0.29.0
[INFO] [stderr]    Compiling png v0.15.3
[INFO] [stderr]    Compiling backtrace v0.3.66
[INFO] [stderr]    Compiling fontdue v0.4.0
[INFO] [stderr]    Compiling num-integer v0.1.45
[INFO] [stderr]    Compiling image v0.22.5
[INFO] [stderr]    Compiling addr2line v0.17.0
[INFO] [stderr]    Compiling rwasm v0.0.1
[INFO] [stderr]    Compiling oxid v0.1.0 (/opt/rustwide/workdir)
[INFO] [stdout] warning: attribute should be applied to a free function, impl method or static
[INFO] [stdout]    --> src/wasm/mod.rs:311:1
[INFO] [stdout]     |
[INFO] [stdout] 311 |   #[no_mangle]
[INFO] [stdout]     |   ^^^^^^^^^^^^
[INFO] [stdout] 312 | / extern "C" {
[INFO] [stdout] 313 | |     pub fn init_opengl();
[INFO] [stdout] 314 | |     pub fn canvas_width() -> i32;
[INFO] [stdout] 315 | |     pub fn canvas_height() -> i32;
[INFO] [stdout] ...   |
[INFO] [stdout] 331 | |     pub fn oxid_is_elapsed_timer_supported() -> bool;
[INFO] [stdout] 332 | | }
[INFO] [stdout]     | |_- not a free function, impl method or static
[INFO] [stdout]     |
[INFO] [stdout]     = warning: this was previously accepted by the compiler but is being phased out; it will become a hard error in a future release!
[INFO] [stdout]     = note: `#[warn(unused_attributes)]` on by default
[INFO] [stdout] 
[INFO] [stdout] 
[INFO] [stdout] warning: fields `offset` and `size` are never read
[INFO] [stdout]    --> src/core/graphics/mod.rs:315:5
[INFO] [stdout]     |
[INFO] [stdout] 313 | pub struct ShaderUniform {
[INFO] [stdout]     |            ------------- fields in this struct
[INFO] [stdout] 314 |     gl_loc: UniformLocation,
[INFO] [stdout] 315 |     offset: usize,
[INFO] [stdout]     |     ^^^^^^
[INFO] [stdout] 316 |     size: usize,
[INFO] [stdout]     |     ^^^^
[INFO] [stdout]     |
[INFO] [stdout]     = note: `ShaderUniform` has a derived impl for the trait `Debug`, but this is intentionally ignored during dead code analysis
[INFO] [stdout]     = note: `#[warn(dead_code)]` on by default
[INFO] [stdout] 
[INFO] [stdout] 
[INFO] [stdout] warning: panic message is not a string literal
[INFO] [stdout]    --> src/core/mod.rs:246:86
[INFO] [stdout]     |
[INFO] [stdout] 246 |     let title = CString::new(conf.window_title.as_bytes()).unwrap_or_else(|e| panic!(e));
[INFO] [stdout]     |                                                                                      ^
[INFO] [stdout]     |
[INFO] [stdout]     = note: this usage of `panic!()` is deprecated; it will be a hard error in Rust 2021
[INFO] [stdout]     = note: for more information, see <https://doc.rust-lang.org/nightly/edition-guide/rust-2021/panic-macro-consistency.html>
[INFO] [stdout]     = note: `#[warn(non_fmt_panics)]` on by default
[INFO] [stdout] help: add a "{}" format string to `Display` the message
[INFO] [stdout]     |
[INFO] [stdout] 246 |     let title = CString::new(conf.window_title.as_bytes()).unwrap_or_else(|e| panic!("{}", e));
[INFO] [stdout]     |                                                                                      +++++
[INFO] [stdout] help: or use std::panic::panic_any instead
[INFO] [stdout]     |
[INFO] [stdout] 246 |     let title = CString::new(conf.window_title.as_bytes()).unwrap_or_else(|e| std::panic::panic_any(e));
[INFO] [stdout]     |                                                                               ~~~~~~~~~~~~~~~~~~~~~
[INFO] [stdout] 
[INFO] [stdout] 
[INFO] [stdout] warning: panic message is not a string literal
[INFO] [stdout]  --> src/core/graphics/mod.rs:8:62
[INFO] [stdout]   |
[INFO] [stdout] 8 |     let cname = CString::new(name).unwrap_or_else(|e| panic!(e));
[INFO] [stdout]   |                                                              ^
[INFO] [stdout]   |
[INFO] [stdout]   = note: this usage of `panic!()` is deprecated; it will be a hard error in Rust 2021
[INFO] [stdout]   = note: for more information, see <https://doc.rust-lang.org/nightly/edition-guide/rust-2021/panic-macro-consistency.html>
[INFO] [stdout] help: add a "{}" format string to `Display` the message
[INFO] [stdout]   |
[INFO] [stdout] 8 |     let cname = CString::new(name).unwrap_or_else(|e| panic!("{}", e));
[INFO] [stdout]   |                                                              +++++
[INFO] [stdout] help: or use std::panic::panic_any instead
[INFO] [stdout]   |
[INFO] [stdout] 8 |     let cname = CString::new(name).unwrap_or_else(|e| std::panic::panic_any(e));
[INFO] [stdout]   |                                                       ~~~~~~~~~~~~~~~~~~~~~
[INFO] [stdout] 
[INFO] [stdout] 
[INFO] [stdout] warning: panic message is not a string literal
[INFO] [stdout]     --> src/core/graphics/mod.rs:1492:71
[INFO] [stdout]      |
[INFO] [stdout] 1492 |             let cname = CString::new(*name).unwrap_or_else(|e| panic!(e));
[INFO] [stdout]      |                                                                       ^
[INFO] [stdout]      |
[INFO] [stdout]      = note: this usage of `panic!()` is deprecated; it will be a hard error in Rust 2021
[INFO] [stdout]      = note: for more information, see <https://doc.rust-lang.org/nightly/edition-guide/rust-2021/panic-macro-consistency.html>
[INFO] [stdout] help: add a "{}" format string to `Display` the message
[INFO] [stdout]      |
[INFO] [stdout] 1492 |             let cname = CString::new(*name).unwrap_or_else(|e| panic!("{}", e));
[INFO] [stdout]      |                                                                       +++++
[INFO] [stdout] help: or use std::panic::panic_any instead
[INFO] [stdout]      |
[INFO] [stdout] 1492 |             let cname = CString::new(*name).unwrap_or_else(|e| std::panic::panic_any(e));
[INFO] [stdout]      |                                                                ~~~~~~~~~~~~~~~~~~~~~
[INFO] [stdout] 
[INFO] [stdout] 
[INFO] [stdout] warning: panic message is not a string literal
[INFO] [stdout]     --> src/core/graphics/mod.rs:1525:25
[INFO] [stdout]      |
[INFO] [stdout] 1525 | /                         format!(
[INFO] [stdout] 1526 | |                             "attribute: {} outside of allocated attributes array len: {}",
[INFO] [stdout] 1527 | |                             name,
[INFO] [stdout] 1528 | |                             vertex_layout.len()
[INFO] [stdout] 1529 | |                         )
[INFO] [stdout]      | |_________________________^
[INFO] [stdout]      |
[INFO] [stdout]      = note: this usage of `assert!()` is deprecated; it will be a hard error in Rust 2021
[INFO] [stdout]      = note: for more information, see <https://doc.rust-lang.org/nightly/edition-guide/rust-2021/panic-macro-consistency.html>
[INFO] [stdout]      = note: the `assert!()` macro supports formatting, so there's no need for the `format!()` macro here
[INFO] [stdout] help: remove the `format!(..)` macro call
[INFO] [stdout]      |
[INFO] [stdout] 1525 ~                         
[INFO] [stdout] 1526 |                             "attribute: {} outside of allocated attributes array len: {}",
[INFO] [stdout] 1527 |                             name,
[INFO] [stdout] 1528 |                             vertex_layout.len()
[INFO] [stdout] 1529 ~                         
[INFO] [stdout]      |
[INFO] [stdout] 
[INFO] [stdout] 
[INFO] [stdout] warning: 6 warnings emitted
[INFO] [stdout] 
[INFO] [stdout] 
[INFO] [stderr]     Finished dev [unoptimized + debuginfo] target(s) in 5.60s
[INFO] running `Command { std: "docker" "inspect" "8ac7813607e2ed98abeb3aa2aef95c9b2a20860dacd441a1eb91cbd858970608", kill_on_drop: false }`
[INFO] running `Command { std: "docker" "rm" "-f" "8ac7813607e2ed98abeb3aa2aef95c9b2a20860dacd441a1eb91cbd858970608", kill_on_drop: false }`
[INFO] [stdout] 8ac7813607e2ed98abeb3aa2aef95c9b2a20860dacd441a1eb91cbd858970608
[INFO] running `Command { std: "docker" "create" "-v" "/var/lib/crater-agent-workspace/builds/worker-6-tc1/target:/opt/rustwide/target:rw,Z" "-v" "/var/lib/crater-agent-workspace/builds/worker-6-tc1/source:/opt/rustwide/workdir:ro,Z" "-v" "/var/lib/crater-agent-workspace/cargo-home:/opt/rustwide/cargo-home:ro,Z" "-v" "/var/lib/crater-agent-workspace/rustup-home:/opt/rustwide/rustup-home:ro,Z" "-e" "SOURCE_DIR=/opt/rustwide/workdir" "-e" "CARGO_TARGET_DIR=/opt/rustwide/target" "-e" "CARGO_INCREMENTAL=0" "-e" "RUST_BACKTRACE=full" "-e" "RUSTFLAGS=--cap-lints=warn" "-e" "RUSTDOCFLAGS=--cap-lints=warn" "-e" "CARGO_HOME=/opt/rustwide/cargo-home" "-e" "RUSTUP_HOME=/opt/rustwide/rustup-home" "-w" "/opt/rustwide/workdir" "-m" "1610612736" "--user" "0:0" "--network" "none" "ghcr.io/rust-lang/crates-build-env/linux@sha256:5ff2268d62e97bff2cde7d5815dd6ed5b47097566f13b8d0ca110b04b60e07ed" "/opt/rustwide/cargo-home/bin/cargo" "+1.69.0" "test" "--frozen" "--no-run" "--message-format=json", kill_on_drop: false }`
[INFO] [stdout] 5475ad834c98757be79f8f7e71750b73997f725d00ee4dc91800b6c33aab4506
[INFO] running `Command { std: "docker" "start" "-a" "5475ad834c98757be79f8f7e71750b73997f725d00ee4dc91800b6c33aab4506", kill_on_drop: false }`
[INFO] [stderr]    Compiling glam v0.8.7
[INFO] [stdout] warning: attribute should be applied to a free function, impl method or static
[INFO] [stdout]    --> src/wasm/mod.rs:311:1
[INFO] [stdout]     |
[INFO] [stdout] 311 |   #[no_mangle]
[INFO] [stdout]     |   ^^^^^^^^^^^^
[INFO] [stdout] 312 | / extern "C" {
[INFO] [stdout] 313 | |     pub fn init_opengl();
[INFO] [stdout] 314 | |     pub fn canvas_width() -> i32;
[INFO] [stdout] 315 | |     pub fn canvas_height() -> i32;
[INFO] [stdout] ...   |
[INFO] [stdout] 331 | |     pub fn oxid_is_elapsed_timer_supported() -> bool;
[INFO] [stdout] 332 | | }
[INFO] [stdout]     | |_- not a free function, impl method or static
[INFO] [stdout]     |
[INFO] [stdout]     = warning: this was previously accepted by the compiler but is being phased out; it will become a hard error in a future release!
[INFO] [stdout]     = note: `#[warn(unused_attributes)]` on by default
[INFO] [stdout] 
[INFO] [stdout] 
[INFO] [stdout] warning: fields `offset` and `size` are never read
[INFO] [stdout]    --> src/core/graphics/mod.rs:315:5
[INFO] [stdout]     |
[INFO] [stdout] 313 | pub struct ShaderUniform {
[INFO] [stdout]     |            ------------- fields in this struct
[INFO] [stdout] 314 |     gl_loc: UniformLocation,
[INFO] [stdout] 315 |     offset: usize,
[INFO] [stdout]     |     ^^^^^^
[INFO] [stdout] 316 |     size: usize,
[INFO] [stdout]     |     ^^^^
[INFO] [stdout]     |
[INFO] [stdout]     = note: `ShaderUniform` has a derived impl for the trait `Debug`, but this is intentionally ignored during dead code analysis
[INFO] [stdout]     = note: `#[warn(dead_code)]` on by default
[INFO] [stdout] 
[INFO] [stdout] 
[INFO] [stdout] warning: panic message is not a string literal
[INFO] [stdout]    --> src/core/mod.rs:246:86
[INFO] [stdout]     |
[INFO] [stdout] 246 |     let title = CString::new(conf.window_title.as_bytes()).unwrap_or_else(|e| panic!(e));
[INFO] [stdout]     |                                                                                      ^
[INFO] [stdout]     |
[INFO] [stdout]     = note: this usage of `panic!()` is deprecated; it will be a hard error in Rust 2021
[INFO] [stdout]     = note: for more information, see <https://doc.rust-lang.org/nightly/edition-guide/rust-2021/panic-macro-consistency.html>
[INFO] [stdout]     = note: `#[warn(non_fmt_panics)]` on by default
[INFO] [stdout] help: add a "{}" format string to `Display` the message
[INFO] [stdout]     |
[INFO] [stdout] 246 |     let title = CString::new(conf.window_title.as_bytes()).unwrap_or_else(|e| panic!("{}", e));
[INFO] [stdout]     |                                                                                      +++++
[INFO] [stdout] help: or use std::panic::panic_any instead
[INFO] [stdout]     |
[INFO] [stdout] 246 |     let title = CString::new(conf.window_title.as_bytes()).unwrap_or_else(|e| std::panic::panic_any(e));
[INFO] [stdout]     |                                                                               ~~~~~~~~~~~~~~~~~~~~~
[INFO] [stdout] 
[INFO] [stdout] 
[INFO] [stdout] warning: panic message is not a string literal
[INFO] [stdout]  --> src/core/graphics/mod.rs:8:62
[INFO] [stdout]   |
[INFO] [stdout] 8 |     let cname = CString::new(name).unwrap_or_else(|e| panic!(e));
[INFO] [stdout]   |                                                              ^
[INFO] [stdout]   |
[INFO] [stdout]   = note: this usage of `panic!()` is deprecated; it will be a hard error in Rust 2021
[INFO] [stdout]   = note: for more information, see <https://doc.rust-lang.org/nightly/edition-guide/rust-2021/panic-macro-consistency.html>
[INFO] [stdout] help: add a "{}" format string to `Display` the message
[INFO] [stdout]   |
[INFO] [stdout] 8 |     let cname = CString::new(name).unwrap_or_else(|e| panic!("{}", e));
[INFO] [stdout]   |                                                              +++++
[INFO] [stdout] help: or use std::panic::panic_any instead
[INFO] [stdout]   |
[INFO] [stdout] 8 |     let cname = CString::new(name).unwrap_or_else(|e| std::panic::panic_any(e));
[INFO] [stdout]   |                                                       ~~~~~~~~~~~~~~~~~~~~~
[INFO] [stdout] 
[INFO] [stdout] 
[INFO] [stdout] warning: panic message is not a string literal
[INFO] [stdout]     --> src/core/graphics/mod.rs:1492:71
[INFO] [stdout]      |
[INFO] [stdout] 1492 |             let cname = CString::new(*name).unwrap_or_else(|e| panic!(e));
[INFO] [stdout]      |                                                                       ^
[INFO] [stdout]      |
[INFO] [stdout]      = note: this usage of `panic!()` is deprecated; it will be a hard error in Rust 2021
[INFO] [stdout]      = note: for more information, see <https://doc.rust-lang.org/nightly/edition-guide/rust-2021/panic-macro-consistency.html>
[INFO] [stdout] help: add a "{}" format string to `Display` the message
[INFO] [stdout]      |
[INFO] [stdout] 1492 |             let cname = CString::new(*name).unwrap_or_else(|e| panic!("{}", e));
[INFO] [stdout]      |                                                                       +++++
[INFO] [stdout] help: or use std::panic::panic_any instead
[INFO] [stdout]      |
[INFO] [stdout] 1492 |             let cname = CString::new(*name).unwrap_or_else(|e| std::panic::panic_any(e));
[INFO] [stdout]      |                                                                ~~~~~~~~~~~~~~~~~~~~~
[INFO] [stdout] 
[INFO] [stdout] 
[INFO] [stdout] warning: panic message is not a string literal
[INFO] [stdout]     --> src/core/graphics/mod.rs:1525:25
[INFO] [stdout]      |
[INFO] [stdout] 1525 | /                         format!(
[INFO] [stdout] 1526 | |                             "attribute: {} outside of allocated attributes array len: {}",
[INFO] [stdout] 1527 | |                             name,
[INFO] [stdout] 1528 | |                             vertex_layout.len()
[INFO] [stdout] 1529 | |                         )
[INFO] [stdout]      | |_________________________^
[INFO] [stdout]      |
[INFO] [stdout]      = note: this usage of `assert!()` is deprecated; it will be a hard error in Rust 2021
[INFO] [stdout]      = note: for more information, see <https://doc.rust-lang.org/nightly/edition-guide/rust-2021/panic-macro-consistency.html>
[INFO] [stdout]      = note: the `assert!()` macro supports formatting, so there's no need for the `format!()` macro here
[INFO] [stdout] help: remove the `format!(..)` macro call
[INFO] [stdout]      |
[INFO] [stdout] 1525 ~                         
[INFO] [stdout] 1526 |                             "attribute: {} outside of allocated attributes array len: {}",
[INFO] [stdout] 1527 |                             name,
[INFO] [stdout] 1528 |                             vertex_layout.len()
[INFO] [stdout] 1529 ~                         
[INFO] [stdout]      |
[INFO] [stdout] 
[INFO] [stdout] 
[INFO] [stdout] warning: 6 warnings emitted
[INFO] [stdout] 
[INFO] [stdout] 
[INFO] [stderr]    Compiling oxid v0.1.0 (/opt/rustwide/workdir)
[INFO] [stdout] error[E0464]: multiple candidates for `rlib` dependency `glam` found
[INFO] [stdout]  --> src/framework/drawing.rs:6:5
[INFO] [stdout]   |
[INFO] [stdout] 6 | use glam::Mat4;
[INFO] [stdout]   |     ^^^^
[INFO] [stdout]   |
[INFO] [stdout]   = note: candidate #1: /opt/rustwide/target/debug/deps/libglam-258633ba7ec5df8b.rlib
[INFO] [stdout]   = note: candidate #2: /opt/rustwide/target/debug/deps/libglam-c9e4131641c1a0f2.rlib
[INFO] [stdout] 
[INFO] [stdout] 
[INFO] [stdout] error[E0464]: multiple candidates for `rlib` dependency `glam` found
[INFO] [stdout]  --> src/framework/shapes.rs:5:5
[INFO] [stdout]   |
[INFO] [stdout] 5 | use glam::{vec2, Vec2};
[INFO] [stdout]   |     ^^^^
[INFO] [stdout]   |
[INFO] [stdout]   = note: candidate #1: /opt/rustwide/target/debug/deps/libglam-258633ba7ec5df8b.rlib
[INFO] [stdout]   = note: candidate #2: /opt/rustwide/target/debug/deps/libglam-c9e4131641c1a0f2.rlib
[INFO] [stdout] 
[INFO] [stdout] 
[INFO] [stdout] error[E0464]: multiple candidates for `rlib` dependency `glam` found
[INFO] [stdout]   --> src/framework/camera.rs:10:5
[INFO] [stdout]    |
[INFO] [stdout] 10 | use glam::{vec2, vec3, Mat4, Vec2, Vec3};
[INFO] [stdout]    |     ^^^^
[INFO] [stdout]    |
[INFO] [stdout]    = note: candidate #1: /opt/rustwide/target/debug/deps/libglam-258633ba7ec5df8b.rlib
[INFO] [stdout]    = note: candidate #2: /opt/rustwide/target/debug/deps/libglam-c9e4131641c1a0f2.rlib
[INFO] [stdout] 
[INFO] [stdout] 
[INFO] [stdout] error[E0464]: multiple candidates for `rlib` dependency `glam` found
[INFO] [stdout]  --> src/framework/math.rs:5:9
[INFO] [stdout]   |
[INFO] [stdout] 5 | pub use glam::*;
[INFO] [stdout]   |         ^^^^
[INFO] [stdout]   |
[INFO] [stdout]   = note: candidate #1: /opt/rustwide/target/debug/deps/libglam-258633ba7ec5df8b.rlib
[INFO] [stdout]   = note: candidate #2: /opt/rustwide/target/debug/deps/libglam-c9e4131641c1a0f2.rlib
[INFO] [stdout] 
[INFO] [stdout] 
[INFO] [stdout] error[E0464]: multiple candidates for `rlib` dependency `glam` found
[INFO] [stdout]  --> src/framework/models.rs:5:5
[INFO] [stdout]   |
[INFO] [stdout] 5 | use glam::{vec2, vec3, Vec2, Vec3};
[INFO] [stdout]   |     ^^^^
[INFO] [stdout]   |
[INFO] [stdout]   = note: candidate #1: /opt/rustwide/target/debug/deps/libglam-258633ba7ec5df8b.rlib
[INFO] [stdout]   = note: candidate #2: /opt/rustwide/target/debug/deps/libglam-c9e4131641c1a0f2.rlib
[INFO] [stdout] 
[INFO] [stdout] 
[INFO] [stdout] error[E0464]: multiple candidates for `rlib` dependency `glam` found
[INFO] [stdout]  --> src/framework/text.rs:7:5
[INFO] [stdout]   |
[INFO] [stdout] 7 | use glam::vec2;
[INFO] [stdout]   |     ^^^^
[INFO] [stdout]   |
[INFO] [stdout]   = note: candidate #1: /opt/rustwide/target/debug/deps/libglam-258633ba7ec5df8b.rlib
[INFO] [stdout]   = note: candidate #2: /opt/rustwide/target/debug/deps/libglam-c9e4131641c1a0f2.rlib
[INFO] [stdout] 
[INFO] [stdout] 
[INFO] [stdout] error[E0464]: multiple candidates for `rlib` dependency `glam` found
[INFO] [stdout]  --> src/framework/texture.rs:7:5
[INFO] [stdout]   |
[INFO] [stdout] 7 | use glam::{vec2, Vec2};
[INFO] [stdout]   |     ^^^^
[INFO] [stdout]   |
[INFO] [stdout]   = note: candidate #1: /opt/rustwide/target/debug/deps/libglam-258633ba7ec5df8b.rlib
[INFO] [stdout]   = note: candidate #2: /opt/rustwide/target/debug/deps/libglam-c9e4131641c1a0f2.rlib
[INFO] [stdout] 
[INFO] [stdout] 
[INFO] [stdout] error[E0464]: multiple candidates for `rlib` dependency `glam` found
[INFO] [stdout]   --> src/framework/mod.rs:77:5
[INFO] [stdout]    |
[INFO] [stdout] 77 | use glam::{vec2, Vec2};
[INFO] [stdout]    |     ^^^^
[INFO] [stdout]    |
[INFO] [stdout]    = note: candidate #1: /opt/rustwide/target/debug/deps/libglam-258633ba7ec5df8b.rlib
[INFO] [stdout]    = note: candidate #2: /opt/rustwide/target/debug/deps/libglam-c9e4131641c1a0f2.rlib
[INFO] [stdout] 
[INFO] [stdout] 
[INFO] [stdout] error[E0464]: multiple candidates for `rlib` dependency `glam` found
[INFO] [stdout]   --> src/framework/prelude.rs:17:9
[INFO] [stdout]    |
[INFO] [stdout] 17 | pub use glam;
[INFO] [stdout]    |         ^^^^
[INFO] [stdout]    |
[INFO] [stdout]    = note: candidate #1: /opt/rustwide/target/debug/deps/libglam-258633ba7ec5df8b.rlib
[INFO] [stdout]    = note: candidate #2: /opt/rustwide/target/debug/deps/libglam-c9e4131641c1a0f2.rlib
[INFO] [stdout] 
[INFO] [stdout] 
[INFO] [stdout] error[E0432]: unresolved imports `crate::framework::math::Rect`, `crate::framework::math::Rect`, `crate::framework::math::Rect`
[INFO] [stdout]  --> src/framework/camera.rs:6:5
[INFO] [stdout]   |
[INFO] [stdout] 6 |     math::Rect,
[INFO] [stdout]   |     ^^^^^^^^^^
[INFO] [stdout]   |
[INFO] [stdout]  ::: src/framework/text.rs:4:51
[INFO] [stdout]   |
[INFO] [stdout] 4 | use crate::framework::{color::Color, get_context, math::Rect};
[INFO] [stdout]   |                                                   ^^^^^^^^^^
[INFO] [stdout]   |
[INFO] [stdout]  ::: src/framework/texture.rs:4:54
[INFO] [stdout]   |
[INFO] [stdout] 4 | use crate::framework::{file::load_file, get_context, math::Rect};
[INFO] [stdout]   |                                                      ^^^^^^^^^^
[INFO] [stdout] 
[INFO] [stdout] 
[INFO] [stdout] error[E0464]: multiple candidates for `rlib` dependency `glam` found
[INFO] [stdout]   --> src/framework/drawing.rs:37:13
[INFO] [stdout]    |
[INFO] [stdout] 37 |             glam::Mat4::orthographic_rh_gl(0., width, height, 0., -1., 1.)
[INFO] [stdout]    |             ^^^^
[INFO] [stdout]    |
[INFO] [stdout]    = note: candidate #1: /opt/rustwide/target/debug/deps/libglam-258633ba7ec5df8b.rlib
[INFO] [stdout]    = note: candidate #2: /opt/rustwide/target/debug/deps/libglam-c9e4131641c1a0f2.rlib
[INFO] [stdout] 
[INFO] [stdout] 
[INFO] [stdout] error[E0464]: multiple candidates for `rlib` dependency `glam` found
[INFO] [stdout]   --> src/framework/quad_gl.rs:84:29
[INFO] [stdout]    |
[INFO] [stdout] 84 |     pub fn to_vec(&self) -> glam::Vec4 {
[INFO] [stdout]    |                             ^^^^
[INFO] [stdout]    |
[INFO] [stdout]    = note: candidate #1: /opt/rustwide/target/debug/deps/libglam-258633ba7ec5df8b.rlib
[INFO] [stdout]    = note: candidate #2: /opt/rustwide/target/debug/deps/libglam-c9e4131641c1a0f2.rlib
[INFO] [stdout] 
[INFO] [stdout] 
[INFO] [stdout] error[E0464]: multiple candidates for `rlib` dependency `glam` found
[INFO] [stdout]   --> src/framework/quad_gl.rs:85:9
[INFO] [stdout]    |
[INFO] [stdout] 85 |         glam::Vec4::new(self.r, self.g, self.b, self.a)
[INFO] [stdout]    |         ^^^^
[INFO] [stdout]    |
[INFO] [stdout]    = note: candidate #1: /opt/rustwide/target/debug/deps/libglam-258633ba7ec5df8b.rlib
[INFO] [stdout]    = note: candidate #2: /opt/rustwide/target/debug/deps/libglam-c9e4131641c1a0f2.rlib
[INFO] [stdout] 
[INFO] [stdout] 
[INFO] [stdout] error[E0464]: multiple candidates for `rlib` dependency `glam` found
[INFO] [stdout]   --> src/framework/quad_gl.rs:88:26
[INFO] [stdout]    |
[INFO] [stdout] 88 |     pub fn from_vec(vec: glam::Vec4) -> Self {
[INFO] [stdout]    |                          ^^^^
[INFO] [stdout]    |
[INFO] [stdout]    = note: candidate #1: /opt/rustwide/target/debug/deps/libglam-258633ba7ec5df8b.rlib
[INFO] [stdout]    = note: candidate #2: /opt/rustwide/target/debug/deps/libglam-c9e4131641c1a0f2.rlib
[INFO] [stdout] 
[INFO] [stdout] 
[INFO] [stdout] error[E0464]: multiple candidates for `rlib` dependency `glam` found
[INFO] [stdout]    --> src/framework/quad_gl.rs:147:12
[INFO] [stdout]     |
[INFO] [stdout] 147 |     model: glam::Mat4,
[INFO] [stdout]     |            ^^^^
[INFO] [stdout]     |
[INFO] [stdout]     = note: candidate #1: /opt/rustwide/target/debug/deps/libglam-258633ba7ec5df8b.rlib
[INFO] [stdout]     = note: candidate #2: /opt/rustwide/target/debug/deps/libglam-c9e4131641c1a0f2.rlib
[INFO] [stdout] 
[INFO] [stdout] 
[INFO] [stdout] error[E0464]: multiple candidates for `rlib` dependency `glam` found
[INFO] [stdout]    --> src/framework/quad_gl.rs:148:17
[INFO] [stdout]     |
[INFO] [stdout] 148 |     projection: glam::Mat4,
[INFO] [stdout]     |                 ^^^^
[INFO] [stdout]     |
[INFO] [stdout]     = note: candidate #1: /opt/rustwide/target/debug/deps/libglam-258633ba7ec5df8b.rlib
[INFO] [stdout]     = note: candidate #2: /opt/rustwide/target/debug/deps/libglam-c9e4131641c1a0f2.rlib
[INFO] [stdout] 
[INFO] [stdout] 
[INFO] [stdout] error[E0464]: multiple candidates for `rlib` dependency `glam` found
[INFO] [stdout]    --> src/framework/quad_gl.rs:212:21
[INFO] [stdout]     |
[INFO] [stdout] 212 |         projection: glam::Mat4,
[INFO] [stdout]     |                     ^^^^
[INFO] [stdout]     |
[INFO] [stdout]     = note: candidate #1: /opt/rustwide/target/debug/deps/libglam-258633ba7ec5df8b.rlib
[INFO] [stdout]     = note: candidate #2: /opt/rustwide/target/debug/deps/libglam-c9e4131641c1a0f2.rlib
[INFO] [stdout] 
[INFO] [stdout] 
[INFO] [stdout] error[E0464]: multiple candidates for `rlib` dependency `glam` found
[INFO] [stdout]    --> src/framework/quad_gl.rs:213:16
[INFO] [stdout]     |
[INFO] [stdout] 213 |         model: glam::Mat4,
[INFO] [stdout]     |                ^^^^
[INFO] [stdout]     |
[INFO] [stdout]     = note: candidate #1: /opt/rustwide/target/debug/deps/libglam-258633ba7ec5df8b.rlib
[INFO] [stdout]     = note: candidate #2: /opt/rustwide/target/debug/deps/libglam-c9e4131641c1a0f2.rlib
[INFO] [stdout] 
[INFO] [stdout] 
[INFO] [stdout] error[E0464]: multiple candidates for `rlib` dependency `glam` found
[INFO] [stdout]    --> src/framework/quad_gl.rs:395:17
[INFO] [stdout]     |
[INFO] [stdout] 395 |     projection: glam::Mat4,
[INFO] [stdout]     |                 ^^^^
[INFO] [stdout]     |
[INFO] [stdout]     = note: candidate #1: /opt/rustwide/target/debug/deps/libglam-258633ba7ec5df8b.rlib
[INFO] [stdout]     = note: candidate #2: /opt/rustwide/target/debug/deps/libglam-c9e4131641c1a0f2.rlib
[INFO] [stdout] 
[INFO] [stdout] 
[INFO] [stdout] error[E0464]: multiple candidates for `rlib` dependency `glam` found
[INFO] [stdout]    --> src/framework/quad_gl.rs:396:22
[INFO] [stdout]     |
[INFO] [stdout] 396 |     model_stack: Vec<glam::Mat4>,
[INFO] [stdout]     |                      ^^^^
[INFO] [stdout]     |
[INFO] [stdout]     = note: candidate #1: /opt/rustwide/target/debug/deps/libglam-258633ba7ec5df8b.rlib
[INFO] [stdout]     = note: candidate #2: /opt/rustwide/target/debug/deps/libglam-c9e4131641c1a0f2.rlib
[INFO] [stdout] 
[INFO] [stdout] 
[INFO] [stdout] error[E0464]: multiple candidates for `rlib` dependency `glam` found
[INFO] [stdout]    --> src/framework/quad_gl.rs:406:24
[INFO] [stdout]     |
[INFO] [stdout] 406 |     fn model(&self) -> glam::Mat4 {
[INFO] [stdout]     |                        ^^^^
[INFO] [stdout]     |
[INFO] [stdout]     = note: candidate #1: /opt/rustwide/target/debug/deps/libglam-258633ba7ec5df8b.rlib
[INFO] [stdout]     = note: candidate #2: /opt/rustwide/target/debug/deps/libglam-c9e4131641c1a0f2.rlib
[INFO] [stdout] 
[INFO] [stdout] 
[INFO] [stdout] error[E0464]: multiple candidates for `rlib` dependency `glam` found
[INFO] [stdout]    --> src/framework/quad_gl.rs:612:29
[INFO] [stdout]     |
[INFO] [stdout] 612 |                 projection: glam::Mat4::identity(),
[INFO] [stdout]     |                             ^^^^
[INFO] [stdout]     |
[INFO] [stdout]     = note: candidate #1: /opt/rustwide/target/debug/deps/libglam-258633ba7ec5df8b.rlib
[INFO] [stdout]     = note: candidate #2: /opt/rustwide/target/debug/deps/libglam-c9e4131641c1a0f2.rlib
[INFO] [stdout] 
[INFO] [stdout] 
[INFO] [stdout] error[E0464]: multiple candidates for `rlib` dependency `glam` found
[INFO] [stdout]    --> src/framework/quad_gl.rs:613:35
[INFO] [stdout]     |
[INFO] [stdout] 613 |                 model_stack: vec![glam::Mat4::identity()],
[INFO] [stdout]     |                                   ^^^^
[INFO] [stdout]     |
[INFO] [stdout]     = note: candidate #1: /opt/rustwide/target/debug/deps/libglam-258633ba7ec5df8b.rlib
[INFO] [stdout]     = note: candidate #2: /opt/rustwide/target/debug/deps/libglam-c9e4131641c1a0f2.rlib
[INFO] [stdout] 
[INFO] [stdout] 
[INFO] [stdout] error[E0464]: multiple candidates for `rlib` dependency `glam` found
[INFO] [stdout]    --> src/framework/quad_gl.rs:663:33
[INFO] [stdout]     |
[INFO] [stdout] 663 |         self.state.projection = glam::Mat4::identity();
[INFO] [stdout]     |                                 ^^^^
[INFO] [stdout]     |
[INFO] [stdout]     = note: candidate #1: /opt/rustwide/target/debug/deps/libglam-258633ba7ec5df8b.rlib
[INFO] [stdout]     = note: candidate #2: /opt/rustwide/target/debug/deps/libglam-c9e4131641c1a0f2.rlib
[INFO] [stdout] 
[INFO] [stdout] 
[INFO] [stdout] error[E0464]: multiple candidates for `rlib` dependency `glam` found
[INFO] [stdout]    --> src/framework/quad_gl.rs:664:39
[INFO] [stdout]     |
[INFO] [stdout] 664 |         self.state.model_stack = vec![glam::Mat4::identity()];
[INFO] [stdout]     |                                       ^^^^
[INFO] [stdout]     |
[INFO] [stdout]     = note: candidate #1: /opt/rustwide/target/debug/deps/libglam-258633ba7ec5df8b.rlib
[INFO] [stdout]     = note: candidate #2: /opt/rustwide/target/debug/deps/libglam-c9e4131641c1a0f2.rlib
[INFO] [stdout] 
[INFO] [stdout] 
[INFO] [stdout] error[E0464]: multiple candidates for `rlib` dependency `glam` found
[INFO] [stdout]    --> src/framework/quad_gl.rs:693:20
[INFO] [stdout]     |
[INFO] [stdout] 693 |         let time = glam::vec4(time, time.sin(), time.cos(), 0.);
[INFO] [stdout]     |                    ^^^^
[INFO] [stdout]     |
[INFO] [stdout]     = note: candidate #1: /opt/rustwide/target/debug/deps/libglam-258633ba7ec5df8b.rlib
[INFO] [stdout]     = note: candidate #2: /opt/rustwide/target/debug/deps/libglam-c9e4131641c1a0f2.rlib
[INFO] [stdout] 
[INFO] [stdout] 
[INFO] [stdout] error[E0464]: multiple candidates for `rlib` dependency `glam` found
[INFO] [stdout]    --> src/framework/quad_gl.rs:753:44
[INFO] [stdout]     |
[INFO] [stdout] 753 |     pub fn get_projection_matrix(&self) -> glam::Mat4 {
[INFO] [stdout]     |                                            ^^^^
[INFO] [stdout]     |
[INFO] [stdout]     = note: candidate #1: /opt/rustwide/target/debug/deps/libglam-258633ba7ec5df8b.rlib
[INFO] [stdout]     = note: candidate #2: /opt/rustwide/target/debug/deps/libglam-c9e4131641c1a0f2.rlib
[INFO] [stdout] 
[INFO] [stdout] 
[INFO] [stdout] error[E0464]: multiple candidates for `rlib` dependency `glam` found
[INFO] [stdout]    --> src/framework/quad_gl.rs:777:53
[INFO] [stdout]     |
[INFO] [stdout] 777 |     pub fn set_projection_matrix(&mut self, matrix: glam::Mat4) {
[INFO] [stdout]     |                                                     ^^^^
[INFO] [stdout]     |
[INFO] [stdout]     = note: candidate #1: /opt/rustwide/target/debug/deps/libglam-258633ba7ec5df8b.rlib
[INFO] [stdout]     = note: candidate #2: /opt/rustwide/target/debug/deps/libglam-c9e4131641c1a0f2.rlib
[INFO] [stdout] 
[INFO] [stdout] 
[INFO] [stdout] error[E0464]: multiple candidates for `rlib` dependency `glam` found
[INFO] [stdout]    --> src/framework/quad_gl.rs:781:49
[INFO] [stdout]     |
[INFO] [stdout] 781 |     pub fn push_model_matrix(&mut self, matrix: glam::Mat4) {
[INFO] [stdout]     |                                                 ^^^^
[INFO] [stdout]     |
[INFO] [stdout]     = note: candidate #1: /opt/rustwide/target/debug/deps/libglam-258633ba7ec5df8b.rlib
[INFO] [stdout]     = note: candidate #2: /opt/rustwide/target/debug/deps/libglam-c9e4131641c1a0f2.rlib
[INFO] [stdout] 
[INFO] [stdout] 
[INFO] [stdout] error[E0464]: multiple candidates for `rlib` dependency `glam` found
[INFO] [stdout]     --> src/framework/quad_gl.rs:1174:25
[INFO] [stdout]      |
[INFO] [stdout] 1174 |         pub projection: glam::Mat4,
[INFO] [stdout]      |                         ^^^^
[INFO] [stdout]      |
[INFO] [stdout]      = note: candidate #1: /opt/rustwide/target/debug/deps/libglam-258633ba7ec5df8b.rlib
[INFO] [stdout]      = note: candidate #2: /opt/rustwide/target/debug/deps/libglam-c9e4131641c1a0f2.rlib
[INFO] [stdout] 
[INFO] [stdout] 
[INFO] [stdout] error[E0464]: multiple candidates for `rlib` dependency `glam` found
[INFO] [stdout]     --> src/framework/quad_gl.rs:1175:20
[INFO] [stdout]      |
[INFO] [stdout] 1175 |         pub model: glam::Mat4,
[INFO] [stdout]      |                    ^^^^
[INFO] [stdout]      |
[INFO] [stdout]      = note: candidate #1: /opt/rustwide/target/debug/deps/libglam-258633ba7ec5df8b.rlib
[INFO] [stdout]      = note: candidate #2: /opt/rustwide/target/debug/deps/libglam-c9e4131641c1a0f2.rlib
[INFO] [stdout] 
[INFO] [stdout] 
[INFO] [stdout] error[E0464]: multiple candidates for `rlib` dependency `glam` found
[INFO] [stdout]     --> src/framework/quad_gl.rs:1176:19
[INFO] [stdout]      |
[INFO] [stdout] 1176 |         pub time: glam::Vec4,
[INFO] [stdout]      |                   ^^^^
[INFO] [stdout]      |
[INFO] [stdout]      = note: candidate #1: /opt/rustwide/target/debug/deps/libglam-258633ba7ec5df8b.rlib
[INFO] [stdout]      = note: candidate #2: /opt/rustwide/target/debug/deps/libglam-c9e4131641c1a0f2.rlib
[INFO] [stdout] 
[INFO] [stdout] 
[INFO] [stdout] error[E0412]: cannot find type `Vec2` in this scope
[INFO] [stdout]   --> src/framework/math.rs:20:28
[INFO] [stdout]    |
[INFO] [stdout] 20 |     pub fn point(&self) -> Vec2 {
[INFO] [stdout]    |                            ^^^^ help: a struct with a similar name exists: `Vec`
[INFO] [stdout]   --> /rustc/84c898d65adf2f39a5a98507f1fe0ce10a2b8dbc/library/alloc/src/vec/mod.rs:400:1
[INFO] [stdout]    |
[INFO] [stdout]    = note: similarly named struct `Vec` defined here
[INFO] [stdout] 
[INFO] [stdout] 
[INFO] [stdout] error[E0412]: cannot find type `Vec2` in this scope
[INFO] [stdout]   --> src/framework/math.rs:45:44
[INFO] [stdout]    |
[INFO] [stdout] 45 |     pub fn move_to(&mut self, destination: Vec2) {
[INFO] [stdout]    |                                            ^^^^ help: a struct with a similar name exists: `Vec`
[INFO] [stdout]   --> /rustc/84c898d65adf2f39a5a98507f1fe0ce10a2b8dbc/library/alloc/src/vec/mod.rs:400:1
[INFO] [stdout]    |
[INFO] [stdout]    = note: similarly named struct `Vec` defined here
[INFO] [stdout] 
[INFO] [stdout] 
[INFO] [stdout] error[E0412]: cannot find type `Vec2` in this scope
[INFO] [stdout]   --> src/framework/math.rs:58:35
[INFO] [stdout]    |
[INFO] [stdout] 58 |     pub fn contains(&self, point: Vec2) -> bool {
[INFO] [stdout]    |                                   ^^^^ help: a struct with a similar name exists: `Vec`
[INFO] [stdout]   --> /rustc/84c898d65adf2f39a5a98507f1fe0ce10a2b8dbc/library/alloc/src/vec/mod.rs:400:1
[INFO] [stdout]    |
[INFO] [stdout]    = note: similarly named struct `Vec` defined here
[INFO] [stdout] 
[INFO] [stdout] 
[INFO] [stdout] error[E0412]: cannot find type `Vec2` in this scope
[INFO] [stdout]   --> src/framework/math.rs:75:52
[INFO] [stdout]    |
[INFO] [stdout] 75 | pub fn polar_to_cartesian(rho: f32, theta: f32) -> Vec2 {
[INFO] [stdout]    |                                                    ^^^^ help: a struct with a similar name exists: `Vec`
[INFO] [stdout]   --> /rustc/84c898d65adf2f39a5a98507f1fe0ce10a2b8dbc/library/alloc/src/vec/mod.rs:400:1
[INFO] [stdout]    |
[INFO] [stdout]    = note: similarly named struct `Vec` defined here
[INFO] [stdout] 
[INFO] [stdout] 
[INFO] [stdout] error[E0412]: cannot find type `Vec2` in this scope
[INFO] [stdout]   --> src/framework/math.rs:80:38
[INFO] [stdout]    |
[INFO] [stdout] 80 | pub fn cartesian_to_polar(cartesian: Vec2) -> Vec2 {
[INFO] [stdout]    |                                      ^^^^ help: a struct with a similar name exists: `Vec`
[INFO] [stdout]   --> /rustc/84c898d65adf2f39a5a98507f1fe0ce10a2b8dbc/library/alloc/src/vec/mod.rs:400:1
[INFO] [stdout]    |
[INFO] [stdout]    = note: similarly named struct `Vec` defined here
[INFO] [stdout] 
[INFO] [stdout] 
[INFO] [stdout] error[E0412]: cannot find type `Vec2` in this scope
[INFO] [stdout]   --> src/framework/math.rs:80:47
[INFO] [stdout]    |
[INFO] [stdout] 80 | pub fn cartesian_to_polar(cartesian: Vec2) -> Vec2 {
[INFO] [stdout]    |                                               ^^^^ help: a struct with a similar name exists: `Vec`
[INFO] [stdout]   --> /rustc/84c898d65adf2f39a5a98507f1fe0ce10a2b8dbc/library/alloc/src/vec/mod.rs:400:1
[INFO] [stdout]    |
[INFO] [stdout]    = note: similarly named struct `Vec` defined here
[INFO] [stdout] 
[INFO] [stdout] 
[INFO] [stdout] warning: attribute should be applied to a free function, impl method or static
[INFO] [stdout]    --> src/wasm/mod.rs:311:1
[INFO] [stdout]     |
[INFO] [stdout] 311 |   #[no_mangle]
[INFO] [stdout]     |   ^^^^^^^^^^^^
[INFO] [stdout] 312 | / extern "C" {
[INFO] [stdout] 313 | |     pub fn init_opengl();
[INFO] [stdout] 314 | |     pub fn canvas_width() -> i32;
[INFO] [stdout] 315 | |     pub fn canvas_height() -> i32;
[INFO] [stdout] ...   |
[INFO] [stdout] 331 | |     pub fn oxid_is_elapsed_timer_supported() -> bool;
[INFO] [stdout] 332 | | }
[INFO] [stdout]     | |_- not a free function, impl method or static
[INFO] [stdout]     |
[INFO] [stdout]     = warning: this was previously accepted by the compiler but is being phased out; it will become a hard error in a future release!
[INFO] [stdout]     = note: `#[warn(unused_attributes)]` on by default
[INFO] [stdout] 
[INFO] [stdout] 
[INFO] [stdout] error[E0425]: cannot find function `vec2` in this scope
[INFO] [stdout]   --> src/framework/math.rs:21:9
[INFO] [stdout]    |
[INFO] [stdout] 21 |         vec2(self.x, self.y)
[INFO] [stdout]    |         ^^^^ not found in this scope
[INFO] [stdout] 
[INFO] [stdout] 
[INFO] [stdout] error[E0425]: cannot find function `vec2` in this scope
[INFO] [stdout]   --> src/framework/math.rs:76:5
[INFO] [stdout]    |
[INFO] [stdout] 76 |     vec2(rho * theta.cos(), rho * theta.sin())
[INFO] [stdout]    |     ^^^^ not found in this scope
[INFO] [stdout] 
[INFO] [stdout] 
[INFO] [stdout] error[E0425]: cannot find function `vec2` in this scope
[INFO] [stdout]   --> src/framework/math.rs:81:5
[INFO] [stdout]    |
[INFO] [stdout] 81 |     vec2(
[INFO] [stdout]    |     ^^^^ not found in this scope
[INFO] [stdout] 
[INFO] [stdout] 
[INFO] [stdout] error: aborting due to 41 previous errors; 1 warning emitted
[INFO] [stdout] 
[INFO] [stdout] 
[INFO] [stdout] Some errors have detailed explanations: E0412, E0425, E0432, E0464.
[INFO] [stdout] 
[INFO] [stdout] For more information about an error, try `rustc --explain E0412`.
[INFO] [stdout] 
[INFO] [stderr] error: could not compile `oxid` due to 42 previous errors; 1 warning emitted
[INFO] [stderr] warning: build failed, waiting for other jobs to finish...
[INFO] [stdout] error: linking with `cc` failed: exit status: 1
[INFO] [stdout]   |
[INFO] [stdout]   = note: LC_ALL="C" PATH="/opt/rustwide/rustup-home/toolchains/1.69.0-x86_64-unknown-linux-gnu/lib/rustlib/x86_64-unknown-linux-gnu/bin:/opt/rustwide/cargo-home/bin:/usr/local/sbin:/usr/local/bin:/usr/sbin:/usr/bin:/sbin:/bin" VSLANG="1033" "cc" "-m64" "/tmp/rustcqoQJCX/symbols.o" "/opt/rustwide/target/debug/examples/basic_shapes-3706046ae8e28c65.basic_shapes.cca2f26c-cgu.0.rcgu.o" "/opt/rustwide/target/debug/examples/basic_shapes-3706046ae8e28c65.basic_shapes.cca2f26c-cgu.1.rcgu.o" "/opt/rustwide/target/debug/examples/basic_shapes-3706046ae8e28c65.basic_shapes.cca2f26c-cgu.10.rcgu.o" "/opt/rustwide/target/debug/examples/basic_shapes-3706046ae8e28c65.basic_shapes.cca2f26c-cgu.11.rcgu.o" "/opt/rustwide/target/debug/examples/basic_shapes-3706046ae8e28c65.basic_shapes.cca2f26c-cgu.12.rcgu.o" "/opt/rustwide/target/debug/examples/basic_shapes-3706046ae8e28c65.basic_shapes.cca2f26c-cgu.13.rcgu.o" "/opt/rustwide/target/debug/examples/basic_shapes-3706046ae8e28c65.basic_shapes.cca2f26c-cgu.14.rcgu.o" "/opt/rustwide/target/debug/examples/basic_shapes-3706046ae8e28c65.basic_shapes.cca2f26c-cgu.15.rcgu.o" "/opt/rustwide/target/debug/examples/basic_shapes-3706046ae8e28c65.basic_shapes.cca2f26c-cgu.2.rcgu.o" "/opt/rustwide/target/debug/examples/basic_shapes-3706046ae8e28c65.basic_shapes.cca2f26c-cgu.3.rcgu.o" "/opt/rustwide/target/debug/examples/basic_shapes-3706046ae8e28c65.basic_shapes.cca2f26c-cgu.4.rcgu.o" "/opt/rustwide/target/debug/examples/basic_shapes-3706046ae8e28c65.basic_shapes.cca2f26c-cgu.5.rcgu.o" "/opt/rustwide/target/debug/examples/basic_shapes-3706046ae8e28c65.basic_shapes.cca2f26c-cgu.6.rcgu.o" "/opt/rustwide/target/debug/examples/basic_shapes-3706046ae8e28c65.basic_shapes.cca2f26c-cgu.7.rcgu.o" "/opt/rustwide/target/debug/examples/basic_shapes-3706046ae8e28c65.basic_shapes.cca2f26c-cgu.8.rcgu.o" "/opt/rustwide/target/debug/examples/basic_shapes-3706046ae8e28c65.basic_shapes.cca2f26c-cgu.9.rcgu.o" "/opt/rustwide/target/debug/examples/basic_shapes-3706046ae8e28c65.wam96udomci85dj.rcgu.o" "-Wl,--as-needed" "-L" "/opt/rustwide/target/debug/deps" "-L" "/opt/rustwide/rustup-home/toolchains/1.69.0-x86_64-unknown-linux-gnu/lib/rustlib/x86_64-unknown-linux-gnu/lib" "-Wl,-Bstatic" "/opt/rustwide/target/debug/deps/liboxid-0eb6401b73510d68.rlib" "/opt/rustwide/target/debug/deps/libfontdue-2bc2984e4297a4a1.rlib" "/opt/rustwide/target/debug/deps/libttf_parser-93ac4d4c5a712412.rlib" "/opt/rustwide/target/debug/deps/libhashbrown-1ae49c29ca0eada9.rlib" "/opt/rustwide/target/debug/deps/libahash-6963f58adb82d3f1.rlib" "/opt/rustwide/target/debug/deps/libimage-854a8e239932a796.rlib" "/opt/rustwide/target/debug/deps/libpng-3f051a3ca8678c2b.rlib" "/opt/rustwide/target/debug/deps/libdeflate-7e7b3076d61632e1.rlib" "/opt/rustwide/target/debug/deps/libinflate-7ecaba88a7aba66f.rlib" "/opt/rustwide/target/debug/deps/libadler32-83111893a069e541.rlib" "/opt/rustwide/target/debug/deps/libcrc32fast-104e9b895f0c2d44.rlib" "/opt/rustwide/target/debug/deps/libbitflags-82cc2d155c6eb112.rlib" "/opt/rustwide/target/debug/deps/libnum_rational-7a2d13198d88af9d.rlib" "/opt/rustwide/target/debug/deps/libnum_iter-1c38eb2f1580bd51.rlib" "/opt/rustwide/target/debug/deps/libnum_integer-fcfdf2a4a96bf0a5.rlib" "/opt/rustwide/target/debug/deps/libnum_traits-3b93294800e9dc5d.rlib" "/opt/rustwide/target/debug/deps/libbyteorder-50c19e9bd62c942c.rlib" "/opt/rustwide/target/debug/deps/libquad_rand-0be8acd720a12811.rlib" "/opt/rustwide/target/debug/deps/libglam-c9e4131641c1a0f2.rlib" "/opt/rustwide/target/debug/deps/librwasm-b42bbec98f052165.rlib" "/opt/rustwide/target/debug/deps/libbacktrace-de6bacbf0e01374a.rlib" "/opt/rustwide/target/debug/deps/libminiz_oxide-920dc5c813d26e8f.rlib" "/opt/rustwide/target/debug/deps/libadler-478247d24f5486f3.rlib" "/opt/rustwide/target/debug/deps/libobject-1866ab3e528534e2.rlib" "/opt/rustwide/target/debug/deps/libmemchr-d8aa13b53f344e13.rlib" "/opt/rustwide/target/debug/deps/liblibc-155f7a5c2f8e6c6b.rlib" "/opt/rustwide/target/debug/deps/libaddr2line-f8441d4c78d5bf19.rlib" "/opt/rustwide/target/debug/deps/libgimli-7f8a3e665b4fe613.rlib" "/opt/rustwide/target/debug/deps/libcfg_if-e5e118dd7d121aaa.rlib" "/opt/rustwide/target/debug/deps/librustc_demangle-c83167a5d6a87752.rlib" "/opt/rustwide/target/debug/deps/libonce_cell-931ecc50ecabb98e.rlib" "/opt/rustwide/rustup-home/toolchains/1.69.0-x86_64-unknown-linux-gnu/lib/rustlib/x86_64-unknown-linux-gnu/lib/libstd-89bc084783fdc439.rlib" "/opt/rustwide/rustup-home/toolchains/1.69.0-x86_64-unknown-linux-gnu/lib/rustlib/x86_64-unknown-linux-gnu/lib/libpanic_unwind-8bee4b287d4367c1.rlib" "/opt/rustwide/rustup-home/toolchains/1.69.0-x86_64-unknown-linux-gnu/lib/rustlib/x86_64-unknown-linux-gnu/lib/libobject-d61707aed80694c0.rlib" "/opt/rustwide/rustup-home/toolchains/1.69.0-x86_64-unknown-linux-gnu/lib/rustlib/x86_64-unknown-linux-gnu/lib/libmemchr-d85366256f22345b.rlib" "/opt/rustwide/rustup-home/toolchains/1.69.0-x86_64-unknown-linux-gnu/lib/rustlib/x86_64-unknown-linux-gnu/lib/libaddr2line-96069b86b8a8cae9.rlib" "/opt/rustwide/rustup-home/toolchains/1.69.0-x86_64-unknown-linux-gnu/lib/rustlib/x86_64-unknown-linux-gnu/lib/libgimli-d19d53abf68dfa6c.rlib" "/opt/rustwide/rustup-home/toolchains/1.69.0-x86_64-unknown-linux-gnu/lib/rustlib/x86_64-unknown-linux-gnu/lib/librustc_demangle-787cbccd19d64ac6.rlib" "/opt/rustwide/rustup-home/toolchains/1.69.0-x86_64-unknown-linux-gnu/lib/rustlib/x86_64-unknown-linux-gnu/lib/libstd_detect-b3837a36b830e0d0.rlib" "/opt/rustwide/rustup-home/toolchains/1.69.0-x86_64-unknown-linux-gnu/lib/rustlib/x86_64-unknown-linux-gnu/lib/libhashbrown-e3deb0e7e3f04966.rlib" "/opt/rustwide/rustup-home/toolchains/1.69.0-x86_64-unknown-linux-gnu/lib/rustlib/x86_64-unknown-linux-gnu/lib/libminiz_oxide-dabbb79c9815def4.rlib" "/opt/rustwide/rustup-home/toolchains/1.69.0-x86_64-unknown-linux-gnu/lib/rustlib/x86_64-unknown-linux-gnu/lib/libadler-305b01f34c9409f2.rlib" "/opt/rustwide/rustup-home/toolchains/1.69.0-x86_64-unknown-linux-gnu/lib/rustlib/x86_64-unknown-linux-gnu/lib/librustc_std_workspace_alloc-f833521df6074e73.rlib" "/opt/rustwide/rustup-home/toolchains/1.69.0-x86_64-unknown-linux-gnu/lib/rustlib/x86_64-unknown-linux-gnu/lib/libunwind-9ac333113350d171.rlib" "/opt/rustwide/rustup-home/toolchains/1.69.0-x86_64-unknown-linux-gnu/lib/rustlib/x86_64-unknown-linux-gnu/lib/libcfg_if-1c126114322d0eee.rlib" "/opt/rustwide/rustup-home/toolchains/1.69.0-x86_64-unknown-linux-gnu/lib/rustlib/x86_64-unknown-linux-gnu/lib/liblibc-bad9164fdeeecf92.rlib" "/opt/rustwide/rustup-home/toolchains/1.69.0-x86_64-unknown-linux-gnu/lib/rustlib/x86_64-unknown-linux-gnu/lib/liballoc-f9374b1e480fa681.rlib" "/opt/rustwide/rustup-home/toolchains/1.69.0-x86_64-unknown-linux-gnu/lib/rustlib/x86_64-unknown-linux-gnu/lib/librustc_std_workspace_core-207f06e41d9603af.rlib" "/opt/rustwide/rustup-home/toolchains/1.69.0-x86_64-unknown-linux-gnu/lib/rustlib/x86_64-unknown-linux-gnu/lib/libcore-7e2768e66e984e85.rlib" "/opt/rustwide/rustup-home/toolchains/1.69.0-x86_64-unknown-linux-gnu/lib/rustlib/x86_64-unknown-linux-gnu/lib/libcompiler_builtins-957b4aff41f8cd46.rlib" "-Wl,-Bdynamic" "-lc" "-lm" "-lrt" "-lpthread" "-lgcc_s" "-lutil" "-lrt" "-lpthread" "-lm" "-ldl" "-lc" "-Wl,--eh-frame-hdr" "-Wl,-z,noexecstack" "-L" "/opt/rustwide/rustup-home/toolchains/1.69.0-x86_64-unknown-linux-gnu/lib/rustlib/x86_64-unknown-linux-gnu/lib" "-o" "/opt/rustwide/target/debug/examples/basic_shapes-3706046ae8e28c65" "-Wl,--gc-sections" "-pie" "-Wl,-z,relro,-z,now" "-nodefaultlibs"
[INFO] [stdout]   = note: /usr/bin/ld: /opt/rustwide/target/debug/deps/liboxid-0eb6401b73510d68.rlib(oxid-0eb6401b73510d68.oxid.68f06f69-cgu.14.rcgu.o): in function `oxid::framework::quad_gl::Texture2D::grab_screen':
[INFO] [stdout]           /opt/rustwide/workdir/src/framework/quad_gl.rs:977: undefined reference to `glBindTexture'
[INFO] [stdout]           /usr/bin/ld: /opt/rustwide/workdir/src/framework/quad_gl.rs:978: undefined reference to `glCopyTexImage2D'
[INFO] [stdout]           /usr/bin/ld: /opt/rustwide/target/debug/deps/liboxid-0eb6401b73510d68.rlib(oxid-0eb6401b73510d68.oxid.68f06f69-cgu.15.rcgu.o): in function `oxid::core::date::now':
[INFO] [stdout]           /opt/rustwide/workdir/src/core/mod.rs:27: undefined reference to `now'
[INFO] [stdout]           /usr/bin/ld: /opt/rustwide/target/debug/deps/liboxid-0eb6401b73510d68.rlib(oxid-0eb6401b73510d68.oxid.68f06f69-cgu.4.rcgu.o): in function `oxid::core::graphics::texture::Texture::new':
[INFO] [stdout]           /opt/rustwide/workdir/src/core/graphics/texture.rs:151: undefined reference to `glGenTextures'
[INFO] [stdout]           /usr/bin/ld: /opt/rustwide/workdir/src/core/graphics/texture.rs:153: undefined reference to `glPixelStorei'
[INFO] [stdout]           /usr/bin/ld: /opt/rustwide/workdir/src/core/graphics/texture.rs:154: undefined reference to `glTexImage2D'
[INFO] [stdout]           /usr/bin/ld: /opt/rustwide/workdir/src/core/graphics/texture.rs:169: undefined reference to `glTexParameteri'
[INFO] [stdout]           /usr/bin/ld: /opt/rustwide/workdir/src/core/graphics/texture.rs:170: undefined reference to `glTexParameteri'
[INFO] [stdout]           /usr/bin/ld: /opt/rustwide/workdir/src/core/graphics/texture.rs:171: undefined reference to `glTexParameteri'
[INFO] [stdout]           /usr/bin/ld: /opt/rustwide/workdir/src/core/graphics/texture.rs:172: undefined reference to `glTexParameteri'
[INFO] [stdout]           /usr/bin/ld: /opt/rustwide/target/debug/deps/liboxid-0eb6401b73510d68.rlib(oxid-0eb6401b73510d68.oxid.68f06f69-cgu.4.rcgu.o): in function `oxid::core::graphics::texture::Texture::update_texture_part':
[INFO] [stdout]           /opt/rustwide/workdir/src/core/graphics/texture.rs:278: undefined reference to `glPixelStorei'
[INFO] [stdout]           /usr/bin/ld: /opt/rustwide/workdir/src/core/graphics/texture.rs:279: undefined reference to `glTexSubImage2D'
[INFO] [stdout]           /usr/bin/ld: /opt/rustwide/target/debug/deps/liboxid-0eb6401b73510d68.rlib(oxid-0eb6401b73510d68.oxid.68f06f69-cgu.7.rcgu.o): in function `oxid::wasm::oxid_run':
[INFO] [stdout]           /opt/rustwide/workdir/src/wasm/mod.rs:296: undefined reference to `init_opengl'
[INFO] [stdout]           /usr/bin/ld: /opt/rustwide/target/debug/deps/liboxid-0eb6401b73510d68.rlib(oxid-0eb6401b73510d68.oxid.68f06f69-cgu.7.rcgu.o): in function `oxid::wasm::oxid_run::{{closure}}':
[INFO] [stdout]           /opt/rustwide/workdir/src/wasm/mod.rs:292: undefined reference to `console_log'
[INFO] [stdout]           /usr/bin/ld: /opt/rustwide/target/debug/deps/liboxid-0eb6401b73510d68.rlib(oxid-0eb6401b73510d68.oxid.68f06f69-cgu.7.rcgu.o): in function `oxid::wasm::oxid_width':
[INFO] [stdout]           /opt/rustwide/workdir/src/wasm/mod.rs:304: undefined reference to `canvas_width'
[INFO] [stdout]           /usr/bin/ld: /opt/rustwide/target/debug/deps/liboxid-0eb6401b73510d68.rlib(oxid-0eb6401b73510d68.oxid.68f06f69-cgu.7.rcgu.o): in function `oxid::wasm::oxid_height':
[INFO] [stdout]           /opt/rustwide/workdir/src/wasm/mod.rs:308: undefined reference to `canvas_height'
[INFO] [stdout]           /usr/bin/ld: /opt/rustwide/target/debug/deps/liboxid-0eb6401b73510d68.rlib(oxid-0eb6401b73510d68.oxid.68f06f69-cgu.10.rcgu.o): in function `oxid::core::graphics::get_uniform_location':
[INFO] [stdout]           /opt/rustwide/workdir/src/core/graphics/mod.rs:9: undefined reference to `glGetUniformLocation'
[INFO] [stdout]           /usr/bin/ld: /opt/rustwide/target/debug/deps/liboxid-0eb6401b73510d68.rlib(oxid-0eb6401b73510d68.oxid.68f06f69-cgu.10.rcgu.o): in function `oxid::core::graphics::GlCache::bind_buffer':
[INFO] [stdout]           /opt/rustwide/workdir/src/core/graphics/mod.rs:451: undefined reference to `glBindBuffer'
[INFO] [stdout]           /usr/bin/ld: /opt/rustwide/workdir/src/core/graphics/mod.rs:458: undefined reference to `glBindBuffer'
[INFO] [stdout]           /usr/bin/ld: /opt/rustwide/target/debug/deps/liboxid-0eb6401b73510d68.rlib(oxid-0eb6401b73510d68.oxid.68f06f69-cgu.10.rcgu.o): in function `oxid::core::graphics::GlCache::bind_texture':
[INFO] [stdout]           /opt/rustwide/workdir/src/core/graphics/mod.rs:482: undefined reference to `glActiveTexture'
[INFO] [stdout]           /usr/bin/ld: /opt/rustwide/workdir/src/core/graphics/mod.rs:484: undefined reference to `glBindTexture'
[INFO] [stdout]           /usr/bin/ld: /opt/rustwide/target/debug/deps/liboxid-0eb6401b73510d68.rlib(oxid-0eb6401b73510d68.oxid.68f06f69-cgu.10.rcgu.o): in function `oxid::core::graphics::RenderPass::new':
[INFO] [stdout]           /opt/rustwide/workdir/src/core/graphics/mod.rs:565: undefined reference to `glGenFramebuffers'
[INFO] [stdout]           /usr/bin/ld: /opt/rustwide/workdir/src/core/graphics/mod.rs:566: undefined reference to `glBindFramebuffer'
[INFO] [stdout]           /usr/bin/ld: /opt/rustwide/workdir/src/core/graphics/mod.rs:567: undefined reference to `glFramebufferTexture2D'
[INFO] [stdout]           /usr/bin/ld: /opt/rustwide/workdir/src/core/graphics/mod.rs:575: undefined reference to `glFramebufferTexture2D'
[INFO] [stdout]           /usr/bin/ld: /opt/rustwide/workdir/src/core/graphics/mod.rs:583: undefined reference to `glBindFramebuffer'
[INFO] [stdout]           /usr/bin/ld: /opt/rustwide/target/debug/deps/liboxid-0eb6401b73510d68.rlib(oxid-0eb6401b73510d68.oxid.68f06f69-cgu.10.rcgu.o): in function `oxid::core::graphics::Context::new':
[INFO] [stdout]           /opt/rustwide/workdir/src/core/graphics/mod.rs:629: undefined reference to `glGetIntegerv'
[INFO] [stdout]           /usr/bin/ld: /opt/rustwide/workdir/src/core/graphics/mod.rs:635: undefined reference to `glGenVertexArrays'
[INFO] [stdout]           /usr/bin/ld: /opt/rustwide/workdir/src/core/graphics/mod.rs:636: undefined reference to `glBindVertexArray'
[INFO] [stdout]           /usr/bin/ld: /opt/rustwide/target/debug/deps/liboxid-0eb6401b73510d68.rlib(oxid-0eb6401b73510d68.oxid.68f06f69-cgu.10.rcgu.o): in function `oxid::core::graphics::Context::apply_pipeline':
[INFO] [stdout]           /opt/rustwide/workdir/src/core/graphics/mod.rs:686: undefined reference to `glUseProgram'
[INFO] [stdout]           /usr/bin/ld: /opt/rustwide/workdir/src/core/graphics/mod.rs:690: undefined reference to `glEnable'
[INFO] [stdout]           /usr/bin/ld: /opt/rustwide/workdir/src/core/graphics/mod.rs:700: undefined reference to `glDisable'
[INFO] [stdout]           /usr/bin/ld: /opt/rustwide/workdir/src/core/graphics/mod.rs:695: undefined reference to `glEnable'
[INFO] [stdout]           /usr/bin/ld: /opt/rustwide/workdir/src/core/graphics/mod.rs:696: undefined reference to `glDepthFunc'
[INFO] [stdout]           /usr/bin/ld: /opt/rustwide/workdir/src/core/graphics/mod.rs:706: undefined reference to `glFrontFace'
[INFO] [stdout]           /usr/bin/ld: /opt/rustwide/workdir/src/core/graphics/mod.rs:709: undefined reference to `glFrontFace'
[INFO] [stdout]           /usr/bin/ld: /opt/rustwide/target/debug/deps/liboxid-0eb6401b73510d68.rlib(oxid-0eb6401b73510d68.oxid.68f06f69-cgu.10.rcgu.o): in function `oxid::core::graphics::Context::set_cull_face':
[INFO] [stdout]           /opt/rustwide/workdir/src/core/graphics/mod.rs:731: undefined reference to `glDisable'
[INFO] [stdout]           /usr/bin/ld: /opt/rustwide/workdir/src/core/graphics/mod.rs:734: undefined reference to `glEnable'
[INFO] [stdout]           /usr/bin/ld: /opt/rustwide/workdir/src/core/graphics/mod.rs:735: undefined reference to `glCullFace'
[INFO] [stdout]           /usr/bin/ld: /opt/rustwide/workdir/src/core/graphics/mod.rs:738: undefined reference to `glEnable'
[INFO] [stdout]           /usr/bin/ld: /opt/rustwide/workdir/src/core/graphics/mod.rs:739: undefined reference to `glCullFace'
[INFO] [stdout]           /usr/bin/ld: /opt/rustwide/target/debug/deps/liboxid-0eb6401b73510d68.rlib(oxid-0eb6401b73510d68.oxid.68f06f69-cgu.10.rcgu.o): in function `oxid::core::graphics::Context::set_color_write':
[INFO] [stdout]           /opt/rustwide/workdir/src/core/graphics/mod.rs:750: undefined reference to `glColorMask'
[INFO] [stdout]           /usr/bin/ld: /opt/rustwide/target/debug/deps/liboxid-0eb6401b73510d68.rlib(oxid-0eb6401b73510d68.oxid.68f06f69-cgu.10.rcgu.o): in function `oxid::core::graphics::Context::set_blend':
[INFO] [stdout]           /opt/rustwide/workdir/src/core/graphics/mod.rs:792: undefined reference to `glDisable'
[INFO] [stdout]           /usr/bin/ld: /opt/rustwide/workdir/src/core/graphics/mod.rs:765: undefined reference to `glEnable'
[INFO] [stdout]           /usr/bin/ld: /opt/rustwide/workdir/src/core/graphics/mod.rs:780: undefined reference to `glBlendFuncSeparate'
[INFO] [stdout]           /usr/bin/ld: /opt/rustwide/workdir/src/core/graphics/mod.rs:786: undefined reference to `glBlendEquationSeparate'
[INFO] [stdout]           /usr/bin/ld: /opt/rustwide/workdir/src/core/graphics/mod.rs:788: undefined reference to `glBlendFunc'
[INFO] [stdout]           /usr/bin/ld: /opt/rustwide/workdir/src/core/graphics/mod.rs:789: undefined reference to `glBlendEquationSeparate'
[INFO] [stdout]           /usr/bin/ld: /opt/rustwide/target/debug/deps/liboxid-0eb6401b73510d68.rlib(oxid-0eb6401b73510d68.oxid.68f06f69-cgu.10.rcgu.o): in function `oxid::core::graphics::Context::set_stencil':
[INFO] [stdout]           /opt/rustwide/workdir/src/core/graphics/mod.rs:840: undefined reference to `glDisable'
[INFO] [stdout]           /usr/bin/ld: /opt/rustwide/workdir/src/core/graphics/mod.rs:811: undefined reference to `glStencilOpSeparate'
[INFO] [stdout]           /usr/bin/ld: /opt/rustwide/workdir/src/core/graphics/mod.rs:817: undefined reference to `glStencilFuncSeparate'
[INFO] [stdout]           /usr/bin/ld: /opt/rustwide/workdir/src/core/graphics/mod.rs:823: undefined reference to `glStencilMaskSeparate'
[INFO] [stdout]           /usr/bin/ld: /opt/rustwide/workdir/src/core/graphics/mod.rs:826: undefined reference to `glStencilOpSeparate'
[INFO] [stdout]           /usr/bin/ld: /opt/rustwide/workdir/src/core/graphics/mod.rs:832: undefined reference to `glStencilFuncSeparate'
[INFO] [stdout]           /usr/bin/ld: /opt/rustwide/workdir/src/core/graphics/mod.rs:838: undefined reference to `glStencilMaskSeparate'
[INFO] [stdout]           /usr/bin/ld: /opt/rustwide/workdir/src/core/graphics/mod.rs:807: undefined reference to `glEnable'
[INFO] [stdout]           /usr/bin/ld: /opt/rustwide/target/debug/deps/liboxid-0eb6401b73510d68.rlib(oxid-0eb6401b73510d68.oxid.68f06f69-cgu.10.rcgu.o): in function `oxid::core::graphics::Context::apply_scissor_rect':
[INFO] [stdout]           /opt/rustwide/workdir/src/core/graphics/mod.rs:859: undefined reference to `glScissor'
[INFO] [stdout]           /usr/bin/ld: /opt/rustwide/target/debug/deps/liboxid-0eb6401b73510d68.rlib(oxid-0eb6401b73510d68.oxid.68f06f69-cgu.10.rcgu.o): in function `oxid::core::graphics::Context::apply_bindings':
[INFO] [stdout]           /opt/rustwide/workdir/src/core/graphics/mod.rs:875: undefined reference to `glUniform1i'
[INFO] [stdout]           /usr/bin/ld: /opt/rustwide/workdir/src/core/graphics/mod.rs:920: undefined reference to `glDisableVertexAttribArray'
[INFO] [stdout]           /usr/bin/ld: /opt/rustwide/workdir/src/core/graphics/mod.rs:899: undefined reference to `glVertexAttribPointer'
[INFO] [stdout]           /usr/bin/ld: /opt/rustwide/workdir/src/core/graphics/mod.rs:907: undefined reference to `glVertexAttribDivisor'
[INFO] [stdout]           /usr/bin/ld: /opt/rustwide/workdir/src/core/graphics/mod.rs:908: undefined reference to `glEnableVertexAttribArray'
[INFO] [stdout]           /usr/bin/ld: /opt/rustwide/target/debug/deps/liboxid-0eb6401b73510d68.rlib(oxid-0eb6401b73510d68.oxid.68f06f69-cgu.10.rcgu.o): in function `oxid::core::graphics::Context::apply_uniforms':
[INFO] [stdout]           /opt/rustwide/workdir/src/core/graphics/mod.rs:949: undefined reference to `glUniform1fv'
[INFO] [stdout]           /usr/bin/ld: /opt/rustwide/workdir/src/core/graphics/mod.rs:952: undefined reference to `glUniform2fv'
[INFO] [stdout]           /usr/bin/ld: /opt/rustwide/workdir/src/core/graphics/mod.rs:955: undefined reference to `glUniform3fv'
[INFO] [stdout]           /usr/bin/ld: /opt/rustwide/workdir/src/core/graphics/mod.rs:958: undefined reference to `glUniform4fv'
[INFO] [stdout]           /usr/bin/ld: /opt/rustwide/workdir/src/core/graphics/mod.rs:961: undefined reference to `glUniform1iv'
[INFO] [stdout]           /usr/bin/ld: /opt/rustwide/workdir/src/core/graphics/mod.rs:964: undefined reference to `glUniform2iv'
[INFO] [stdout]           /usr/bin/ld: /opt/rustwide/workdir/src/core/graphics/mod.rs:967: undefined reference to `glUniform3iv'
[INFO] [stdout]           /usr/bin/ld: /opt/rustwide/workdir/src/core/graphics/mod.rs:970: undefined reference to `glUniform4iv'
[INFO] [stdout]           /usr/bin/ld: /opt/rustwide/workdir/src/core/graphics/mod.rs:973: undefined reference to `glUniformMatrix4fv'
[INFO] [stdout]           /usr/bin/ld: /opt/rustwide/target/debug/deps/liboxid-0eb6401b73510d68.rlib(oxid-0eb6401b73510d68.oxid.68f06f69-cgu.10.rcgu.o): in function `oxid::core::graphics::Context::clear':
[INFO] [stdout]           /opt/rustwide/workdir/src/core/graphics/mod.rs:992: undefined reference to `glClearColor'
[INFO] [stdout]           /usr/bin/ld: /opt/rustwide/workdir/src/core/graphics/mod.rs:999: undefined reference to `glClearDepthf'
[INFO] [stdout]           /usr/bin/ld: /opt/rustwide/workdir/src/core/graphics/mod.rs:1006: undefined reference to `glClearStencil'
[INFO] [stdout]           /usr/bin/ld: /opt/rustwide/workdir/src/core/graphics/mod.rs:1012: undefined reference to `glClear'
[INFO] [stdout]           /usr/bin/ld: /opt/rustwide/target/debug/deps/liboxid-0eb6401b73510d68.rlib(oxid-0eb6401b73510d68.oxid.68f06f69-cgu.10.rcgu.o): in function `oxid::core::graphics::Context::begin_pass':
[INFO] [stdout]           /opt/rustwide/workdir/src/core/graphics/mod.rs:1040: undefined reference to `glBindFramebuffer'
[INFO] [stdout]           /usr/bin/ld: /opt/rustwide/workdir/src/core/graphics/mod.rs:1041: undefined reference to `glViewport'
[INFO] [stdout]           /usr/bin/ld: /opt/rustwide/workdir/src/core/graphics/mod.rs:1042: undefined reference to `glScissor'
[INFO] [stdout]           /usr/bin/ld: /opt/rustwide/target/debug/deps/liboxid-0eb6401b73510d68.rlib(oxid-0eb6401b73510d68.oxid.68f06f69-cgu.10.rcgu.o): in function `oxid::core::graphics::Context::begin_pass':
[INFO] [stdout]           /opt/rustwide/workdir/src/core/graphics/mod.rs:1040: undefined reference to `glBindFramebuffer'
[INFO] [stdout]           /usr/bin/ld: /opt/rustwide/workdir/src/core/graphics/mod.rs:1041: undefined reference to `glViewport'
[INFO] [stdout]           /usr/bin/ld: /opt/rustwide/workdir/src/core/graphics/mod.rs:1042: undefined reference to `glScissor'
[INFO] [stdout]           /usr/bin/ld: /opt/rustwide/target/debug/deps/liboxid-0eb6401b73510d68.rlib(oxid-0eb6401b73510d68.oxid.68f06f69-cgu.10.rcgu.o): in function `oxid::core::graphics::Context::end_render_pass':
[INFO] [stdout]           /opt/rustwide/workdir/src/core/graphics/mod.rs:1058: undefined reference to `glBindFramebuffer'
[INFO] [stdout]           /usr/bin/ld: /opt/rustwide/target/debug/deps/liboxid-0eb6401b73510d68.rlib(oxid-0eb6401b73510d68.oxid.68f06f69-cgu.10.rcgu.o): in function `oxid::core::graphics::Context::draw':
[INFO] [stdout]           /opt/rustwide/workdir/src/core/graphics/mod.rs:1084: undefined reference to `glDrawElementsInstanced'
[INFO] [stdout]           /usr/bin/ld: /opt/rustwide/target/debug/deps/liboxid-0eb6401b73510d68.rlib(oxid-0eb6401b73510d68.oxid.68f06f69-cgu.10.rcgu.o): in function `oxid::core::graphics::load_shader_internal':
[INFO] [stdout]           /opt/rustwide/workdir/src/core/graphics/mod.rs:1104: undefined reference to `glCreateProgram'
[INFO] [stdout]           /usr/bin/ld: /opt/rustwide/workdir/src/core/graphics/mod.rs:1105: undefined reference to `glAttachShader'
[INFO] [stdout]           /usr/bin/ld: /opt/rustwide/workdir/src/core/graphics/mod.rs:1106: undefined reference to `glAttachShader'
[INFO] [stdout]           /usr/bin/ld: /opt/rustwide/workdir/src/core/graphics/mod.rs:1107: undefined reference to `glLinkProgram'
[INFO] [stdout]           /usr/bin/ld: /opt/rustwide/workdir/src/core/graphics/mod.rs:1110: undefined reference to `glGetProgramiv'
[INFO] [stdout]           /usr/bin/ld: /opt/rustwide/workdir/src/core/graphics/mod.rs:1113: undefined reference to `glGetProgramiv'
[INFO] [stdout]           /usr/bin/ld: /opt/rustwide/workdir/src/core/graphics/mod.rs:1128: undefined reference to `glUseProgram'
[INFO] [stdout]           /usr/bin/ld: /opt/rustwide/workdir/src/core/graphics/mod.rs:1116: undefined reference to `glGetProgramInfoLog'
[INFO] [stdout]           /usr/bin/ld: /opt/rustwide/target/debug/deps/liboxid-0eb6401b73510d68.rlib(oxid-0eb6401b73510d68.oxid.68f06f69-cgu.10.rcgu.o): in function `oxid::core::graphics::load_shader':
[INFO] [stdout]           /opt/rustwide/workdir/src/core/graphics/mod.rs:1158: undefined reference to `glCreateShader'
[INFO] [stdout]           /usr/bin/ld: /opt/rustwide/workdir/src/core/graphics/mod.rs:1163: undefined reference to `glShaderSource'
[INFO] [stdout]           /usr/bin/ld: /opt/rustwide/workdir/src/core/graphics/mod.rs:1164: undefined reference to `glCompileShader'
[INFO] [stdout]           /usr/bin/ld: /opt/rustwide/workdir/src/core/graphics/mod.rs:1167: undefined reference to `glGetShaderiv'
[INFO] [stdout]           /usr/bin/ld: /opt/rustwide/workdir/src/core/graphics/mod.rs:1170: undefined reference to `glGetShaderiv'
[INFO] [stdout]           /usr/bin/ld: /opt/rustwide/workdir/src/core/graphics/mod.rs:1173: undefined reference to `glGetShaderInfoLog'
[INFO] [stdout]           /usr/bin/ld: /opt/rustwide/target/debug/deps/liboxid-0eb6401b73510d68.rlib(oxid-0eb6401b73510d68.oxid.68f06f69-cgu.10.rcgu.o): in function `oxid::core::graphics::Pipeline::with_params':
[INFO] [stdout]           /opt/rustwide/workdir/src/core/graphics/mod.rs:1493: undefined reference to `glGetAttribLocation'
[INFO] [stdout]           /usr/bin/ld: /opt/rustwide/target/debug/deps/liboxid-0eb6401b73510d68.rlib(oxid-0eb6401b73510d68.oxid.68f06f69-cgu.10.rcgu.o): in function `oxid::core::graphics::Buffer::immutable':
[INFO] [stdout]           /opt/rustwide/workdir/src/core/graphics/mod.rs:1655: undefined reference to `glGenBuffers'
[INFO] [stdout]           /usr/bin/ld: /opt/rustwide/workdir/src/core/graphics/mod.rs:1658: undefined reference to `glBufferData'
[INFO] [stdout]           /usr/bin/ld: /opt/rustwide/workdir/src/core/graphics/mod.rs:1659: undefined reference to `glBufferSubData'
[INFO] [stdout]           /usr/bin/ld: /opt/rustwide/target/debug/deps/liboxid-0eb6401b73510d68.rlib(oxid-0eb6401b73510d68.oxid.68f06f69-cgu.10.rcgu.o): in function `oxid::core::graphics::Buffer::immutable':
[INFO] [stdout]           /opt/rustwide/workdir/src/core/graphics/mod.rs:1655: undefined reference to `glGenBuffers'
[INFO] [stdout]           /usr/bin/ld: /opt/rustwide/workdir/src/core/graphics/mod.rs:1658: undefined reference to `glBufferData'
[INFO] [stdout]           /usr/bin/ld: /opt/rustwide/workdir/src/core/graphics/mod.rs:1659: undefined reference to `glBufferSubData'
[INFO] [stdout]           /usr/bin/ld: /opt/rustwide/target/debug/deps/liboxid-0eb6401b73510d68.rlib(oxid-0eb6401b73510d68.oxid.68f06f69-cgu.10.rcgu.o): in function `oxid::core::graphics::Buffer::stream':
[INFO] [stdout]           /opt/rustwide/workdir/src/core/graphics/mod.rs:1676: undefined reference to `glGenBuffers'
[INFO] [stdout]           /usr/bin/ld: /opt/rustwide/workdir/src/core/graphics/mod.rs:1679: undefined reference to `glBufferData'
[INFO] [stdout]           /usr/bin/ld: /opt/rustwide/target/debug/deps/liboxid-0eb6401b73510d68.rlib(oxid-0eb6401b73510d68.oxid.68f06f69-cgu.10.rcgu.o): in function `oxid::core::graphics::Buffer::update':
[INFO] [stdout]           /opt/rustwide/workdir/src/core/graphics/mod.rs:1700: undefined reference to `glBufferSubData'
[INFO] [stdout]           /usr/bin/ld: /opt/rustwide/target/debug/deps/liboxid-0eb6401b73510d68.rlib(oxid-0eb6401b73510d68.oxid.68f06f69-cgu.10.rcgu.o): in function `oxid::core::graphics::Buffer::update':
[INFO] [stdout]           /opt/rustwide/workdir/src/core/graphics/mod.rs:1700: undefined reference to `glBufferSubData'
[INFO] [stdout]           /usr/bin/ld: /opt/rustwide/target/debug/deps/liboxid-0eb6401b73510d68.rlib(oxid-0eb6401b73510d68.oxid.68f06f69-cgu.10.rcgu.o): in function `oxid::core::graphics::ElapsedQuery::begin_query':
[INFO] [stdout]           /opt/rustwide/workdir/src/core/graphics/mod.rs:1789: undefined reference to `glGenQueries'
[INFO] [stdout]           /usr/bin/ld: /opt/rustwide/workdir/src/core/graphics/mod.rs:1791: undefined reference to `glBeginQuery'
[INFO] [stdout]           /usr/bin/ld: /opt/rustwide/target/debug/deps/liboxid-0eb6401b73510d68.rlib(oxid-0eb6401b73510d68.oxid.68f06f69-cgu.10.rcgu.o): in function `oxid::core::graphics::ElapsedQuery::end_query':
[INFO] [stdout]           /opt/rustwide/workdir/src/core/graphics/mod.rs:1801: undefined reference to `glEndQuery'
[INFO] [stdout]           /usr/bin/ld: /opt/rustwide/target/debug/deps/liboxid-0eb6401b73510d68.rlib(oxid-0eb6401b73510d68.oxid.68f06f69-cgu.10.rcgu.o): in function `oxid::core::graphics::ElapsedQuery::get_result':
[INFO] [stdout]           /opt/rustwide/workdir/src/core/graphics/mod.rs:1814: undefined reference to `glGetQueryObjectui64v'
[INFO] [stdout]           /usr/bin/ld: /opt/rustwide/target/debug/deps/liboxid-0eb6401b73510d68.rlib(oxid-0eb6401b73510d68.oxid.68f06f69-cgu.10.rcgu.o): in function `oxid::core::graphics::ElapsedQuery::is_available':
[INFO] [stdout]           /opt/rustwide/workdir/src/core/graphics/mod.rs:1838: undefined reference to `glGetQueryObjectiv'
[INFO] [stdout]           collect2: error: ld returned 1 exit status
[INFO] [stdout]           
[INFO] [stdout]   = note: some `extern` functions couldn't be found; some native libraries may need to be installed or have their path specified
[INFO] [stdout]   = note: use the `-l` flag to specify native libraries to link
[INFO] [stdout]   = note: use the `cargo:rustc-link-lib` directive to specify the native libraries to link with Cargo (see https://doc.rust-lang.org/cargo/reference/build-scripts.html#cargorustc-link-libkindname)
[INFO] [stdout] 
[INFO] [stdout] 
[INFO] [stdout] error: aborting due to previous error
[INFO] [stdout] 
[INFO] [stdout] 
[INFO] [stderr] error: could not compile `oxid` due to 2 previous errors
[INFO] running `Command { std: "docker" "inspect" "5475ad834c98757be79f8f7e71750b73997f725d00ee4dc91800b6c33aab4506", kill_on_drop: false }`
[INFO] running `Command { std: "docker" "rm" "-f" "5475ad834c98757be79f8f7e71750b73997f725d00ee4dc91800b6c33aab4506", kill_on_drop: false }`
[INFO] [stdout] 5475ad834c98757be79f8f7e71750b73997f725d00ee4dc91800b6c33aab4506
