[INFO] fetching crate otdb 1.0.0...
[INFO] testing otdb-1.0.0 against 1.69.0 for beta-1.70-1
[INFO] extracting crate otdb 1.0.0 into /workspace/builds/worker-2-tc1/source
[INFO] validating manifest of crates.io crate otdb 1.0.0 on toolchain 1.69.0
[INFO] running `Command { std: CARGO_HOME="/workspace/cargo-home" RUSTUP_HOME="/workspace/rustup-home" "/workspace/cargo-home/bin/cargo" "+1.69.0" "metadata" "--manifest-path" "Cargo.toml" "--no-deps", kill_on_drop: false }`
[INFO] started tweaking crates.io crate otdb 1.0.0
[INFO] finished tweaking crates.io crate otdb 1.0.0
[INFO] tweaked toml for crates.io crate otdb 1.0.0 written to /workspace/builds/worker-2-tc1/source/Cargo.toml
[INFO] running `Command { std: CARGO_HOME="/workspace/cargo-home" RUSTUP_HOME="/workspace/rustup-home" __CARGO_TEST_CHANNEL_OVERRIDE_DO_NOT_USE_THIS="nightly" "/workspace/cargo-home/bin/cargo" "+1.69.0" "generate-lockfile" "--manifest-path" "Cargo.toml" "-Zno-index-update", kill_on_drop: false }`
[INFO] running `Command { std: CARGO_HOME="/workspace/cargo-home" RUSTUP_HOME="/workspace/rustup-home" "/workspace/cargo-home/bin/cargo" "+1.69.0" "fetch" "--manifest-path" "Cargo.toml", kill_on_drop: false }`
[INFO] running `Command { std: "docker" "create" "-v" "/var/lib/crater-agent-workspace/builds/worker-2-tc1/target:/opt/rustwide/target:rw,Z" "-v" "/var/lib/crater-agent-workspace/builds/worker-2-tc1/source:/opt/rustwide/workdir:ro,Z" "-v" "/var/lib/crater-agent-workspace/cargo-home:/opt/rustwide/cargo-home:ro,Z" "-v" "/var/lib/crater-agent-workspace/rustup-home:/opt/rustwide/rustup-home:ro,Z" "-e" "SOURCE_DIR=/opt/rustwide/workdir" "-e" "CARGO_TARGET_DIR=/opt/rustwide/target" "-e" "CARGO_HOME=/opt/rustwide/cargo-home" "-e" "RUSTUP_HOME=/opt/rustwide/rustup-home" "-w" "/opt/rustwide/workdir" "-m" "1610612736" "--user" "0:0" "--network" "none" "ghcr.io/rust-lang/crates-build-env/linux@sha256:5ff2268d62e97bff2cde7d5815dd6ed5b47097566f13b8d0ca110b04b60e07ed" "/opt/rustwide/cargo-home/bin/cargo" "+1.69.0" "metadata" "--no-deps" "--format-version=1", kill_on_drop: false }`
[INFO] [stdout] ad8b8a6882f52236854580380feeba1a546fb400713525725d66efcd256f0a66
[INFO] running `Command { std: "docker" "start" "-a" "ad8b8a6882f52236854580380feeba1a546fb400713525725d66efcd256f0a66", kill_on_drop: false }`
[INFO] running `Command { std: "docker" "inspect" "ad8b8a6882f52236854580380feeba1a546fb400713525725d66efcd256f0a66", kill_on_drop: false }`
[INFO] running `Command { std: "docker" "rm" "-f" "ad8b8a6882f52236854580380feeba1a546fb400713525725d66efcd256f0a66", kill_on_drop: false }`
[INFO] [stdout] ad8b8a6882f52236854580380feeba1a546fb400713525725d66efcd256f0a66
[INFO] running `Command { std: "docker" "create" "-v" "/var/lib/crater-agent-workspace/builds/worker-2-tc1/target:/opt/rustwide/target:rw,Z" "-v" "/var/lib/crater-agent-workspace/builds/worker-2-tc1/source:/opt/rustwide/workdir:ro,Z" "-v" "/var/lib/crater-agent-workspace/cargo-home:/opt/rustwide/cargo-home:ro,Z" "-v" "/var/lib/crater-agent-workspace/rustup-home:/opt/rustwide/rustup-home:ro,Z" "-e" "SOURCE_DIR=/opt/rustwide/workdir" "-e" "CARGO_TARGET_DIR=/opt/rustwide/target" "-e" "CARGO_INCREMENTAL=0" "-e" "RUST_BACKTRACE=full" "-e" "RUSTFLAGS=--cap-lints=warn" "-e" "RUSTDOCFLAGS=--cap-lints=warn" "-e" "CARGO_HOME=/opt/rustwide/cargo-home" "-e" "RUSTUP_HOME=/opt/rustwide/rustup-home" "-w" "/opt/rustwide/workdir" "-m" "1610612736" "--user" "0:0" "--network" "none" "ghcr.io/rust-lang/crates-build-env/linux@sha256:5ff2268d62e97bff2cde7d5815dd6ed5b47097566f13b8d0ca110b04b60e07ed" "/opt/rustwide/cargo-home/bin/cargo" "+1.69.0" "build" "--frozen" "--message-format=json", kill_on_drop: false }`
[INFO] [stdout] 27f044c6ca9cd480e47cfb91b983cecfbf59357c7add06c380942d434c60977b
[INFO] running `Command { std: "docker" "start" "-a" "27f044c6ca9cd480e47cfb91b983cecfbf59357c7add06c380942d434c60977b", kill_on_drop: false }`
[INFO] [stderr]    Compiling futures-task v0.3.28
[INFO] [stderr]    Compiling tokio v1.28.0
[INFO] [stderr]    Compiling futures-util v0.3.28
[INFO] [stderr]    Compiling indexmap v1.9.3
[INFO] [stderr]    Compiling futures-sink v0.3.28
[INFO] [stderr]    Compiling syn v2.0.15
[INFO] [stderr]    Compiling mio v0.8.6
[INFO] [stderr]    Compiling futures-channel v0.3.28
[INFO] [stderr]    Compiling syn v1.0.109
[INFO] [stderr]    Compiling native-tls v0.2.11
[INFO] [stderr]    Compiling openssl-probe v0.1.5
[INFO] [stderr]    Compiling try-lock v0.2.4
[INFO] [stderr]    Compiling http-body v0.4.5
[INFO] [stderr]    Compiling encoding_rs v0.8.32
[INFO] [stderr]    Compiling ipnet v2.7.2
[INFO] [stderr]    Compiling mime v0.3.17
[INFO] [stderr]    Compiling base64 v0.21.0
[INFO] [stderr]    Compiling want v0.3.0
[INFO] [stderr]    Compiling pin-project-internal v1.0.12
[INFO] [stderr]    Compiling tracing-attributes v0.1.24
[INFO] [stderr]    Compiling openssl-macros v0.1.1
[INFO] [stderr]    Compiling serde_derive v1.0.160
[INFO] [stderr]    Compiling pin-project v1.0.12
[INFO] [stderr]    Compiling openssl v0.10.52
[INFO] [stderr]    Compiling tracing v0.1.37
[INFO] [stderr]    Compiling tokio-util v0.7.8
[INFO] [stderr]    Compiling tracing-futures v0.2.5
[INFO] [stderr]    Compiling h2 v0.3.18
[INFO] [stderr]    Compiling serde v1.0.160
[INFO] [stderr]    Compiling tokio-native-tls v0.3.1
[INFO] [stderr]    Compiling hyper v0.14.26
[INFO] [stderr]    Compiling serde_json v1.0.96
[INFO] [stderr]    Compiling serde_urlencoded v0.7.1
[INFO] [stderr]    Compiling hyper-tls v0.5.0
[INFO] [stderr]    Compiling reqwest v0.11.17
[INFO] [stderr]    Compiling otdb v1.0.0 (/opt/rustwide/workdir)
[INFO] [stderr]     Finished dev [unoptimized + debuginfo] target(s) in 12.81s
[INFO] running `Command { std: "docker" "inspect" "27f044c6ca9cd480e47cfb91b983cecfbf59357c7add06c380942d434c60977b", kill_on_drop: false }`
[INFO] running `Command { std: "docker" "rm" "-f" "27f044c6ca9cd480e47cfb91b983cecfbf59357c7add06c380942d434c60977b", kill_on_drop: false }`
[INFO] [stdout] 27f044c6ca9cd480e47cfb91b983cecfbf59357c7add06c380942d434c60977b
[INFO] running `Command { std: "docker" "create" "-v" "/var/lib/crater-agent-workspace/builds/worker-2-tc1/target:/opt/rustwide/target:rw,Z" "-v" "/var/lib/crater-agent-workspace/builds/worker-2-tc1/source:/opt/rustwide/workdir:ro,Z" "-v" "/var/lib/crater-agent-workspace/cargo-home:/opt/rustwide/cargo-home:ro,Z" "-v" "/var/lib/crater-agent-workspace/rustup-home:/opt/rustwide/rustup-home:ro,Z" "-e" "SOURCE_DIR=/opt/rustwide/workdir" "-e" "CARGO_TARGET_DIR=/opt/rustwide/target" "-e" "CARGO_INCREMENTAL=0" "-e" "RUST_BACKTRACE=full" "-e" "RUSTFLAGS=--cap-lints=warn" "-e" "RUSTDOCFLAGS=--cap-lints=warn" "-e" "CARGO_HOME=/opt/rustwide/cargo-home" "-e" "RUSTUP_HOME=/opt/rustwide/rustup-home" "-w" "/opt/rustwide/workdir" "-m" "1610612736" "--user" "0:0" "--network" "none" "ghcr.io/rust-lang/crates-build-env/linux@sha256:5ff2268d62e97bff2cde7d5815dd6ed5b47097566f13b8d0ca110b04b60e07ed" "/opt/rustwide/cargo-home/bin/cargo" "+1.69.0" "test" "--frozen" "--no-run" "--message-format=json", kill_on_drop: false }`
[INFO] [stdout] e49e4e35a61da342b20e51a1aa67b2702b80d227fc45763b8cc8add9c8995811
[INFO] running `Command { std: "docker" "start" "-a" "e49e4e35a61da342b20e51a1aa67b2702b80d227fc45763b8cc8add9c8995811", kill_on_drop: false }`
[INFO] [stderr]    Compiling parking_lot_core v0.9.7
[INFO] [stderr]    Compiling tokio v1.28.0
[INFO] [stderr]    Compiling tokio-macros v2.1.0
[INFO] [stderr]    Compiling parking_lot v0.12.1
[INFO] [stderr]    Compiling tokio-util v0.7.8
[INFO] [stderr]    Compiling tokio-native-tls v0.3.1
[INFO] [stderr]    Compiling h2 v0.3.18
[INFO] [stderr]    Compiling hyper v0.14.26
[INFO] [stderr]    Compiling hyper-tls v0.5.0
[INFO] [stderr]    Compiling reqwest v0.11.17
[INFO] [stderr]    Compiling otdb v1.0.0 (/opt/rustwide/workdir)
[INFO] [stdout] error[E0432]: unresolved import `crate::prelude`
[INFO] [stdout]  --> src/tests.rs:1:12
[INFO] [stdout]   |
[INFO] [stdout] 1 | use crate::prelude::*;
[INFO] [stdout]   |            ^^^^^^^
[INFO] [stdout]   |            |
[INFO] [stdout]   |            unresolved import
[INFO] [stdout]   |            help: a similar path exists: `base64::prelude`
[INFO] [stdout] 
[INFO] [stdout] 
[INFO] [stdout] error[E0432]: unresolved import `crate::blocking`
[INFO] [stdout]  --> src/tests.rs:2:5
[INFO] [stdout]   |
[INFO] [stdout] 2 | use crate::blocking;
[INFO] [stdout]   |     ^^^^^^^^^^^^^^^ no `blocking` in the root
[INFO] [stdout] 
[INFO] [stdout] 
[INFO] [stdout] error[E0433]: failed to resolve: use of undeclared type `Kind`
[INFO] [stdout]   --> src/tests.rs:13:15
[INFO] [stdout]    |
[INFO] [stdout] 13 |         .kind(Kind::Any)
[INFO] [stdout]    |               ^^^^ use of undeclared type `Kind`
[INFO] [stdout] 
[INFO] [stdout] 
[INFO] [stdout] error[E0433]: failed to resolve: use of undeclared type `Category`
[INFO] [stdout]   --> src/tests.rs:14:19
[INFO] [stdout]    |
[INFO] [stdout] 14 |         .category(Category::Any)
[INFO] [stdout]    |                   ^^^^^^^^ use of undeclared type `Category`
[INFO] [stdout] 
[INFO] [stdout] 
[INFO] [stdout] error[E0433]: failed to resolve: use of undeclared type `Difficulty`
[INFO] [stdout]   --> src/tests.rs:15:21
[INFO] [stdout]    |
[INFO] [stdout] 15 |         .difficulty(Difficulty::Any);
[INFO] [stdout]    |                     ^^^^^^^^^^ use of undeclared type `Difficulty`
[INFO] [stdout] 
[INFO] [stdout] 
[INFO] [stdout] error[E0433]: failed to resolve: use of undeclared type `Category`
[INFO] [stdout]   --> src/tests.rs:52:39
[INFO] [stdout]    |
[INFO] [stdout] 52 |     let res = client.category_details(Category::Computers).send().await?;
[INFO] [stdout]    |                                       ^^^^^^^^ use of undeclared type `Category`
[INFO] [stdout] 
[INFO] [stdout] 
[INFO] [stdout] error[E0433]: failed to resolve: use of undeclared type `Kind`
[INFO] [stdout]   --> src/tests.rs:73:14
[INFO] [stdout]    |
[INFO] [stdout] 73 |     req.kind(Kind::Any)
[INFO] [stdout]    |              ^^^^ use of undeclared type `Kind`
[INFO] [stdout] 
[INFO] [stdout] 
[INFO] [stdout] error[E0433]: failed to resolve: use of undeclared type `Category`
[INFO] [stdout]   --> src/tests.rs:74:19
[INFO] [stdout]    |
[INFO] [stdout] 74 |         .category(Category::Computers);
[INFO] [stdout]    |                   ^^^^^^^^ use of undeclared type `Category`
[INFO] [stdout] 
[INFO] [stdout] 
[INFO] [stdout] error[E0433]: failed to resolve: use of undeclared type `Kind`
[INFO] [stdout]   --> src/tests.rs:86:14
[INFO] [stdout]    |
[INFO] [stdout] 86 |     req.kind(Kind::Any)
[INFO] [stdout]    |              ^^^^ use of undeclared type `Kind`
[INFO] [stdout] 
[INFO] [stdout] 
[INFO] [stdout] error[E0433]: failed to resolve: use of undeclared type `Category`
[INFO] [stdout]   --> src/tests.rs:87:19
[INFO] [stdout]    |
[INFO] [stdout] 87 |         .category(Category::Computers);
[INFO] [stdout]    |                   ^^^^^^^^ use of undeclared type `Category`
[INFO] [stdout] 
[INFO] [stdout] 
[INFO] [stdout] error[E0433]: failed to resolve: use of undeclared type `Category`
[INFO] [stdout]    --> src/tests.rs:125:46
[INFO] [stdout]     |
[INFO] [stdout] 125 |     println!("{:?}", client.category_details(Category::BoardGames).send()?);
[INFO] [stdout]     |                                              ^^^^^^^^ use of undeclared type `Category`
[INFO] [stdout] 
[INFO] [stdout] 
[INFO] [stdout] error[E0433]: failed to resolve: use of undeclared type `Client`
[INFO] [stdout]  --> src/tests.rs:6:18
[INFO] [stdout]   |
[INFO] [stdout] 6 |     let client = Client::new();
[INFO] [stdout]   |                  ^^^^^^ use of undeclared type `Client`
[INFO] [stdout]   |
[INFO] [stdout] help: consider importing one of these items
[INFO] [stdout]   |
[INFO] [stdout] 1 | use crate::Client;
[INFO] [stdout]   |
[INFO] [stdout] 1 | use reqwest::Client;
[INFO] [stdout]   |
[INFO] [stdout] 
[INFO] [stdout] 
[INFO] [stdout] error[E0433]: failed to resolve: use of undeclared type `Client`
[INFO] [stdout]   --> src/tests.rs:26:18
[INFO] [stdout]    |
[INFO] [stdout] 26 |     let client = Client::new();
[INFO] [stdout]    |                  ^^^^^^ use of undeclared type `Client`
[INFO] [stdout]    |
[INFO] [stdout] help: consider importing one of these items
[INFO] [stdout]    |
[INFO] [stdout] 1  | use crate::Client;
[INFO] [stdout]    |
[INFO] [stdout] 1  | use reqwest::Client;
[INFO] [stdout]    |
[INFO] [stdout] 
[INFO] [stdout] 
[INFO] [stdout] error[E0433]: failed to resolve: use of undeclared type `Client`
[INFO] [stdout]   --> src/tests.rs:39:18
[INFO] [stdout]    |
[INFO] [stdout] 39 |     let client = Client::new();
[INFO] [stdout]    |                  ^^^^^^ use of undeclared type `Client`
[INFO] [stdout]    |
[INFO] [stdout] help: consider importing one of these items
[INFO] [stdout]    |
[INFO] [stdout] 1  | use crate::Client;
[INFO] [stdout]    |
[INFO] [stdout] 1  | use reqwest::Client;
[INFO] [stdout]    |
[INFO] [stdout] 
[INFO] [stdout] 
[INFO] [stdout] error[E0412]: cannot find type `Request` in this scope
[INFO] [stdout]   --> src/tests.rs:40:14
[INFO] [stdout]    |
[INFO] [stdout] 40 |     let res: Request<crate::model::TokenRequest> = client.new_request(String::from("https://opentdb.com/api_token.php?command=request"));
[INFO] [stdout]    |              ^^^^^^^ not found in this scope
[INFO] [stdout]    |
[INFO] [stdout] help: consider importing one of these items
[INFO] [stdout]    |
[INFO] [stdout] 1  | use crate::Request;
[INFO] [stdout]    |
[INFO] [stdout] 1  | use reqwest::Request;
[INFO] [stdout]    |
[INFO] [stdout] 
[INFO] [stdout] 
[INFO] [stdout] error[E0433]: failed to resolve: use of undeclared type `Client`
[INFO] [stdout]   --> src/tests.rs:51:18
[INFO] [stdout]    |
[INFO] [stdout] 51 |     let client = Client::new();
[INFO] [stdout]    |                  ^^^^^^ use of undeclared type `Client`
[INFO] [stdout]    |
[INFO] [stdout] help: consider importing one of these items
[INFO] [stdout]    |
[INFO] [stdout] 1  | use crate::Client;
[INFO] [stdout]    |
[INFO] [stdout] 1  | use reqwest::Client;
[INFO] [stdout]    |
[INFO] [stdout] 
[INFO] [stdout] 
[INFO] [stdout] error[E0433]: failed to resolve: use of undeclared type `Client`
[INFO] [stdout]   --> src/tests.rs:61:18
[INFO] [stdout]    |
[INFO] [stdout] 61 |     let client = Client::new();
[INFO] [stdout]    |                  ^^^^^^ use of undeclared type `Client`
[INFO] [stdout]    |
[INFO] [stdout] help: consider importing one of these items
[INFO] [stdout]    |
[INFO] [stdout] 1  | use crate::Client;
[INFO] [stdout]    |
[INFO] [stdout] 1  | use reqwest::Client;
[INFO] [stdout]    |
[INFO] [stdout] 
[INFO] [stdout] 
[INFO] [stdout] error[E0107]: enum takes 2 generic arguments but 1 generic argument was supplied
[INFO] [stdout]  --> src/tests.rs:5:26
[INFO] [stdout]   |
[INFO] [stdout] 5 | async fn get_trivia() -> Result<()> {
[INFO] [stdout]   |                          ^^^^^^ -- supplied 1 generic argument
[INFO] [stdout]   |                          |
[INFO] [stdout]   |                          expected 2 generic arguments
[INFO] [stdout]   |
[INFO] [stdout] help: add missing generic argument
[INFO] [stdout]   |
[INFO] [stdout] 5 | async fn get_trivia() -> Result<(), E> {
[INFO] [stdout]   |                                   +++
[INFO] [stdout] 
[INFO] [stdout] 
[INFO] [stdout] error[E0107]: enum takes 2 generic arguments but 1 generic argument was supplied
[INFO] [stdout]   --> src/tests.rs:25:29
[INFO] [stdout]    |
[INFO] [stdout] 25 | async fn owned_request() -> Result<()> {
[INFO] [stdout]    |                             ^^^^^^ -- supplied 1 generic argument
[INFO] [stdout]    |                             |
[INFO] [stdout]    |                             expected 2 generic arguments
[INFO] [stdout]    |
[INFO] [stdout] help: add missing generic argument
[INFO] [stdout]    |
[INFO] [stdout] 25 | async fn owned_request() -> Result<(), E> {
[INFO] [stdout]    |                                      +++
[INFO] [stdout] 
[INFO] [stdout] 
[INFO] [stdout] error[E0107]: enum takes 2 generic arguments but 1 generic argument was supplied
[INFO] [stdout]   --> src/tests.rs:38:31
[INFO] [stdout]    |
[INFO] [stdout] 38 | async fn custom_endpoint() -> Result<()> {
[INFO] [stdout]    |                               ^^^^^^ -- supplied 1 generic argument
[INFO] [stdout]    |                               |
[INFO] [stdout]    |                               expected 2 generic arguments
[INFO] [stdout]    |
[INFO] [stdout] help: add missing generic argument
[INFO] [stdout]    |
[INFO] [stdout] 38 | async fn custom_endpoint() -> Result<(), E> {
[INFO] [stdout]    |                                        +++
[INFO] [stdout] 
[INFO] [stdout] 
[INFO] [stdout] error[E0107]: enum takes 2 generic arguments but 1 generic argument was supplied
[INFO] [stdout]   --> src/tests.rs:50:32
[INFO] [stdout]    |
[INFO] [stdout] 50 | async fn category_details() -> Result<()> {
[INFO] [stdout]    |                                ^^^^^^ -- supplied 1 generic argument
[INFO] [stdout]    |                                |
[INFO] [stdout]    |                                expected 2 generic arguments
[INFO] [stdout]    |
[INFO] [stdout] help: add missing generic argument
[INFO] [stdout]    |
[INFO] [stdout] 50 | async fn category_details() -> Result<(), E> {
[INFO] [stdout]    |                                         +++
[INFO] [stdout] 
[INFO] [stdout] 
[INFO] [stdout] error[E0107]: enum takes 2 generic arguments but 1 generic argument was supplied
[INFO] [stdout]   --> src/tests.rs:60:30
[INFO] [stdout]    |
[INFO] [stdout] 60 | async fn global_details() -> Result<()> {
[INFO] [stdout]    |                              ^^^^^^ -- supplied 1 generic argument
[INFO] [stdout]    |                              |
[INFO] [stdout]    |                              expected 2 generic arguments
[INFO] [stdout]    |
[INFO] [stdout] help: add missing generic argument
[INFO] [stdout]    |
[INFO] [stdout] 60 | async fn global_details() -> Result<(), E> {
[INFO] [stdout]    |                                       +++
[INFO] [stdout] 
[INFO] [stdout] 
[INFO] [stdout] error[E0107]: enum takes 2 generic arguments but 1 generic argument was supplied
[INFO] [stdout]   --> src/tests.rs:70:25
[INFO] [stdout]    |
[INFO] [stdout] 70 | fn blocking_trivia() -> Result<()> {
[INFO] [stdout]    |                         ^^^^^^ -- supplied 1 generic argument
[INFO] [stdout]    |                         |
[INFO] [stdout]    |                         expected 2 generic arguments
[INFO] [stdout]    |
[INFO] [stdout] help: add missing generic argument
[INFO] [stdout]    |
[INFO] [stdout] 70 | fn blocking_trivia() -> Result<(), E> {
[INFO] [stdout]    |                                  +++
[INFO] [stdout] 
[INFO] [stdout] 
[INFO] [stdout] error[E0107]: enum takes 2 generic arguments but 1 generic argument was supplied
[INFO] [stdout]   --> src/tests.rs:83:31
[INFO] [stdout]    |
[INFO] [stdout] 83 | fn blocking_trivia_owned() -> Result<()> {
[INFO] [stdout]    |                               ^^^^^^ -- supplied 1 generic argument
[INFO] [stdout]    |                               |
[INFO] [stdout]    |                               expected 2 generic arguments
[INFO] [stdout]    |
[INFO] [stdout] help: add missing generic argument
[INFO] [stdout]    |
[INFO] [stdout] 83 | fn blocking_trivia_owned() -> Result<(), E> {
[INFO] [stdout]    |                                        +++
[INFO] [stdout] 
[INFO] [stdout] 
[INFO] [stdout] error[E0107]: enum takes 2 generic arguments but 1 generic argument was supplied
[INFO] [stdout]   --> src/tests.rs:96:35
[INFO] [stdout]    |
[INFO] [stdout] 96 | fn blocking_multiple_threads() -> Result<()> {
[INFO] [stdout]    |                                   ^^^^^^ -- supplied 1 generic argument
[INFO] [stdout]    |                                   |
[INFO] [stdout]    |                                   expected 2 generic arguments
[INFO] [stdout]    |
[INFO] [stdout] help: add missing generic argument
[INFO] [stdout]    |
[INFO] [stdout] 96 | fn blocking_multiple_threads() -> Result<(), E> {
[INFO] [stdout]    |                                            +++
[INFO] [stdout] 
[INFO] [stdout] 
[INFO] [stdout] error[E0107]: enum takes 2 generic arguments but 1 generic argument was supplied
[INFO] [stdout]    --> src/tests.rs:115:28
[INFO] [stdout]     |
[INFO] [stdout] 115 | fn blocking_use_token() -> Result<()> {
[INFO] [stdout]     |                            ^^^^^^ -- supplied 1 generic argument
[INFO] [stdout]     |                            |
[INFO] [stdout]     |                            expected 2 generic arguments
[INFO] [stdout]     |
[INFO] [stdout] help: add missing generic argument
[INFO] [stdout]     |
[INFO] [stdout] 115 | fn blocking_use_token() -> Result<(), E> {
[INFO] [stdout]     |                                     +++
[INFO] [stdout] 
[INFO] [stdout] 
[INFO] [stdout] error[E0107]: enum takes 2 generic arguments but 1 generic argument was supplied
[INFO] [stdout]    --> src/tests.rs:123:35
[INFO] [stdout]     |
[INFO] [stdout] 123 | fn blocking_category_details() -> Result<()> {
[INFO] [stdout]     |                                   ^^^^^^ -- supplied 1 generic argument
[INFO] [stdout]     |                                   |
[INFO] [stdout]     |                                   expected 2 generic arguments
[INFO] [stdout]     |
[INFO] [stdout] help: add missing generic argument
[INFO] [stdout]     |
[INFO] [stdout] 123 | fn blocking_category_details() -> Result<(), E> {
[INFO] [stdout]     |                                            +++
[INFO] [stdout] 
[INFO] [stdout] 
[INFO] [stdout] error[E0107]: enum takes 2 generic arguments but 1 generic argument was supplied
[INFO] [stdout]    --> src/tests.rs:131:33
[INFO] [stdout]     |
[INFO] [stdout] 131 | fn blocking_global_details() -> Result<()> {
[INFO] [stdout]     |                                 ^^^^^^ -- supplied 1 generic argument
[INFO] [stdout]     |                                 |
[INFO] [stdout]     |                                 expected 2 generic arguments
[INFO] [stdout]     |
[INFO] [stdout] help: add missing generic argument
[INFO] [stdout]     |
[INFO] [stdout] 131 | fn blocking_global_details() -> Result<(), E> {
[INFO] [stdout]     |                                          +++
[INFO] [stdout] 
[INFO] [stdout] 
[INFO] [stdout] error: aborting due to 28 previous errors
[INFO] [stdout] 
[INFO] [stdout] 
[INFO] [stdout] Some errors have detailed explanations: E0107, E0412, E0432, E0433.
[INFO] [stdout] 
[INFO] [stdout] For more information about an error, try `rustc --explain E0107`.
[INFO] [stdout] 
[INFO] [stderr] error: could not compile `otdb` due to 29 previous errors
[INFO] running `Command { std: "docker" "inspect" "e49e4e35a61da342b20e51a1aa67b2702b80d227fc45763b8cc8add9c8995811", kill_on_drop: false }`
[INFO] running `Command { std: "docker" "rm" "-f" "e49e4e35a61da342b20e51a1aa67b2702b80d227fc45763b8cc8add9c8995811", kill_on_drop: false }`
[INFO] [stdout] e49e4e35a61da342b20e51a1aa67b2702b80d227fc45763b8cc8add9c8995811
