[INFO] fetching crate osqp-rust-sys 0.6.2...
[INFO] testing osqp-rust-sys-0.6.2 against beta-2023-04-20 for beta-1.70-1
[INFO] extracting crate osqp-rust-sys 0.6.2 into /workspace/builds/worker-4-tc2/source
[INFO] validating manifest of crates.io crate osqp-rust-sys 0.6.2 on toolchain beta-2023-04-20
[INFO] running `Command { std: CARGO_HOME="/workspace/cargo-home" RUSTUP_HOME="/workspace/rustup-home" "/workspace/cargo-home/bin/cargo" "+beta-2023-04-20" "metadata" "--manifest-path" "Cargo.toml" "--no-deps", kill_on_drop: false }`
[INFO] removed /workspace/builds/worker-4-tc2/source/rust-toolchain
[INFO] started tweaking crates.io crate osqp-rust-sys 0.6.2
[INFO] finished tweaking crates.io crate osqp-rust-sys 0.6.2
[INFO] tweaked toml for crates.io crate osqp-rust-sys 0.6.2 written to /workspace/builds/worker-4-tc2/source/Cargo.toml
[INFO] crate crates.io crate osqp-rust-sys 0.6.2 already has a lockfile, it will not be regenerated
[INFO] running `Command { std: CARGO_HOME="/workspace/cargo-home" RUSTUP_HOME="/workspace/rustup-home" "/workspace/cargo-home/bin/cargo" "+beta-2023-04-20" "fetch" "--manifest-path" "Cargo.toml", kill_on_drop: false }`
[INFO] running `Command { std: "docker" "create" "-v" "/var/lib/crater-agent-workspace/builds/worker-4-tc2/target:/opt/rustwide/target:rw,Z" "-v" "/var/lib/crater-agent-workspace/builds/worker-4-tc2/source:/opt/rustwide/workdir:ro,Z" "-v" "/var/lib/crater-agent-workspace/cargo-home:/opt/rustwide/cargo-home:ro,Z" "-v" "/var/lib/crater-agent-workspace/rustup-home:/opt/rustwide/rustup-home:ro,Z" "-e" "SOURCE_DIR=/opt/rustwide/workdir" "-e" "CARGO_TARGET_DIR=/opt/rustwide/target" "-e" "CARGO_HOME=/opt/rustwide/cargo-home" "-e" "RUSTUP_HOME=/opt/rustwide/rustup-home" "-w" "/opt/rustwide/workdir" "-m" "1610612736" "--user" "0:0" "--network" "none" "ghcr.io/rust-lang/crates-build-env/linux@sha256:5ff2268d62e97bff2cde7d5815dd6ed5b47097566f13b8d0ca110b04b60e07ed" "/opt/rustwide/cargo-home/bin/cargo" "+beta-2023-04-20" "metadata" "--no-deps" "--format-version=1", kill_on_drop: false }`
[INFO] [stdout] 91091093e21d210541b08023ea6895823a3766d36fc69d3f616fb39f06af284c
[INFO] running `Command { std: "docker" "start" "-a" "91091093e21d210541b08023ea6895823a3766d36fc69d3f616fb39f06af284c", kill_on_drop: false }`
[INFO] running `Command { std: "docker" "inspect" "91091093e21d210541b08023ea6895823a3766d36fc69d3f616fb39f06af284c", kill_on_drop: false }`
[INFO] running `Command { std: "docker" "rm" "-f" "91091093e21d210541b08023ea6895823a3766d36fc69d3f616fb39f06af284c", kill_on_drop: false }`
[INFO] [stdout] 91091093e21d210541b08023ea6895823a3766d36fc69d3f616fb39f06af284c
[INFO] running `Command { std: "docker" "create" "-v" "/var/lib/crater-agent-workspace/builds/worker-4-tc2/target:/opt/rustwide/target:rw,Z" "-v" "/var/lib/crater-agent-workspace/builds/worker-4-tc2/source:/opt/rustwide/workdir:ro,Z" "-v" "/var/lib/crater-agent-workspace/cargo-home:/opt/rustwide/cargo-home:ro,Z" "-v" "/var/lib/crater-agent-workspace/rustup-home:/opt/rustwide/rustup-home:ro,Z" "-e" "SOURCE_DIR=/opt/rustwide/workdir" "-e" "CARGO_TARGET_DIR=/opt/rustwide/target" "-e" "CARGO_INCREMENTAL=0" "-e" "RUST_BACKTRACE=full" "-e" "RUSTFLAGS=--cap-lints=warn" "-e" "RUSTDOCFLAGS=--cap-lints=warn" "-e" "CARGO_HOME=/opt/rustwide/cargo-home" "-e" "RUSTUP_HOME=/opt/rustwide/rustup-home" "-w" "/opt/rustwide/workdir" "-m" "1610612736" "--user" "0:0" "--network" "none" "ghcr.io/rust-lang/crates-build-env/linux@sha256:5ff2268d62e97bff2cde7d5815dd6ed5b47097566f13b8d0ca110b04b60e07ed" "/opt/rustwide/cargo-home/bin/cargo" "+beta-2023-04-20" "build" "--frozen" "--message-format=json", kill_on_drop: false }`
[INFO] [stdout] 7132acd7c306c1ce61006f224eae5a0afeaf36d281684cb64e3dd25c18a3cc56
[INFO] running `Command { std: "docker" "start" "-a" "7132acd7c306c1ce61006f224eae5a0afeaf36d281684cb64e3dd25c18a3cc56", kill_on_drop: false }`
[INFO] [stderr]    Compiling osqp-rust-sys v0.6.2 (/opt/rustwide/workdir)
[INFO] [stdout] error[E0554]: `#![feature]` may not be used on the beta release channel
[INFO] [stdout]  --> lib.rs:8:1
[INFO] [stdout]   |
[INFO] [stdout] 8 | #![feature(extern_types)]
[INFO] [stdout]   | ^^^^^^^^^^^^^^^^^^^^^^^^^
[INFO] [stdout] 
[INFO] [stdout] 
[INFO] [stdout] error[E0554]: `#![feature]` may not be used on the beta release channel
[INFO] [stdout]  --> lib.rs:9:1
[INFO] [stdout]   |
[INFO] [stdout] 9 | #![feature(linkage)]
[INFO] [stdout]   | ^^^^^^^^^^^^^^^^^^^^
[INFO] [stdout] 
[INFO] [stdout] 
[INFO] [stdout] error[E0554]: `#![feature]` may not be used on the beta release channel
[INFO] [stdout]   --> lib.rs:10:1
[INFO] [stdout]    |
[INFO] [stdout] 10 | #![feature(register_tool)]
[INFO] [stdout]    | ^^^^^^^^^^^^^^^^^^^^^^^^^^
[INFO] [stdout] 
[INFO] [stdout] 
[INFO] [stdout] error: aborting due to 3 previous errors
[INFO] [stdout] 
[INFO] [stdout] 
[INFO] [stdout] For more information about this error, try `rustc --explain E0554`.
[INFO] [stdout] 
[INFO] [stderr] error: could not compile `osqp-rust-sys` (lib) due to 4 previous errors
[INFO] running `Command { std: "docker" "inspect" "7132acd7c306c1ce61006f224eae5a0afeaf36d281684cb64e3dd25c18a3cc56", kill_on_drop: false }`
[INFO] running `Command { std: "docker" "rm" "-f" "7132acd7c306c1ce61006f224eae5a0afeaf36d281684cb64e3dd25c18a3cc56", kill_on_drop: false }`
[INFO] [stdout] 7132acd7c306c1ce61006f224eae5a0afeaf36d281684cb64e3dd25c18a3cc56
