[INFO] fetching crate opentelemetry-contrib 0.11.0...
[INFO] testing opentelemetry-contrib-0.11.0 against 1.69.0 for beta-1.70-1
[INFO] extracting crate opentelemetry-contrib 0.11.0 into /workspace/builds/worker-0-tc1/source
[INFO] validating manifest of crates.io crate opentelemetry-contrib 0.11.0 on toolchain 1.69.0
[INFO] running `Command { std: CARGO_HOME="/workspace/cargo-home" RUSTUP_HOME="/workspace/rustup-home" "/workspace/cargo-home/bin/cargo" "+1.69.0" "metadata" "--manifest-path" "Cargo.toml" "--no-deps", kill_on_drop: false }`
[INFO] started tweaking crates.io crate opentelemetry-contrib 0.11.0
[INFO] finished tweaking crates.io crate opentelemetry-contrib 0.11.0
[INFO] tweaked toml for crates.io crate opentelemetry-contrib 0.11.0 written to /workspace/builds/worker-0-tc1/source/Cargo.toml
[INFO] running `Command { std: CARGO_HOME="/workspace/cargo-home" RUSTUP_HOME="/workspace/rustup-home" __CARGO_TEST_CHANNEL_OVERRIDE_DO_NOT_USE_THIS="nightly" "/workspace/cargo-home/bin/cargo" "+1.69.0" "generate-lockfile" "--manifest-path" "Cargo.toml" "-Zno-index-update", kill_on_drop: false }`
[INFO] running `Command { std: CARGO_HOME="/workspace/cargo-home" RUSTUP_HOME="/workspace/rustup-home" "/workspace/cargo-home/bin/cargo" "+1.69.0" "fetch" "--manifest-path" "Cargo.toml", kill_on_drop: false }`
[INFO] [stderr]     Blocking waiting for file lock on package cache
[INFO] [stderr]  Downloading crates ...
[INFO] [stderr]   Downloaded opentelemetry v0.19.0
[INFO] [stderr]   Downloaded opentelemetry_sdk v0.19.0
[INFO] [stderr]   Downloaded opentelemetry_api v0.19.0
[INFO] running `Command { std: "docker" "create" "-v" "/var/lib/crater-agent-workspace/builds/worker-0-tc1/target:/opt/rustwide/target:rw,Z" "-v" "/var/lib/crater-agent-workspace/builds/worker-0-tc1/source:/opt/rustwide/workdir:ro,Z" "-v" "/var/lib/crater-agent-workspace/cargo-home:/opt/rustwide/cargo-home:ro,Z" "-v" "/var/lib/crater-agent-workspace/rustup-home:/opt/rustwide/rustup-home:ro,Z" "-e" "SOURCE_DIR=/opt/rustwide/workdir" "-e" "CARGO_TARGET_DIR=/opt/rustwide/target" "-e" "CARGO_HOME=/opt/rustwide/cargo-home" "-e" "RUSTUP_HOME=/opt/rustwide/rustup-home" "-w" "/opt/rustwide/workdir" "-m" "1610612736" "--user" "0:0" "--network" "none" "ghcr.io/rust-lang/crates-build-env/linux@sha256:5ff2268d62e97bff2cde7d5815dd6ed5b47097566f13b8d0ca110b04b60e07ed" "/opt/rustwide/cargo-home/bin/cargo" "+1.69.0" "metadata" "--no-deps" "--format-version=1", kill_on_drop: false }`
[INFO] [stdout] 231ff35a483dbc0a1042c535948888d31c553929186de537f8861049dc95f7de
[INFO] running `Command { std: "docker" "start" "-a" "231ff35a483dbc0a1042c535948888d31c553929186de537f8861049dc95f7de", kill_on_drop: false }`
[INFO] running `Command { std: "docker" "inspect" "231ff35a483dbc0a1042c535948888d31c553929186de537f8861049dc95f7de", kill_on_drop: false }`
[INFO] running `Command { std: "docker" "rm" "-f" "231ff35a483dbc0a1042c535948888d31c553929186de537f8861049dc95f7de", kill_on_drop: false }`
[INFO] [stdout] 231ff35a483dbc0a1042c535948888d31c553929186de537f8861049dc95f7de
[INFO] running `Command { std: "docker" "create" "-v" "/var/lib/crater-agent-workspace/builds/worker-0-tc1/target:/opt/rustwide/target:rw,Z" "-v" "/var/lib/crater-agent-workspace/builds/worker-0-tc1/source:/opt/rustwide/workdir:ro,Z" "-v" "/var/lib/crater-agent-workspace/cargo-home:/opt/rustwide/cargo-home:ro,Z" "-v" "/var/lib/crater-agent-workspace/rustup-home:/opt/rustwide/rustup-home:ro,Z" "-e" "SOURCE_DIR=/opt/rustwide/workdir" "-e" "CARGO_TARGET_DIR=/opt/rustwide/target" "-e" "CARGO_INCREMENTAL=0" "-e" "RUST_BACKTRACE=full" "-e" "RUSTFLAGS=--cap-lints=warn" "-e" "RUSTDOCFLAGS=--cap-lints=warn" "-e" "CARGO_HOME=/opt/rustwide/cargo-home" "-e" "RUSTUP_HOME=/opt/rustwide/rustup-home" "-w" "/opt/rustwide/workdir" "-m" "1610612736" "--user" "0:0" "--network" "none" "ghcr.io/rust-lang/crates-build-env/linux@sha256:5ff2268d62e97bff2cde7d5815dd6ed5b47097566f13b8d0ca110b04b60e07ed" "/opt/rustwide/cargo-home/bin/cargo" "+1.69.0" "build" "--frozen" "--message-format=json", kill_on_drop: false }`
[INFO] [stdout] 3dc44fc34947f41c9c79462d9baf9aecadfc7ca54ba70a6bfe82b388322b2907
[INFO] running `Command { std: "docker" "start" "-a" "3dc44fc34947f41c9c79462d9baf9aecadfc7ca54ba70a6bfe82b388322b2907", kill_on_drop: false }`
[INFO] [stderr]    Compiling libc v0.2.142
[INFO] [stderr]    Compiling futures-util v0.3.28
[INFO] [stderr]    Compiling futures-sink v0.3.28
[INFO] [stderr]    Compiling thiserror v1.0.40
[INFO] [stderr]    Compiling futures-channel v0.3.28
[INFO] [stderr]    Compiling crossbeam-utils v0.8.15
[INFO] [stderr]    Compiling hashbrown v0.12.3
[INFO] [stderr]    Compiling indexmap v1.9.3
[INFO] [stderr]    Compiling once_cell v1.17.1
[INFO] [stderr]    Compiling urlencoding v2.1.2
[INFO] [stderr]    Compiling percent-encoding v2.2.0
[INFO] [stderr]    Compiling syn v2.0.15
[INFO] [stderr]    Compiling crossbeam-channel v0.5.8
[INFO] [stderr]    Compiling getrandom v0.2.9
[INFO] [stderr]    Compiling rand_core v0.6.4
[INFO] [stderr]    Compiling rand_chacha v0.3.1
[INFO] [stderr]    Compiling rand v0.8.5
[INFO] [stderr]    Compiling futures-macro v0.3.28
[INFO] [stderr]    Compiling thiserror-impl v1.0.40
[INFO] [stderr]    Compiling async-trait v0.1.68
[INFO] [stderr]    Compiling futures-executor v0.3.28
[INFO] [stderr]    Compiling opentelemetry_api v0.19.0
[INFO] [stderr]    Compiling opentelemetry_sdk v0.19.0
[INFO] [stderr]    Compiling opentelemetry v0.19.0
[INFO] [stderr]    Compiling opentelemetry-contrib v0.11.0 (/opt/rustwide/workdir)
[INFO] [stderr]     Finished dev [unoptimized + debuginfo] target(s) in 11.97s
[INFO] running `Command { std: "docker" "inspect" "3dc44fc34947f41c9c79462d9baf9aecadfc7ca54ba70a6bfe82b388322b2907", kill_on_drop: false }`
[INFO] running `Command { std: "docker" "rm" "-f" "3dc44fc34947f41c9c79462d9baf9aecadfc7ca54ba70a6bfe82b388322b2907", kill_on_drop: false }`
[INFO] [stdout] 3dc44fc34947f41c9c79462d9baf9aecadfc7ca54ba70a6bfe82b388322b2907
[INFO] running `Command { std: "docker" "create" "-v" "/var/lib/crater-agent-workspace/builds/worker-0-tc1/target:/opt/rustwide/target:rw,Z" "-v" "/var/lib/crater-agent-workspace/builds/worker-0-tc1/source:/opt/rustwide/workdir:ro,Z" "-v" "/var/lib/crater-agent-workspace/cargo-home:/opt/rustwide/cargo-home:ro,Z" "-v" "/var/lib/crater-agent-workspace/rustup-home:/opt/rustwide/rustup-home:ro,Z" "-e" "SOURCE_DIR=/opt/rustwide/workdir" "-e" "CARGO_TARGET_DIR=/opt/rustwide/target" "-e" "CARGO_INCREMENTAL=0" "-e" "RUST_BACKTRACE=full" "-e" "RUSTFLAGS=--cap-lints=warn" "-e" "RUSTDOCFLAGS=--cap-lints=warn" "-e" "CARGO_HOME=/opt/rustwide/cargo-home" "-e" "RUSTUP_HOME=/opt/rustwide/rustup-home" "-w" "/opt/rustwide/workdir" "-m" "1610612736" "--user" "0:0" "--network" "none" "ghcr.io/rust-lang/crates-build-env/linux@sha256:5ff2268d62e97bff2cde7d5815dd6ed5b47097566f13b8d0ca110b04b60e07ed" "/opt/rustwide/cargo-home/bin/cargo" "+1.69.0" "test" "--frozen" "--no-run" "--message-format=json", kill_on_drop: false }`
[INFO] [stdout] efc127bbabd6a80e64f742d8ac20276f61c38dd344d69e19a5db59a05c90a5b0
[INFO] running `Command { std: "docker" "start" "-a" "efc127bbabd6a80e64f742d8ac20276f61c38dd344d69e19a5db59a05c90a5b0", kill_on_drop: false }`
[INFO] [stderr]    Compiling base64 v0.13.1
[INFO] [stderr]    Compiling opentelemetry-contrib v0.11.0 (/opt/rustwide/workdir)
[INFO] [stdout] error[E0433]: failed to resolve: could not find `testing` in `opentelemetry`
[INFO] [stdout]    --> src/trace/propagator/trace_context_response.rs:135:25
[INFO] [stdout]     |
[INFO] [stdout] 135 |     use opentelemetry::{testing::trace::TestSpan, trace::TraceState};
[INFO] [stdout]     |                         ^^^^^^^ could not find `testing` in `opentelemetry`
[INFO] [stdout] 
[INFO] [stdout] 
[INFO] [stdout] error[E0599]: no function or associated item named `from_u128` found for struct `opentelemetry::trace::TraceId` in the current scope
[INFO] [stdout]   --> src/trace/propagator/binary/binary_propagator.rs:98:25
[INFO] [stdout]    |
[INFO] [stdout] 98 |                TraceId::from_u128(0x4bf9_2f35_77b3_4da6_a3ce_929d_0e0e_4736),
[INFO] [stdout]    |                         ^^^^^^^^^ function or associated item not found in `TraceId`
[INFO] [stdout] 
[INFO] [stdout] 
[INFO] [stdout] error[E0599]: no function or associated item named `from_u64` found for struct `opentelemetry::trace::SpanId` in the current scope
[INFO] [stdout]   --> src/trace/propagator/binary/binary_propagator.rs:99:24
[INFO] [stdout]    |
[INFO] [stdout] 99 |                SpanId::from_u64(0x00f0_67aa_0ba9_02b7), TraceFlags::SAMPLED, true, TraceState::default()), [
[INFO] [stdout]    |                        ^^^^^^^^ function or associated item not found in `SpanId`
[INFO] [stdout] 
[INFO] [stdout] 
[INFO] [stdout] error[E0599]: no function or associated item named `from_u128` found for struct `opentelemetry::trace::TraceId` in the current scope
[INFO] [stdout]    --> src/trace/propagator/binary/binary_propagator.rs:106:25
[INFO] [stdout]     |
[INFO] [stdout] 106 |                TraceId::from_u128(0x4bf9_2f35_77b3_4da6_a3ce_929d_0e0e_4736),
[INFO] [stdout]     |                         ^^^^^^^^^ function or associated item not found in `TraceId`
[INFO] [stdout] 
[INFO] [stdout] 
[INFO] [stdout] error[E0599]: no function or associated item named `from_u64` found for struct `opentelemetry::trace::SpanId` in the current scope
[INFO] [stdout]    --> src/trace/propagator/binary/binary_propagator.rs:107:24
[INFO] [stdout]     |
[INFO] [stdout] 107 |                SpanId::from_u64(0x00f0_67aa_0ba9_02b7), TraceFlags::default(), true, TraceState::default()), [
[INFO] [stdout]     |                        ^^^^^^^^ function or associated item not found in `SpanId`
[INFO] [stdout] 
[INFO] [stdout] 
[INFO] [stdout] error[E0599]: no function or associated item named `from_u128` found for struct `opentelemetry::trace::TraceId` in the current scope
[INFO] [stdout]    --> src/trace/propagator/binary/binary_propagator.rs:121:40
[INFO] [stdout]     |
[INFO] [stdout] 121 | ...   (SpanContext::new(TraceId::from_u128(0x4bf9_2f35_77b3_4da6_a3ce_929d_0e0e_4736),SpanId::from_u64(0x00f0_67aa_0ba9_02b7), TraceFlags...
[INFO] [stdout]     |                                  ^^^^^^^^^ function or associated item not found in `TraceId`
[INFO] [stdout] 
[INFO] [stdout] 
[INFO] [stdout] error[E0599]: no function or associated item named `from_u64` found for struct `opentelemetry::trace::SpanId` in the current scope
[INFO] [stdout]    --> src/trace/propagator/binary/binary_propagator.rs:121:101
[INFO] [stdout]     |
[INFO] [stdout] 121 | ...7b3_4da6_a3ce_929d_0e0e_4736),SpanId::from_u64(0x00f0_67aa_0ba9_02b7), TraceFlags::SAMPLED, true, TraceState::default()), vec![
[INFO] [stdout]     |                                          ^^^^^^^^ function or associated item not found in `SpanId`
[INFO] [stdout] 
[INFO] [stdout] 
[INFO] [stdout] error[E0599]: no function or associated item named `from_u128` found for struct `opentelemetry::trace::TraceId` in the current scope
[INFO] [stdout]    --> src/trace/propagator/binary/binary_propagator.rs:127:40
[INFO] [stdout]     |
[INFO] [stdout] 127 | ...   (SpanContext::new(TraceId::from_u128(0x4bf9_2f35_77b3_4da6_a3ce_929d_0e0e_4736),SpanId::from_u64(0x00f0_67aa_0ba9_02b7), TraceFlags...
[INFO] [stdout]     |                                  ^^^^^^^^^ function or associated item not found in `TraceId`
[INFO] [stdout] 
[INFO] [stdout] 
[INFO] [stdout] error[E0599]: no function or associated item named `from_u64` found for struct `opentelemetry::trace::SpanId` in the current scope
[INFO] [stdout]    --> src/trace/propagator/binary/binary_propagator.rs:127:101
[INFO] [stdout]     |
[INFO] [stdout] 127 | ...7b3_4da6_a3ce_929d_0e0e_4736),SpanId::from_u64(0x00f0_67aa_0ba9_02b7), TraceFlags::SAMPLED, true, TraceState::default()), vec![
[INFO] [stdout]     |                                          ^^^^^^^^ function or associated item not found in `SpanId`
[INFO] [stdout] 
[INFO] [stdout] 
[INFO] [stdout] error[E0599]: no function or associated item named `from_u128` found for struct `opentelemetry::trace::TraceId` in the current scope
[INFO] [stdout]    --> src/trace/propagator/binary/binary_propagator.rs:133:40
[INFO] [stdout]     |
[INFO] [stdout] 133 | ...   (SpanContext::new(TraceId::from_u128(0x4bf9_2f35_77b3_4da6_a3ce_929d_0e0e_4736),SpanId::from_u64(0x00f0_67aa_0ba9_02b7), TraceFlags...
[INFO] [stdout]     |                                  ^^^^^^^^^ function or associated item not found in `TraceId`
[INFO] [stdout] 
[INFO] [stdout] 
[INFO] [stdout] error[E0599]: no function or associated item named `from_u64` found for struct `opentelemetry::trace::SpanId` in the current scope
[INFO] [stdout]    --> src/trace/propagator/binary/binary_propagator.rs:133:101
[INFO] [stdout]     |
[INFO] [stdout] 133 | ...7b3_4da6_a3ce_929d_0e0e_4736),SpanId::from_u64(0x00f0_67aa_0ba9_02b7), TraceFlags::default(), true, TraceState::default()), vec![
[INFO] [stdout]     |                                          ^^^^^^^^ function or associated item not found in `SpanId`
[INFO] [stdout] 
[INFO] [stdout] 
[INFO] [stdout] error[E0599]: no function or associated item named `from_u128` found for struct `opentelemetry::trace::TraceId` in the current scope
[INFO] [stdout]    --> src/trace/propagator/trace_context_response.rs:145:99
[INFO] [stdout]     |
[INFO] [stdout] 145 | ...902b7-00", SpanContext::new(TraceId::from_u128(0x4bf9_2f35_77b3_4da6_a3ce_929d_0e0e_4736), SpanId::from_u64(0x00f0_67aa_0ba9_02b7), Tr...
[INFO] [stdout]     |                                         ^^^^^^^^^ function or associated item not found in `TraceId`
[INFO] [stdout] 
[INFO] [stdout] 
[INFO] [stdout] error[E0599]: no function or associated item named `from_u64` found for struct `opentelemetry::trace::SpanId` in the current scope
[INFO] [stdout]    --> src/trace/propagator/trace_context_response.rs:145:161
[INFO] [stdout]     |
[INFO] [stdout] 145 | ...b3_4da6_a3ce_929d_0e0e_4736), SpanId::from_u64(0x00f0_67aa_0ba9_02b7), TraceFlags::default(), true, TraceState::default())),
[INFO] [stdout]     |                                          ^^^^^^^^ function or associated item not found in `SpanId`
[INFO] [stdout] 
[INFO] [stdout] 
[INFO] [stdout] error[E0599]: no function or associated item named `from_u128` found for struct `opentelemetry::trace::TraceId` in the current scope
[INFO] [stdout]    --> src/trace/propagator/trace_context_response.rs:146:99
[INFO] [stdout]     |
[INFO] [stdout] 146 | ...902b7-01", SpanContext::new(TraceId::from_u128(0x4bf9_2f35_77b3_4da6_a3ce_929d_0e0e_4736), SpanId::from_u64(0x00f0_67aa_0ba9_02b7), Tr...
[INFO] [stdout]     |                                         ^^^^^^^^^ function or associated item not found in `TraceId`
[INFO] [stdout] 
[INFO] [stdout] 
[INFO] [stdout] error[E0599]: no function or associated item named `from_u64` found for struct `opentelemetry::trace::SpanId` in the current scope
[INFO] [stdout]    --> src/trace/propagator/trace_context_response.rs:146:161
[INFO] [stdout]     |
[INFO] [stdout] 146 | ...b3_4da6_a3ce_929d_0e0e_4736), SpanId::from_u64(0x00f0_67aa_0ba9_02b7), TraceFlags::SAMPLED, true, TraceState::default())),
[INFO] [stdout]     |                                          ^^^^^^^^ function or associated item not found in `SpanId`
[INFO] [stdout] 
[INFO] [stdout] 
[INFO] [stdout] error[E0599]: no function or associated item named `from_u128` found for struct `opentelemetry::trace::TraceId` in the current scope
[INFO] [stdout]    --> src/trace/propagator/trace_context_response.rs:147:99
[INFO] [stdout]     |
[INFO] [stdout] 147 | ...902b7-01", SpanContext::new(TraceId::from_u128(0x4bf9_2f35_77b3_4da6_a3ce_929d_0e0e_4736), SpanId::from_u64(0x00f0_67aa_0ba9_02b7), Tr...
[INFO] [stdout]     |                                         ^^^^^^^^^ function or associated item not found in `TraceId`
[INFO] [stdout] 
[INFO] [stdout] 
[INFO] [stdout] error[E0599]: no function or associated item named `from_u64` found for struct `opentelemetry::trace::SpanId` in the current scope
[INFO] [stdout]    --> src/trace/propagator/trace_context_response.rs:147:161
[INFO] [stdout]     |
[INFO] [stdout] 147 | ...b3_4da6_a3ce_929d_0e0e_4736), SpanId::from_u64(0x00f0_67aa_0ba9_02b7), TraceFlags::SAMPLED, true, TraceState::default())),
[INFO] [stdout]     |                                          ^^^^^^^^ function or associated item not found in `SpanId`
[INFO] [stdout] 
[INFO] [stdout] 
[INFO] [stdout] error[E0599]: no function or associated item named `from_u128` found for struct `opentelemetry::trace::TraceId` in the current scope
[INFO] [stdout]    --> src/trace/propagator/trace_context_response.rs:148:99
[INFO] [stdout]     |
[INFO] [stdout] 148 | ...902b7-09", SpanContext::new(TraceId::from_u128(0x4bf9_2f35_77b3_4da6_a3ce_929d_0e0e_4736), SpanId::from_u64(0x00f0_67aa_0ba9_02b7), Tr...
[INFO] [stdout]     |                                         ^^^^^^^^^ function or associated item not found in `TraceId`
[INFO] [stdout] 
[INFO] [stdout] 
[INFO] [stdout] error[E0599]: no function or associated item named `from_u64` found for struct `opentelemetry::trace::SpanId` in the current scope
[INFO] [stdout]    --> src/trace/propagator/trace_context_response.rs:148:161
[INFO] [stdout]     |
[INFO] [stdout] 148 | ...b3_4da6_a3ce_929d_0e0e_4736), SpanId::from_u64(0x00f0_67aa_0ba9_02b7), TraceFlags::SAMPLED, true, TraceState::default())),
[INFO] [stdout]     |                                          ^^^^^^^^ function or associated item not found in `SpanId`
[INFO] [stdout] 
[INFO] [stdout] 
[INFO] [stdout] error[E0599]: no function or associated item named `from_u128` found for struct `opentelemetry::trace::TraceId` in the current scope
[INFO] [stdout]    --> src/trace/propagator/trace_context_response.rs:149:99
[INFO] [stdout]     |
[INFO] [stdout] 149 | ...902b7-08", SpanContext::new(TraceId::from_u128(0x4bf9_2f35_77b3_4da6_a3ce_929d_0e0e_4736), SpanId::from_u64(0x00f0_67aa_0ba9_02b7), Tr...
[INFO] [stdout]     |                                         ^^^^^^^^^ function or associated item not found in `TraceId`
[INFO] [stdout] 
[INFO] [stdout] 
[INFO] [stdout] error[E0599]: no function or associated item named `from_u64` found for struct `opentelemetry::trace::SpanId` in the current scope
[INFO] [stdout]    --> src/trace/propagator/trace_context_response.rs:149:161
[INFO] [stdout]     |
[INFO] [stdout] 149 | ...b3_4da6_a3ce_929d_0e0e_4736), SpanId::from_u64(0x00f0_67aa_0ba9_02b7), TraceFlags::default(), true, TraceState::default())),
[INFO] [stdout]     |                                          ^^^^^^^^ function or associated item not found in `SpanId`
[INFO] [stdout] 
[INFO] [stdout] 
[INFO] [stdout] error[E0599]: no function or associated item named `from_u128` found for struct `opentelemetry::trace::TraceId` in the current scope
[INFO] [stdout]    --> src/trace/propagator/trace_context_response.rs:150:108
[INFO] [stdout]     |
[INFO] [stdout] 150 | ...XYZxsf09", SpanContext::new(TraceId::from_u128(0x4bf9_2f35_77b3_4da6_a3ce_929d_0e0e_4736), SpanId::from_u64(0x00f0_67aa_0ba9_02b7), Tr...
[INFO] [stdout]     |                                         ^^^^^^^^^ function or associated item not found in `TraceId`
[INFO] [stdout] 
[INFO] [stdout] 
[INFO] [stdout] error[E0599]: no function or associated item named `from_u64` found for struct `opentelemetry::trace::SpanId` in the current scope
[INFO] [stdout]    --> src/trace/propagator/trace_context_response.rs:150:170
[INFO] [stdout]     |
[INFO] [stdout] 150 | ...b3_4da6_a3ce_929d_0e0e_4736), SpanId::from_u64(0x00f0_67aa_0ba9_02b7), TraceFlags::SAMPLED, true, TraceState::default())),
[INFO] [stdout]     |                                          ^^^^^^^^ function or associated item not found in `SpanId`
[INFO] [stdout] 
[INFO] [stdout] 
[INFO] [stdout] error[E0599]: no function or associated item named `from_u128` found for struct `opentelemetry::trace::TraceId` in the current scope
[INFO] [stdout]    --> src/trace/propagator/trace_context_response.rs:151:100
[INFO] [stdout]     |
[INFO] [stdout] 151 | ...02b7-01-", SpanContext::new(TraceId::from_u128(0x4bf9_2f35_77b3_4da6_a3ce_929d_0e0e_4736), SpanId::from_u64(0x00f0_67aa_0ba9_02b7), Tr...
[INFO] [stdout]     |                                         ^^^^^^^^^ function or associated item not found in `TraceId`
[INFO] [stdout] 
[INFO] [stdout] 
[INFO] [stdout] error[E0599]: no function or associated item named `from_u64` found for struct `opentelemetry::trace::SpanId` in the current scope
[INFO] [stdout]    --> src/trace/propagator/trace_context_response.rs:151:162
[INFO] [stdout]     |
[INFO] [stdout] 151 | ...b3_4da6_a3ce_929d_0e0e_4736), SpanId::from_u64(0x00f0_67aa_0ba9_02b7), TraceFlags::SAMPLED, true, TraceState::default())),
[INFO] [stdout]     |                                          ^^^^^^^^ function or associated item not found in `SpanId`
[INFO] [stdout] 
[INFO] [stdout] 
[INFO] [stdout] error[E0599]: no function or associated item named `from_u128` found for struct `opentelemetry::trace::TraceId` in the current scope
[INFO] [stdout]    --> src/trace/propagator/trace_context_response.rs:152:100
[INFO] [stdout]     |
[INFO] [stdout] 152 | ...02b7-09-", SpanContext::new(TraceId::from_u128(0x4bf9_2f35_77b3_4da6_a3ce_929d_0e0e_4736), SpanId::from_u64(0x00f0_67aa_0ba9_02b7), Tr...
[INFO] [stdout]     |                                         ^^^^^^^^^ function or associated item not found in `TraceId`
[INFO] [stdout] 
[INFO] [stdout] 
[INFO] [stdout] error[E0599]: no function or associated item named `from_u64` found for struct `opentelemetry::trace::SpanId` in the current scope
[INFO] [stdout]    --> src/trace/propagator/trace_context_response.rs:152:162
[INFO] [stdout]     |
[INFO] [stdout] 152 | ...b3_4da6_a3ce_929d_0e0e_4736), SpanId::from_u64(0x00f0_67aa_0ba9_02b7), TraceFlags::SAMPLED, true, TraceState::default())),
[INFO] [stdout]     |                                          ^^^^^^^^ function or associated item not found in `SpanId`
[INFO] [stdout] 
[INFO] [stdout] 
[INFO] [stdout] error[E0599]: no function or associated item named `from_u128` found for struct `opentelemetry::trace::TraceId` in the current scope
[INFO] [stdout]    --> src/trace/propagator/trace_context_response.rs:181:99
[INFO] [stdout]     |
[INFO] [stdout] 181 | ...902b7-01", SpanContext::new(TraceId::from_u128(0x4bf9_2f35_77b3_4da6_a3ce_929d_0e0e_4736), SpanId::from_u64(0x00f0_67aa_0ba9_02b7), Tr...
[INFO] [stdout]     |                                         ^^^^^^^^^ function or associated item not found in `TraceId`
[INFO] [stdout] 
[INFO] [stdout] 
[INFO] [stdout] error[E0599]: no function or associated item named `from_u64` found for struct `opentelemetry::trace::SpanId` in the current scope
[INFO] [stdout]    --> src/trace/propagator/trace_context_response.rs:181:161
[INFO] [stdout]     |
[INFO] [stdout] 181 | ...b3_4da6_a3ce_929d_0e0e_4736), SpanId::from_u64(0x00f0_67aa_0ba9_02b7), TraceFlags::SAMPLED, true, TraceState::from_str("foo=bar").unwr...
[INFO] [stdout]     |                                          ^^^^^^^^ function or associated item not found in `SpanId`
[INFO] [stdout] 
[INFO] [stdout] 
[INFO] [stdout] error[E0599]: no function or associated item named `from_u128` found for struct `opentelemetry::trace::TraceId` in the current scope
[INFO] [stdout]    --> src/trace/propagator/trace_context_response.rs:182:99
[INFO] [stdout]     |
[INFO] [stdout] 182 | ...902b7-00", SpanContext::new(TraceId::from_u128(0x4bf9_2f35_77b3_4da6_a3ce_929d_0e0e_4736), SpanId::from_u64(0x00f0_67aa_0ba9_02b7), Tr...
[INFO] [stdout]     |                                         ^^^^^^^^^ function or associated item not found in `TraceId`
[INFO] [stdout] 
[INFO] [stdout] 
[INFO] [stdout] error[E0599]: no function or associated item named `from_u64` found for struct `opentelemetry::trace::SpanId` in the current scope
[INFO] [stdout]    --> src/trace/propagator/trace_context_response.rs:182:161
[INFO] [stdout]     |
[INFO] [stdout] 182 | ...b3_4da6_a3ce_929d_0e0e_4736), SpanId::from_u64(0x00f0_67aa_0ba9_02b7), TraceFlags::default(), true, TraceState::from_str("foo=bar").un...
[INFO] [stdout]     |                                          ^^^^^^^^ function or associated item not found in `SpanId`
[INFO] [stdout] 
[INFO] [stdout] 
[INFO] [stdout] error[E0599]: no function or associated item named `from_u128` found for struct `opentelemetry::trace::TraceId` in the current scope
[INFO] [stdout]    --> src/trace/propagator/trace_context_response.rs:183:99
[INFO] [stdout]     |
[INFO] [stdout] 183 | ...902b7-01", SpanContext::new(TraceId::from_u128(0x4bf9_2f35_77b3_4da6_a3ce_929d_0e0e_4736), SpanId::from_u64(0x00f0_67aa_0ba9_02b7), Tr...
[INFO] [stdout]     |                                         ^^^^^^^^^ function or associated item not found in `TraceId`
[INFO] [stdout] 
[INFO] [stdout] 
[INFO] [stdout] error[E0599]: no function or associated item named `from_u64` found for struct `opentelemetry::trace::SpanId` in the current scope
[INFO] [stdout]    --> src/trace/propagator/trace_context_response.rs:183:161
[INFO] [stdout]     |
[INFO] [stdout] 183 | ...b3_4da6_a3ce_929d_0e0e_4736), SpanId::from_u64(0x00f0_67aa_0ba9_02b7), TraceFlags::new(0xff), true, TraceState::from_str("foo=bar").un...
[INFO] [stdout]     |                                          ^^^^^^^^ function or associated item not found in `SpanId`
[INFO] [stdout] 
[INFO] [stdout] 
[INFO] [stdout] error: aborting due to 33 previous errors
[INFO] [stdout] 
[INFO] [stdout] 
[INFO] [stdout] Some errors have detailed explanations: E0433, E0599.
[INFO] [stdout] 
[INFO] [stdout] For more information about an error, try `rustc --explain E0433`.
[INFO] [stdout] 
[INFO] [stderr] error: could not compile `opentelemetry-contrib` due to 34 previous errors
[INFO] running `Command { std: "docker" "inspect" "efc127bbabd6a80e64f742d8ac20276f61c38dd344d69e19a5db59a05c90a5b0", kill_on_drop: false }`
[INFO] running `Command { std: "docker" "rm" "-f" "efc127bbabd6a80e64f742d8ac20276f61c38dd344d69e19a5db59a05c90a5b0", kill_on_drop: false }`
[INFO] [stdout] efc127bbabd6a80e64f742d8ac20276f61c38dd344d69e19a5db59a05c90a5b0
