[INFO] fetching crate openexr 0.11.0...
[INFO] testing openexr-0.11.0 against beta-2023-04-20 for beta-1.70-1
[INFO] extracting crate openexr 0.11.0 into /workspace/builds/worker-2-tc2/source
[INFO] validating manifest of crates.io crate openexr 0.11.0 on toolchain beta-2023-04-20
[INFO] running `Command { std: CARGO_HOME="/workspace/cargo-home" RUSTUP_HOME="/workspace/rustup-home" "/workspace/cargo-home/bin/cargo" "+beta-2023-04-20" "metadata" "--manifest-path" "Cargo.toml" "--no-deps", kill_on_drop: false }`
[INFO] removed /workspace/builds/worker-2-tc2/source/.cargo/config
[INFO] started tweaking crates.io crate openexr 0.11.0
[INFO] finished tweaking crates.io crate openexr 0.11.0
[INFO] tweaked toml for crates.io crate openexr 0.11.0 written to /workspace/builds/worker-2-tc2/source/Cargo.toml
[INFO] crate crates.io crate openexr 0.11.0 already has a lockfile, it will not be regenerated
[INFO] running `Command { std: CARGO_HOME="/workspace/cargo-home" RUSTUP_HOME="/workspace/rustup-home" "/workspace/cargo-home/bin/cargo" "+beta-2023-04-20" "fetch" "--manifest-path" "Cargo.toml", kill_on_drop: false }`
[INFO] [stderr]     Blocking waiting for file lock on package cache
[INFO] [stderr]     Updating crates.io index
[INFO] [stderr]  Downloading crates ...
[INFO] [stderr]   Downloaded thiserror-impl v1.0.28
[INFO] [stderr]   Downloaded thiserror v1.0.28
[INFO] [stderr]   Downloaded nalgebra-glm v0.12.0
[INFO] [stderr]   Downloaded simba v0.5.1
[INFO] [stderr]   Downloaded glam v0.17.3
[INFO] [stderr]   Downloaded nalgebra v0.27.1
[INFO] [stderr]   Downloaded nalgebra v0.26.2
[INFO] [stderr]   Downloaded embed-doc-image v0.1.4
[INFO] [stderr]   Downloaded cppmm-build v0.2.0
[INFO] [stderr]   Downloaded imath-traits v0.4.0
[INFO] [stderr]   Downloaded quick-xml v0.22.0
[INFO] [stderr]   Downloaded openexr-sys v0.10.1
[INFO] running `Command { std: "docker" "create" "-v" "/var/lib/crater-agent-workspace/builds/worker-2-tc2/target:/opt/rustwide/target:rw,Z" "-v" "/var/lib/crater-agent-workspace/builds/worker-2-tc2/source:/opt/rustwide/workdir:ro,Z" "-v" "/var/lib/crater-agent-workspace/cargo-home:/opt/rustwide/cargo-home:ro,Z" "-v" "/var/lib/crater-agent-workspace/rustup-home:/opt/rustwide/rustup-home:ro,Z" "-e" "SOURCE_DIR=/opt/rustwide/workdir" "-e" "CARGO_TARGET_DIR=/opt/rustwide/target" "-e" "CARGO_HOME=/opt/rustwide/cargo-home" "-e" "RUSTUP_HOME=/opt/rustwide/rustup-home" "-w" "/opt/rustwide/workdir" "-m" "1610612736" "--user" "0:0" "--network" "none" "ghcr.io/rust-lang/crates-build-env/linux@sha256:5ff2268d62e97bff2cde7d5815dd6ed5b47097566f13b8d0ca110b04b60e07ed" "/opt/rustwide/cargo-home/bin/cargo" "+beta-2023-04-20" "metadata" "--no-deps" "--format-version=1", kill_on_drop: false }`
[INFO] [stdout] e2f11635135f39bded8d3bbb8c985c4549aaaffe1da1bdb5e75bceaa3f05ec75
[INFO] running `Command { std: "docker" "start" "-a" "e2f11635135f39bded8d3bbb8c985c4549aaaffe1da1bdb5e75bceaa3f05ec75", kill_on_drop: false }`
[INFO] running `Command { std: "docker" "inspect" "e2f11635135f39bded8d3bbb8c985c4549aaaffe1da1bdb5e75bceaa3f05ec75", kill_on_drop: false }`
[INFO] running `Command { std: "docker" "rm" "-f" "e2f11635135f39bded8d3bbb8c985c4549aaaffe1da1bdb5e75bceaa3f05ec75", kill_on_drop: false }`
[INFO] [stdout] e2f11635135f39bded8d3bbb8c985c4549aaaffe1da1bdb5e75bceaa3f05ec75
[INFO] running `Command { std: "docker" "create" "-v" "/var/lib/crater-agent-workspace/builds/worker-2-tc2/target:/opt/rustwide/target:rw,Z" "-v" "/var/lib/crater-agent-workspace/builds/worker-2-tc2/source:/opt/rustwide/workdir:ro,Z" "-v" "/var/lib/crater-agent-workspace/cargo-home:/opt/rustwide/cargo-home:ro,Z" "-v" "/var/lib/crater-agent-workspace/rustup-home:/opt/rustwide/rustup-home:ro,Z" "-e" "SOURCE_DIR=/opt/rustwide/workdir" "-e" "CARGO_TARGET_DIR=/opt/rustwide/target" "-e" "CARGO_INCREMENTAL=0" "-e" "RUST_BACKTRACE=full" "-e" "RUSTFLAGS=--cap-lints=warn" "-e" "RUSTDOCFLAGS=--cap-lints=warn" "-e" "CARGO_HOME=/opt/rustwide/cargo-home" "-e" "RUSTUP_HOME=/opt/rustwide/rustup-home" "-w" "/opt/rustwide/workdir" "-m" "1610612736" "--user" "0:0" "--network" "none" "ghcr.io/rust-lang/crates-build-env/linux@sha256:5ff2268d62e97bff2cde7d5815dd6ed5b47097566f13b8d0ca110b04b60e07ed" "/opt/rustwide/cargo-home/bin/cargo" "+beta-2023-04-20" "build" "--frozen" "--message-format=json", kill_on_drop: false }`
[INFO] [stdout] 5e3bff4d1cb953c654279e4025243724a36a13e6309ebe204d881cc1e73518ce
[INFO] running `Command { std: "docker" "start" "-a" "5e3bff4d1cb953c654279e4025243724a36a13e6309ebe204d881cc1e73518ce", kill_on_drop: false }`
[INFO] [stderr]    Compiling memchr v2.4.1
[INFO] [stderr]    Compiling proc-macro2 v1.0.28
[INFO] [stderr]    Compiling cc v1.0.69
[INFO] [stderr]    Compiling regex-syntax v0.6.25
[INFO] [stderr]    Compiling syn v1.0.75
[INFO] [stderr]    Compiling half v1.7.1
[INFO] [stderr]    Compiling paste v1.0.5
[INFO] [stderr]    Compiling imath-traits v0.4.0
[INFO] [stderr]    Compiling cmake v0.1.45
[INFO] [stderr]    Compiling aho-corasick v0.7.18
[INFO] [stderr]    Compiling quick-xml v0.22.0
[INFO] [stderr]    Compiling quote v1.0.9
[INFO] [stderr]    Compiling regex v1.5.4
[INFO] [stderr]    Compiling cppmm-build v0.2.0
[INFO] [stderr]    Compiling thiserror-impl v1.0.28
[INFO] [stderr]    Compiling openexr-sys v0.10.1
[INFO] [stderr]    Compiling thiserror v1.0.28
[INFO] [stderr] The following warnings were emitted during compilation:
[INFO] [stderr] 
[INFO] [stderr] warning: Building packaged dependencies [zlib, Imath, openexr]
[INFO] [stderr] 
[INFO] [stderr] error: failed to run custom build command for `openexr-sys v0.10.1`
[INFO] [stderr] note: To improve backtraces for build dependencies, set the CARGO_PROFILE_DEV_BUILD_OVERRIDE_DEBUG=true environment variable to enable debug information generation.
[INFO] [stderr] 
[INFO] [stderr] Caused by:
[INFO] [stderr]   process didn't exit successfully: `/opt/rustwide/target/debug/build/openexr-sys-93c22ccff2e6f70b/build-script-build` (exit status: 101)
[INFO] [stderr]   --- stdout
[INFO] [stderr]   cargo:warning=Building packaged dependencies [zlib, Imath, openexr]
[INFO] [stderr]   running: cd "/opt/rustwide/target/debug/build-zlib/build" && CMAKE_PREFIX_PATH="" "cmake" "/opt/rustwide/cargo-home/registry/src/index.crates.io-6f17d22bba15001f/openexr-sys-0.10.1/thirdparty/zlib" "-DCMAKE_INSTALL_PREFIX=/opt/rustwide/target/debug" "-DCMAKE_PREFIX_PATH=/opt/rustwide/target/debug/lib/cmake" "-DCMAKE_C_FLAGS= -ffunction-sections -fdata-sections -fPIC -m64" "-DCMAKE_C_COMPILER=/usr/bin/cc" "-DCMAKE_CXX_FLAGS= -ffunction-sections -fdata-sections -fPIC -m64" "-DCMAKE_CXX_COMPILER=/usr/bin/c++" "-DCMAKE_ASM_FLAGS= -ffunction-sections -fdata-sections -fPIC -m64" "-DCMAKE_ASM_COMPILER=/usr/bin/cc" "-DCMAKE_BUILD_TYPE=Release"
[INFO] [stderr]   -- The C compiler identification is GNU 11.3.0
[INFO] [stderr]   -- Detecting C compiler ABI info
[INFO] [stderr]   -- Detecting C compiler ABI info - done
[INFO] [stderr]   -- Check for working C compiler: /usr/bin/cc - skipped
[INFO] [stderr]   -- Detecting C compile features
[INFO] [stderr]   -- Detecting C compile features - done
[INFO] [stderr]   -- Looking for sys/types.h
[INFO] [stderr]   -- Looking for sys/types.h - found
[INFO] [stderr]   -- Looking for stdint.h
[INFO] [stderr]   -- Looking for stdint.h - found
[INFO] [stderr]   -- Looking for stddef.h
[INFO] [stderr]   -- Looking for stddef.h - found
[INFO] [stderr]   -- Check size of off64_t
[INFO] [stderr]   -- Check size of off64_t - done
[INFO] [stderr]   -- Looking for fseeko
[INFO] [stderr]   -- Looking for fseeko - found
[INFO] [stderr]   -- Looking for unistd.h
[INFO] [stderr]   -- Looking for unistd.h - found
[INFO] [stderr]   -- Configuring done
[INFO] [stderr]   -- Generating done
[INFO] [stderr]   -- Build files have been written to: /opt/rustwide/target/debug/build-zlib/build
[INFO] [stderr]   running: cd "/opt/rustwide/target/debug/build-zlib/build" && MAKEFLAGS="-j --jobserver-fds=7,8 --jobserver-auth=7,8" "cmake" "--build" "." "--target" "install" "--config" "Release" "--"
[INFO] [stderr]   [  2%] Building C object CMakeFiles/zlibstatic.dir/crc32.o
[INFO] [stderr]   [  5%] Building C object CMakeFiles/zlib.dir/crc32.o
[INFO] [stderr]   [  7%] Building C object CMakeFiles/zlibstatic.dir/adler32.o
[INFO] [stderr]   [ 10%] Building C object CMakeFiles/zlibstatic.dir/compress.o
[INFO] [stderr]   [ 12%] Building C object CMakeFiles/zlib.dir/adler32.o
[INFO] [stderr]   [ 15%] Building C object CMakeFiles/zlib.dir/deflate.o
[INFO] [stderr]   [ 17%] Building C object CMakeFiles/zlib.dir/gzclose.o
[INFO] [stderr]   [ 20%] Building C object CMakeFiles/zlib.dir/compress.o
[INFO] [stderr]   [ 22%] Building C object CMakeFiles/zlibstatic.dir/deflate.o
[INFO] [stderr]   [ 25%] Building C object CMakeFiles/zlib.dir/gzlib.o
[INFO] [stderr]   [ 27%] Building C object CMakeFiles/zlib.dir/gzread.o
[INFO] [stderr]   [ 30%] Building C object CMakeFiles/zlibstatic.dir/gzclose.o
[INFO] [stderr]   [ 32%] Building C object CMakeFiles/zlibstatic.dir/gzlib.o
[INFO] [stderr]   [ 35%] Building C object CMakeFiles/zlibstatic.dir/gzread.o
[INFO] [stderr]   [ 37%] Building C object CMakeFiles/zlib.dir/gzwrite.o
[INFO] [stderr]   [ 40%] Building C object CMakeFiles/zlibstatic.dir/gzwrite.o
[INFO] [stderr]   [ 42%] Building C object CMakeFiles/zlib.dir/inflate.o
[INFO] [stderr]   [ 45%] Building C object CMakeFiles/zlibstatic.dir/inflate.o
[INFO] [stderr]   [ 47%] Building C object CMakeFiles/zlib.dir/infback.o
[INFO] [stderr]   [ 50%] Building C object CMakeFiles/zlibstatic.dir/infback.o
[INFO] [stderr]   [ 52%] Building C object CMakeFiles/zlib.dir/inftrees.o
[INFO] [stderr]   [ 55%] Building C object CMakeFiles/zlib.dir/inffast.o
[INFO] [stderr]   [ 57%] Building C object CMakeFiles/zlibstatic.dir/inftrees.o
[INFO] [stderr]   [ 60%] Building C object CMakeFiles/zlibstatic.dir/inffast.o
[INFO] [stderr]   [ 62%] Building C object CMakeFiles/zlib.dir/trees.o
[INFO] [stderr]   [ 65%] Building C object CMakeFiles/zlib.dir/uncompr.o
[INFO] [stderr]   [ 67%] Building C object CMakeFiles/zlib.dir/zutil.o
[INFO] [stderr]   [ 70%] Building C object CMakeFiles/zlibstatic.dir/trees.o
[INFO] [stderr]   [ 72%] Building C object CMakeFiles/zlibstatic.dir/zutil.o
[INFO] [stderr]   [ 75%] Building C object CMakeFiles/zlibstatic.dir/uncompr.o
[INFO] [stderr]   [ 77%] Linking C shared library libz.so
[INFO] [stderr]   [ 80%] Linking C static library libz.a
[INFO] [stderr]   [ 80%] Built target zlib
[INFO] [stderr]   [ 82%] Building C object CMakeFiles/example64.dir/test/example.o
[INFO] [stderr]   [ 85%] Building C object CMakeFiles/example.dir/test/example.o
[INFO] [stderr]   [ 87%] Building C object CMakeFiles/minigzip.dir/test/minigzip.o
[INFO] [stderr]   [ 90%] Building C object CMakeFiles/minigzip64.dir/test/minigzip.o
[INFO] [stderr]   [ 90%] Built target zlibstatic
[INFO] [stderr]   [ 92%] Linking C executable minigzip
[INFO] [stderr]   [ 95%] Linking C executable minigzip64
[INFO] [stderr]   [ 95%] Built target minigzip
[INFO] [stderr]   [ 97%] Linking C executable example64
[INFO] [stderr]   [ 97%] Built target minigzip64
[INFO] [stderr]   [100%] Linking C executable example
[INFO] [stderr]   [100%] Built target example64
[INFO] [stderr]   [100%] Built target example
[INFO] [stderr]   Install the project...
[INFO] [stderr]   -- Install configuration: "Release"
[INFO] [stderr]   -- Installing: /opt/rustwide/target/debug/lib/libz.so.1.2.11
[INFO] [stderr]   -- Installing: /opt/rustwide/target/debug/lib/libz.so.1
[INFO] [stderr]   -- Installing: /opt/rustwide/target/debug/lib/libz.so
[INFO] [stderr]   -- Installing: /opt/rustwide/target/debug/lib/libz.a
[INFO] [stderr]   -- Installing: /opt/rustwide/target/debug/include/zconf.h
[INFO] [stderr]   -- Installing: /opt/rustwide/target/debug/include/zlib.h
[INFO] [stderr]   -- Installing: /opt/rustwide/target/debug/share/man/man3/zlib.3
[INFO] [stderr]   -- Installing: /opt/rustwide/target/debug/share/pkgconfig/zlib.pc
[INFO] [stderr]   cargo:root=/opt/rustwide/target/debug/build-zlib
[INFO] [stderr]   running: cd "/opt/rustwide/target/debug/build-Imath/build" && CMAKE_PREFIX_PATH="" "cmake" "/opt/rustwide/cargo-home/registry/src/index.crates.io-6f17d22bba15001f/openexr-sys-0.10.1/thirdparty/Imath" "-DCMAKE_INSTALL_PREFIX=/opt/rustwide/target/debug" "-DCMAKE_PREFIX_PATH=/opt/rustwide/target/debug/lib/cmake" "-DIMATH_IS_SUBPROJECT=ON" "-DBUILD_TESTING=OFF" "-DBUILD_SHARED_LIBS=ON" "-DCMAKE_C_FLAGS= -ffunction-sections -fdata-sections -fPIC -m64" "-DCMAKE_C_COMPILER=/usr/bin/cc" "-DCMAKE_CXX_FLAGS= -ffunction-sections -fdata-sections -fPIC -m64" "-DCMAKE_CXX_COMPILER=/usr/bin/c++" "-DCMAKE_ASM_FLAGS= -ffunction-sections -fdata-sections -fPIC -m64" "-DCMAKE_ASM_COMPILER=/usr/bin/cc" "-DCMAKE_BUILD_TYPE=Release"
[INFO] [stderr]   -- The C compiler identification is GNU 11.3.0
[INFO] [stderr]   -- The CXX compiler identification is GNU 11.3.0
[INFO] [stderr]   -- Detecting C compiler ABI info
[INFO] [stderr]   -- Detecting C compiler ABI info - done
[INFO] [stderr]   -- Check for working C compiler: /usr/bin/cc - skipped
[INFO] [stderr]   -- Detecting C compile features
[INFO] [stderr]   -- Detecting C compile features - done
[INFO] [stderr]   -- Detecting CXX compiler ABI info
[INFO] [stderr]   -- Detecting CXX compiler ABI info - done
[INFO] [stderr]   -- Check for working CXX compiler: /usr/bin/c++ - skipped
[INFO] [stderr]   -- Detecting CXX compile features
[INFO] [stderr]   -- Detecting CXX compile features - done
[INFO] [stderr]   -- Looking for pthread.h
[INFO] [stderr]   -- Looking for pthread.h - found
[INFO] [stderr]   -- Performing Test CMAKE_HAVE_LIBC_PTHREAD
[INFO] [stderr]   -- Performing Test CMAKE_HAVE_LIBC_PTHREAD - Success
[INFO] [stderr]   -- Found Threads: TRUE  
[INFO] [stderr]   -- Configure Imath 3.0.5, library API version: 28.0.2
[INFO] [stderr]   -- Configuring done
[INFO] [stderr]   -- Generating done
[INFO] [stderr]   -- Build files have been written to: /opt/rustwide/target/debug/build-Imath/build
[INFO] [stderr]   running: cd "/opt/rustwide/target/debug/build-Imath/build" && MAKEFLAGS="-j --jobserver-fds=7,8 --jobserver-auth=7,8" "cmake" "--build" "." "--target" "install" "--config" "Release" "--"
[INFO] [stderr]   [ 16%] Building CXX object src/Imath/CMakeFiles/Imath.dir/ImathFun.cpp.o
[INFO] [stderr]   [ 33%] Building CXX object src/Imath/CMakeFiles/Imath.dir/ImathRandom.cpp.o
[INFO] [stderr]   [ 50%] Building CXX object src/Imath/CMakeFiles/Imath.dir/ImathColorAlgo.cpp.o
[INFO] [stderr]   [ 66%] Building CXX object src/Imath/CMakeFiles/Imath.dir/ImathMatrixAlgo.cpp.o
[INFO] [stderr]   [ 83%] Building CXX object src/Imath/CMakeFiles/Imath.dir/half.cpp.o
[INFO] [stderr]   [100%] Linking CXX shared library libImath-3_0.so
[INFO] [stderr]   [100%] Built target Imath
[INFO] [stderr]   Install the project...
[INFO] [stderr]   -- Install configuration: "Release"
[INFO] [stderr]   -- Installing: /opt/rustwide/target/debug/include/Imath/ImathConfig.h
[INFO] [stderr]   -- Installing: /opt/rustwide/target/debug/lib/pkgconfig/Imath.pc
[INFO] [stderr]   -- Installing: /opt/rustwide/target/debug/lib/cmake/Imath/ImathConfig.cmake
[INFO] [stderr]   -- Installing: /opt/rustwide/target/debug/lib/cmake/Imath/ImathConfigVersion.cmake
[INFO] [stderr]   -- Installing: /opt/rustwide/target/debug/lib/cmake/Imath/ImathTargets.cmake
[INFO] [stderr]   -- Installing: /opt/rustwide/target/debug/lib/cmake/Imath/ImathTargets-release.cmake
[INFO] [stderr]   -- Installing: /opt/rustwide/target/debug/lib/libImath-3_0.so.28.0.2
[INFO] [stderr]   -- Installing: /opt/rustwide/target/debug/lib/libImath-3_0.so.28
[INFO] [stderr]   -- Set runtime path of "/opt/rustwide/target/debug/lib/libImath-3_0.so.28.0.2" to "$ORIGIN/../lib:/opt/rustwide/target/debug/lib"
[INFO] [stderr]   -- Installing: /opt/rustwide/target/debug/lib/libImath-3_0.so
[INFO] [stderr]   -- Installing: /opt/rustwide/target/debug/include/Imath/ImathBoxAlgo.h
[INFO] [stderr]   -- Installing: /opt/rustwide/target/debug/include/Imath/ImathBox.h
[INFO] [stderr]   -- Installing: /opt/rustwide/target/debug/include/Imath/ImathColorAlgo.h
[INFO] [stderr]   -- Installing: /opt/rustwide/target/debug/include/Imath/ImathColor.h
[INFO] [stderr]   -- Installing: /opt/rustwide/target/debug/include/Imath/ImathEuler.h
[INFO] [stderr]   -- Installing: /opt/rustwide/target/debug/include/Imath/ImathExport.h
[INFO] [stderr]   -- Installing: /opt/rustwide/target/debug/include/Imath/ImathForward.h
[INFO] [stderr]   -- Installing: /opt/rustwide/target/debug/include/Imath/ImathFrame.h
[INFO] [stderr]   -- Installing: /opt/rustwide/target/debug/include/Imath/ImathFrustum.h
[INFO] [stderr]   -- Installing: /opt/rustwide/target/debug/include/Imath/ImathFrustumTest.h
[INFO] [stderr]   -- Installing: /opt/rustwide/target/debug/include/Imath/ImathFun.h
[INFO] [stderr]   -- Installing: /opt/rustwide/target/debug/include/Imath/ImathGL.h
[INFO] [stderr]   -- Installing: /opt/rustwide/target/debug/include/Imath/ImathGLU.h
[INFO] [stderr]   -- Installing: /opt/rustwide/target/debug/include/Imath/ImathInt64.h
[INFO] [stderr]   -- Installing: /opt/rustwide/target/debug/include/Imath/ImathInterval.h
[INFO] [stderr]   -- Installing: /opt/rustwide/target/debug/include/Imath/ImathLineAlgo.h
[INFO] [stderr]   -- Installing: /opt/rustwide/target/debug/include/Imath/ImathLine.h
[INFO] [stderr]   -- Installing: /opt/rustwide/target/debug/include/Imath/ImathMath.h
[INFO] [stderr]   -- Installing: /opt/rustwide/target/debug/include/Imath/ImathMatrixAlgo.h
[INFO] [stderr]   -- Installing: /opt/rustwide/target/debug/include/Imath/ImathMatrix.h
[INFO] [stderr]   -- Installing: /opt/rustwide/target/debug/include/Imath/ImathNamespace.h
[INFO] [stderr]   -- Installing: /opt/rustwide/target/debug/include/Imath/ImathPlane.h
[INFO] [stderr]   -- Installing: /opt/rustwide/target/debug/include/Imath/ImathPlatform.h
[INFO] [stderr]   -- Installing: /opt/rustwide/target/debug/include/Imath/ImathQuat.h
[INFO] [stderr]   -- Installing: /opt/rustwide/target/debug/include/Imath/ImathRandom.h
[INFO] [stderr]   -- Installing: /opt/rustwide/target/debug/include/Imath/ImathRoots.h
[INFO] [stderr]   -- Installing: /opt/rustwide/target/debug/include/Imath/ImathShear.h
[INFO] [stderr]   -- Installing: /opt/rustwide/target/debug/include/Imath/ImathSphere.h
[INFO] [stderr]   -- Installing: /opt/rustwide/target/debug/include/Imath/ImathTypeTraits.h
[INFO] [stderr]   -- Installing: /opt/rustwide/target/debug/include/Imath/ImathVecAlgo.h
[INFO] [stderr]   -- Installing: /opt/rustwide/target/debug/include/Imath/ImathVec.h
[INFO] [stderr]   -- Installing: /opt/rustwide/target/debug/include/Imath/half.h
[INFO] [stderr]   -- Installing: /opt/rustwide/target/debug/include/Imath/halfFunction.h
[INFO] [stderr]   -- Installing: /opt/rustwide/target/debug/include/Imath/halfLimits.h
[INFO] [stderr]   cargo:root=/opt/rustwide/target/debug/build-Imath
[INFO] [stderr]   running: cd "/opt/rustwide/target/debug/build-openexr/build" && CMAKE_PREFIX_PATH="" "cmake" "/opt/rustwide/cargo-home/registry/src/index.crates.io-6f17d22bba15001f/openexr-sys-0.10.1/thirdparty/openexr" "-DCMAKE_INSTALL_PREFIX=/opt/rustwide/target/debug" "-DCMAKE_PREFIX_PATH=/opt/rustwide/target/debug/lib/cmake" "-DOPENEXR_IS_SUBPROJECT=ON" "-DBUILD_TESTING=OFF" "-DOPENEXR_INSTALL_EXAMPLES=OFF" "-DBUILD_SHARED_LIBS=ON" "-DCMAKE_C_FLAGS= -ffunction-sections -fdata-sections -fPIC -m64" "-DCMAKE_C_COMPILER=/usr/bin/cc" "-DCMAKE_CXX_FLAGS= -ffunction-sections -fdata-sections -fPIC -m64" "-DCMAKE_CXX_COMPILER=/usr/bin/c++" "-DCMAKE_ASM_FLAGS= -ffunction-sections -fdata-sections -fPIC -m64" "-DCMAKE_ASM_COMPILER=/usr/bin/cc" "-DCMAKE_BUILD_TYPE=Release"
[INFO] [stderr]   -- The C compiler identification is GNU 11.3.0
[INFO] [stderr]   -- The CXX compiler identification is GNU 11.3.0
[INFO] [stderr]   -- Detecting C compiler ABI info
[INFO] [stderr]   -- Detecting C compiler ABI info - done
[INFO] [stderr]   -- Check for working C compiler: /usr/bin/cc - skipped
[INFO] [stderr]   -- Detecting C compile features
[INFO] [stderr]   -- Detecting C compile features - done
[INFO] [stderr]   -- Detecting CXX compiler ABI info
[INFO] [stderr]   -- Detecting CXX compiler ABI info - done
[INFO] [stderr]   -- Check for working CXX compiler: /usr/bin/c++ - skipped
[INFO] [stderr]   -- Detecting CXX compile features
[INFO] [stderr]   -- Detecting CXX compile features - done
[INFO] [stderr]   -- Looking for pthread.h
[INFO] [stderr]   -- Looking for pthread.h - found
[INFO] [stderr]   -- Performing Test CMAKE_HAVE_LIBC_PTHREAD
[INFO] [stderr]   -- Performing Test CMAKE_HAVE_LIBC_PTHREAD - Success
[INFO] [stderr]   -- Found Threads: TRUE  
[INFO] [stderr]   -- Using Imath from /opt/rustwide/target/debug/lib/cmake/Imath
[INFO] [stderr]   -- Performing Test OPENEXR_IMF_HAVE_SYSCONF_NPROCESSORS_ONLN
[INFO] [stderr]   -- Performing Test OPENEXR_IMF_HAVE_SYSCONF_NPROCESSORS_ONLN - Success
[INFO] [stderr]   -- Performing Test OPENEXR_IMF_HAVE_GCC_INLINE_ASM_AVX
[INFO] [stderr]   -- Performing Test OPENEXR_IMF_HAVE_GCC_INLINE_ASM_AVX - Success
[INFO] [stderr]   -- Looking for include file ucontext.h
[INFO] [stderr]   -- Looking for include file ucontext.h - found
[INFO] [stderr]   -- Performing Test IEX_HAVE_CONTROL_REGISTER_SUPPORT
[INFO] [stderr]   -- Performing Test IEX_HAVE_CONTROL_REGISTER_SUPPORT - Success
[INFO] [stderr]   -- Looking for include file semaphore.h
[INFO] [stderr]   -- Looking for include file semaphore.h - found
[INFO] [stderr]   -- Looking for sem_init in pthread
[INFO] [stderr]   -- Looking for sem_init in pthread - found
[INFO] [stderr]   -- Configure OpenEXR 3.0.5, library API version: 29.0.0
[INFO] [stderr]   -- Configuring done
[INFO] [stderr]   -- Generating done
[INFO] [stderr]   -- Build files have been written to: /opt/rustwide/target/debug/build-openexr/build
[INFO] [stderr]   running: cd "/opt/rustwide/target/debug/build-openexr/build" && MAKEFLAGS="-j --jobserver-fds=7,8 --jobserver-auth=7,8" "cmake" "--build" "." "--target" "install" "--config" "Release" "--"
[INFO] [stderr]   [  1%] Building CXX object src/lib/Iex/CMakeFiles/Iex.dir/IexThrowErrnoExc.cpp.o
[INFO] [stderr]   [  1%] Building CXX object src/lib/Iex/CMakeFiles/Iex.dir/IexBaseExc.cpp.o
[INFO] [stderr]   [  2%] Building CXX object src/lib/Iex/CMakeFiles/Iex.dir/IexMathFloatExc.cpp.o
[INFO] [stderr]   [  2%] Building CXX object src/lib/Iex/CMakeFiles/Iex.dir/IexMathFpu.cpp.o
[INFO] [stderr]   [  3%] Linking CXX shared library libIex-3_0.so
[INFO] [stderr]   [  3%] Built target Iex
[INFO] [stderr]   [  4%] Building CXX object src/lib/IlmThread/CMakeFiles/IlmThread.dir/IlmThread.cpp.o
[INFO] [stderr]   [  5%] Building CXX object src/lib/IlmThread/CMakeFiles/IlmThread.dir/IlmThreadSemaphorePosixCompat.cpp.o
[INFO] [stderr]   [  6%] Building CXX object src/lib/IlmThread/CMakeFiles/IlmThread.dir/IlmThreadSemaphore.cpp.o
[INFO] [stderr]   [  6%] Building CXX object src/lib/IlmThread/CMakeFiles/IlmThread.dir/IlmThreadPool.cpp.o
[INFO] [stderr]   [  6%] Building CXX object src/lib/IlmThread/CMakeFiles/IlmThread.dir/IlmThreadSemaphorePosix.cpp.o
[INFO] [stderr]   [  7%] Building CXX object src/lib/IlmThread/CMakeFiles/IlmThread.dir/IlmThreadSemaphoreOSX.cpp.o
[INFO] [stderr]   [  8%] Building CXX object src/lib/IlmThread/CMakeFiles/IlmThread.dir/IlmThreadSemaphoreWin32.cpp.o
[INFO] [stderr]   [  8%] Linking CXX shared library libIlmThread-3_0.so
[INFO] [stderr]   [  8%] Built target IlmThread
[INFO] [stderr]   [  8%] Building CXX object src/lib/OpenEXR/CMakeFiles/OpenEXR.dir/ImfCRgbaFile.cpp.o
[INFO] [stderr]   [  9%] Building CXX object src/lib/OpenEXR/CMakeFiles/OpenEXR.dir/ImfBoxAttribute.cpp.o
[INFO] [stderr]   [ 10%] Building CXX object src/lib/OpenEXR/CMakeFiles/OpenEXR.dir/ImfAttribute.cpp.o
[INFO] [stderr]   [ 11%] Building CXX object src/lib/OpenEXR/CMakeFiles/OpenEXR.dir/ImfChannelList.cpp.o
[INFO] [stderr]   [ 12%] Building CXX object src/lib/OpenEXR/CMakeFiles/OpenEXR.dir/ImfChannelListAttribute.cpp.o
[INFO] [stderr]   [ 12%] Building CXX object src/lib/OpenEXR/CMakeFiles/OpenEXR.dir/ImfFloatAttribute.cpp.o
[INFO] [stderr]   [ 13%] Building CXX object src/lib/OpenEXR/CMakeFiles/OpenEXR.dir/ImfFrameBuffer.cpp.o
[INFO] [stderr]   [ 13%] Building CXX object src/lib/OpenEXR/CMakeFiles/OpenEXR.dir/ImfIO.cpp.o
[INFO] [stderr]   [ 14%] Building CXX object src/lib/OpenEXR/CMakeFiles/OpenEXR.dir/ImfInputFile.cpp.o
[INFO] [stderr]   [ 15%] Building CXX object src/lib/OpenEXR/CMakeFiles/OpenEXR.dir/ImfIntAttribute.cpp.o
[INFO] [stderr]   [ 16%] Building CXX object src/lib/OpenEXR/CMakeFiles/OpenEXR.dir/ImfHeader.cpp.o
[INFO] [stderr]   [ 17%] Building CXX object src/lib/OpenEXR/CMakeFiles/OpenEXR.dir/ImfMatrixAttribute.cpp.o
[INFO] [stderr]   [ 17%] Building CXX object src/lib/OpenEXR/CMakeFiles/OpenEXR.dir/ImfLineOrderAttribute.cpp.o
[INFO] [stderr]   [ 18%] Building CXX object src/lib/OpenEXR/CMakeFiles/OpenEXR.dir/ImfOpaqueAttribute.cpp.o
[INFO] [stderr]   [ 18%] Building CXX object src/lib/OpenEXR/CMakeFiles/OpenEXR.dir/ImfOutputFile.cpp.o
[INFO] [stderr]   [ 19%] Building CXX object src/lib/OpenEXR/CMakeFiles/OpenEXR.dir/ImfRgbaFile.cpp.o
[INFO] [stderr]   [ 20%] Building CXX object src/lib/OpenEXR/CMakeFiles/OpenEXR.dir/ImfStringAttribute.cpp.o
[INFO] [stderr]   [ 20%] Building CXX object src/lib/OpenEXR/CMakeFiles/OpenEXR.dir/ImfVecAttribute.cpp.o
[INFO] [stderr]   [ 21%] Building CXX object src/lib/OpenEXR/CMakeFiles/OpenEXR.dir/ImfHuf.cpp.o
[INFO] [stderr]   [ 22%] Building CXX object src/lib/OpenEXR/CMakeFiles/OpenEXR.dir/ImfThreading.cpp.o
[INFO] [stderr]   [ 22%] Building CXX object src/lib/OpenEXR/CMakeFiles/OpenEXR.dir/ImfWav.cpp.o
[INFO] [stderr]   [ 23%] Building CXX object src/lib/OpenEXR/CMakeFiles/OpenEXR.dir/ImfLut.cpp.o
[INFO] [stderr]   [ 24%] Building CXX object src/lib/OpenEXR/CMakeFiles/OpenEXR.dir/ImfCompressor.cpp.o
[INFO] [stderr]   [ 24%] Building CXX object src/lib/OpenEXR/CMakeFiles/OpenEXR.dir/ImfRleCompressor.cpp.o
[INFO] [stderr]   [ 25%] Building CXX object src/lib/OpenEXR/CMakeFiles/OpenEXR.dir/ImfZipCompressor.cpp.o
[INFO] [stderr]   [ 25%] Building CXX object src/lib/OpenEXR/CMakeFiles/OpenEXR.dir/ImfB44Compressor.cpp.o
[INFO] [stderr]   [ 26%] Building CXX object src/lib/OpenEXR/CMakeFiles/OpenEXR.dir/ImfPizCompressor.cpp.o
[INFO] [stderr]   [ 27%] Building CXX object src/lib/OpenEXR/CMakeFiles/OpenEXR.dir/ImfDwaCompressor.cpp.o
[INFO] [stderr]   [ 28%] Building CXX object src/lib/OpenEXR/CMakeFiles/OpenEXR.dir/ImfMisc.cpp.o
[INFO] [stderr]   [ 28%] Building CXX object src/lib/OpenEXR/CMakeFiles/OpenEXR.dir/ImfCompressionAttribute.cpp.o
[INFO] [stderr]   [ 29%] Building CXX object src/lib/OpenEXR/CMakeFiles/OpenEXR.dir/ImfDoubleAttribute.cpp.o
[INFO] [stderr]   [ 30%] Building CXX object src/lib/OpenEXR/CMakeFiles/OpenEXR.dir/ImfConvert.cpp.o
[INFO] [stderr]   [ 30%] Building CXX object src/lib/OpenEXR/CMakeFiles/OpenEXR.dir/ImfPreviewImage.cpp.o
[INFO] [stderr]   [ 31%] Building CXX object src/lib/OpenEXR/CMakeFiles/OpenEXR.dir/ImfPreviewImageAttribute.cpp.o
[INFO] [stderr]   [ 32%] Building CXX object src/lib/OpenEXR/CMakeFiles/OpenEXR.dir/ImfVersion.cpp.o
[INFO] [stderr]   [ 32%] Building CXX object src/lib/OpenEXR/CMakeFiles/OpenEXR.dir/ImfChromaticities.cpp.o
[INFO] [stderr]   [ 33%] Building CXX object src/lib/OpenEXR/CMakeFiles/OpenEXR.dir/ImfChromaticitiesAttribute.cpp.o
[INFO] [stderr]   [ 34%] Building CXX object src/lib/OpenEXR/CMakeFiles/OpenEXR.dir/ImfKeyCode.cpp.o
[INFO] [stderr]   [ 34%] Building CXX object src/lib/OpenEXR/CMakeFiles/OpenEXR.dir/ImfKeyCodeAttribute.cpp.o
[INFO] [stderr]   [ 35%] Building CXX object src/lib/OpenEXR/CMakeFiles/OpenEXR.dir/ImfTimeCode.cpp.o
[INFO] [stderr]   [ 36%] Building CXX object src/lib/OpenEXR/CMakeFiles/OpenEXR.dir/ImfTimeCodeAttribute.cpp.o
[INFO] [stderr]   [ 37%] Building CXX object src/lib/OpenEXR/CMakeFiles/OpenEXR.dir/ImfRationalAttribute.cpp.o
[INFO] [stderr]   [ 37%] Building CXX object src/lib/OpenEXR/CMakeFiles/OpenEXR.dir/ImfRational.cpp.o
[INFO] [stderr]   [ 38%] Building CXX object src/lib/OpenEXR/CMakeFiles/OpenEXR.dir/ImfFramesPerSecond.cpp.o
[INFO] [stderr]   [ 38%] Building CXX object src/lib/OpenEXR/CMakeFiles/OpenEXR.dir/ImfStandardAttributes.cpp.o
[INFO] [stderr]   [ 39%] Building CXX object src/lib/OpenEXR/CMakeFiles/OpenEXR.dir/ImfStdIO.cpp.o
[INFO] [stderr]   [ 40%] Building CXX object src/lib/OpenEXR/CMakeFiles/OpenEXR.dir/ImfEnvmap.cpp.o
[INFO] [stderr]   [ 41%] Building CXX object src/lib/OpenEXR/CMakeFiles/OpenEXR.dir/ImfScanLineInputFile.cpp.o
[INFO] [stderr]   [ 41%] Building CXX object src/lib/OpenEXR/CMakeFiles/OpenEXR.dir/ImfEnvmapAttribute.cpp.o
[INFO] [stderr]   [ 42%] Building CXX object src/lib/OpenEXR/CMakeFiles/OpenEXR.dir/ImfTiledInputFile.cpp.o
[INFO] [stderr]   [ 42%] Building CXX object src/lib/OpenEXR/CMakeFiles/OpenEXR.dir/ImfTiledMisc.cpp.o
[INFO] [stderr]   [ 43%] Building CXX object src/lib/OpenEXR/CMakeFiles/OpenEXR.dir/ImfTiledOutputFile.cpp.o
[INFO] [stderr]   [ 44%] Building CXX object src/lib/OpenEXR/CMakeFiles/OpenEXR.dir/ImfTiledRgbaFile.cpp.o
[INFO] [stderr]   [ 44%] Building CXX object src/lib/OpenEXR/CMakeFiles/OpenEXR.dir/ImfTileDescriptionAttribute.cpp.o
[INFO] [stderr]   [ 45%] Building CXX object src/lib/OpenEXR/CMakeFiles/OpenEXR.dir/ImfTileOffsets.cpp.o
[INFO] [stderr]   [ 46%] Building CXX object src/lib/OpenEXR/CMakeFiles/OpenEXR.dir/ImfRgbaYca.cpp.o
[INFO] [stderr]   [ 46%] Building CXX object src/lib/OpenEXR/CMakeFiles/OpenEXR.dir/ImfPxr24Compressor.cpp.o
[INFO] [stderr]   [ 47%] Building CXX object src/lib/OpenEXR/CMakeFiles/OpenEXR.dir/ImfTestFile.cpp.o
[INFO] [stderr]   [ 48%] Building CXX object src/lib/OpenEXR/CMakeFiles/OpenEXR.dir/ImfStringVectorAttribute.cpp.o
[INFO] [stderr]   [ 48%] Building CXX object src/lib/OpenEXR/CMakeFiles/OpenEXR.dir/ImfMultiView.cpp.o
[INFO] [stderr]   [ 49%] Building CXX object src/lib/OpenEXR/CMakeFiles/OpenEXR.dir/ImfAcesFile.cpp.o
[INFO] [stderr]   [ 50%] Building CXX object src/lib/OpenEXR/CMakeFiles/OpenEXR.dir/ImfMultiPartOutputFile.cpp.o
[INFO] [stderr]   [ 50%] Building CXX object src/lib/OpenEXR/CMakeFiles/OpenEXR.dir/ImfGenericOutputFile.cpp.o
[INFO] [stderr]   [ 51%] Building CXX object src/lib/OpenEXR/CMakeFiles/OpenEXR.dir/ImfOutputPartData.cpp.o
[INFO] [stderr]   [ 52%] Building CXX object src/lib/OpenEXR/CMakeFiles/OpenEXR.dir/ImfMultiPartInputFile.cpp.o
[INFO] [stderr]   [ 52%] Building CXX object src/lib/OpenEXR/CMakeFiles/OpenEXR.dir/ImfGenericInputFile.cpp.o
[INFO] [stderr] 
[INFO] [stderr]   --- stderr
[INFO] [stderr]   CMake Deprecation Warning at CMakeLists.txt:1 (cmake_minimum_required):
[INFO] [stderr]     Compatibility with CMake < 2.8.12 will be removed from a future version of
[INFO] [stderr]     CMake.
[INFO] [stderr] 
[INFO] [stderr]     Update the VERSION argument <min> value or use a ...<max> suffix to tell
[INFO] [stderr]     CMake that the project does not need compatibility with older versions.
[INFO] [stderr] 
[INFO] [stderr] 
[INFO] [stderr]   CMake Warning:
[INFO] [stderr]     Manually-specified variables were not used by the project:
[INFO] [stderr] 
[INFO] [stderr]       CMAKE_ASM_COMPILER
[INFO] [stderr]       CMAKE_ASM_FLAGS
[INFO] [stderr]       CMAKE_CXX_COMPILER
[INFO] [stderr]       CMAKE_CXX_FLAGS
[INFO] [stderr] 
[INFO] [stderr] 
[INFO] [stderr]   CMake Warning:
[INFO] [stderr]     Manually-specified variables were not used by the project:
[INFO] [stderr] 
[INFO] [stderr]       CMAKE_ASM_COMPILER
[INFO] [stderr]       CMAKE_ASM_FLAGS
[INFO] [stderr] 
[INFO] [stderr] 
[INFO] [stderr]   -- Creating symlink in /opt/rustwide/target/debug/lib libImath.so -> libImath-3_0.so
[INFO] [stderr]   CMake Warning at cmake/LibraryDefine.cmake:16 (add_library):
[INFO] [stderr]     Cannot generate a safe runtime search path for target OpenEXR because files
[INFO] [stderr]     in some directories may conflict with libraries in implicit directories:
[INFO] [stderr] 
[INFO] [stderr]       runtime library [libz.so.1] in /usr/lib/x86_64-linux-gnu may be hidden by files in:
[INFO] [stderr]         /opt/rustwide/target/debug/lib
[INFO] [stderr] 
[INFO] [stderr]     Some of these libraries may not be found correctly.
[INFO] [stderr]   Call Stack (most recent call first):
[INFO] [stderr]     src/lib/OpenEXR/CMakeLists.txt:4 (openexr_define_library)
[INFO] [stderr] 
[INFO] [stderr] 
[INFO] [stderr]   CMake Warning at cmake/LibraryDefine.cmake:16 (add_library):
[INFO] [stderr]     Cannot generate a safe runtime search path for target OpenEXRUtil because
[INFO] [stderr]     files in some directories may conflict with libraries in implicit
[INFO] [stderr]     directories:
[INFO] [stderr] 
[INFO] [stderr]       runtime library [libz.so.1] in /usr/lib/x86_64-linux-gnu may be hidden by files in:
[INFO] [stderr]         /opt/rustwide/target/debug/lib
[INFO] [stderr] 
[INFO] [stderr]     Some of these libraries may not be found correctly.
[INFO] [stderr]   Call Stack (most recent call first):
[INFO] [stderr]     src/lib/OpenEXRUtil/CMakeLists.txt:4 (openexr_define_library)
[INFO] [stderr] 
[INFO] [stderr] 
[INFO] [stderr]   CMake Warning at src/bin/exr2aces/CMakeLists.txt:4 (add_executable):
[INFO] [stderr]     Cannot generate a safe runtime search path for target exr2aces because
[INFO] [stderr]     files in some directories may conflict with libraries in implicit
[INFO] [stderr]     directories:
[INFO] [stderr] 
[INFO] [stderr]       runtime library [libz.so.1] in /usr/lib/x86_64-linux-gnu may be hidden by files in:
[INFO] [stderr]         /opt/rustwide/target/debug/lib
[INFO] [stderr] 
[INFO] [stderr]     Some of these libraries may not be found correctly.
[INFO] [stderr] 
[INFO] [stderr] 
[INFO] [stderr]   CMake Warning at src/bin/exrheader/CMakeLists.txt:4 (add_executable):
[INFO] [stderr]     Cannot generate a safe runtime search path for target exrheader because
[INFO] [stderr]     files in some directories may conflict with libraries in implicit
[INFO] [stderr]     directories:
[INFO] [stderr] 
[INFO] [stderr]       runtime library [libz.so.1] in /usr/lib/x86_64-linux-gnu may be hidden by files in:
[INFO] [stderr]         /opt/rustwide/target/debug/lib
[INFO] [stderr] 
[INFO] [stderr]     Some of these libraries may not be found correctly.
[INFO] [stderr] 
[INFO] [stderr] 
[INFO] [stderr]   CMake Warning at src/bin/exrmaketiled/CMakeLists.txt:4 (add_executable):
[INFO] [stderr]     Cannot generate a safe runtime search path for target exrmaketiled because
[INFO] [stderr]     files in some directories may conflict with libraries in implicit
[INFO] [stderr]     directories:
[INFO] [stderr] 
[INFO] [stderr]       runtime library [libz.so.1] in /usr/lib/x86_64-linux-gnu may be hidden by files in:
[INFO] [stderr]         /opt/rustwide/target/debug/lib
[INFO] [stderr] 
[INFO] [stderr]     Some of these libraries may not be found correctly.
[INFO] [stderr] 
[INFO] [stderr] 
[INFO] [stderr]   CMake Warning at src/bin/exrstdattr/CMakeLists.txt:4 (add_executable):
[INFO] [stderr]     Cannot generate a safe runtime search path for target exrstdattr because
[INFO] [stderr]     files in some directories may conflict with libraries in implicit
[INFO] [stderr]     directories:
[INFO] [stderr] 
[INFO] [stderr]       runtime library [libz.so.1] in /usr/lib/x86_64-linux-gnu may be hidden by files in:
[INFO] [stderr]         /opt/rustwide/target/debug/lib
[INFO] [stderr] 
[INFO] [stderr]     Some of these libraries may not be found correctly.
[INFO] [stderr] 
[INFO] [stderr] 
[INFO] [stderr]   CMake Warning at src/bin/exrmakepreview/CMakeLists.txt:4 (add_executable):
[INFO] [stderr]     Cannot generate a safe runtime search path for target exrmakepreview
[INFO] [stderr]     because files in some directories may conflict with libraries in implicit
[INFO] [stderr]     directories:
[INFO] [stderr] 
[INFO] [stderr]       runtime library [libz.so.1] in /usr/lib/x86_64-linux-gnu may be hidden by files in:
[INFO] [stderr]         /opt/rustwide/target/debug/lib
[INFO] [stderr] 
[INFO] [stderr]     Some of these libraries may not be found correctly.
[INFO] [stderr] 
[INFO] [stderr] 
[INFO] [stderr]   CMake Warning at src/bin/exrenvmap/CMakeLists.txt:4 (add_executable):
[INFO] [stderr]     Cannot generate a safe runtime search path for target exrenvmap because
[INFO] [stderr]     files in some directories may conflict with libraries in implicit
[INFO] [stderr]     directories:
[INFO] [stderr] 
[INFO] [stderr]       runtime library [libz.so.1] in /usr/lib/x86_64-linux-gnu may be hidden by files in:
[INFO] [stderr]         /opt/rustwide/target/debug/lib
[INFO] [stderr] 
[INFO] [stderr]     Some of these libraries may not be found correctly.
[INFO] [stderr] 
[INFO] [stderr] 
[INFO] [stderr]   CMake Warning at src/bin/exrmultiview/CMakeLists.txt:4 (add_executable):
[INFO] [stderr]     Cannot generate a safe runtime search path for target exrmultiview because
[INFO] [stderr]     files in some directories may conflict with libraries in implicit
[INFO] [stderr]     directories:
[INFO] [stderr] 
[INFO] [stderr]       runtime library [libz.so.1] in /usr/lib/x86_64-linux-gnu may be hidden by files in:
[INFO] [stderr]         /opt/rustwide/target/debug/lib
[INFO] [stderr] 
[INFO] [stderr]     Some of these libraries may not be found correctly.
[INFO] [stderr] 
[INFO] [stderr] 
[INFO] [stderr]   CMake Warning at src/bin/exrmultipart/CMakeLists.txt:4 (add_executable):
[INFO] [stderr]     Cannot generate a safe runtime search path for target exrmultipart because
[INFO] [stderr]     files in some directories may conflict with libraries in implicit
[INFO] [stderr]     directories:
[INFO] [stderr] 
[INFO] [stderr]       runtime library [libz.so.1] in /usr/lib/x86_64-linux-gnu may be hidden by files in:
[INFO] [stderr]         /opt/rustwide/target/debug/lib
[INFO] [stderr] 
[INFO] [stderr]     Some of these libraries may not be found correctly.
[INFO] [stderr] 
[INFO] [stderr] 
[INFO] [stderr]   CMake Warning at src/bin/exrcheck/CMakeLists.txt:4 (add_executable):
[INFO] [stderr]     Cannot generate a safe runtime search path for target exrcheck because
[INFO] [stderr]     files in some directories may conflict with libraries in implicit
[INFO] [stderr]     directories:
[INFO] [stderr] 
[INFO] [stderr]       runtime library [libz.so.1] in /usr/lib/x86_64-linux-gnu may be hidden by files in:
[INFO] [stderr]         /opt/rustwide/target/debug/lib
[INFO] [stderr] 
[INFO] [stderr]     Some of these libraries may not be found correctly.
[INFO] [stderr] 
[INFO] [stderr] 
[INFO] [stderr]   CMake Warning:
[INFO] [stderr]     Manually-specified variables were not used by the project:
[INFO] [stderr] 
[INFO] [stderr]       CMAKE_ASM_COMPILER
[INFO] [stderr]       CMAKE_ASM_FLAGS
[INFO] [stderr] 
[INFO] [stderr] 
[INFO] [stderr]   c++: fatal error: Killed signal terminated program cc1plus
[INFO] [stderr]   compilation terminated.
[INFO] [stderr]   gmake[2]: *** [src/lib/OpenEXR/CMakeFiles/OpenEXR.dir/build.make:454: src/lib/OpenEXR/CMakeFiles/OpenEXR.dir/ImfDwaCompressor.cpp.o] Error 1
[INFO] [stderr]   gmake[2]: *** Waiting for unfinished jobs....
[INFO] [stderr]   gmake[1]: *** [CMakeFiles/Makefile2:415: src/lib/OpenEXR/CMakeFiles/OpenEXR.dir/all] Error 2
[INFO] [stderr]   gmake: *** [Makefile:136: all] Error 2
[INFO] [stderr]   thread 'main' panicked at '
[INFO] [stderr]   command did not execute successfully, got: exit status: 2
[INFO] [stderr] 
[INFO] [stderr]   build script failed, must exit now', /opt/rustwide/cargo-home/registry/src/index.crates.io-6f17d22bba15001f/cmake-0.1.45/src/lib.rs:894:5
[INFO] [stderr]   stack backtrace:
[INFO] [stderr]      0:     0x5583d974155a - std::backtrace_rs::backtrace::libunwind::trace::h2f05d0192276a8f6
[INFO] [stderr]                                  at /rustc/1b7dd2252b99671ce5d1cb9664c5f8636329436d/library/std/src/../../backtrace/src/backtrace/libunwind.rs:93:5
[INFO] [stderr]      1:     0x5583d974155a - std::backtrace_rs::backtrace::trace_unsynchronized::hedc23dff7a1af150
[INFO] [stderr]                                  at /rustc/1b7dd2252b99671ce5d1cb9664c5f8636329436d/library/std/src/../../backtrace/src/backtrace/mod.rs:66:5
[INFO] [stderr]      2:     0x5583d974155a - std::sys_common::backtrace::_print_fmt::h17541ef7592f3ce2
[INFO] [stderr]                                  at /rustc/1b7dd2252b99671ce5d1cb9664c5f8636329436d/library/std/src/sys_common/backtrace.rs:65:5
[INFO] [stderr]      3:     0x5583d974155a - <std::sys_common::backtrace::_print::DisplayBacktrace as core::fmt::Display>::fmt::h20f75df5ab0c0792
[INFO] [stderr]                                  at /rustc/1b7dd2252b99671ce5d1cb9664c5f8636329436d/library/std/src/sys_common/backtrace.rs:44:22
[INFO] [stderr]      4:     0x5583d976200f - core::fmt::write::h78109e6f466b3af6
[INFO] [stderr]                                  at /rustc/1b7dd2252b99671ce5d1cb9664c5f8636329436d/library/core/src/fmt/mod.rs:1254:17
[INFO] [stderr]      5:     0x5583d973e325 - std::io::Write::write_fmt::hc59e1b02dd273c8a
[INFO] [stderr]                                  at /rustc/1b7dd2252b99671ce5d1cb9664c5f8636329436d/library/std/src/io/mod.rs:1698:15
[INFO] [stderr]      6:     0x5583d9741325 - std::sys_common::backtrace::_print::h8dac57a9f8fbf9a5
[INFO] [stderr]                                  at /rustc/1b7dd2252b99671ce5d1cb9664c5f8636329436d/library/std/src/sys_common/backtrace.rs:47:5
[INFO] [stderr]      7:     0x5583d9741325 - std::sys_common::backtrace::print::hf9ecbf41d1aa712f
[INFO] [stderr]                                  at /rustc/1b7dd2252b99671ce5d1cb9664c5f8636329436d/library/std/src/sys_common/backtrace.rs:34:9
[INFO] [stderr]      8:     0x5583d9742bee - std::panicking::default_hook::{{closure}}::h04c07acfc84ca028
[INFO] [stderr]                                  at /rustc/1b7dd2252b99671ce5d1cb9664c5f8636329436d/library/std/src/panicking.rs:269:22
[INFO] [stderr]      9:     0x5583d9742995 - std::panicking::default_hook::h01f6bb23e1eceb2c
[INFO] [stderr]                                  at /rustc/1b7dd2252b99671ce5d1cb9664c5f8636329436d/library/std/src/panicking.rs:288:9
[INFO] [stderr]     10:     0x5583d974314e - std::panicking::rust_panic_with_hook::h2bb3722bbaf2f6df
[INFO] [stderr]                                  at /rustc/1b7dd2252b99671ce5d1cb9664c5f8636329436d/library/std/src/panicking.rs:691:13
[INFO] [stderr]     11:     0x5583d9743049 - std::panicking::begin_panic_handler::{{closure}}::h91bc7f36a4be011b
[INFO] [stderr]                                  at /rustc/1b7dd2252b99671ce5d1cb9664c5f8636329436d/library/std/src/panicking.rs:582:13
[INFO] [stderr]     12:     0x5583d97419c6 - std::sys_common::backtrace::__rust_end_short_backtrace::h8b3d3717114f9e59
[INFO] [stderr]                                  at /rustc/1b7dd2252b99671ce5d1cb9664c5f8636329436d/library/std/src/sys_common/backtrace.rs:150:18
[INFO] [stderr]     13:     0x5583d9742da2 - rust_begin_unwind
[INFO] [stderr]                                  at /rustc/1b7dd2252b99671ce5d1cb9664c5f8636329436d/library/std/src/panicking.rs:578:5
[INFO] [stderr]     14:     0x5583d9584c93 - core::panicking::panic_fmt::hfd368e3fbdabea26
[INFO] [stderr]                                  at /rustc/1b7dd2252b99671ce5d1cb9664c5f8636329436d/library/core/src/panicking.rs:67:14
[INFO] [stderr]     15:     0x5583d95962ef - cmake::fail::hd2a87f7f34f1dbe2
[INFO] [stderr]     16:     0x5583d9595d53 - cmake::run::hb8312bd8adf51ffc
[INFO] [stderr]     17:     0x5583d9593c23 - cmake::Config::build::hec3420413031978f
[INFO] [stderr]     18:     0x5583d958715a - cppmm_build::build_thirdparty::h3501f23102728f3f
[INFO] [stderr]     19:     0x5583d9588f18 - cppmm_build::build::h1a29af8c5f2e08bc
[INFO] [stderr]     20:     0x5583d95859dd - build_script_build::main::he6f571912c981a38
[INFO] [stderr]     21:     0x5583d95865c3 - core::ops::function::FnOnce::call_once::hc22d31b7da2143a7
[INFO] [stderr]     22:     0x5583d9586826 - std::sys_common::backtrace::__rust_begin_short_backtrace::h433179cfdea7148f
[INFO] [stderr]     23:     0x5583d9586249 - std::rt::lang_start::{{closure}}::h12b73270add54a8d
[INFO] [stderr]     24:     0x5583d973a2de - core::ops::function::impls::<impl core::ops::function::FnOnce<A> for &F>::call_once::h2eb19b8ce4148df4
[INFO] [stderr]                                  at /rustc/1b7dd2252b99671ce5d1cb9664c5f8636329436d/library/core/src/ops/function.rs:287:13
[INFO] [stderr]     25:     0x5583d973a2de - std::panicking::try::do_call::h2e900feff5d504c5
[INFO] [stderr]                                  at /rustc/1b7dd2252b99671ce5d1cb9664c5f8636329436d/library/std/src/panicking.rs:485:40
[INFO] [stderr]     26:     0x5583d973a2de - std::panicking::try::h8854836cb85aa9f2
[INFO] [stderr]                                  at /rustc/1b7dd2252b99671ce5d1cb9664c5f8636329436d/library/std/src/panicking.rs:449:19
[INFO] [stderr]     27:     0x5583d973a2de - std::panic::catch_unwind::h706025dd4c48f64b
[INFO] [stderr]                                  at /rustc/1b7dd2252b99671ce5d1cb9664c5f8636329436d/library/std/src/panic.rs:140:14
[INFO] [stderr]     28:     0x5583d973a2de - std::rt::lang_start_internal::{{closure}}::h7be5b97f4a07a91a
[INFO] [stderr]                                  at /rustc/1b7dd2252b99671ce5d1cb9664c5f8636329436d/library/std/src/rt.rs:148:48
[INFO] [stderr]     29:     0x5583d973a2de - std::panicking::try::do_call::h59847e9d0a176965
[INFO] [stderr]                                  at /rustc/1b7dd2252b99671ce5d1cb9664c5f8636329436d/library/std/src/panicking.rs:485:40
[INFO] [stderr]     30:     0x5583d973a2de - std::panicking::try::h399a918ba8522823
[INFO] [stderr]                                  at /rustc/1b7dd2252b99671ce5d1cb9664c5f8636329436d/library/std/src/panicking.rs:449:19
[INFO] [stderr]     31:     0x5583d973a2de - std::panic::catch_unwind::hca7ca6c55b2a2e26
[INFO] [stderr]                                  at /rustc/1b7dd2252b99671ce5d1cb9664c5f8636329436d/library/std/src/panic.rs:140:14
[INFO] [stderr]     32:     0x5583d973a2de - std::rt::lang_start_internal::h2c807a81560459eb
[INFO] [stderr]                                  at /rustc/1b7dd2252b99671ce5d1cb9664c5f8636329436d/library/std/src/rt.rs:148:20
[INFO] [stderr]     33:     0x5583d9586227 - std::rt::lang_start::h75e85c7c23a7e0dd
[INFO] [stderr]     34:     0x5583d9585a15 - main
[INFO] [stderr]     35:     0x7f8eed6d9d90 - <unknown>
[INFO] [stderr]     36:     0x7f8eed6d9e40 - __libc_start_main
[INFO] [stderr]     37:     0x5583d95853b5 - _start
[INFO] [stderr]     38:                0x0 - <unknown>
[INFO] running `Command { std: "docker" "inspect" "5e3bff4d1cb953c654279e4025243724a36a13e6309ebe204d881cc1e73518ce", kill_on_drop: false }`
[INFO] running `Command { std: "docker" "rm" "-f" "5e3bff4d1cb953c654279e4025243724a36a13e6309ebe204d881cc1e73518ce", kill_on_drop: false }`
[INFO] [stdout] 5e3bff4d1cb953c654279e4025243724a36a13e6309ebe204d881cc1e73518ce
