[INFO] fetching crate onionsalt 0.4.2...
[INFO] testing onionsalt-0.4.2 against 1.69.0 for beta-1.70-1
[INFO] extracting crate onionsalt 0.4.2 into /workspace/builds/worker-0-tc1/source
[INFO] validating manifest of crates.io crate onionsalt 0.4.2 on toolchain 1.69.0
[INFO] running `Command { std: CARGO_HOME="/workspace/cargo-home" RUSTUP_HOME="/workspace/rustup-home" "/workspace/cargo-home/bin/cargo" "+1.69.0" "metadata" "--manifest-path" "Cargo.toml" "--no-deps", kill_on_drop: false }`
[INFO] started tweaking crates.io crate onionsalt 0.4.2
[INFO] finished tweaking crates.io crate onionsalt 0.4.2
[INFO] tweaked toml for crates.io crate onionsalt 0.4.2 written to /workspace/builds/worker-0-tc1/source/Cargo.toml
[INFO] running `Command { std: CARGO_HOME="/workspace/cargo-home" RUSTUP_HOME="/workspace/rustup-home" __CARGO_TEST_CHANNEL_OVERRIDE_DO_NOT_USE_THIS="nightly" "/workspace/cargo-home/bin/cargo" "+1.69.0" "generate-lockfile" "--manifest-path" "Cargo.toml" "-Zno-index-update", kill_on_drop: false }`
[INFO] running `Command { std: CARGO_HOME="/workspace/cargo-home" RUSTUP_HOME="/workspace/rustup-home" "/workspace/cargo-home/bin/cargo" "+1.69.0" "fetch" "--manifest-path" "Cargo.toml", kill_on_drop: false }`
[INFO] [stderr]  Downloading crates ...
[INFO] [stderr]   Downloaded arrayref v0.2.2
[INFO] running `Command { std: "docker" "create" "-v" "/var/lib/crater-agent-workspace/builds/worker-0-tc1/target:/opt/rustwide/target:rw,Z" "-v" "/var/lib/crater-agent-workspace/builds/worker-0-tc1/source:/opt/rustwide/workdir:ro,Z" "-v" "/var/lib/crater-agent-workspace/cargo-home:/opt/rustwide/cargo-home:ro,Z" "-v" "/var/lib/crater-agent-workspace/rustup-home:/opt/rustwide/rustup-home:ro,Z" "-e" "SOURCE_DIR=/opt/rustwide/workdir" "-e" "CARGO_TARGET_DIR=/opt/rustwide/target" "-e" "CARGO_HOME=/opt/rustwide/cargo-home" "-e" "RUSTUP_HOME=/opt/rustwide/rustup-home" "-w" "/opt/rustwide/workdir" "-m" "1610612736" "--user" "0:0" "--network" "none" "ghcr.io/rust-lang/crates-build-env/linux@sha256:5ff2268d62e97bff2cde7d5815dd6ed5b47097566f13b8d0ca110b04b60e07ed" "/opt/rustwide/cargo-home/bin/cargo" "+1.69.0" "metadata" "--no-deps" "--format-version=1", kill_on_drop: false }`
[INFO] [stdout] 8d7c004601d08df3abf5e60dd8d71f1cb7f7475ab1aa8899386a1541c49d2fcc
[INFO] running `Command { std: "docker" "start" "-a" "8d7c004601d08df3abf5e60dd8d71f1cb7f7475ab1aa8899386a1541c49d2fcc", kill_on_drop: false }`
[INFO] running `Command { std: "docker" "inspect" "8d7c004601d08df3abf5e60dd8d71f1cb7f7475ab1aa8899386a1541c49d2fcc", kill_on_drop: false }`
[INFO] running `Command { std: "docker" "rm" "-f" "8d7c004601d08df3abf5e60dd8d71f1cb7f7475ab1aa8899386a1541c49d2fcc", kill_on_drop: false }`
[INFO] [stdout] 8d7c004601d08df3abf5e60dd8d71f1cb7f7475ab1aa8899386a1541c49d2fcc
[INFO] running `Command { std: "docker" "create" "-v" "/var/lib/crater-agent-workspace/builds/worker-0-tc1/target:/opt/rustwide/target:rw,Z" "-v" "/var/lib/crater-agent-workspace/builds/worker-0-tc1/source:/opt/rustwide/workdir:ro,Z" "-v" "/var/lib/crater-agent-workspace/cargo-home:/opt/rustwide/cargo-home:ro,Z" "-v" "/var/lib/crater-agent-workspace/rustup-home:/opt/rustwide/rustup-home:ro,Z" "-e" "SOURCE_DIR=/opt/rustwide/workdir" "-e" "CARGO_TARGET_DIR=/opt/rustwide/target" "-e" "CARGO_INCREMENTAL=0" "-e" "RUST_BACKTRACE=full" "-e" "RUSTFLAGS=--cap-lints=warn" "-e" "RUSTDOCFLAGS=--cap-lints=warn" "-e" "CARGO_HOME=/opt/rustwide/cargo-home" "-e" "RUSTUP_HOME=/opt/rustwide/rustup-home" "-w" "/opt/rustwide/workdir" "-m" "1610612736" "--user" "0:0" "--network" "none" "ghcr.io/rust-lang/crates-build-env/linux@sha256:5ff2268d62e97bff2cde7d5815dd6ed5b47097566f13b8d0ca110b04b60e07ed" "/opt/rustwide/cargo-home/bin/cargo" "+1.69.0" "build" "--frozen" "--message-format=json", kill_on_drop: false }`
[INFO] [stdout] e3a629d35a995ddbf143e7711718f9bd8245a5cf081673f55323e8ebc5c63f80
[INFO] running `Command { std: "docker" "start" "-a" "e3a629d35a995ddbf143e7711718f9bd8245a5cf081673f55323e8ebc5c63f80", kill_on_drop: false }`
[INFO] [stderr]     Blocking waiting for file lock on package cache
[INFO] [stderr]    Compiling num-iter v0.1.43
[INFO] [stderr]    Compiling arrayref v0.2.2
[INFO] [stderr]    Compiling num-bigint v0.1.44
[INFO] [stderr]    Compiling num-complex v0.1.43
[INFO] [stderr]    Compiling num-rational v0.1.42
[INFO] [stderr]    Compiling num v0.1.42
[INFO] [stderr]    Compiling serde v0.6.15
[INFO] [stderr]    Compiling serde_json v0.6.1
[INFO] [stderr]    Compiling onionsalt v0.4.2 (/opt/rustwide/workdir)
[INFO] [stdout] warning: `...` range patterns are deprecated
[INFO] [stdout]   --> src/crypto/hex.rs:35:14
[INFO] [stdout]    |
[INFO] [stdout] 35 |         b'0' ... b'9' => Some(hexit - b'0'),
[INFO] [stdout]    |              ^^^ help: use `..=` for an inclusive range
[INFO] [stdout]    |
[INFO] [stdout]    = warning: this is accepted in the current edition (Rust 2015) but is a hard error in Rust 2021!
[INFO] [stdout]    = note: for more information, see <https://doc.rust-lang.org/nightly/edition-guide/rust-2021/warnings-promoted-to-error.html>
[INFO] [stdout] note: the lint level is defined here
[INFO] [stdout]   --> src/crypto/mod.rs:74:9
[INFO] [stdout]    |
[INFO] [stdout] 74 | #![deny(warnings)]
[INFO] [stdout]    |         ^^^^^^^^
[INFO] [stdout]    = note: `#[warn(ellipsis_inclusive_range_patterns)]` implied by `#[warn(warnings)]`
[INFO] [stdout] 
[INFO] [stdout] 
[INFO] [stdout] warning: `...` range patterns are deprecated
[INFO] [stdout]   --> src/crypto/hex.rs:36:14
[INFO] [stdout]    |
[INFO] [stdout] 36 |         b'a' ... b'f' => Some(hexit - b'a' + 10),
[INFO] [stdout]    |              ^^^ help: use `..=` for an inclusive range
[INFO] [stdout]    |
[INFO] [stdout]    = warning: this is accepted in the current edition (Rust 2015) but is a hard error in Rust 2021!
[INFO] [stdout]    = note: for more information, see <https://doc.rust-lang.org/nightly/edition-guide/rust-2021/warnings-promoted-to-error.html>
[INFO] [stdout] 
[INFO] [stdout] 
[INFO] [stdout] warning: use of deprecated macro `try`: use the `?` operator instead
[INFO] [stdout]    --> src/crypto/mod.rs:724:5
[INFO] [stdout]     |
[INFO] [stdout] 724 |     try!(onetimeauth_verify(array_ref!(c, 16, 16), &c[32..], &x));
[INFO] [stdout]     |     ^^^
[INFO] [stdout]     |
[INFO] [stdout]     = note: `#[warn(deprecated)]` implied by `#[warn(warnings)]`
[INFO] [stdout] 
[INFO] [stdout] 
[INFO] [stdout] warning: use of deprecated macro `try`: use the `?` operator instead
[INFO] [stdout]    --> src/crypto/mod.rs:786:5
[INFO] [stdout]     |
[INFO] [stdout] 786 |     try!(onetimeauth_verify(array_ref!(c, 16, 16), &c[32..32+nauth], &x));
[INFO] [stdout]     |     ^^^
[INFO] [stdout] 
[INFO] [stdout] 
[INFO] [stdout] warning: use of deprecated macro `try`: use the `?` operator instead
[INFO] [stdout]    --> src/lib.rs:201:9
[INFO] [stdout]     |
[INFO] [stdout] 201 |         try!(crypto::box_open(&mut plain, payload, &response_nonce,
[INFO] [stdout]     |         ^^^
[INFO] [stdout]     |
[INFO] [stdout] note: the lint level is defined here
[INFO] [stdout]    --> src/lib.rs:63:9
[INFO] [stdout]     |
[INFO] [stdout] 63  | #![deny(warnings)]
[INFO] [stdout]     |         ^^^^^^^^
[INFO] [stdout] 
[INFO] [stdout] 
[INFO] [stdout] warning: use of deprecated macro `try`: use the `?` operator instead
[INFO] [stdout]    --> src/lib.rs:253:9
[INFO] [stdout]     |
[INFO] [stdout] 253 |         try!(crypto::box_open(&mut plaintext, &ciphertext, &self.payload_nonce,
[INFO] [stdout]     |         ^^^
[INFO] [stdout] 
[INFO] [stdout] 
[INFO] [stdout] warning: use of deprecated macro `try`: use the `?` operator instead
[INFO] [stdout]    --> src/lib.rs:329:25
[INFO] [stdout]     |
[INFO] [stdout] 329 |     out.payload_nonce = try!(onionbox_algorithm(&mut buffer, &mut return_key,
[INFO] [stdout]     |                         ^^^
[INFO] [stdout] 
[INFO] [stdout] 
[INFO] [stdout] warning: use of deprecated macro `try`: use the `?` operator instead
[INFO] [stdout]    --> src/lib.rs:354:19
[INFO] [stdout]     |
[INFO] [stdout] 354 |     oob.routing = try!(onionbox_open_algorithm(&mut buffer, secret_key));
[INFO] [stdout]     |                   ^^^
[INFO] [stdout] 
[INFO] [stdout] 
[INFO] [stdout] warning: use of deprecated macro `try`: use the `?` operator instead
[INFO] [stdout]    --> src/lib.rs:511:5
[INFO] [stdout]     |
[INFO] [stdout] 511 |     try!(buffer.sillybox_open_afternm(AUTH_LENGTH, &crypto::Nonce([0;24]), &skey));
[INFO] [stdout]     |     ^^^
[INFO] [stdout] 
[INFO] [stdout] 
[INFO] [stdout] warning: unused import: `Deserialize`
[INFO] [stdout]    --> src/crypto/mod.rs:454:29
[INFO] [stdout]     |
[INFO] [stdout] 454 |             use serde::de::{Deserialize,Error};
[INFO] [stdout]     |                             ^^^^^^^^^^^
[INFO] [stdout]     |
[INFO] [stdout]     = note: `#[warn(unused_imports)]` implied by `#[warn(warnings)]`
[INFO] [stdout] 
[INFO] [stdout] 
[INFO] [stdout] warning: unused import: `Deserialize`
[INFO] [stdout]    --> src/crypto/mod.rs:545:29
[INFO] [stdout]     |
[INFO] [stdout] 545 |             use serde::de::{Deserialize,Error};
[INFO] [stdout]     |                             ^^^^^^^^^^^
[INFO] [stdout] 
[INFO] [stdout] 
[INFO] [stdout] warning: unused import: `Deserialize`
[INFO] [stdout]    --> src/crypto/mod.rs:588:29
[INFO] [stdout]     |
[INFO] [stdout] 588 |             use serde::de::{Deserialize,Error};
[INFO] [stdout]     |                             ^^^^^^^^^^^
[INFO] [stdout] 
[INFO] [stdout] 
[INFO] [stdout] warning: variable does not need to be mutable
[INFO] [stdout]    --> src/crypto/mod.rs:630:9
[INFO] [stdout]     |
[INFO] [stdout] 630 |     let mut c: &mut[u32; 17] = &mut [0; 17];
[INFO] [stdout]     |         ----^
[INFO] [stdout]     |         |
[INFO] [stdout]     |         help: remove this `mut`
[INFO] [stdout]     |
[INFO] [stdout]     = note: `#[warn(unused_mut)]` implied by `#[warn(warnings)]`
[INFO] [stdout] 
[INFO] [stdout] 
[INFO] [stdout] warning: variable does not need to be mutable
[INFO] [stdout]    --> src/crypto/mod.rs:631:9
[INFO] [stdout]     |
[INFO] [stdout] 631 |     let mut g: &mut[u32; 17] = &mut [0; 17];
[INFO] [stdout]     |         ----^
[INFO] [stdout]     |         |
[INFO] [stdout]     |         help: remove this `mut`
[INFO] [stdout] 
[INFO] [stdout] 
[INFO] [stdout] warning: 14 warnings emitted
[INFO] [stdout] 
[INFO] [stdout] 
[INFO] [stderr]     Finished dev [unoptimized + debuginfo] target(s) in 4.92s
[INFO] [stderr] warning: the following packages contain code that will be rejected by a future version of Rust: rustc-serialize v0.3.24
[INFO] [stderr] note: to see what the problems were, use the option `--future-incompat-report`, or run `cargo report future-incompatibilities --id 1`
[INFO] running `Command { std: "docker" "inspect" "e3a629d35a995ddbf143e7711718f9bd8245a5cf081673f55323e8ebc5c63f80", kill_on_drop: false }`
[INFO] running `Command { std: "docker" "rm" "-f" "e3a629d35a995ddbf143e7711718f9bd8245a5cf081673f55323e8ebc5c63f80", kill_on_drop: false }`
[INFO] [stdout] e3a629d35a995ddbf143e7711718f9bd8245a5cf081673f55323e8ebc5c63f80
[INFO] running `Command { std: "docker" "create" "-v" "/var/lib/crater-agent-workspace/builds/worker-0-tc1/target:/opt/rustwide/target:rw,Z" "-v" "/var/lib/crater-agent-workspace/builds/worker-0-tc1/source:/opt/rustwide/workdir:ro,Z" "-v" "/var/lib/crater-agent-workspace/cargo-home:/opt/rustwide/cargo-home:ro,Z" "-v" "/var/lib/crater-agent-workspace/rustup-home:/opt/rustwide/rustup-home:ro,Z" "-e" "SOURCE_DIR=/opt/rustwide/workdir" "-e" "CARGO_TARGET_DIR=/opt/rustwide/target" "-e" "CARGO_INCREMENTAL=0" "-e" "RUST_BACKTRACE=full" "-e" "RUSTFLAGS=--cap-lints=warn" "-e" "RUSTDOCFLAGS=--cap-lints=warn" "-e" "CARGO_HOME=/opt/rustwide/cargo-home" "-e" "RUSTUP_HOME=/opt/rustwide/rustup-home" "-w" "/opt/rustwide/workdir" "-m" "1610612736" "--user" "0:0" "--network" "none" "ghcr.io/rust-lang/crates-build-env/linux@sha256:5ff2268d62e97bff2cde7d5815dd6ed5b47097566f13b8d0ca110b04b60e07ed" "/opt/rustwide/cargo-home/bin/cargo" "+1.69.0" "test" "--frozen" "--no-run" "--message-format=json", kill_on_drop: false }`
[INFO] [stdout] 88e279467830ec061c4eb516edea8aecf707d05ab64e55e7af23478d8b59b54e
[INFO] running `Command { std: "docker" "start" "-a" "88e279467830ec061c4eb516edea8aecf707d05ab64e55e7af23478d8b59b54e", kill_on_drop: false }`
[INFO] [stderr]    Compiling regex-syntax v0.7.1
[INFO] [stderr]    Compiling getrandom v0.2.9
[INFO] [stdout] warning: `...` range patterns are deprecated
[INFO] [stdout]   --> src/crypto/hex.rs:35:14
[INFO] [stdout]    |
[INFO] [stdout] 35 |         b'0' ... b'9' => Some(hexit - b'0'),
[INFO] [stdout]    |              ^^^ help: use `..=` for an inclusive range
[INFO] [stdout]    |
[INFO] [stdout]    = warning: this is accepted in the current edition (Rust 2015) but is a hard error in Rust 2021!
[INFO] [stdout]    = note: for more information, see <https://doc.rust-lang.org/nightly/edition-guide/rust-2021/warnings-promoted-to-error.html>
[INFO] [stdout] note: the lint level is defined here
[INFO] [stdout]   --> src/crypto/mod.rs:74:9
[INFO] [stdout]    |
[INFO] [stdout] 74 | #![deny(warnings)]
[INFO] [stdout]    |         ^^^^^^^^
[INFO] [stdout]    = note: `#[warn(ellipsis_inclusive_range_patterns)]` implied by `#[warn(warnings)]`
[INFO] [stdout] 
[INFO] [stdout] 
[INFO] [stdout] warning: `...` range patterns are deprecated
[INFO] [stdout]   --> src/crypto/hex.rs:36:14
[INFO] [stdout]    |
[INFO] [stdout] 36 |         b'a' ... b'f' => Some(hexit - b'a' + 10),
[INFO] [stdout]    |              ^^^ help: use `..=` for an inclusive range
[INFO] [stdout]    |
[INFO] [stdout]    = warning: this is accepted in the current edition (Rust 2015) but is a hard error in Rust 2021!
[INFO] [stdout]    = note: for more information, see <https://doc.rust-lang.org/nightly/edition-guide/rust-2021/warnings-promoted-to-error.html>
[INFO] [stdout] 
[INFO] [stdout] 
[INFO] [stdout] warning: use of deprecated macro `try`: use the `?` operator instead
[INFO] [stdout]    --> src/crypto/mod.rs:724:5
[INFO] [stdout]     |
[INFO] [stdout] 724 |     try!(onetimeauth_verify(array_ref!(c, 16, 16), &c[32..], &x));
[INFO] [stdout]     |     ^^^
[INFO] [stdout]     |
[INFO] [stdout]     = note: `#[warn(deprecated)]` implied by `#[warn(warnings)]`
[INFO] [stdout] 
[INFO] [stdout] 
[INFO] [stdout] warning: use of deprecated macro `try`: use the `?` operator instead
[INFO] [stdout]    --> src/crypto/mod.rs:786:5
[INFO] [stdout]     |
[INFO] [stdout] 786 |     try!(onetimeauth_verify(array_ref!(c, 16, 16), &c[32..32+nauth], &x));
[INFO] [stdout]     |     ^^^
[INFO] [stdout] 
[INFO] [stdout] 
[INFO] [stdout] warning: use of deprecated macro `try`: use the `?` operator instead
[INFO] [stdout]    --> src/lib.rs:201:9
[INFO] [stdout]     |
[INFO] [stdout] 201 |         try!(crypto::box_open(&mut plain, payload, &response_nonce,
[INFO] [stdout]     |         ^^^
[INFO] [stdout]     |
[INFO] [stdout] note: the lint level is defined here
[INFO] [stdout]    --> src/lib.rs:63:9
[INFO] [stdout]     |
[INFO] [stdout] 63  | #![deny(warnings)]
[INFO] [stdout]     |         ^^^^^^^^
[INFO] [stdout] 
[INFO] [stdout] 
[INFO] [stdout] warning: use of deprecated macro `try`: use the `?` operator instead
[INFO] [stdout]    --> src/lib.rs:253:9
[INFO] [stdout]     |
[INFO] [stdout] 253 |         try!(crypto::box_open(&mut plaintext, &ciphertext, &self.payload_nonce,
[INFO] [stdout]     |         ^^^
[INFO] [stdout] 
[INFO] [stdout] 
[INFO] [stdout] warning: use of deprecated macro `try`: use the `?` operator instead
[INFO] [stdout]    --> src/lib.rs:329:25
[INFO] [stdout]     |
[INFO] [stdout] 329 |     out.payload_nonce = try!(onionbox_algorithm(&mut buffer, &mut return_key,
[INFO] [stdout]     |                         ^^^
[INFO] [stdout] 
[INFO] [stdout] 
[INFO] [stdout] warning: use of deprecated macro `try`: use the `?` operator instead
[INFO] [stdout]    --> src/lib.rs:354:19
[INFO] [stdout]     |
[INFO] [stdout] 354 |     oob.routing = try!(onionbox_open_algorithm(&mut buffer, secret_key));
[INFO] [stdout]     |                   ^^^
[INFO] [stdout] 
[INFO] [stdout] 
[INFO] [stdout] warning: use of deprecated macro `try`: use the `?` operator instead
[INFO] [stdout]    --> src/lib.rs:511:5
[INFO] [stdout]     |
[INFO] [stdout] 511 |     try!(buffer.sillybox_open_afternm(AUTH_LENGTH, &crypto::Nonce([0;24]), &skey));
[INFO] [stdout]     |     ^^^
[INFO] [stdout] 
[INFO] [stdout] 
[INFO] [stdout] warning: unused import: `Deserialize`
[INFO] [stdout]    --> src/crypto/mod.rs:454:29
[INFO] [stdout]     |
[INFO] [stdout] 454 |             use serde::de::{Deserialize,Error};
[INFO] [stdout]     |                             ^^^^^^^^^^^
[INFO] [stdout]     |
[INFO] [stdout]     = note: `#[warn(unused_imports)]` implied by `#[warn(warnings)]`
[INFO] [stdout] 
[INFO] [stdout] 
[INFO] [stdout] warning: unused import: `Deserialize`
[INFO] [stdout]    --> src/crypto/mod.rs:545:29
[INFO] [stdout]     |
[INFO] [stdout] 545 |             use serde::de::{Deserialize,Error};
[INFO] [stdout]     |                             ^^^^^^^^^^^
[INFO] [stdout] 
[INFO] [stdout] 
[INFO] [stdout] warning: unused import: `Deserialize`
[INFO] [stdout]    --> src/crypto/mod.rs:588:29
[INFO] [stdout]     |
[INFO] [stdout] 588 |             use serde::de::{Deserialize,Error};
[INFO] [stdout]     |                             ^^^^^^^^^^^
[INFO] [stdout] 
[INFO] [stdout] 
[INFO] [stdout] warning: variable does not need to be mutable
[INFO] [stdout]    --> src/crypto/mod.rs:630:9
[INFO] [stdout]     |
[INFO] [stdout] 630 |     let mut c: &mut[u32; 17] = &mut [0; 17];
[INFO] [stdout]     |         ----^
[INFO] [stdout]     |         |
[INFO] [stdout]     |         help: remove this `mut`
[INFO] [stdout]     |
[INFO] [stdout]     = note: `#[warn(unused_mut)]` implied by `#[warn(warnings)]`
[INFO] [stdout] 
[INFO] [stdout] 
[INFO] [stdout] warning: variable does not need to be mutable
[INFO] [stdout]    --> src/crypto/mod.rs:631:9
[INFO] [stdout]     |
[INFO] [stdout] 631 |     let mut g: &mut[u32; 17] = &mut [0; 17];
[INFO] [stdout]     |         ----^
[INFO] [stdout]     |         |
[INFO] [stdout]     |         help: remove this `mut`
[INFO] [stdout] 
[INFO] [stdout] 
[INFO] [stdout] warning: 14 warnings emitted
[INFO] [stdout] 
[INFO] [stdout] 
[INFO] [stderr]    Compiling rand_core v0.6.4
[INFO] [stderr]    Compiling rand v0.8.5
[INFO] [stderr]    Compiling regex v1.8.1
[INFO] [stderr]    Compiling env_logger v0.8.4
[INFO] [stderr]    Compiling quickcheck v1.0.3
[INFO] [stderr]    Compiling onionsalt v0.4.2 (/opt/rustwide/workdir)
[INFO] [stdout] error[E0404]: expected trait, found struct `quickcheck::Gen`
[INFO] [stdout]     --> src/crypto/mod.rs:1625:21
[INFO] [stdout]      |
[INFO] [stdout] 1625 |     fn arbitrary<G: quickcheck::Gen>(g: &mut G) -> Self {
[INFO] [stdout]      |                     ^^^^^^^^^^^^^^^ not a trait
[INFO] [stdout] 
[INFO] [stdout] 
[INFO] [stdout] error[E0404]: expected trait, found struct `quickcheck::Gen`
[INFO] [stdout]     --> src/crypto/mod.rs:1643:21
[INFO] [stdout]      |
[INFO] [stdout] 1643 |     fn arbitrary<G: quickcheck::Gen>(g: &mut G) -> Self {
[INFO] [stdout]      |                     ^^^^^^^^^^^^^^^ not a trait
[INFO] [stdout] 
[INFO] [stdout] 
[INFO] [stdout] error[E0404]: expected trait, found struct `quickcheck::Gen`
[INFO] [stdout]     --> src/crypto/mod.rs:1650:21
[INFO] [stdout]      |
[INFO] [stdout] 1650 |     fn arbitrary<G: quickcheck::Gen>(g: &mut G) -> Self {
[INFO] [stdout]      |                     ^^^^^^^^^^^^^^^ not a trait
[INFO] [stdout] 
[INFO] [stdout] 
[INFO] [stdout] error[E0404]: expected trait, found struct `quickcheck::Gen`
[INFO] [stdout]     --> src/crypto/mod.rs:1668:21
[INFO] [stdout]      |
[INFO] [stdout] 1668 |     fn arbitrary<G: quickcheck::Gen>(g: &mut G) -> Self {
[INFO] [stdout]      |                     ^^^^^^^^^^^^^^^ not a trait
[INFO] [stdout] 
[INFO] [stdout] 
[INFO] [stdout] warning: `...` range patterns are deprecated
[INFO] [stdout]   --> src/crypto/hex.rs:35:14
[INFO] [stdout]    |
[INFO] [stdout] 35 |         b'0' ... b'9' => Some(hexit - b'0'),
[INFO] [stdout]    |              ^^^ help: use `..=` for an inclusive range
[INFO] [stdout]    |
[INFO] [stdout]    = warning: this is accepted in the current edition (Rust 2015) but is a hard error in Rust 2021!
[INFO] [stdout]    = note: for more information, see <https://doc.rust-lang.org/nightly/edition-guide/rust-2021/warnings-promoted-to-error.html>
[INFO] [stdout] note: the lint level is defined here
[INFO] [stdout]   --> src/crypto/mod.rs:74:9
[INFO] [stdout]    |
[INFO] [stdout] 74 | #![deny(warnings)]
[INFO] [stdout]    |         ^^^^^^^^
[INFO] [stdout]    = note: `#[warn(ellipsis_inclusive_range_patterns)]` implied by `#[warn(warnings)]`
[INFO] [stdout] 
[INFO] [stdout] 
[INFO] [stdout] warning: `...` range patterns are deprecated
[INFO] [stdout]   --> src/crypto/hex.rs:36:14
[INFO] [stdout]    |
[INFO] [stdout] 36 |         b'a' ... b'f' => Some(hexit - b'a' + 10),
[INFO] [stdout]    |              ^^^ help: use `..=` for an inclusive range
[INFO] [stdout]    |
[INFO] [stdout]    = warning: this is accepted in the current edition (Rust 2015) but is a hard error in Rust 2021!
[INFO] [stdout]    = note: for more information, see <https://doc.rust-lang.org/nightly/edition-guide/rust-2021/warnings-promoted-to-error.html>
[INFO] [stdout] 
[INFO] [stdout] 
[INFO] [stdout] warning: use of deprecated macro `try`: use the `?` operator instead
[INFO] [stdout]    --> src/crypto/mod.rs:724:5
[INFO] [stdout]     |
[INFO] [stdout] 724 |     try!(onetimeauth_verify(array_ref!(c, 16, 16), &c[32..], &x));
[INFO] [stdout]     |     ^^^
[INFO] [stdout]     |
[INFO] [stdout]     = note: `#[warn(deprecated)]` implied by `#[warn(warnings)]`
[INFO] [stdout] 
[INFO] [stdout] 
[INFO] [stdout] warning: use of deprecated macro `try`: use the `?` operator instead
[INFO] [stdout]    --> src/crypto/mod.rs:786:5
[INFO] [stdout]     |
[INFO] [stdout] 786 |     try!(onetimeauth_verify(array_ref!(c, 16, 16), &c[32..32+nauth], &x));
[INFO] [stdout]     |     ^^^
[INFO] [stdout] 
[INFO] [stdout] 
[INFO] [stdout] warning: `...` range patterns are deprecated
[INFO] [stdout]     --> src/crypto/mod.rs:1400:18
[INFO] [stdout]      |
[INFO] [stdout] 1400 |             b'0' ... b'9' => h - b'0',
[INFO] [stdout]      |                  ^^^ help: use `..=` for an inclusive range
[INFO] [stdout]      |
[INFO] [stdout]      = warning: this is accepted in the current edition (Rust 2015) but is a hard error in Rust 2021!
[INFO] [stdout]      = note: for more information, see <https://doc.rust-lang.org/nightly/edition-guide/rust-2021/warnings-promoted-to-error.html>
[INFO] [stdout] 
[INFO] [stdout] 
[INFO] [stdout] warning: `...` range patterns are deprecated
[INFO] [stdout]     --> src/crypto/mod.rs:1401:18
[INFO] [stdout]      |
[INFO] [stdout] 1401 |             b'a' ... b'f' => h - b'a' + 10,
[INFO] [stdout]      |                  ^^^ help: use `..=` for an inclusive range
[INFO] [stdout]      |
[INFO] [stdout]      = warning: this is accepted in the current edition (Rust 2015) but is a hard error in Rust 2021!
[INFO] [stdout]      = note: for more information, see <https://doc.rust-lang.org/nightly/edition-guide/rust-2021/warnings-promoted-to-error.html>
[INFO] [stdout] 
[INFO] [stdout] 
[INFO] [stdout] warning: use of deprecated macro `try`: use the `?` operator instead
[INFO] [stdout]    --> src/lib.rs:201:9
[INFO] [stdout]     |
[INFO] [stdout] 201 |         try!(crypto::box_open(&mut plain, payload, &response_nonce,
[INFO] [stdout]     |         ^^^
[INFO] [stdout]     |
[INFO] [stdout] note: the lint level is defined here
[INFO] [stdout]    --> src/lib.rs:63:9
[INFO] [stdout]     |
[INFO] [stdout] 63  | #![deny(warnings)]
[INFO] [stdout]     |         ^^^^^^^^
[INFO] [stdout] 
[INFO] [stdout] 
[INFO] [stdout] warning: use of deprecated macro `try`: use the `?` operator instead
[INFO] [stdout]    --> src/lib.rs:253:9
[INFO] [stdout]     |
[INFO] [stdout] 253 |         try!(crypto::box_open(&mut plaintext, &ciphertext, &self.payload_nonce,
[INFO] [stdout]     |         ^^^
[INFO] [stdout] 
[INFO] [stdout] 
[INFO] [stdout] warning: use of deprecated macro `try`: use the `?` operator instead
[INFO] [stdout]    --> src/lib.rs:329:25
[INFO] [stdout]     |
[INFO] [stdout] 329 |     out.payload_nonce = try!(onionbox_algorithm(&mut buffer, &mut return_key,
[INFO] [stdout]     |                         ^^^
[INFO] [stdout] 
[INFO] [stdout] 
[INFO] [stdout] warning: use of deprecated macro `try`: use the `?` operator instead
[INFO] [stdout]    --> src/lib.rs:354:19
[INFO] [stdout]     |
[INFO] [stdout] 354 |     oob.routing = try!(onionbox_open_algorithm(&mut buffer, secret_key));
[INFO] [stdout]     |                   ^^^
[INFO] [stdout] 
[INFO] [stdout] 
[INFO] [stdout] warning: use of deprecated macro `try`: use the `?` operator instead
[INFO] [stdout]    --> src/lib.rs:511:5
[INFO] [stdout]     |
[INFO] [stdout] 511 |     try!(buffer.sillybox_open_afternm(AUTH_LENGTH, &crypto::Nonce([0;24]), &skey));
[INFO] [stdout]     |     ^^^
[INFO] [stdout] 
[INFO] [stdout] 
[INFO] [stdout] error: aborting due to 4 previous errors; 11 warnings emitted
[INFO] [stdout] 
[INFO] [stdout] 
[INFO] [stdout] For more information about this error, try `rustc --explain E0404`.
[INFO] [stdout] 
[INFO] [stderr] error: could not compile `onionsalt` due to 5 previous errors; 11 warnings emitted
[INFO] [stderr] warning: build failed, waiting for other jobs to finish...
[INFO] running `Command { std: "docker" "inspect" "88e279467830ec061c4eb516edea8aecf707d05ab64e55e7af23478d8b59b54e", kill_on_drop: false }`
[INFO] running `Command { std: "docker" "rm" "-f" "88e279467830ec061c4eb516edea8aecf707d05ab64e55e7af23478d8b59b54e", kill_on_drop: false }`
[INFO] [stdout] 88e279467830ec061c4eb516edea8aecf707d05ab64e55e7af23478d8b59b54e
