[INFO] fetching crate octocrab_wasi 0.18.3...
[INFO] testing octocrab_wasi-0.18.3 against beta-2023-04-20 for beta-1.70-1
[INFO] extracting crate octocrab_wasi 0.18.3 into /workspace/builds/worker-3-tc2/source
[INFO] validating manifest of crates.io crate octocrab_wasi 0.18.3 on toolchain beta-2023-04-20
[INFO] running `Command { std: CARGO_HOME="/workspace/cargo-home" RUSTUP_HOME="/workspace/rustup-home" "/workspace/cargo-home/bin/cargo" "+beta-2023-04-20" "metadata" "--manifest-path" "Cargo.toml" "--no-deps", kill_on_drop: false }`
[INFO] started tweaking crates.io crate octocrab_wasi 0.18.3
[INFO] finished tweaking crates.io crate octocrab_wasi 0.18.3
[INFO] tweaked toml for crates.io crate octocrab_wasi 0.18.3 written to /workspace/builds/worker-3-tc2/source/Cargo.toml
[INFO] crate crates.io crate octocrab_wasi 0.18.3 already has a lockfile, it will not be regenerated
[INFO] running `Command { std: CARGO_HOME="/workspace/cargo-home" RUSTUP_HOME="/workspace/rustup-home" "/workspace/cargo-home/bin/cargo" "+beta-2023-04-20" "fetch" "--manifest-path" "Cargo.toml", kill_on_drop: false }`
[INFO] [stderr]     Updating crates.io index
[INFO] [stderr]  Downloading crates ...
[INFO] [stderr]   Downloaded jwt-simple v0.11.4
[INFO] [stderr]   Downloaded tokio-util_wasi v0.7.5
[INFO] [stderr]   Downloaded ct-codecs v1.1.1
[INFO] [stderr]   Downloaded binstring v0.1.1
[INFO] [stderr]   Downloaded coarsetime v0.1.23
[INFO] [stderr]   Downloaded hmac-sha1-compact v1.1.3
[INFO] [stderr]   Downloaded ed25519-compact v2.0.4
[INFO] [stderr]   Downloaded p256 v0.12.0
[INFO] [stderr]   Downloaded url v2.3.0
[INFO] [stderr]   Downloaded hyperx v1.4.0
[INFO] [stderr]   Downloaded k256 v0.12.0
[INFO] [stderr]   Downloaded mio_wasi v0.8.6
[INFO] [stderr]   Downloaded wasmedge_wasi_socket v0.4.3
[INFO] [stderr]   Downloaded reqwest_wasi v0.11.15
[INFO] [stderr]   Downloaded p384 v0.12.0
[INFO] [stderr]   Downloaded h2_wasi v0.3.15
[INFO] [stderr]   Downloaded hyper_wasi v0.15.1
[INFO] [stderr]   Downloaded hmac-sha256 v1.1.6
[INFO] [stderr]   Downloaded rustix v0.37.12
[INFO] [stderr]   Downloaded hmac-sha512 v1.1.4
[INFO] [stderr]   Downloaded signature v2.0.0
[INFO] [stderr]   Downloaded ecdsa v0.15.1
[INFO] [stderr]   Downloaded primeorder v0.12.1
[INFO] [stderr]   Downloaded tokio_wasi v1.25.1
[INFO] [stderr]   Downloaded linux-raw-sys v0.3.2
[INFO] [stderr]   Downloaded openssl-src v111.25.2+1.1.1t
[INFO] running `Command { std: "docker" "create" "-v" "/var/lib/crater-agent-workspace/builds/worker-3-tc2/target:/opt/rustwide/target:rw,Z" "-v" "/var/lib/crater-agent-workspace/builds/worker-3-tc2/source:/opt/rustwide/workdir:ro,Z" "-v" "/var/lib/crater-agent-workspace/cargo-home:/opt/rustwide/cargo-home:ro,Z" "-v" "/var/lib/crater-agent-workspace/rustup-home:/opt/rustwide/rustup-home:ro,Z" "-e" "SOURCE_DIR=/opt/rustwide/workdir" "-e" "CARGO_TARGET_DIR=/opt/rustwide/target" "-e" "CARGO_HOME=/opt/rustwide/cargo-home" "-e" "RUSTUP_HOME=/opt/rustwide/rustup-home" "-w" "/opt/rustwide/workdir" "-m" "1610612736" "--user" "0:0" "--network" "none" "ghcr.io/rust-lang/crates-build-env/linux@sha256:5ff2268d62e97bff2cde7d5815dd6ed5b47097566f13b8d0ca110b04b60e07ed" "/opt/rustwide/cargo-home/bin/cargo" "+beta-2023-04-20" "metadata" "--no-deps" "--format-version=1", kill_on_drop: false }`
[INFO] [stdout] 9d7dba88291d2cb254f5606edf3a16dbb33da3c5a5171065b12f94f0ed56f82d
[INFO] running `Command { std: "docker" "start" "-a" "9d7dba88291d2cb254f5606edf3a16dbb33da3c5a5171065b12f94f0ed56f82d", kill_on_drop: false }`
[INFO] running `Command { std: "docker" "inspect" "9d7dba88291d2cb254f5606edf3a16dbb33da3c5a5171065b12f94f0ed56f82d", kill_on_drop: false }`
[INFO] running `Command { std: "docker" "rm" "-f" "9d7dba88291d2cb254f5606edf3a16dbb33da3c5a5171065b12f94f0ed56f82d", kill_on_drop: false }`
[INFO] [stdout] 9d7dba88291d2cb254f5606edf3a16dbb33da3c5a5171065b12f94f0ed56f82d
[INFO] running `Command { std: "docker" "create" "-v" "/var/lib/crater-agent-workspace/builds/worker-3-tc2/target:/opt/rustwide/target:rw,Z" "-v" "/var/lib/crater-agent-workspace/builds/worker-3-tc2/source:/opt/rustwide/workdir:ro,Z" "-v" "/var/lib/crater-agent-workspace/cargo-home:/opt/rustwide/cargo-home:ro,Z" "-v" "/var/lib/crater-agent-workspace/rustup-home:/opt/rustwide/rustup-home:ro,Z" "-e" "SOURCE_DIR=/opt/rustwide/workdir" "-e" "CARGO_TARGET_DIR=/opt/rustwide/target" "-e" "CARGO_INCREMENTAL=0" "-e" "RUST_BACKTRACE=full" "-e" "RUSTFLAGS=--cap-lints=warn" "-e" "RUSTDOCFLAGS=--cap-lints=warn" "-e" "CARGO_HOME=/opt/rustwide/cargo-home" "-e" "RUSTUP_HOME=/opt/rustwide/rustup-home" "-w" "/opt/rustwide/workdir" "-m" "1610612736" "--user" "0:0" "--network" "none" "ghcr.io/rust-lang/crates-build-env/linux@sha256:5ff2268d62e97bff2cde7d5815dd6ed5b47097566f13b8d0ca110b04b60e07ed" "/opt/rustwide/cargo-home/bin/cargo" "+beta-2023-04-20" "build" "--frozen" "--message-format=json", kill_on_drop: false }`
[INFO] [stdout] f89d7e6ebb9303f63a62794903d93f066a161a7f8dd62e913e9309601ca2b18b
[INFO] running `Command { std: "docker" "start" "-a" "f89d7e6ebb9303f63a62794903d93f066a161a7f8dd62e913e9309601ca2b18b", kill_on_drop: false }`
[INFO] [stderr]    Compiling libc v0.2.141
[INFO] [stderr]    Compiling cfg-if v1.0.0
[INFO] [stderr]    Compiling proc-macro2 v1.0.56
[INFO] [stderr]    Compiling quote v1.0.26
[INFO] [stderr]    Compiling unicode-ident v1.0.8
[INFO] [stderr]    Compiling autocfg v1.1.0
[INFO] [stderr]    Compiling version_check v0.9.4
[INFO] [stderr]    Compiling typenum v1.16.0
[INFO] [stderr]    Compiling const-oid v0.9.2
[INFO] [stderr]    Compiling subtle v2.4.1
[INFO] [stderr]    Compiling zeroize v1.6.0
[INFO] [stderr]    Compiling base64ct v1.6.0
[INFO] [stderr]    Compiling cc v1.0.79
[INFO] [stderr]    Compiling generic-array v0.14.7
[INFO] [stderr]    Compiling once_cell v1.17.1
[INFO] [stderr]    Compiling log v0.4.17
[INFO] [stderr]    Compiling pem-rfc7468 v0.6.0
[INFO] [stderr]    Compiling pkg-config v0.3.26
[INFO] [stderr]    Compiling serde_derive v1.0.160
[INFO] [stderr]    Compiling der v0.6.1
[INFO] [stderr]    Compiling itoa v1.0.6
[INFO] [stderr]    Compiling syn v2.0.15
[INFO] [stderr]    Compiling pin-project-lite v0.2.9
[INFO] [stderr]    Compiling bytes v1.1.0
[INFO] [stderr]    Compiling memchr v2.5.0
[INFO] [stderr]    Compiling futures-core v0.3.28
[INFO] [stderr]    Compiling openssl-sys v0.9.85
[INFO] [stderr]    Compiling libm v0.2.6
[INFO] [stderr]    Compiling serde v1.0.160
[INFO] [stderr]    Compiling getrandom v0.2.9
[INFO] [stderr]    Compiling rand_core v0.6.4
[INFO] [stderr]    Compiling crypto-common v0.1.6
[INFO] [stderr]    Compiling block-buffer v0.10.4
[INFO] [stderr]    Compiling spki v0.6.0
[INFO] [stderr]    Compiling num-traits v0.2.15
[INFO] [stderr]    Compiling digest v0.10.6
[INFO] [stderr]    Compiling tokio v1.27.0
[INFO] [stderr]    Compiling pkcs8 v0.9.0
[INFO] [stderr]    Compiling hmac v0.12.1
[INFO] [stderr]    Compiling crypto-bigint v0.4.9
[INFO] [stderr]    Compiling ff v0.12.1
[INFO] [stderr]    Compiling base16ct v0.1.1
[INFO] [stderr]    Compiling hkdf v0.12.3
[INFO] [stderr]    Compiling group v0.12.1
[INFO] [stderr]    Compiling sec1 v0.3.0
[INFO] [stderr]    Compiling socket2 v0.4.9
[INFO] [stderr]    Compiling num_cpus v1.15.0
[INFO] [stderr]    Compiling mio v0.8.6
[INFO] [stderr]    Compiling num-integer v0.1.45
[INFO] [stderr]    Compiling slab v0.4.8
[INFO] [stderr]    Compiling fnv v1.0.7
[INFO] [stderr]    Compiling futures-task v0.3.28
[INFO] [stderr]    Compiling futures-channel v0.3.28
[INFO] [stderr]    Compiling futures-sink v0.3.28
[INFO] [stderr]    Compiling http v0.2.9
[INFO] [stderr]    Compiling elliptic-curve v0.12.3
[INFO] [stderr]    Compiling tracing-core v0.1.30
[INFO] [stderr]    Compiling indexmap v1.9.3
[INFO] [stderr]    Compiling openssl v0.10.50
[INFO] [stderr]    Compiling futures-util v0.3.28
[INFO] [stderr]    Compiling foreign-types-shared v0.1.1
[INFO] [stderr]    Compiling foreign-types v0.3.2
[INFO] [stderr]    Compiling tracing v0.1.37
[INFO] [stderr]    Compiling rfc6979 v0.3.1
[INFO] [stderr]    Compiling signature v2.0.0
[INFO] [stderr]    Compiling num-iter v0.1.43
[INFO] [stderr]    Compiling pin-utils v0.1.0
[INFO] [stderr]    Compiling httparse v1.8.0
[INFO] [stderr]    Compiling bitflags v1.3.2
[INFO] [stderr]    Compiling cpufeatures v0.2.6
[INFO] [stderr]    Compiling hashbrown v0.12.3
[INFO] [stderr]    Compiling ppv-lite86 v0.2.17
[INFO] [stderr]    Compiling matches v0.1.10
[INFO] [stderr]    Compiling percent-encoding v2.1.0
[INFO] [stderr]    Compiling futures-io v0.3.28
[INFO] [stderr]    Compiling native-tls v0.2.11
[INFO] [stderr]    Compiling tinyvec_macros v0.1.1
[INFO] [stderr]    Compiling sha2 v0.10.6
[INFO] [stderr]    Compiling tinyvec v1.6.0
[INFO] [stderr]    Compiling ecdsa v0.15.1
[INFO] [stderr]    Compiling rand_chacha v0.3.1
[INFO] [stderr]    Compiling ryu v1.0.13
[INFO] [stderr]    Compiling spin v0.5.2
[INFO] [stderr]    Compiling serde_json v1.0.96
[INFO] [stderr]    Compiling openssl-probe v0.1.5
[INFO] [stderr]    Compiling syn v1.0.109
[INFO] [stderr]    Compiling num-bigint-dig v0.8.2
[INFO] [stderr]    Compiling httpdate v1.0.2
[INFO] [stderr]    Compiling try-lock v0.2.4
[INFO] [stderr]    Compiling want v0.3.0
[INFO] [stderr]    Compiling lazy_static v1.4.0
[INFO] [stderr]    Compiling rand v0.8.5
[INFO] [stderr]    Compiling form_urlencoded v1.0.1
[INFO] [stderr]    Compiling http-body v0.4.5
[INFO] [stderr]    Compiling unicode-normalization v0.1.22
[INFO] [stderr]    Compiling primeorder v0.12.1
[INFO] [stderr]    Compiling backtrace v0.3.67
[INFO] [stderr]    Compiling unicase v2.6.0
[INFO] [stderr]    Compiling tower-service v0.3.2
[INFO] [stderr]    Compiling byteorder v1.4.3
[INFO] [stderr]    Compiling doc-comment v0.3.3
[INFO] [stderr]    Compiling gimli v0.27.2
[INFO] [stderr]    Compiling thiserror v1.0.40
[INFO] [stderr]    Compiling unicode-bidi v0.3.13
[INFO] [stderr]    Compiling adler v1.0.2
[INFO] [stderr]    Compiling anyhow v1.0.70
[INFO] [stderr]    Compiling tokio-macros v2.0.0
[INFO] [stderr]    Compiling futures-macro v0.3.28
[INFO] [stderr]    Compiling openssl-macros v0.1.1
[INFO] [stderr]    Compiling smallvec v1.10.0
[INFO] [stderr]    Compiling idna v0.2.3
[INFO] [stderr]    Compiling thiserror-impl v1.0.40
[INFO] [stderr]    Compiling miniz_oxide v0.6.2
[INFO] [stderr]    Compiling addr2line v0.19.0
[INFO] [stderr]    Compiling pkcs1 v0.4.1
[INFO] [stderr]    Compiling object v0.30.3
[INFO] [stderr]    Compiling signature v1.6.4
[INFO] [stderr]    Compiling mime v0.3.17
[INFO] [stderr]    Compiling heck v0.4.1
[INFO] [stderr]    Compiling async-trait v0.1.68
[INFO] [stderr]    Compiling ct-codecs v1.1.1
[INFO] [stderr]    Compiling rustc-demangle v0.1.23
[INFO] [stderr]    Compiling hyperx v1.4.0
[INFO] [stderr]    Compiling ed25519-compact v2.0.4
[INFO] [stderr]    Compiling rsa v0.7.2
[INFO] [stderr]    Compiling tokio-util v0.7.7
[INFO] [stderr]    Compiling tokio-native-tls v0.3.1
[INFO] [stderr]    Compiling h2 v0.3.18
[INFO] [stderr]    Compiling p384 v0.12.0
[INFO] [stderr]    Compiling p256 v0.12.0
[INFO] [stderr]    Compiling k256 v0.12.0
[INFO] [stderr]    Compiling hmac-sha256 v1.1.6
[INFO] [stderr]    Compiling hmac-sha512 v1.1.4
[INFO] [stderr]    Compiling coarsetime v0.1.23
[INFO] [stderr]    Compiling encoding_rs v0.8.32
[INFO] [stderr]    Compiling base64 v0.13.1
[INFO] [stderr]    Compiling binstring v0.1.1
[INFO] [stderr]    Compiling iana-time-zone v0.1.56
[INFO] [stderr]    Compiling ipnet v2.7.2
[INFO] [stderr]    Compiling base64 v0.21.0
[INFO] [stderr]    Compiling hmac-sha1-compact v1.1.3
[INFO] [stderr]    Compiling snafu-derive v0.7.4
[INFO] [stderr]    Compiling language-tags v0.3.2
[INFO] [stderr]    Compiling hyper v0.14.26
[INFO] [stderr]    Compiling secrecy v0.8.0
[INFO] [stderr]    Compiling arc-swap v1.6.0
[INFO] [stderr]    Compiling serde_urlencoded v0.7.1
[INFO] [stderr]    Compiling url v2.3.0
[INFO] [stderr]    Compiling chrono v0.4.24
[INFO] [stderr]    Compiling jwt-simple v0.11.4
[INFO] [stderr]    Compiling serde_path_to_error v0.1.11
[INFO] [stderr]    Compiling base64 v0.20.0
[INFO] [stderr]    Compiling either v1.8.1
[INFO] [stderr]    Compiling snafu v0.7.4
[INFO] [stderr]    Compiling hyper-tls v0.5.0
[INFO] [stderr]    Compiling reqwest v0.11.16
[INFO] [stderr]    Compiling octocrab_wasi v0.18.3 (/opt/rustwide/workdir)
[INFO] [stdout] warning: unused imports: `Repository`, `User`
[INFO] [stdout]  --> src/models/events/payload/pull_request_review.rs:3:5
[INFO] [stdout]   |
[INFO] [stdout] 3 |     Repository, User,
[INFO] [stdout]   |     ^^^^^^^^^^  ^^^^
[INFO] [stdout]   |
[INFO] [stdout]   = note: `#[warn(unused_imports)]` on by default
[INFO] [stdout] 
[INFO] [stdout] 
[INFO] [stdout] warning: field `content_type` is never read
[INFO] [stdout]    --> src/api/search.rs:140:5
[INFO] [stdout]     |
[INFO] [stdout] 132 | pub struct QueryHandler<'octo, 'query, T> {
[INFO] [stdout]     |            ------------ field in this struct
[INFO] [stdout] ...
[INFO] [stdout] 140 |     content_type: ContentType,
[INFO] [stdout]     |     ^^^^^^^^^^^^
[INFO] [stdout]     |
[INFO] [stdout]     = note: `QueryHandler` has derived impls for the traits `Debug` and `Clone`, but these are intentionally ignored during dead code analysis
[INFO] [stdout]     = note: `#[warn(dead_code)]` on by default
[INFO] [stdout] 
[INFO] [stdout] 
[INFO] [stdout] warning: 2 warnings emitted
[INFO] [stdout] 
[INFO] [stdout] 
[INFO] [stderr]     Finished dev [unoptimized + debuginfo] target(s) in 2m 16s
[INFO] running `Command { std: "docker" "inspect" "f89d7e6ebb9303f63a62794903d93f066a161a7f8dd62e913e9309601ca2b18b", kill_on_drop: false }`
[INFO] running `Command { std: "docker" "rm" "-f" "f89d7e6ebb9303f63a62794903d93f066a161a7f8dd62e913e9309601ca2b18b", kill_on_drop: false }`
[INFO] [stdout] f89d7e6ebb9303f63a62794903d93f066a161a7f8dd62e913e9309601ca2b18b
[INFO] running `Command { std: "docker" "create" "-v" "/var/lib/crater-agent-workspace/builds/worker-3-tc2/target:/opt/rustwide/target:rw,Z" "-v" "/var/lib/crater-agent-workspace/builds/worker-3-tc2/source:/opt/rustwide/workdir:ro,Z" "-v" "/var/lib/crater-agent-workspace/cargo-home:/opt/rustwide/cargo-home:ro,Z" "-v" "/var/lib/crater-agent-workspace/rustup-home:/opt/rustwide/rustup-home:ro,Z" "-e" "SOURCE_DIR=/opt/rustwide/workdir" "-e" "CARGO_TARGET_DIR=/opt/rustwide/target" "-e" "CARGO_INCREMENTAL=0" "-e" "RUST_BACKTRACE=full" "-e" "RUSTFLAGS=--cap-lints=warn" "-e" "RUSTDOCFLAGS=--cap-lints=warn" "-e" "CARGO_HOME=/opt/rustwide/cargo-home" "-e" "RUSTUP_HOME=/opt/rustwide/rustup-home" "-w" "/opt/rustwide/workdir" "-m" "1610612736" "--user" "0:0" "--network" "none" "ghcr.io/rust-lang/crates-build-env/linux@sha256:5ff2268d62e97bff2cde7d5815dd6ed5b47097566f13b8d0ca110b04b60e07ed" "/opt/rustwide/cargo-home/bin/cargo" "+beta-2023-04-20" "test" "--frozen" "--no-run" "--message-format=json", kill_on_drop: false }`
[INFO] [stdout] d45841559bcb671baee99043c5d342de484fc2b93ccd89490481ab0fdbc0c1bf
[INFO] running `Command { std: "docker" "start" "-a" "d45841559bcb671baee99043c5d342de484fc2b93ccd89490481ab0fdbc0c1bf", kill_on_drop: false }`
[INFO] [stderr]    Compiling getrandom v0.1.16
[INFO] [stderr]    Compiling crossbeam-utils v0.8.15
[INFO] [stderr]    Compiling event-listener v2.5.3
[INFO] [stderr]    Compiling http-types v2.12.0
[INFO] [stderr]    Compiling waker-fn v1.1.0
[INFO] [stderr]    Compiling parking v2.1.0
[INFO] [stderr]    Compiling fastrand v1.9.0
[INFO] [stderr]    Compiling serde_qs v0.8.5
[INFO] [stderr]    Compiling futures-executor v0.3.28
[INFO] [stderr]    Compiling aho-corasick v0.7.20
[INFO] [stderr]    Compiling futures-lite v1.13.0
[INFO] [stderr]    Compiling deadpool-runtime v0.1.2
[INFO] [stderr]    Compiling retain_mut v0.1.9
[INFO] [stderr]    Compiling rand_core v0.5.1
[INFO] [stderr]    Compiling infer v0.2.3
[INFO] [stderr]    Compiling regex-syntax v0.6.29
[INFO] [stderr]    Compiling deadpool v0.9.5
[INFO] [stderr]    Compiling concurrent-queue v2.2.0
[INFO] [stderr]    Compiling rand_chacha v0.2.2
[INFO] [stderr]    Compiling async-channel v1.8.0
[INFO] [stderr]    Compiling rand v0.7.3
[INFO] [stderr]    Compiling futures v0.3.28
[INFO] [stderr]    Compiling assert-json-diff v2.0.2
[INFO] [stderr]    Compiling futures-timer v3.0.2
[INFO] [stdout] warning: unused imports: `Repository`, `User`
[INFO] [stdout]  --> src/models/events/payload/pull_request_review.rs:3:5
[INFO] [stdout]   |
[INFO] [stdout] 3 |     Repository, User,
[INFO] [stdout]   |     ^^^^^^^^^^  ^^^^
[INFO] [stdout]   |
[INFO] [stdout]   = note: `#[warn(unused_imports)]` on by default
[INFO] [stdout] 
[INFO] [stdout] 
[INFO] [stdout] warning: field `content_type` is never read
[INFO] [stdout]    --> src/api/search.rs:140:5
[INFO] [stdout]     |
[INFO] [stdout] 132 | pub struct QueryHandler<'octo, 'query, T> {
[INFO] [stdout]     |            ------------ field in this struct
[INFO] [stdout] ...
[INFO] [stdout] 140 |     content_type: ContentType,
[INFO] [stdout]     |     ^^^^^^^^^^^^
[INFO] [stdout]     |
[INFO] [stdout]     = note: `QueryHandler` has derived impls for the traits `Debug` and `Clone`, but these are intentionally ignored during dead code analysis
[INFO] [stdout]     = note: `#[warn(dead_code)]` on by default
[INFO] [stdout] 
[INFO] [stdout] 
[INFO] [stdout] warning: 2 warnings emitted
[INFO] [stdout] 
[INFO] [stdout] 
[INFO] [stderr]    Compiling regex v1.7.3
[INFO] [stderr]    Compiling wiremock v0.5.18
[INFO] [stderr]    Compiling octocrab_wasi v0.18.3 (/opt/rustwide/workdir)
[INFO] [stdout] error[E0432]: unresolved import `octocrab`
[INFO] [stdout]  --> examples/get_repo.rs:1:5
[INFO] [stdout]   |
[INFO] [stdout] 1 | use octocrab::Octocrab;
[INFO] [stdout]   |     ^^^^^^^^ use of undeclared crate or module `octocrab`
[INFO] [stdout] 
[INFO] [stdout] 
[INFO] [stdout] error[E0433]: failed to resolve: use of undeclared crate or module `octocrab`
[INFO] [stdout]  --> examples/get_repo.rs:4:20
[INFO] [stdout]   |
[INFO] [stdout] 4 | async fn main() -> octocrab::Result<()> {
[INFO] [stdout]   |                    ^^^^^^^^ use of undeclared crate or module `octocrab`
[INFO] [stdout] 
[INFO] [stdout] 
[INFO] [stdout] error[E0433]: failed to resolve: use of undeclared crate or module `octocrab`
[INFO] [stdout]  --> examples/list_forks.rs:1:5
[INFO] [stdout]   |
[INFO] [stdout] 1 | use octocrab::{params::repos::forks::Sort, Octocrab};
[INFO] [stdout]   |     ^^^^^^^^ use of undeclared crate or module `octocrab`
[INFO] [stdout] 
[INFO] [stdout] 
[INFO] [stdout] error[E0432]: unresolved import `octocrab`
[INFO] [stdout]  --> examples/list_all_workflow_runs.rs:1:5
[INFO] [stdout]   |
[INFO] [stdout] 1 | use octocrab::Octocrab;
[INFO] [stdout]   |     ^^^^^^^^ use of undeclared crate or module `octocrab`
[INFO] [stdout] 
[INFO] [stdout] 
[INFO] [stdout] error[E0433]: failed to resolve: use of undeclared crate or module `octocrab`
[INFO] [stdout]  --> examples/github_app_authentication_manual.rs:1:5
[INFO] [stdout]   |
[INFO] [stdout] 1 | use octocrab::models::{InstallationToken, InstallationRepositories};
[INFO] [stdout]   |     ^^^^^^^^ use of undeclared crate or module `octocrab`
[INFO] [stdout] 
[INFO] [stdout] 
[INFO] [stdout] error[E0433]: failed to resolve: use of undeclared crate or module `octocrab`
[INFO] [stdout]  --> examples/github_app_authentication_manual.rs:2:5
[INFO] [stdout]   |
[INFO] [stdout] 2 | use octocrab::params::apps::CreateInstallationAccessToken;
[INFO] [stdout]   |     ^^^^^^^^ use of undeclared crate or module `octocrab`
[INFO] [stdout] 
[INFO] [stdout] 
[INFO] [stdout] error[E0433]: failed to resolve: use of undeclared crate or module `octocrab`
[INFO] [stdout]  --> examples/list_all_workflow_runs.rs:4:20
[INFO] [stdout]   |
[INFO] [stdout] 4 | async fn main() -> octocrab::Result<()> {
[INFO] [stdout]   |                    ^^^^^^^^ use of undeclared crate or module `octocrab`
[INFO] [stdout] 
[INFO] [stdout] 
[INFO] [stdout] error[E0432]: unresolved import `octocrab`
[INFO] [stdout]  --> examples/get_rate_limit.rs:1:5
[INFO] [stdout]   |
[INFO] [stdout] 1 | use octocrab::Octocrab;
[INFO] [stdout]   |     ^^^^^^^^ use of undeclared crate or module `octocrab`
[INFO] [stdout] 
[INFO] [stdout] 
[INFO] [stdout] error: aborting due to 2 previous errors
[INFO] [stdout] 
[INFO] [stdout] 
[INFO] [stdout] Some errors have detailed explanations: E0432, E0433.
[INFO] [stdout] 
[INFO] [stdout] For more information about an error, try `rustc --explain E0432`.
[INFO] [stdout] 
[INFO] [stdout] error[E0433]: failed to resolve: use of undeclared crate or module `octocrab`
[INFO] [stdout]  --> tests/org_members_tests.rs:5:5
[INFO] [stdout]   |
[INFO] [stdout] 5 | use octocrab::{models::User, Octocrab, Page};
[INFO] [stdout]   |     ^^^^^^^^ use of undeclared crate or module `octocrab`
[INFO] [stdout] 
[INFO] [stdout] 
[INFO] [stderr] error: could not compile `octocrab_wasi` (example "get_repo") due to 3 previous errors
[INFO] [stderr] warning: build failed, waiting for other jobs to finish...
[INFO] [stdout] error[E0432]: unresolved import `octocrab`
[INFO] [stdout]  --> examples/list_forks.rs:1:5
[INFO] [stdout]   |
[INFO] [stdout] 1 | use octocrab::{params::repos::forks::Sort, Octocrab};
[INFO] [stdout]   |     ^^^^^^^^ use of undeclared crate or module `octocrab`
[INFO] [stdout] 
[INFO] [stdout] 
[INFO] [stdout] error[E0433]: failed to resolve: use of undeclared crate or module `octocrab`
[INFO] [stdout]  --> examples/list_forks.rs:4:20
[INFO] [stdout]   |
[INFO] [stdout] 4 | async fn main() -> octocrab::Result<()> {
[INFO] [stdout]   |                    ^^^^^^^^ use of undeclared crate or module `octocrab`
[INFO] [stdout] 
[INFO] [stdout] 
[INFO] [stdout] error[E0433]: failed to resolve: use of undeclared crate or module `octocrab`
[INFO] [stdout]  --> examples/print_pr_diff.rs:2:20
[INFO] [stdout]   |
[INFO] [stdout] 2 | async fn main() -> octocrab::Result<()> {
[INFO] [stdout]   |                    ^^^^^^^^ use of undeclared crate or module `octocrab`
[INFO] [stdout] 
[INFO] [stdout] 
[INFO] [stdout] error: aborting due to 2 previous errors
[INFO] [stdout] 
[INFO] [stdout] 
[INFO] [stdout] error[E0432]: unresolved import `octocrab`
[INFO] [stdout]  --> examples/github_app_authentication_manual.rs:3:5
[INFO] [stdout]   |
[INFO] [stdout] 3 | use octocrab::Octocrab;
[INFO] [stdout]   |     ^^^^^^^^ use of undeclared crate or module `octocrab`
[INFO] [stdout] 
[INFO] [stdout] 
[INFO] [stdout] error[E0433]: failed to resolve: use of undeclared crate or module `octocrab`
[INFO] [stdout]  --> examples/github_app_authentication_manual.rs:6:20
[INFO] [stdout]   |
[INFO] [stdout] 6 | async fn main() -> octocrab::Result<()> {
[INFO] [stdout]   |                    ^^^^^^^^ use of undeclared crate or module `octocrab`
[INFO] [stdout] 
[INFO] [stdout] 
[INFO] [stdout] error[E0432]: unresolved import `octocrab`
[INFO] [stdout]  --> tests/org_members_tests.rs:5:5
[INFO] [stdout]   |
[INFO] [stdout] 5 | use octocrab::{models::User, Octocrab, Page};
[INFO] [stdout]   |     ^^^^^^^^ use of undeclared crate or module `octocrab`
[INFO] [stdout] 
[INFO] [stdout] 
[INFO] [stdout] Some errors have detailed explanations: E0432, E0433.
[INFO] [stdout] 
[INFO] [stdout] For more information about an error, try `rustc --explain E0432`.
[INFO] [stdout] 
[INFO] [stderr] error: could not compile `octocrab_wasi` (example "list_all_workflow_runs") due to 3 previous errors
[INFO] [stdout] error: aborting due to 3 previous errors
[INFO] [stdout] 
[INFO] [stdout] 
[INFO] [stderr] error: could not compile `octocrab_wasi` (example "list_forks") due to 4 previous errors
[INFO] [stdout] Some errors have detailed explanations: E0432, E0433.
[INFO] [stdout] 
[INFO] [stdout] For more information about an error, try `rustc --explain E0432`.
[INFO] [stdout] 
[INFO] [stdout] error[E0433]: failed to resolve: use of undeclared crate or module `octocrab`
[INFO] [stdout]  --> tests/repos_events_test.rs:5:5
[INFO] [stdout]   |
[INFO] [stdout] 5 | use octocrab::{
[INFO] [stdout]   |     ^^^^^^^^ use of undeclared crate or module `octocrab`
[INFO] [stdout] 
[INFO] [stdout] 
[INFO] [stdout] error[E0433]: failed to resolve: use of undeclared crate or module `octocrab`
[INFO] [stdout]  --> examples/get_rate_limit.rs:5:21
[INFO] [stdout]   |
[INFO] [stdout] 5 |     let ratelimit = octocrab::instance().ratelimit().get().await?;
[INFO] [stdout]   |                     ^^^^^^^^ use of undeclared crate or module `octocrab`
[INFO] [stdout] 
[INFO] [stdout] 
[INFO] [stdout] error[E0433]: failed to resolve: use of undeclared crate or module `jsonwebtoken`
[INFO] [stdout]  --> examples/github_app_authentication_manual.rs:9:15
[INFO] [stdout]   |
[INFO] [stdout] 9 |     let key = jsonwebtoken::EncodingKey::from_rsa_pem(app_private_key.as_bytes()).unwrap();
[INFO] [stdout]   |               ^^^^^^^^^^^^ use of undeclared crate or module `jsonwebtoken`
[INFO] [stdout] 
[INFO] [stdout] 
[INFO] [stdout] error[E0432]: unresolved import `octocrab`
[INFO] [stdout]  --> tests/repos_events_test.rs:5:5
[INFO] [stdout]   |
[INFO] [stdout] 5 | use octocrab::{
[INFO] [stdout]   |     ^^^^^^^^ use of undeclared crate or module `octocrab`
[INFO] [stdout] 
[INFO] [stdout] 
[INFO] [stdout] error: aborting due to 2 previous errors
[INFO] [stdout] 
[INFO] [stdout] 
[INFO] [stdout] Some errors have detailed explanations: E0432, E0433.
[INFO] [stdout] 
[INFO] [stdout] For more information about an error, try `rustc --explain E0432`.
[INFO] [stdout] 
[INFO] [stdout] error[E0433]: failed to resolve: use of undeclared crate or module `octocrab`
[INFO] [stdout]   --> examples/github_app_authentication_manual.rs:11:17
[INFO] [stdout]    |
[INFO] [stdout] 11 |     let token = octocrab::auth::create_jwt(app_id.parse::<u64>().unwrap().into(), &key).unwrap();
[INFO] [stdout]    |                 ^^^^^^^^ use of undeclared crate or module `octocrab`
[INFO] [stdout] 
[INFO] [stdout] 
[INFO] [stdout] error[E0433]: failed to resolve: use of undeclared crate or module `octocrab`
[INFO] [stdout]   --> examples/github_app_authentication_manual.rs:34:20
[INFO] [stdout]    |
[INFO] [stdout] 34 |     let octocrab = octocrab::OctocrabBuilder::new()
[INFO] [stdout]    |                    ^^^^^^^^ use of undeclared crate or module `octocrab`
[INFO] [stdout]    |
[INFO] [stdout] help: consider importing this struct
[INFO] [stdout]    |
[INFO] [stdout] 1  + use octocrab_wasi::OctocrabBuilder;
[INFO] [stdout]    |
[INFO] [stdout] help: if you import `OctocrabBuilder`, refer to it directly
[INFO] [stdout]    |
[INFO] [stdout] 34 -     let octocrab = octocrab::OctocrabBuilder::new()
[INFO] [stdout] 34 +     let octocrab = OctocrabBuilder::new()
[INFO] [stdout]    |
[INFO] [stdout] 
[INFO] [stdout] 
[INFO] [stderr] error: could not compile `octocrab_wasi` (example "get_rate_limit") due to 3 previous errors
[INFO] [stdout] error: aborting due to 7 previous errors
[INFO] [stdout] 
[INFO] [stdout] 
[INFO] [stdout] error[E0433]: failed to resolve: use of undeclared crate or module `octocrab`
[INFO] [stdout]  --> examples/print_pr_diff.rs:3:16
[INFO] [stdout]   |
[INFO] [stdout] 3 |     let diff = octocrab::instance()
[INFO] [stdout]   |                ^^^^^^^^ use of undeclared crate or module `octocrab`
[INFO] [stdout] 
[INFO] [stdout] 
[INFO] [stdout] error: aborting due to 2 previous errors
[INFO] [stdout] 
[INFO] [stdout] 
[INFO] [stdout] Some errors have detailed explanations: E0432, E0433.
[INFO] [stdout] 
[INFO] [stdout] For more information about an error, try `rustc --explain E0432`.
[INFO] [stdout] 
[INFO] [stdout] For more information about this error, try `rustc --explain E0433`.
[INFO] [stdout] 
[INFO] [stderr] error: could not compile `octocrab_wasi` (example "github_app_authentication_manual") due to 8 previous errors
[INFO] [stderr] error: could not compile `octocrab_wasi` (example "print_pr_diff") due to 3 previous errors
[INFO] [stdout] error: aborting due to 2 previous errors
[INFO] [stdout] 
[INFO] [stdout] 
[INFO] [stdout] Some errors have detailed explanations: E0432, E0433.
[INFO] [stdout] 
[INFO] [stdout] For more information about an error, try `rustc --explain E0432`.
[INFO] [stdout] 
[INFO] [stderr] error: could not compile `octocrab_wasi` (test "org_members_tests") due to 3 previous errors
[INFO] [stdout] error: aborting due to 2 previous errors
[INFO] [stdout] 
[INFO] [stdout] 
[INFO] [stdout] Some errors have detailed explanations: E0432, E0433.
[INFO] [stdout] 
[INFO] [stdout] For more information about an error, try `rustc --explain E0432`.
[INFO] [stdout] 
[INFO] [stderr] error: could not compile `octocrab_wasi` (test "repos_events_test") due to 3 previous errors
[INFO] running `Command { std: "docker" "inspect" "d45841559bcb671baee99043c5d342de484fc2b93ccd89490481ab0fdbc0c1bf", kill_on_drop: false }`
[INFO] running `Command { std: "docker" "rm" "-f" "d45841559bcb671baee99043c5d342de484fc2b93ccd89490481ab0fdbc0c1bf", kill_on_drop: false }`
[INFO] [stdout] d45841559bcb671baee99043c5d342de484fc2b93ccd89490481ab0fdbc0c1bf
