[INFO] fetching crate ocl-core 0.11.3...
[INFO] testing ocl-core-0.11.3 against beta-2023-04-20 for beta-1.70-1
[INFO] extracting crate ocl-core 0.11.3 into /workspace/builds/worker-3-tc2/source
[INFO] validating manifest of crates.io crate ocl-core 0.11.3 on toolchain beta-2023-04-20
[INFO] running `Command { std: CARGO_HOME="/workspace/cargo-home" RUSTUP_HOME="/workspace/rustup-home" "/workspace/cargo-home/bin/cargo" "+beta-2023-04-20" "metadata" "--manifest-path" "Cargo.toml" "--no-deps", kill_on_drop: false }`
[INFO] started tweaking crates.io crate ocl-core 0.11.3
[INFO] finished tweaking crates.io crate ocl-core 0.11.3
[INFO] tweaked toml for crates.io crate ocl-core 0.11.3 written to /workspace/builds/worker-3-tc2/source/Cargo.toml
[INFO] crate crates.io crate ocl-core 0.11.3 already has a lockfile, it will not be regenerated
[INFO] running `Command { std: CARGO_HOME="/workspace/cargo-home" RUSTUP_HOME="/workspace/rustup-home" "/workspace/cargo-home/bin/cargo" "+beta-2023-04-20" "fetch" "--manifest-path" "Cargo.toml", kill_on_drop: false }`
[INFO] [stderr]     Updating crates.io index
[INFO] [stderr]  Downloading crates ...
[INFO] [stderr]   Downloaded ocl-core-vector v0.1.0
[INFO] [stderr]   Downloaded cl-sys v0.4.2
[INFO] [stderr]   Downloaded colorify v0.2.3
[INFO] running `Command { std: "docker" "create" "-v" "/var/lib/crater-agent-workspace/builds/worker-3-tc2/target:/opt/rustwide/target:rw,Z" "-v" "/var/lib/crater-agent-workspace/builds/worker-3-tc2/source:/opt/rustwide/workdir:ro,Z" "-v" "/var/lib/crater-agent-workspace/cargo-home:/opt/rustwide/cargo-home:ro,Z" "-v" "/var/lib/crater-agent-workspace/rustup-home:/opt/rustwide/rustup-home:ro,Z" "-e" "SOURCE_DIR=/opt/rustwide/workdir" "-e" "CARGO_TARGET_DIR=/opt/rustwide/target" "-e" "CARGO_HOME=/opt/rustwide/cargo-home" "-e" "RUSTUP_HOME=/opt/rustwide/rustup-home" "-w" "/opt/rustwide/workdir" "-m" "1610612736" "--user" "0:0" "--network" "none" "ghcr.io/rust-lang/crates-build-env/linux@sha256:5ff2268d62e97bff2cde7d5815dd6ed5b47097566f13b8d0ca110b04b60e07ed" "/opt/rustwide/cargo-home/bin/cargo" "+beta-2023-04-20" "metadata" "--no-deps" "--format-version=1", kill_on_drop: false }`
[INFO] [stdout] d45e2237d13aa77c1c35194b060ee0f0b5de37cec4fe77284d16d11cfa8b2b89
[INFO] running `Command { std: "docker" "start" "-a" "d45e2237d13aa77c1c35194b060ee0f0b5de37cec4fe77284d16d11cfa8b2b89", kill_on_drop: false }`
[INFO] running `Command { std: "docker" "inspect" "d45e2237d13aa77c1c35194b060ee0f0b5de37cec4fe77284d16d11cfa8b2b89", kill_on_drop: false }`
[INFO] running `Command { std: "docker" "rm" "-f" "d45e2237d13aa77c1c35194b060ee0f0b5de37cec4fe77284d16d11cfa8b2b89", kill_on_drop: false }`
[INFO] [stdout] d45e2237d13aa77c1c35194b060ee0f0b5de37cec4fe77284d16d11cfa8b2b89
[INFO] running `Command { std: "docker" "create" "-v" "/var/lib/crater-agent-workspace/builds/worker-3-tc2/target:/opt/rustwide/target:rw,Z" "-v" "/var/lib/crater-agent-workspace/builds/worker-3-tc2/source:/opt/rustwide/workdir:ro,Z" "-v" "/var/lib/crater-agent-workspace/cargo-home:/opt/rustwide/cargo-home:ro,Z" "-v" "/var/lib/crater-agent-workspace/rustup-home:/opt/rustwide/rustup-home:ro,Z" "-e" "SOURCE_DIR=/opt/rustwide/workdir" "-e" "CARGO_TARGET_DIR=/opt/rustwide/target" "-e" "CARGO_INCREMENTAL=0" "-e" "RUST_BACKTRACE=full" "-e" "RUSTFLAGS=--cap-lints=warn" "-e" "RUSTDOCFLAGS=--cap-lints=warn" "-e" "CARGO_HOME=/opt/rustwide/cargo-home" "-e" "RUSTUP_HOME=/opt/rustwide/rustup-home" "-w" "/opt/rustwide/workdir" "-m" "1610612736" "--user" "0:0" "--network" "none" "ghcr.io/rust-lang/crates-build-env/linux@sha256:5ff2268d62e97bff2cde7d5815dd6ed5b47097566f13b8d0ca110b04b60e07ed" "/opt/rustwide/cargo-home/bin/cargo" "+beta-2023-04-20" "build" "--frozen" "--message-format=json", kill_on_drop: false }`
[INFO] [stdout] c9f6965fff6d643e73d6440a27da97e25c57925fd630cdeaf55d3e2a9518d009
[INFO] running `Command { std: "docker" "start" "-a" "c9f6965fff6d643e73d6440a27da97e25c57925fd630cdeaf55d3e2a9518d009", kill_on_drop: false }`
[INFO] [stderr]    Compiling autocfg v1.1.0
[INFO] [stderr]    Compiling libc v0.2.132
[INFO] [stderr]    Compiling proc-macro2 v1.0.43
[INFO] [stderr]    Compiling semver v1.0.13
[INFO] [stderr]    Compiling rustc-serialize v0.3.24
[INFO] [stderr]    Compiling unicode-ident v1.0.3
[INFO] [stderr]    Compiling quote v1.0.21
[INFO] [stderr]    Compiling syn v1.0.99
[INFO] [stderr]    Compiling cl-sys v0.4.2
[INFO] [stderr]    Compiling bitflags v1.3.2
[INFO] [stderr]    Compiling num-traits v0.2.15
[INFO] [stderr]    Compiling num-integer v0.1.45
[INFO] [stderr]    Compiling num-iter v0.1.43
[INFO] [stderr]    Compiling rustc_version v0.4.0
[INFO] [stderr]    Compiling ocl-core v0.11.3 (/opt/rustwide/workdir)
[INFO] [stderr]    Compiling rand v0.4.6
[INFO] [stderr]    Compiling num-complex v0.1.43
[INFO] [stderr]    Compiling num-traits v0.1.43
[INFO] [stderr]    Compiling num-complex v0.4.2
[INFO] [stderr]    Compiling enum_primitive v0.1.1
[INFO] [stderr]    Compiling num-bigint v0.1.44
[INFO] [stderr]    Compiling num-rational v0.1.42
[INFO] [stderr]    Compiling thiserror-impl v1.0.32
[INFO] [stderr]    Compiling num v0.1.42
[INFO] [stderr]    Compiling ocl-core-vector v0.1.0
[INFO] [stderr]    Compiling thiserror v1.0.32
[INFO] [stderr]     Finished dev [unoptimized + debuginfo] target(s) in 7.51s
[INFO] [stderr] warning: the following packages contain code that will be rejected by a future version of Rust: rustc-serialize v0.3.24
[INFO] [stderr] note: to see what the problems were, use the option `--future-incompat-report`, or run `cargo report future-incompatibilities --id 1`
[INFO] running `Command { std: "docker" "inspect" "c9f6965fff6d643e73d6440a27da97e25c57925fd630cdeaf55d3e2a9518d009", kill_on_drop: false }`
[INFO] running `Command { std: "docker" "rm" "-f" "c9f6965fff6d643e73d6440a27da97e25c57925fd630cdeaf55d3e2a9518d009", kill_on_drop: false }`
[INFO] [stdout] c9f6965fff6d643e73d6440a27da97e25c57925fd630cdeaf55d3e2a9518d009
[INFO] running `Command { std: "docker" "create" "-v" "/var/lib/crater-agent-workspace/builds/worker-3-tc2/target:/opt/rustwide/target:rw,Z" "-v" "/var/lib/crater-agent-workspace/builds/worker-3-tc2/source:/opt/rustwide/workdir:ro,Z" "-v" "/var/lib/crater-agent-workspace/cargo-home:/opt/rustwide/cargo-home:ro,Z" "-v" "/var/lib/crater-agent-workspace/rustup-home:/opt/rustwide/rustup-home:ro,Z" "-e" "SOURCE_DIR=/opt/rustwide/workdir" "-e" "CARGO_TARGET_DIR=/opt/rustwide/target" "-e" "CARGO_INCREMENTAL=0" "-e" "RUST_BACKTRACE=full" "-e" "RUSTFLAGS=--cap-lints=warn" "-e" "RUSTDOCFLAGS=--cap-lints=warn" "-e" "CARGO_HOME=/opt/rustwide/cargo-home" "-e" "RUSTUP_HOME=/opt/rustwide/rustup-home" "-w" "/opt/rustwide/workdir" "-m" "1610612736" "--user" "0:0" "--network" "none" "ghcr.io/rust-lang/crates-build-env/linux@sha256:5ff2268d62e97bff2cde7d5815dd6ed5b47097566f13b8d0ca110b04b60e07ed" "/opt/rustwide/cargo-home/bin/cargo" "+beta-2023-04-20" "test" "--frozen" "--no-run" "--message-format=json", kill_on_drop: false }`
[INFO] [stdout] 00468605f1214d00bebd431e2938a184b777e7d7a4031dafc1e8087c2417e6e3
[INFO] running `Command { std: "docker" "start" "-a" "00468605f1214d00bebd431e2938a184b777e7d7a4031dafc1e8087c2417e6e3", kill_on_drop: false }`
[INFO] [stderr]    Compiling cfg-if v1.0.0
[INFO] [stderr]    Compiling ppv-lite86 v0.2.16
[INFO] [stderr]    Compiling colorify v0.2.3
[INFO] [stderr]    Compiling getrandom v0.2.7
[INFO] [stderr]    Compiling rand_core v0.6.3
[INFO] [stderr]    Compiling rand_chacha v0.3.1
[INFO] [stderr]    Compiling rand v0.8.5
[INFO] [stderr]    Compiling ocl-core v0.11.3 (/opt/rustwide/workdir)
[INFO] [stdout] error[E0432]: unresolved import `self::rand::rngs::SmallRng`
[INFO] [stdout]   --> src/tests/mod.rs:22:36
[INFO] [stdout]    |
[INFO] [stdout] 22 | use self::rand::{SeedableRng, Rng, rngs::SmallRng};
[INFO] [stdout]    |                                    ^^^^^^^^^^^^^^ no `SmallRng` in `rngs`
[INFO] [stdout] 
[INFO] [stdout] 
[INFO] [stdout] warning: unused import: `SeedableRng`
[INFO] [stdout]   --> src/tests/mod.rs:22:18
[INFO] [stdout]    |
[INFO] [stdout] 22 | use self::rand::{SeedableRng, Rng, rngs::SmallRng};
[INFO] [stdout]    |                  ^^^^^^^^^^^
[INFO] [stdout]    |
[INFO] [stdout]    = note: `#[warn(unused_imports)]` on by default
[INFO] [stdout] 
[INFO] [stdout] 
[INFO] [stdout] error: linking with `cc` failed: exit status: 1
[INFO] [stdout]   |
[INFO] [stdout]   = note: LC_ALL="C" PATH="/opt/rustwide/rustup-home/toolchains/beta-2023-04-20-x86_64-unknown-linux-gnu/lib/rustlib/x86_64-unknown-linux-gnu/bin:/opt/rustwide/cargo-home/bin:/usr/local/sbin:/usr/local/bin:/usr/sbin:/usr/bin:/sbin:/bin" VSLANG="1033" "cc" "-m64" "/tmp/rustcZIjy9G/symbols.o" "/opt/rustwide/target/debug/examples/trivial-ef945564fd83d076.trivial.d788f41b-cgu.0.rcgu.o" "/opt/rustwide/target/debug/examples/trivial-ef945564fd83d076.trivial.d788f41b-cgu.1.rcgu.o" "/opt/rustwide/target/debug/examples/trivial-ef945564fd83d076.trivial.d788f41b-cgu.10.rcgu.o" "/opt/rustwide/target/debug/examples/trivial-ef945564fd83d076.trivial.d788f41b-cgu.11.rcgu.o" "/opt/rustwide/target/debug/examples/trivial-ef945564fd83d076.trivial.d788f41b-cgu.12.rcgu.o" "/opt/rustwide/target/debug/examples/trivial-ef945564fd83d076.trivial.d788f41b-cgu.13.rcgu.o" "/opt/rustwide/target/debug/examples/trivial-ef945564fd83d076.trivial.d788f41b-cgu.14.rcgu.o" "/opt/rustwide/target/debug/examples/trivial-ef945564fd83d076.trivial.d788f41b-cgu.15.rcgu.o" "/opt/rustwide/target/debug/examples/trivial-ef945564fd83d076.trivial.d788f41b-cgu.2.rcgu.o" "/opt/rustwide/target/debug/examples/trivial-ef945564fd83d076.trivial.d788f41b-cgu.3.rcgu.o" "/opt/rustwide/target/debug/examples/trivial-ef945564fd83d076.trivial.d788f41b-cgu.4.rcgu.o" "/opt/rustwide/target/debug/examples/trivial-ef945564fd83d076.trivial.d788f41b-cgu.5.rcgu.o" "/opt/rustwide/target/debug/examples/trivial-ef945564fd83d076.trivial.d788f41b-cgu.6.rcgu.o" "/opt/rustwide/target/debug/examples/trivial-ef945564fd83d076.trivial.d788f41b-cgu.7.rcgu.o" "/opt/rustwide/target/debug/examples/trivial-ef945564fd83d076.trivial.d788f41b-cgu.8.rcgu.o" "/opt/rustwide/target/debug/examples/trivial-ef945564fd83d076.trivial.d788f41b-cgu.9.rcgu.o" "/opt/rustwide/target/debug/examples/trivial-ef945564fd83d076.3pp0fh6fmpglmkir.rcgu.o" "-Wl,--as-needed" "-L" "/opt/rustwide/target/debug/deps" "-L" "/opt/rustwide/rustup-home/toolchains/beta-2023-04-20-x86_64-unknown-linux-gnu/lib/rustlib/x86_64-unknown-linux-gnu/lib" "-Wl,-Bstatic" "/opt/rustwide/target/debug/deps/libocl_core-d1378ec87ca61ff6.rlib" "/opt/rustwide/target/debug/deps/libthiserror-2e4caf619fcf42bc.rlib" "/opt/rustwide/target/debug/deps/libcl_sys-0e07be991ac84c01.rlib" "/opt/rustwide/target/debug/deps/libocl_core_vector-84417c1a294a7444.rlib" "/opt/rustwide/target/debug/deps/libnum-786d7057b37e5f5c.rlib" "/opt/rustwide/target/debug/deps/libnum_rational-e57cd2af9da53675.rlib" "/opt/rustwide/target/debug/deps/libnum_bigint-8b760839e4aeb03e.rlib" "/opt/rustwide/target/debug/deps/librand-17d2a333564d176d.rlib" "/opt/rustwide/target/debug/deps/liblibc-bd09451349fb8dc9.rlib" "/opt/rustwide/target/debug/deps/libnum_complex-ad9b17e32443ff25.rlib" "/opt/rustwide/target/debug/deps/librustc_serialize-bdf045fabfc65aef.rlib" "/opt/rustwide/target/debug/deps/libnum_iter-9fdf13392fb3e919.rlib" "/opt/rustwide/target/debug/deps/libnum_integer-6b9ae645eb9d8cdb.rlib" "/opt/rustwide/target/debug/deps/libnum_complex-52f9aaf1113daf84.rlib" "/opt/rustwide/target/debug/deps/libenum_primitive-35e720bce9bc58b0.rlib" "/opt/rustwide/target/debug/deps/libnum_traits-c023d4373da93000.rlib" "/opt/rustwide/target/debug/deps/libnum_traits-ab4e79417a15ff02.rlib" "/opt/rustwide/target/debug/deps/libbitflags-610a73087f46ba3b.rlib" "/opt/rustwide/rustup-home/toolchains/beta-2023-04-20-x86_64-unknown-linux-gnu/lib/rustlib/x86_64-unknown-linux-gnu/lib/libstd-0e29cc23c5e02021.rlib" "/opt/rustwide/rustup-home/toolchains/beta-2023-04-20-x86_64-unknown-linux-gnu/lib/rustlib/x86_64-unknown-linux-gnu/lib/libpanic_unwind-d903621768a861d9.rlib" "/opt/rustwide/rustup-home/toolchains/beta-2023-04-20-x86_64-unknown-linux-gnu/lib/rustlib/x86_64-unknown-linux-gnu/lib/libobject-6d0225e655f31c13.rlib" "/opt/rustwide/rustup-home/toolchains/beta-2023-04-20-x86_64-unknown-linux-gnu/lib/rustlib/x86_64-unknown-linux-gnu/lib/libmemchr-9dbaf4eac7eaa079.rlib" "/opt/rustwide/rustup-home/toolchains/beta-2023-04-20-x86_64-unknown-linux-gnu/lib/rustlib/x86_64-unknown-linux-gnu/lib/libaddr2line-27f05b3d42a66dd0.rlib" "/opt/rustwide/rustup-home/toolchains/beta-2023-04-20-x86_64-unknown-linux-gnu/lib/rustlib/x86_64-unknown-linux-gnu/lib/libgimli-4d73f1030321c9a2.rlib" "/opt/rustwide/rustup-home/toolchains/beta-2023-04-20-x86_64-unknown-linux-gnu/lib/rustlib/x86_64-unknown-linux-gnu/lib/librustc_demangle-2846c9e58abd0acb.rlib" "/opt/rustwide/rustup-home/toolchains/beta-2023-04-20-x86_64-unknown-linux-gnu/lib/rustlib/x86_64-unknown-linux-gnu/lib/libstd_detect-a53d0f50415947be.rlib" "/opt/rustwide/rustup-home/toolchains/beta-2023-04-20-x86_64-unknown-linux-gnu/lib/rustlib/x86_64-unknown-linux-gnu/lib/libhashbrown-d48e4b6abc25b9dc.rlib" "/opt/rustwide/rustup-home/toolchains/beta-2023-04-20-x86_64-unknown-linux-gnu/lib/rustlib/x86_64-unknown-linux-gnu/lib/libminiz_oxide-2991859439ef1207.rlib" "/opt/rustwide/rustup-home/toolchains/beta-2023-04-20-x86_64-unknown-linux-gnu/lib/rustlib/x86_64-unknown-linux-gnu/lib/libadler-8a687517e4221bae.rlib" "/opt/rustwide/rustup-home/toolchains/beta-2023-04-20-x86_64-unknown-linux-gnu/lib/rustlib/x86_64-unknown-linux-gnu/lib/librustc_std_workspace_alloc-e07b554f6a67f5b3.rlib" "/opt/rustwide/rustup-home/toolchains/beta-2023-04-20-x86_64-unknown-linux-gnu/lib/rustlib/x86_64-unknown-linux-gnu/lib/libunwind-b68238b7c3c619dd.rlib" "/opt/rustwide/rustup-home/toolchains/beta-2023-04-20-x86_64-unknown-linux-gnu/lib/rustlib/x86_64-unknown-linux-gnu/lib/libcfg_if-d5e213e896c017e4.rlib" "/opt/rustwide/rustup-home/toolchains/beta-2023-04-20-x86_64-unknown-linux-gnu/lib/rustlib/x86_64-unknown-linux-gnu/lib/liblibc-0211a3b2e61d8689.rlib" "/opt/rustwide/rustup-home/toolchains/beta-2023-04-20-x86_64-unknown-linux-gnu/lib/rustlib/x86_64-unknown-linux-gnu/lib/liballoc-b371f055239ba51f.rlib" "/opt/rustwide/rustup-home/toolchains/beta-2023-04-20-x86_64-unknown-linux-gnu/lib/rustlib/x86_64-unknown-linux-gnu/lib/librustc_std_workspace_core-e60518d2760eb01e.rlib" "/opt/rustwide/rustup-home/toolchains/beta-2023-04-20-x86_64-unknown-linux-gnu/lib/rustlib/x86_64-unknown-linux-gnu/lib/libcore-1ad943f92a4b1081.rlib" "/opt/rustwide/rustup-home/toolchains/beta-2023-04-20-x86_64-unknown-linux-gnu/lib/rustlib/x86_64-unknown-linux-gnu/lib/libcompiler_builtins-f0d6e4d0fc1e80b4.rlib" "-Wl,-Bdynamic" "-lOpenCL" "-lgcc_s" "-lutil" "-lrt" "-lpthread" "-lm" "-ldl" "-lc" "-Wl,--eh-frame-hdr" "-Wl,-z,noexecstack" "-L" "/opt/rustwide/rustup-home/toolchains/beta-2023-04-20-x86_64-unknown-linux-gnu/lib/rustlib/x86_64-unknown-linux-gnu/lib" "-o" "/opt/rustwide/target/debug/examples/trivial-ef945564fd83d076" "-Wl,--gc-sections" "-pie" "-Wl,-z,relro,-z,now" "-nodefaultlibs"
[INFO] [stdout]   = note: /usr/bin/ld: cannot find -lOpenCL: No such file or directory
[INFO] [stdout]           collect2: error: ld returned 1 exit status
[INFO] [stdout]           
[INFO] [stdout] 
[INFO] [stdout] 
[INFO] [stdout] error: linking with `cc` failed: exit status: 1
[INFO] [stdout]   |
[INFO] [stdout]   = note: LC_ALL="C" PATH="/opt/rustwide/rustup-home/toolchains/beta-2023-04-20-x86_64-unknown-linux-gnu/lib/rustlib/x86_64-unknown-linux-gnu/bin:/opt/rustwide/cargo-home/bin:/usr/local/sbin:/usr/local/bin:/usr/sbin:/usr/bin:/sbin:/bin" VSLANG="1033" "cc" "-m64" "/tmp/rustcj81Yac/symbols.o" "/opt/rustwide/target/debug/examples/version-abbd08caa34c12c0.version.3441bbb8-cgu.0.rcgu.o" "/opt/rustwide/target/debug/examples/version-abbd08caa34c12c0.version.3441bbb8-cgu.1.rcgu.o" "/opt/rustwide/target/debug/examples/version-abbd08caa34c12c0.version.3441bbb8-cgu.10.rcgu.o" "/opt/rustwide/target/debug/examples/version-abbd08caa34c12c0.version.3441bbb8-cgu.11.rcgu.o" "/opt/rustwide/target/debug/examples/version-abbd08caa34c12c0.version.3441bbb8-cgu.12.rcgu.o" "/opt/rustwide/target/debug/examples/version-abbd08caa34c12c0.version.3441bbb8-cgu.13.rcgu.o" "/opt/rustwide/target/debug/examples/version-abbd08caa34c12c0.version.3441bbb8-cgu.14.rcgu.o" "/opt/rustwide/target/debug/examples/version-abbd08caa34c12c0.version.3441bbb8-cgu.15.rcgu.o" "/opt/rustwide/target/debug/examples/version-abbd08caa34c12c0.version.3441bbb8-cgu.2.rcgu.o" "/opt/rustwide/target/debug/examples/version-abbd08caa34c12c0.version.3441bbb8-cgu.3.rcgu.o" "/opt/rustwide/target/debug/examples/version-abbd08caa34c12c0.version.3441bbb8-cgu.4.rcgu.o" "/opt/rustwide/target/debug/examples/version-abbd08caa34c12c0.version.3441bbb8-cgu.5.rcgu.o" "/opt/rustwide/target/debug/examples/version-abbd08caa34c12c0.version.3441bbb8-cgu.6.rcgu.o" "/opt/rustwide/target/debug/examples/version-abbd08caa34c12c0.version.3441bbb8-cgu.7.rcgu.o" "/opt/rustwide/target/debug/examples/version-abbd08caa34c12c0.version.3441bbb8-cgu.8.rcgu.o" "/opt/rustwide/target/debug/examples/version-abbd08caa34c12c0.version.3441bbb8-cgu.9.rcgu.o" "/opt/rustwide/target/debug/examples/version-abbd08caa34c12c0.5g7ngshwcc522qiv.rcgu.o" "-Wl,--as-needed" "-L" "/opt/rustwide/target/debug/deps" "-L" "/opt/rustwide/rustup-home/toolchains/beta-2023-04-20-x86_64-unknown-linux-gnu/lib/rustlib/x86_64-unknown-linux-gnu/lib" "-Wl,-Bstatic" "/opt/rustwide/target/debug/deps/libocl_core-d1378ec87ca61ff6.rlib" "/opt/rustwide/target/debug/deps/libthiserror-2e4caf619fcf42bc.rlib" "/opt/rustwide/target/debug/deps/libcl_sys-0e07be991ac84c01.rlib" "/opt/rustwide/target/debug/deps/libocl_core_vector-84417c1a294a7444.rlib" "/opt/rustwide/target/debug/deps/libnum-786d7057b37e5f5c.rlib" "/opt/rustwide/target/debug/deps/libnum_rational-e57cd2af9da53675.rlib" "/opt/rustwide/target/debug/deps/libnum_bigint-8b760839e4aeb03e.rlib" "/opt/rustwide/target/debug/deps/librand-17d2a333564d176d.rlib" "/opt/rustwide/target/debug/deps/liblibc-bd09451349fb8dc9.rlib" "/opt/rustwide/target/debug/deps/libnum_complex-ad9b17e32443ff25.rlib" "/opt/rustwide/target/debug/deps/librustc_serialize-bdf045fabfc65aef.rlib" "/opt/rustwide/target/debug/deps/libnum_iter-9fdf13392fb3e919.rlib" "/opt/rustwide/target/debug/deps/libnum_integer-6b9ae645eb9d8cdb.rlib" "/opt/rustwide/target/debug/deps/libnum_complex-52f9aaf1113daf84.rlib" "/opt/rustwide/target/debug/deps/libenum_primitive-35e720bce9bc58b0.rlib" "/opt/rustwide/target/debug/deps/libnum_traits-c023d4373da93000.rlib" "/opt/rustwide/target/debug/deps/libnum_traits-ab4e79417a15ff02.rlib" "/opt/rustwide/target/debug/deps/libbitflags-610a73087f46ba3b.rlib" "/opt/rustwide/rustup-home/toolchains/beta-2023-04-20-x86_64-unknown-linux-gnu/lib/rustlib/x86_64-unknown-linux-gnu/lib/libstd-0e29cc23c5e02021.rlib" "/opt/rustwide/rustup-home/toolchains/beta-2023-04-20-x86_64-unknown-linux-gnu/lib/rustlib/x86_64-unknown-linux-gnu/lib/libpanic_unwind-d903621768a861d9.rlib" "/opt/rustwide/rustup-home/toolchains/beta-2023-04-20-x86_64-unknown-linux-gnu/lib/rustlib/x86_64-unknown-linux-gnu/lib/libobject-6d0225e655f31c13.rlib" "/opt/rustwide/rustup-home/toolchains/beta-2023-04-20-x86_64-unknown-linux-gnu/lib/rustlib/x86_64-unknown-linux-gnu/lib/libmemchr-9dbaf4eac7eaa079.rlib" "/opt/rustwide/rustup-home/toolchains/beta-2023-04-20-x86_64-unknown-linux-gnu/lib/rustlib/x86_64-unknown-linux-gnu/lib/libaddr2line-27f05b3d42a66dd0.rlib" "/opt/rustwide/rustup-home/toolchains/beta-2023-04-20-x86_64-unknown-linux-gnu/lib/rustlib/x86_64-unknown-linux-gnu/lib/libgimli-4d73f1030321c9a2.rlib" "/opt/rustwide/rustup-home/toolchains/beta-2023-04-20-x86_64-unknown-linux-gnu/lib/rustlib/x86_64-unknown-linux-gnu/lib/librustc_demangle-2846c9e58abd0acb.rlib" "/opt/rustwide/rustup-home/toolchains/beta-2023-04-20-x86_64-unknown-linux-gnu/lib/rustlib/x86_64-unknown-linux-gnu/lib/libstd_detect-a53d0f50415947be.rlib" "/opt/rustwide/rustup-home/toolchains/beta-2023-04-20-x86_64-unknown-linux-gnu/lib/rustlib/x86_64-unknown-linux-gnu/lib/libhashbrown-d48e4b6abc25b9dc.rlib" "/opt/rustwide/rustup-home/toolchains/beta-2023-04-20-x86_64-unknown-linux-gnu/lib/rustlib/x86_64-unknown-linux-gnu/lib/libminiz_oxide-2991859439ef1207.rlib" "/opt/rustwide/rustup-home/toolchains/beta-2023-04-20-x86_64-unknown-linux-gnu/lib/rustlib/x86_64-unknown-linux-gnu/lib/libadler-8a687517e4221bae.rlib" "/opt/rustwide/rustup-home/toolchains/beta-2023-04-20-x86_64-unknown-linux-gnu/lib/rustlib/x86_64-unknown-linux-gnu/lib/librustc_std_workspace_alloc-e07b554f6a67f5b3.rlib" "/opt/rustwide/rustup-home/toolchains/beta-2023-04-20-x86_64-unknown-linux-gnu/lib/rustlib/x86_64-unknown-linux-gnu/lib/libunwind-b68238b7c3c619dd.rlib" "/opt/rustwide/rustup-home/toolchains/beta-2023-04-20-x86_64-unknown-linux-gnu/lib/rustlib/x86_64-unknown-linux-gnu/lib/libcfg_if-d5e213e896c017e4.rlib" "/opt/rustwide/rustup-home/toolchains/beta-2023-04-20-x86_64-unknown-linux-gnu/lib/rustlib/x86_64-unknown-linux-gnu/lib/liblibc-0211a3b2e61d8689.rlib" "/opt/rustwide/rustup-home/toolchains/beta-2023-04-20-x86_64-unknown-linux-gnu/lib/rustlib/x86_64-unknown-linux-gnu/lib/liballoc-b371f055239ba51f.rlib" "/opt/rustwide/rustup-home/toolchains/beta-2023-04-20-x86_64-unknown-linux-gnu/lib/rustlib/x86_64-unknown-linux-gnu/lib/librustc_std_workspace_core-e60518d2760eb01e.rlib" "/opt/rustwide/rustup-home/toolchains/beta-2023-04-20-x86_64-unknown-linux-gnu/lib/rustlib/x86_64-unknown-linux-gnu/lib/libcore-1ad943f92a4b1081.rlib" "/opt/rustwide/rustup-home/toolchains/beta-2023-04-20-x86_64-unknown-linux-gnu/lib/rustlib/x86_64-unknown-linux-gnu/lib/libcompiler_builtins-f0d6e4d0fc1e80b4.rlib" "-Wl,-Bdynamic" "-lOpenCL" "-lgcc_s" "-lutil" "-lrt" "-lpthread" "-lm" "-ldl" "-lc" "-Wl,--eh-frame-hdr" "-Wl,-z,noexecstack" "-L" "/opt/rustwide/rustup-home/toolchains/beta-2023-04-20-x86_64-unknown-linux-gnu/lib/rustlib/x86_64-unknown-linux-gnu/lib" "-o" "/opt/rustwide/target/debug/examples/version-abbd08caa34c12c0" "-Wl,--gc-sections" "-pie" "-Wl,-z,relro,-z,now" "-nodefaultlibs"
[INFO] [stdout]   = note: /usr/bin/ld: cannot find -lOpenCL: No such file or directory
[INFO] [stdout]           collect2: error: ld returned 1 exit status
[INFO] [stdout]           
[INFO] [stdout] 
[INFO] [stdout] 
[INFO] [stdout] error: aborting due to previous error
[INFO] [stdout] 
[INFO] [stdout] 
[INFO] [stdout] error: aborting due to previous error
[INFO] [stdout] 
[INFO] [stdout] 
[INFO] [stderr] error: could not compile `ocl-core` (example "version") due to 2 previous errors
[INFO] [stderr] warning: build failed, waiting for other jobs to finish...
[INFO] [stderr] error: could not compile `ocl-core` (example "trivial") due to 2 previous errors
[INFO] [stdout] warning: unused import: `Rng`
[INFO] [stdout]   --> src/tests/mod.rs:22:31
[INFO] [stdout]    |
[INFO] [stdout] 22 | use self::rand::{SeedableRng, Rng, rngs::SmallRng};
[INFO] [stdout]    |                               ^^^
[INFO] [stdout] 
[INFO] [stdout] 
[INFO] [stdout] error: aborting due to previous error; 2 warnings emitted
[INFO] [stdout] 
[INFO] [stdout] 
[INFO] [stdout] For more information about this error, try `rustc --explain E0432`.
[INFO] [stdout] 
[INFO] [stderr] error: could not compile `ocl-core` (lib test) due to 2 previous errors; 2 warnings emitted
[INFO] [stdout] error: linking with `cc` failed: exit status: 1
[INFO] [stdout]   |
[INFO] [stdout]   = note: LC_ALL="C" PATH="/opt/rustwide/rustup-home/toolchains/beta-2023-04-20-x86_64-unknown-linux-gnu/lib/rustlib/x86_64-unknown-linux-gnu/bin:/opt/rustwide/cargo-home/bin:/usr/local/sbin:/usr/local/bin:/usr/sbin:/usr/bin:/sbin:/bin" VSLANG="1033" "cc" "-m64" "/tmp/rustcPO1MQG/symbols.o" "/opt/rustwide/target/debug/examples/info_core-76244b282f4a40e5.info_core.5320ed03-cgu.0.rcgu.o" "/opt/rustwide/target/debug/examples/info_core-76244b282f4a40e5.info_core.5320ed03-cgu.1.rcgu.o" "/opt/rustwide/target/debug/examples/info_core-76244b282f4a40e5.info_core.5320ed03-cgu.10.rcgu.o" "/opt/rustwide/target/debug/examples/info_core-76244b282f4a40e5.info_core.5320ed03-cgu.11.rcgu.o" "/opt/rustwide/target/debug/examples/info_core-76244b282f4a40e5.info_core.5320ed03-cgu.12.rcgu.o" "/opt/rustwide/target/debug/examples/info_core-76244b282f4a40e5.info_core.5320ed03-cgu.13.rcgu.o" "/opt/rustwide/target/debug/examples/info_core-76244b282f4a40e5.info_core.5320ed03-cgu.14.rcgu.o" "/opt/rustwide/target/debug/examples/info_core-76244b282f4a40e5.info_core.5320ed03-cgu.15.rcgu.o" "/opt/rustwide/target/debug/examples/info_core-76244b282f4a40e5.info_core.5320ed03-cgu.2.rcgu.o" "/opt/rustwide/target/debug/examples/info_core-76244b282f4a40e5.info_core.5320ed03-cgu.3.rcgu.o" "/opt/rustwide/target/debug/examples/info_core-76244b282f4a40e5.info_core.5320ed03-cgu.4.rcgu.o" "/opt/rustwide/target/debug/examples/info_core-76244b282f4a40e5.info_core.5320ed03-cgu.5.rcgu.o" "/opt/rustwide/target/debug/examples/info_core-76244b282f4a40e5.info_core.5320ed03-cgu.6.rcgu.o" "/opt/rustwide/target/debug/examples/info_core-76244b282f4a40e5.info_core.5320ed03-cgu.7.rcgu.o" "/opt/rustwide/target/debug/examples/info_core-76244b282f4a40e5.info_core.5320ed03-cgu.8.rcgu.o" "/opt/rustwide/target/debug/examples/info_core-76244b282f4a40e5.info_core.5320ed03-cgu.9.rcgu.o" "/opt/rustwide/target/debug/examples/info_core-76244b282f4a40e5.5avy2fopzr8wf7xh.rcgu.o" "-Wl,--as-needed" "-L" "/opt/rustwide/target/debug/deps" "-L" "/opt/rustwide/rustup-home/toolchains/beta-2023-04-20-x86_64-unknown-linux-gnu/lib/rustlib/x86_64-unknown-linux-gnu/lib" "-Wl,-Bstatic" "/opt/rustwide/target/debug/deps/libocl_core-d1378ec87ca61ff6.rlib" "/opt/rustwide/target/debug/deps/libthiserror-2e4caf619fcf42bc.rlib" "/opt/rustwide/target/debug/deps/libcl_sys-0e07be991ac84c01.rlib" "/opt/rustwide/target/debug/deps/libocl_core_vector-84417c1a294a7444.rlib" "/opt/rustwide/target/debug/deps/libnum-786d7057b37e5f5c.rlib" "/opt/rustwide/target/debug/deps/libnum_rational-e57cd2af9da53675.rlib" "/opt/rustwide/target/debug/deps/libnum_bigint-8b760839e4aeb03e.rlib" "/opt/rustwide/target/debug/deps/librand-17d2a333564d176d.rlib" "/opt/rustwide/target/debug/deps/liblibc-bd09451349fb8dc9.rlib" "/opt/rustwide/target/debug/deps/libnum_complex-ad9b17e32443ff25.rlib" "/opt/rustwide/target/debug/deps/librustc_serialize-bdf045fabfc65aef.rlib" "/opt/rustwide/target/debug/deps/libnum_iter-9fdf13392fb3e919.rlib" "/opt/rustwide/target/debug/deps/libnum_integer-6b9ae645eb9d8cdb.rlib" "/opt/rustwide/target/debug/deps/libnum_complex-52f9aaf1113daf84.rlib" "/opt/rustwide/target/debug/deps/libenum_primitive-35e720bce9bc58b0.rlib" "/opt/rustwide/target/debug/deps/libnum_traits-c023d4373da93000.rlib" "/opt/rustwide/target/debug/deps/libnum_traits-ab4e79417a15ff02.rlib" "/opt/rustwide/target/debug/deps/libbitflags-610a73087f46ba3b.rlib" "/opt/rustwide/rustup-home/toolchains/beta-2023-04-20-x86_64-unknown-linux-gnu/lib/rustlib/x86_64-unknown-linux-gnu/lib/libstd-0e29cc23c5e02021.rlib" "/opt/rustwide/rustup-home/toolchains/beta-2023-04-20-x86_64-unknown-linux-gnu/lib/rustlib/x86_64-unknown-linux-gnu/lib/libpanic_unwind-d903621768a861d9.rlib" "/opt/rustwide/rustup-home/toolchains/beta-2023-04-20-x86_64-unknown-linux-gnu/lib/rustlib/x86_64-unknown-linux-gnu/lib/libobject-6d0225e655f31c13.rlib" "/opt/rustwide/rustup-home/toolchains/beta-2023-04-20-x86_64-unknown-linux-gnu/lib/rustlib/x86_64-unknown-linux-gnu/lib/libmemchr-9dbaf4eac7eaa079.rlib" "/opt/rustwide/rustup-home/toolchains/beta-2023-04-20-x86_64-unknown-linux-gnu/lib/rustlib/x86_64-unknown-linux-gnu/lib/libaddr2line-27f05b3d42a66dd0.rlib" "/opt/rustwide/rustup-home/toolchains/beta-2023-04-20-x86_64-unknown-linux-gnu/lib/rustlib/x86_64-unknown-linux-gnu/lib/libgimli-4d73f1030321c9a2.rlib" "/opt/rustwide/rustup-home/toolchains/beta-2023-04-20-x86_64-unknown-linux-gnu/lib/rustlib/x86_64-unknown-linux-gnu/lib/librustc_demangle-2846c9e58abd0acb.rlib" "/opt/rustwide/rustup-home/toolchains/beta-2023-04-20-x86_64-unknown-linux-gnu/lib/rustlib/x86_64-unknown-linux-gnu/lib/libstd_detect-a53d0f50415947be.rlib" "/opt/rustwide/rustup-home/toolchains/beta-2023-04-20-x86_64-unknown-linux-gnu/lib/rustlib/x86_64-unknown-linux-gnu/lib/libhashbrown-d48e4b6abc25b9dc.rlib" "/opt/rustwide/rustup-home/toolchains/beta-2023-04-20-x86_64-unknown-linux-gnu/lib/rustlib/x86_64-unknown-linux-gnu/lib/libminiz_oxide-2991859439ef1207.rlib" "/opt/rustwide/rustup-home/toolchains/beta-2023-04-20-x86_64-unknown-linux-gnu/lib/rustlib/x86_64-unknown-linux-gnu/lib/libadler-8a687517e4221bae.rlib" "/opt/rustwide/rustup-home/toolchains/beta-2023-04-20-x86_64-unknown-linux-gnu/lib/rustlib/x86_64-unknown-linux-gnu/lib/librustc_std_workspace_alloc-e07b554f6a67f5b3.rlib" "/opt/rustwide/rustup-home/toolchains/beta-2023-04-20-x86_64-unknown-linux-gnu/lib/rustlib/x86_64-unknown-linux-gnu/lib/libunwind-b68238b7c3c619dd.rlib" "/opt/rustwide/rustup-home/toolchains/beta-2023-04-20-x86_64-unknown-linux-gnu/lib/rustlib/x86_64-unknown-linux-gnu/lib/libcfg_if-d5e213e896c017e4.rlib" "/opt/rustwide/rustup-home/toolchains/beta-2023-04-20-x86_64-unknown-linux-gnu/lib/rustlib/x86_64-unknown-linux-gnu/lib/liblibc-0211a3b2e61d8689.rlib" "/opt/rustwide/rustup-home/toolchains/beta-2023-04-20-x86_64-unknown-linux-gnu/lib/rustlib/x86_64-unknown-linux-gnu/lib/liballoc-b371f055239ba51f.rlib" "/opt/rustwide/rustup-home/toolchains/beta-2023-04-20-x86_64-unknown-linux-gnu/lib/rustlib/x86_64-unknown-linux-gnu/lib/librustc_std_workspace_core-e60518d2760eb01e.rlib" "/opt/rustwide/rustup-home/toolchains/beta-2023-04-20-x86_64-unknown-linux-gnu/lib/rustlib/x86_64-unknown-linux-gnu/lib/libcore-1ad943f92a4b1081.rlib" "/opt/rustwide/rustup-home/toolchains/beta-2023-04-20-x86_64-unknown-linux-gnu/lib/rustlib/x86_64-unknown-linux-gnu/lib/libcompiler_builtins-f0d6e4d0fc1e80b4.rlib" "-Wl,-Bdynamic" "-lOpenCL" "-lgcc_s" "-lutil" "-lrt" "-lpthread" "-lm" "-ldl" "-lc" "-Wl,--eh-frame-hdr" "-Wl,-z,noexecstack" "-L" "/opt/rustwide/rustup-home/toolchains/beta-2023-04-20-x86_64-unknown-linux-gnu/lib/rustlib/x86_64-unknown-linux-gnu/lib" "-o" "/opt/rustwide/target/debug/examples/info_core-76244b282f4a40e5" "-Wl,--gc-sections" "-pie" "-Wl,-z,relro,-z,now" "-nodefaultlibs"
[INFO] [stdout]   = note: /usr/bin/ld: cannot find -lOpenCL: No such file or directory
[INFO] [stdout]           collect2: error: ld returned 1 exit status
[INFO] [stdout]           
[INFO] [stdout] 
[INFO] [stdout] 
[INFO] [stdout] error: aborting due to previous error
[INFO] [stdout] 
[INFO] [stdout] 
[INFO] [stderr] error: could not compile `ocl-core` (example "info_core") due to 2 previous errors
[INFO] running `Command { std: "docker" "inspect" "00468605f1214d00bebd431e2938a184b777e7d7a4031dafc1e8087c2417e6e3", kill_on_drop: false }`
[INFO] running `Command { std: "docker" "rm" "-f" "00468605f1214d00bebd431e2938a184b777e7d7a4031dafc1e8087c2417e6e3", kill_on_drop: false }`
[INFO] [stdout] 00468605f1214d00bebd431e2938a184b777e7d7a4031dafc1e8087c2417e6e3
