[INFO] fetching crate objrs_macros 0.0.2...
[INFO] testing objrs_macros-0.0.2 against 1.69.0 for beta-1.70-1
[INFO] extracting crate objrs_macros 0.0.2 into /workspace/builds/worker-6-tc1/source
[INFO] validating manifest of crates.io crate objrs_macros 0.0.2 on toolchain 1.69.0
[INFO] running `Command { std: CARGO_HOME="/workspace/cargo-home" RUSTUP_HOME="/workspace/rustup-home" "/workspace/cargo-home/bin/cargo" "+1.69.0" "metadata" "--manifest-path" "Cargo.toml" "--no-deps", kill_on_drop: false }`
[INFO] started tweaking crates.io crate objrs_macros 0.0.2
[INFO] finished tweaking crates.io crate objrs_macros 0.0.2
[INFO] tweaked toml for crates.io crate objrs_macros 0.0.2 written to /workspace/builds/worker-6-tc1/source/Cargo.toml
[INFO] running `Command { std: CARGO_HOME="/workspace/cargo-home" RUSTUP_HOME="/workspace/rustup-home" __CARGO_TEST_CHANNEL_OVERRIDE_DO_NOT_USE_THIS="nightly" "/workspace/cargo-home/bin/cargo" "+1.69.0" "generate-lockfile" "--manifest-path" "Cargo.toml" "-Zno-index-update", kill_on_drop: false }`
[INFO] running `Command { std: CARGO_HOME="/workspace/cargo-home" RUSTUP_HOME="/workspace/rustup-home" "/workspace/cargo-home/bin/cargo" "+1.69.0" "fetch" "--manifest-path" "Cargo.toml", kill_on_drop: false }`
[INFO] running `Command { std: "docker" "create" "-v" "/var/lib/crater-agent-workspace/builds/worker-6-tc1/target:/opt/rustwide/target:rw,Z" "-v" "/var/lib/crater-agent-workspace/builds/worker-6-tc1/source:/opt/rustwide/workdir:ro,Z" "-v" "/var/lib/crater-agent-workspace/cargo-home:/opt/rustwide/cargo-home:ro,Z" "-v" "/var/lib/crater-agent-workspace/rustup-home:/opt/rustwide/rustup-home:ro,Z" "-e" "SOURCE_DIR=/opt/rustwide/workdir" "-e" "CARGO_TARGET_DIR=/opt/rustwide/target" "-e" "CARGO_HOME=/opt/rustwide/cargo-home" "-e" "RUSTUP_HOME=/opt/rustwide/rustup-home" "-w" "/opt/rustwide/workdir" "-m" "1610612736" "--user" "0:0" "--network" "none" "ghcr.io/rust-lang/crates-build-env/linux@sha256:5ff2268d62e97bff2cde7d5815dd6ed5b47097566f13b8d0ca110b04b60e07ed" "/opt/rustwide/cargo-home/bin/cargo" "+1.69.0" "metadata" "--no-deps" "--format-version=1", kill_on_drop: false }`
[INFO] [stdout] b273e6797f741a2f15e32a04631c0d8757d9b3d3f278ca4e86ebbffa22e4b476
[INFO] running `Command { std: "docker" "start" "-a" "b273e6797f741a2f15e32a04631c0d8757d9b3d3f278ca4e86ebbffa22e4b476", kill_on_drop: false }`
[INFO] running `Command { std: "docker" "inspect" "b273e6797f741a2f15e32a04631c0d8757d9b3d3f278ca4e86ebbffa22e4b476", kill_on_drop: false }`
[INFO] running `Command { std: "docker" "rm" "-f" "b273e6797f741a2f15e32a04631c0d8757d9b3d3f278ca4e86ebbffa22e4b476", kill_on_drop: false }`
[INFO] [stdout] b273e6797f741a2f15e32a04631c0d8757d9b3d3f278ca4e86ebbffa22e4b476
[INFO] running `Command { std: "docker" "create" "-v" "/var/lib/crater-agent-workspace/builds/worker-6-tc1/target:/opt/rustwide/target:rw,Z" "-v" "/var/lib/crater-agent-workspace/builds/worker-6-tc1/source:/opt/rustwide/workdir:ro,Z" "-v" "/var/lib/crater-agent-workspace/cargo-home:/opt/rustwide/cargo-home:ro,Z" "-v" "/var/lib/crater-agent-workspace/rustup-home:/opt/rustwide/rustup-home:ro,Z" "-e" "SOURCE_DIR=/opt/rustwide/workdir" "-e" "CARGO_TARGET_DIR=/opt/rustwide/target" "-e" "CARGO_INCREMENTAL=0" "-e" "RUST_BACKTRACE=full" "-e" "RUSTFLAGS=--cap-lints=warn" "-e" "RUSTDOCFLAGS=--cap-lints=warn" "-e" "CARGO_HOME=/opt/rustwide/cargo-home" "-e" "RUSTUP_HOME=/opt/rustwide/rustup-home" "-w" "/opt/rustwide/workdir" "-m" "1610612736" "--user" "0:0" "--network" "none" "ghcr.io/rust-lang/crates-build-env/linux@sha256:5ff2268d62e97bff2cde7d5815dd6ed5b47097566f13b8d0ca110b04b60e07ed" "/opt/rustwide/cargo-home/bin/cargo" "+1.69.0" "build" "--frozen" "--message-format=json", kill_on_drop: false }`
[INFO] [stdout] f9e7711851790495da84321ed0315668d5afe7b3ed2ce13e427b20ad58795454
[INFO] running `Command { std: "docker" "start" "-a" "f9e7711851790495da84321ed0315668d5afe7b3ed2ce13e427b20ad58795454", kill_on_drop: false }`
[INFO] [stderr]    Compiling proc-macro2 v0.4.30
[INFO] [stderr]    Compiling unicode-xid v0.1.0
[INFO] [stderr]    Compiling syn v0.15.44
[INFO] [stderr]    Compiling quote v0.6.13
[INFO] [stderr]    Compiling objrs_macros v0.0.2 (/opt/rustwide/workdir)
[INFO] [stdout] warning: use of deprecated function `std::mem::uninitialized`: use `mem::MaybeUninit` instead
[INFO] [stdout]   --> src/gensym.rs:16:37
[INFO] [stdout]    |
[INFO] [stdout] 16 |   let mut buf = unsafe { core::mem::uninitialized() };
[INFO] [stdout]    |                                     ^^^^^^^^^^^^^
[INFO] [stdout]    |
[INFO] [stdout]    = note: `#[warn(deprecated)]` on by default
[INFO] [stdout] 
[INFO] [stdout] 
[INFO] [stdout] error[E0554]: `#![feature]` may not be used on the stable release channel
[INFO] [stdout]  --> src/lib.rs:9:12
[INFO] [stdout]   |
[INFO] [stdout] 9 | #![feature(proc_macro_diagnostic, proc_macro_span, proc_macro_def_site)]
[INFO] [stdout]   |            ^^^^^^^^^^^^^^^^^^^^^
[INFO] [stdout] 
[INFO] [stdout] 
[INFO] [stdout] error[E0554]: `#![feature]` may not be used on the stable release channel
[INFO] [stdout]  --> src/lib.rs:9:35
[INFO] [stdout]   |
[INFO] [stdout] 9 | #![feature(proc_macro_diagnostic, proc_macro_span, proc_macro_def_site)]
[INFO] [stdout]   |                                   ^^^^^^^^^^^^^^^
[INFO] [stdout] 
[INFO] [stdout] 
[INFO] [stdout] error[E0554]: `#![feature]` may not be used on the stable release channel
[INFO] [stdout]  --> src/lib.rs:9:52
[INFO] [stdout]   |
[INFO] [stdout] 9 | #![feature(proc_macro_diagnostic, proc_macro_span, proc_macro_def_site)]
[INFO] [stdout]   |                                                    ^^^^^^^^^^^^^^^^^^^
[INFO] [stdout] 
[INFO] [stdout] 
[INFO] [stdout] warning: trait objects without an explicit `dyn` are deprecated
[INFO] [stdout]    --> src/selector.rs:361:12
[INFO] [stdout]     |
[INFO] [stdout] 361 |   inline: &ToTokens,
[INFO] [stdout]     |            ^^^^^^^^
[INFO] [stdout]     |
[INFO] [stdout]     = warning: this is accepted in the current edition (Rust 2015) but is a hard error in Rust 2021!
[INFO] [stdout]     = note: for more information, see <https://doc.rust-lang.org/nightly/edition-guide/rust-2021/warnings-promoted-to-error.html>
[INFO] [stdout]     = note: `#[warn(bare_trait_objects)]` on by default
[INFO] [stdout] help: use `dyn`
[INFO] [stdout]     |
[INFO] [stdout] 361 |   inline: &dyn ToTokens,
[INFO] [stdout]     |            +++
[INFO] [stdout] 
[INFO] [stdout] 
[INFO] [stdout] warning: trait objects without an explicit `dyn` are deprecated
[INFO] [stdout]    --> src/class.rs:273:39
[INFO] [stdout]     |
[INFO] [stdout] 273 |   let mut generic_idents: Punctuated<&ToTokens, Comma> = Punctuated::new();
[INFO] [stdout]     |                                       ^^^^^^^^
[INFO] [stdout]     |
[INFO] [stdout]     = warning: this is accepted in the current edition (Rust 2015) but is a hard error in Rust 2021!
[INFO] [stdout]     = note: for more information, see <https://doc.rust-lang.org/nightly/edition-guide/rust-2021/warnings-promoted-to-error.html>
[INFO] [stdout] help: use `dyn`
[INFO] [stdout]     |
[INFO] [stdout] 273 |   let mut generic_idents: Punctuated<&dyn ToTokens, Comma> = Punctuated::new();
[INFO] [stdout]     |                                       +++
[INFO] [stdout] 
[INFO] [stdout] 
[INFO] [stdout] warning: trait objects without an explicit `dyn` are deprecated
[INFO] [stdout]    --> src/protocol.rs:309:39
[INFO] [stdout]     |
[INFO] [stdout] 309 |   let mut generic_idents: Punctuated<&ToTokens, syn::token::Comma> = Punctuated::new();
[INFO] [stdout]     |                                       ^^^^^^^^
[INFO] [stdout]     |
[INFO] [stdout]     = warning: this is accepted in the current edition (Rust 2015) but is a hard error in Rust 2021!
[INFO] [stdout]     = note: for more information, see <https://doc.rust-lang.org/nightly/edition-guide/rust-2021/warnings-promoted-to-error.html>
[INFO] [stdout] help: use `dyn`
[INFO] [stdout]     |
[INFO] [stdout] 309 |   let mut generic_idents: Punctuated<&dyn ToTokens, syn::token::Comma> = Punctuated::new();
[INFO] [stdout]     |                                       +++
[INFO] [stdout] 
[INFO] [stdout] 
[INFO] [stdout] warning: trait objects without an explicit `dyn` are deprecated
[INFO] [stdout]    --> src/selector.rs:717:33
[INFO] [stdout]     |
[INFO] [stdout] 717 |   let mut generics: Punctuated<&ToTokens, Comma> = Punctuated::new();
[INFO] [stdout]     |                                 ^^^^^^^^
[INFO] [stdout]     |
[INFO] [stdout]     = warning: this is accepted in the current edition (Rust 2015) but is a hard error in Rust 2021!
[INFO] [stdout]     = note: for more information, see <https://doc.rust-lang.org/nightly/edition-guide/rust-2021/warnings-promoted-to-error.html>
[INFO] [stdout] help: use `dyn`
[INFO] [stdout]     |
[INFO] [stdout] 717 |   let mut generics: Punctuated<&dyn ToTokens, Comma> = Punctuated::new();
[INFO] [stdout]     |                                 +++
[INFO] [stdout] 
[INFO] [stdout] 
[INFO] [stdout] error: aborting due to 3 previous errors; 5 warnings emitted
[INFO] [stdout] 
[INFO] [stdout] 
[INFO] [stdout] For more information about this error, try `rustc --explain E0554`.
[INFO] [stdout] 
[INFO] [stderr] error: could not compile `objrs_macros` due to 4 previous errors; 5 warnings emitted
[INFO] running `Command { std: "docker" "inspect" "f9e7711851790495da84321ed0315668d5afe7b3ed2ce13e427b20ad58795454", kill_on_drop: false }`
[INFO] running `Command { std: "docker" "rm" "-f" "f9e7711851790495da84321ed0315668d5afe7b3ed2ce13e427b20ad58795454", kill_on_drop: false }`
[INFO] [stdout] f9e7711851790495da84321ed0315668d5afe7b3ed2ce13e427b20ad58795454
