[INFO] fetching crate node-rs 0.1.4...
[INFO] testing node-rs-0.1.4 against 1.69.0 for beta-1.70-1
[INFO] extracting crate node-rs 0.1.4 into /workspace/builds/worker-0-tc1/source
[INFO] validating manifest of crates.io crate node-rs 0.1.4 on toolchain 1.69.0
[INFO] running `Command { std: CARGO_HOME="/workspace/cargo-home" RUSTUP_HOME="/workspace/rustup-home" "/workspace/cargo-home/bin/cargo" "+1.69.0" "metadata" "--manifest-path" "Cargo.toml" "--no-deps", kill_on_drop: false }`
[INFO] started tweaking crates.io crate node-rs 0.1.4
[INFO] finished tweaking crates.io crate node-rs 0.1.4
[INFO] tweaked toml for crates.io crate node-rs 0.1.4 written to /workspace/builds/worker-0-tc1/source/Cargo.toml
[INFO] running `Command { std: CARGO_HOME="/workspace/cargo-home" RUSTUP_HOME="/workspace/rustup-home" __CARGO_TEST_CHANNEL_OVERRIDE_DO_NOT_USE_THIS="nightly" "/workspace/cargo-home/bin/cargo" "+1.69.0" "generate-lockfile" "--manifest-path" "Cargo.toml" "-Zno-index-update", kill_on_drop: false }`
[INFO] [stderr]     Blocking waiting for file lock on package cache
[INFO] running `Command { std: CARGO_HOME="/workspace/cargo-home" RUSTUP_HOME="/workspace/rustup-home" "/workspace/cargo-home/bin/cargo" "+1.69.0" "fetch" "--manifest-path" "Cargo.toml", kill_on_drop: false }`
[INFO] [stderr]     Blocking waiting for file lock on package cache
[INFO] [stderr]     Blocking waiting for file lock on package cache
[INFO] running `Command { std: "docker" "create" "-v" "/var/lib/crater-agent-workspace/builds/worker-0-tc1/target:/opt/rustwide/target:rw,Z" "-v" "/var/lib/crater-agent-workspace/builds/worker-0-tc1/source:/opt/rustwide/workdir:ro,Z" "-v" "/var/lib/crater-agent-workspace/cargo-home:/opt/rustwide/cargo-home:ro,Z" "-v" "/var/lib/crater-agent-workspace/rustup-home:/opt/rustwide/rustup-home:ro,Z" "-e" "SOURCE_DIR=/opt/rustwide/workdir" "-e" "CARGO_TARGET_DIR=/opt/rustwide/target" "-e" "CARGO_HOME=/opt/rustwide/cargo-home" "-e" "RUSTUP_HOME=/opt/rustwide/rustup-home" "-w" "/opt/rustwide/workdir" "-m" "1610612736" "--user" "0:0" "--network" "none" "ghcr.io/rust-lang/crates-build-env/linux@sha256:5ff2268d62e97bff2cde7d5815dd6ed5b47097566f13b8d0ca110b04b60e07ed" "/opt/rustwide/cargo-home/bin/cargo" "+1.69.0" "metadata" "--no-deps" "--format-version=1", kill_on_drop: false }`
[INFO] [stdout] c837ca891124ffc5ab961912152fed550f2aa3073d5ce563ea8aadd3cff9e6b2
[INFO] running `Command { std: "docker" "start" "-a" "c837ca891124ffc5ab961912152fed550f2aa3073d5ce563ea8aadd3cff9e6b2", kill_on_drop: false }`
[INFO] running `Command { std: "docker" "inspect" "c837ca891124ffc5ab961912152fed550f2aa3073d5ce563ea8aadd3cff9e6b2", kill_on_drop: false }`
[INFO] running `Command { std: "docker" "rm" "-f" "c837ca891124ffc5ab961912152fed550f2aa3073d5ce563ea8aadd3cff9e6b2", kill_on_drop: false }`
[INFO] [stdout] c837ca891124ffc5ab961912152fed550f2aa3073d5ce563ea8aadd3cff9e6b2
[INFO] running `Command { std: "docker" "create" "-v" "/var/lib/crater-agent-workspace/builds/worker-0-tc1/target:/opt/rustwide/target:rw,Z" "-v" "/var/lib/crater-agent-workspace/builds/worker-0-tc1/source:/opt/rustwide/workdir:ro,Z" "-v" "/var/lib/crater-agent-workspace/cargo-home:/opt/rustwide/cargo-home:ro,Z" "-v" "/var/lib/crater-agent-workspace/rustup-home:/opt/rustwide/rustup-home:ro,Z" "-e" "SOURCE_DIR=/opt/rustwide/workdir" "-e" "CARGO_TARGET_DIR=/opt/rustwide/target" "-e" "CARGO_INCREMENTAL=0" "-e" "RUST_BACKTRACE=full" "-e" "RUSTFLAGS=--cap-lints=warn" "-e" "RUSTDOCFLAGS=--cap-lints=warn" "-e" "CARGO_HOME=/opt/rustwide/cargo-home" "-e" "RUSTUP_HOME=/opt/rustwide/rustup-home" "-w" "/opt/rustwide/workdir" "-m" "1610612736" "--user" "0:0" "--network" "none" "ghcr.io/rust-lang/crates-build-env/linux@sha256:5ff2268d62e97bff2cde7d5815dd6ed5b47097566f13b8d0ca110b04b60e07ed" "/opt/rustwide/cargo-home/bin/cargo" "+1.69.0" "build" "--frozen" "--message-format=json", kill_on_drop: false }`
[INFO] [stdout] 06a7f66804a4f2ccbe76a0e869a28cdfb901acce7e0b274996976b8c0b19068d
[INFO] running `Command { std: "docker" "start" "-a" "06a7f66804a4f2ccbe76a0e869a28cdfb901acce7e0b274996976b8c0b19068d", kill_on_drop: false }`
[INFO] [stderr]    Compiling serde v1.0.160
[INFO] [stderr]    Compiling semver-parser v0.7.0
[INFO] [stderr]    Compiling syn v1.0.109
[INFO] [stderr]    Compiling itoa v1.0.6
[INFO] [stderr]    Compiling ryu v1.0.13
[INFO] [stderr]    Compiling sha1_smol v1.0.0
[INFO] [stderr]    Compiling stdweb-internal-runtime v0.1.5
[INFO] [stderr]    Compiling base-x v0.2.11
[INFO] [stderr]    Compiling discard v1.0.4
[INFO] [stderr]    Compiling serde_json v1.0.96
[INFO] [stderr]    Compiling sha1 v0.6.1
[INFO] [stderr]    Compiling semver v0.9.0
[INFO] [stderr]    Compiling rustc_version v0.2.3
[INFO] [stderr]    Compiling stdweb v0.4.20
[INFO] [stderr]    Compiling stdweb-derive v0.5.3
[INFO] [stderr]    Compiling stdweb-internal-macros v0.2.9
[INFO] [stderr]    Compiling node-rs v0.1.4 (/opt/rustwide/workdir)
[INFO] [stderr]     Finished dev [unoptimized + debuginfo] target(s) in 22.16s
[INFO] [stderr] warning: the following packages contain code that will be rejected by a future version of Rust: stdweb v0.4.20
[INFO] [stderr] note: to see what the problems were, use the option `--future-incompat-report`, or run `cargo report future-incompatibilities --id 1`
[INFO] running `Command { std: "docker" "inspect" "06a7f66804a4f2ccbe76a0e869a28cdfb901acce7e0b274996976b8c0b19068d", kill_on_drop: false }`
[INFO] running `Command { std: "docker" "rm" "-f" "06a7f66804a4f2ccbe76a0e869a28cdfb901acce7e0b274996976b8c0b19068d", kill_on_drop: false }`
[INFO] [stdout] 06a7f66804a4f2ccbe76a0e869a28cdfb901acce7e0b274996976b8c0b19068d
[INFO] running `Command { std: "docker" "create" "-v" "/var/lib/crater-agent-workspace/builds/worker-0-tc1/target:/opt/rustwide/target:rw,Z" "-v" "/var/lib/crater-agent-workspace/builds/worker-0-tc1/source:/opt/rustwide/workdir:ro,Z" "-v" "/var/lib/crater-agent-workspace/cargo-home:/opt/rustwide/cargo-home:ro,Z" "-v" "/var/lib/crater-agent-workspace/rustup-home:/opt/rustwide/rustup-home:ro,Z" "-e" "SOURCE_DIR=/opt/rustwide/workdir" "-e" "CARGO_TARGET_DIR=/opt/rustwide/target" "-e" "CARGO_INCREMENTAL=0" "-e" "RUST_BACKTRACE=full" "-e" "RUSTFLAGS=--cap-lints=warn" "-e" "RUSTDOCFLAGS=--cap-lints=warn" "-e" "CARGO_HOME=/opt/rustwide/cargo-home" "-e" "RUSTUP_HOME=/opt/rustwide/rustup-home" "-w" "/opt/rustwide/workdir" "-m" "1610612736" "--user" "0:0" "--network" "none" "ghcr.io/rust-lang/crates-build-env/linux@sha256:5ff2268d62e97bff2cde7d5815dd6ed5b47097566f13b8d0ca110b04b60e07ed" "/opt/rustwide/cargo-home/bin/cargo" "+1.69.0" "test" "--frozen" "--no-run" "--message-format=json", kill_on_drop: false }`
[INFO] [stdout] 49427e7deab8cd6c50d91ae2ffd7a2aadc962a68e2483e98b38e56500c035c4b
[INFO] running `Command { std: "docker" "start" "-a" "49427e7deab8cd6c50d91ae2ffd7a2aadc962a68e2483e98b38e56500c035c4b", kill_on_drop: false }`
[INFO] [stderr]    Compiling node-rs v0.1.4 (/opt/rustwide/workdir)
[INFO] [stdout] error: linking with `cc` failed: exit status: 1
[INFO] [stdout]   |
[INFO] [stdout]   = note: LC_ALL="C" PATH="/opt/rustwide/rustup-home/toolchains/1.69.0-x86_64-unknown-linux-gnu/lib/rustlib/x86_64-unknown-linux-gnu/bin:/opt/rustwide/cargo-home/bin:/usr/local/sbin:/usr/local/bin:/usr/sbin:/usr/bin:/sbin:/bin" VSLANG="1033" "cc" "-m64" "/tmp/rustcoTDZbC/symbols.o" "/opt/rustwide/target/debug/examples/worker-fad4a6cef0ea24ea.worker.e82edc58-cgu.0.rcgu.o" "/opt/rustwide/target/debug/examples/worker-fad4a6cef0ea24ea.worker.e82edc58-cgu.1.rcgu.o" "/opt/rustwide/target/debug/examples/worker-fad4a6cef0ea24ea.worker.e82edc58-cgu.10.rcgu.o" "/opt/rustwide/target/debug/examples/worker-fad4a6cef0ea24ea.worker.e82edc58-cgu.11.rcgu.o" "/opt/rustwide/target/debug/examples/worker-fad4a6cef0ea24ea.worker.e82edc58-cgu.12.rcgu.o" "/opt/rustwide/target/debug/examples/worker-fad4a6cef0ea24ea.worker.e82edc58-cgu.13.rcgu.o" "/opt/rustwide/target/debug/examples/worker-fad4a6cef0ea24ea.worker.e82edc58-cgu.14.rcgu.o" "/opt/rustwide/target/debug/examples/worker-fad4a6cef0ea24ea.worker.e82edc58-cgu.15.rcgu.o" "/opt/rustwide/target/debug/examples/worker-fad4a6cef0ea24ea.worker.e82edc58-cgu.2.rcgu.o" "/opt/rustwide/target/debug/examples/worker-fad4a6cef0ea24ea.worker.e82edc58-cgu.3.rcgu.o" "/opt/rustwide/target/debug/examples/worker-fad4a6cef0ea24ea.worker.e82edc58-cgu.4.rcgu.o" "/opt/rustwide/target/debug/examples/worker-fad4a6cef0ea24ea.worker.e82edc58-cgu.5.rcgu.o" "/opt/rustwide/target/debug/examples/worker-fad4a6cef0ea24ea.worker.e82edc58-cgu.6.rcgu.o" "/opt/rustwide/target/debug/examples/worker-fad4a6cef0ea24ea.worker.e82edc58-cgu.7.rcgu.o" "/opt/rustwide/target/debug/examples/worker-fad4a6cef0ea24ea.worker.e82edc58-cgu.8.rcgu.o" "/opt/rustwide/target/debug/examples/worker-fad4a6cef0ea24ea.worker.e82edc58-cgu.9.rcgu.o" "/opt/rustwide/target/debug/examples/worker-fad4a6cef0ea24ea.4hzebvmi7yc6m90.rcgu.o" "-Wl,--as-needed" "-L" "/opt/rustwide/target/debug/deps" "-L" "/opt/rustwide/rustup-home/toolchains/1.69.0-x86_64-unknown-linux-gnu/lib/rustlib/x86_64-unknown-linux-gnu/lib" "-Wl,-Bstatic" "/opt/rustwide/target/debug/deps/libnode_rs-8471fa20996cbd08.rlib" "/opt/rustwide/target/debug/deps/libstdweb-74ca06865aca7e94.rlib" "/opt/rustwide/target/debug/deps/libdiscard-02bbda03231d877a.rlib" "/opt/rustwide/target/debug/deps/libstdweb_internal_runtime-4d317d0cc689788f.rlib" "/opt/rustwide/rustup-home/toolchains/1.69.0-x86_64-unknown-linux-gnu/lib/rustlib/x86_64-unknown-linux-gnu/lib/libstd-89bc084783fdc439.rlib" "/opt/rustwide/rustup-home/toolchains/1.69.0-x86_64-unknown-linux-gnu/lib/rustlib/x86_64-unknown-linux-gnu/lib/libpanic_unwind-8bee4b287d4367c1.rlib" "/opt/rustwide/rustup-home/toolchains/1.69.0-x86_64-unknown-linux-gnu/lib/rustlib/x86_64-unknown-linux-gnu/lib/libobject-d61707aed80694c0.rlib" "/opt/rustwide/rustup-home/toolchains/1.69.0-x86_64-unknown-linux-gnu/lib/rustlib/x86_64-unknown-linux-gnu/lib/libmemchr-d85366256f22345b.rlib" "/opt/rustwide/rustup-home/toolchains/1.69.0-x86_64-unknown-linux-gnu/lib/rustlib/x86_64-unknown-linux-gnu/lib/libaddr2line-96069b86b8a8cae9.rlib" "/opt/rustwide/rustup-home/toolchains/1.69.0-x86_64-unknown-linux-gnu/lib/rustlib/x86_64-unknown-linux-gnu/lib/libgimli-d19d53abf68dfa6c.rlib" "/opt/rustwide/rustup-home/toolchains/1.69.0-x86_64-unknown-linux-gnu/lib/rustlib/x86_64-unknown-linux-gnu/lib/librustc_demangle-787cbccd19d64ac6.rlib" "/opt/rustwide/rustup-home/toolchains/1.69.0-x86_64-unknown-linux-gnu/lib/rustlib/x86_64-unknown-linux-gnu/lib/libstd_detect-b3837a36b830e0d0.rlib" "/opt/rustwide/rustup-home/toolchains/1.69.0-x86_64-unknown-linux-gnu/lib/rustlib/x86_64-unknown-linux-gnu/lib/libhashbrown-e3deb0e7e3f04966.rlib" "/opt/rustwide/rustup-home/toolchains/1.69.0-x86_64-unknown-linux-gnu/lib/rustlib/x86_64-unknown-linux-gnu/lib/libminiz_oxide-dabbb79c9815def4.rlib" "/opt/rustwide/rustup-home/toolchains/1.69.0-x86_64-unknown-linux-gnu/lib/rustlib/x86_64-unknown-linux-gnu/lib/libadler-305b01f34c9409f2.rlib" "/opt/rustwide/rustup-home/toolchains/1.69.0-x86_64-unknown-linux-gnu/lib/rustlib/x86_64-unknown-linux-gnu/lib/librustc_std_workspace_alloc-f833521df6074e73.rlib" "/opt/rustwide/rustup-home/toolchains/1.69.0-x86_64-unknown-linux-gnu/lib/rustlib/x86_64-unknown-linux-gnu/lib/libunwind-9ac333113350d171.rlib" "/opt/rustwide/rustup-home/toolchains/1.69.0-x86_64-unknown-linux-gnu/lib/rustlib/x86_64-unknown-linux-gnu/lib/libcfg_if-1c126114322d0eee.rlib" "/opt/rustwide/rustup-home/toolchains/1.69.0-x86_64-unknown-linux-gnu/lib/rustlib/x86_64-unknown-linux-gnu/lib/liblibc-bad9164fdeeecf92.rlib" "/opt/rustwide/rustup-home/toolchains/1.69.0-x86_64-unknown-linux-gnu/lib/rustlib/x86_64-unknown-linux-gnu/lib/liballoc-f9374b1e480fa681.rlib" "/opt/rustwide/rustup-home/toolchains/1.69.0-x86_64-unknown-linux-gnu/lib/rustlib/x86_64-unknown-linux-gnu/lib/librustc_std_workspace_core-207f06e41d9603af.rlib" "/opt/rustwide/rustup-home/toolchains/1.69.0-x86_64-unknown-linux-gnu/lib/rustlib/x86_64-unknown-linux-gnu/lib/libcore-7e2768e66e984e85.rlib" "/opt/rustwide/rustup-home/toolchains/1.69.0-x86_64-unknown-linux-gnu/lib/rustlib/x86_64-unknown-linux-gnu/lib/libcompiler_builtins-957b4aff41f8cd46.rlib" "-Wl,-Bdynamic" "-lgcc_s" "-lutil" "-lrt" "-lpthread" "-lm" "-ldl" "-lc" "-Wl,--eh-frame-hdr" "-Wl,-z,noexecstack" "-L" "/opt/rustwide/rustup-home/toolchains/1.69.0-x86_64-unknown-linux-gnu/lib/rustlib/x86_64-unknown-linux-gnu/lib" "-o" "/opt/rustwide/target/debug/examples/worker-fad4a6cef0ea24ea" "-Wl,--gc-sections" "-pie" "-Wl,-z,relro,-z,now" "-nodefaultlibs"
[INFO] [stdout]   = note: /usr/bin/ld: /opt/rustwide/target/debug/deps/libnode_rs-8471fa20996cbd08.rlib(node_rs-8471fa20996cbd08.node_rs.cf8ca13f-cgu.1.rcgu.o): in function `node_rs::cluster::initialize::snippet::__cargo_web_snippet_1a6ada06ed2baff02433c84cba68a46e4df2b95a':
[INFO] [stdout]           /opt/rustwide/cargo-home/registry/src/github.com-1ecc6299db9ec823/stdweb-0.4.20/src/webcore/macros.rs:149: undefined reference to `emscripten_asm_const_int'
[INFO] [stdout]           /usr/bin/ld: /opt/rustwide/target/debug/deps/libnode_rs-8471fa20996cbd08.rlib(node_rs-8471fa20996cbd08.node_rs.cf8ca13f-cgu.1.rcgu.o): in function `node_rs::cluster::worker::snippet::__cargo_web_snippet_bf5765fa03bb28b8407fda8629fc0e506eb5d3f1':
[INFO] [stdout]           /opt/rustwide/cargo-home/registry/src/github.com-1ecc6299db9ec823/stdweb-0.4.20/src/webcore/macros.rs:149: undefined reference to `emscripten_asm_const_int'
[INFO] [stdout]           /usr/bin/ld: /opt/rustwide/target/debug/deps/libnode_rs-8471fa20996cbd08.rlib(node_rs-8471fa20996cbd08.node_rs.cf8ca13f-cgu.1.rcgu.o): in function `<node_rs::cluster::Worker as stdweb::webcore::instance_of::InstanceOf>::instance_of::snippet::__cargo_web_snippet_943d621b506bda3fcba64862b30df50e8c7c8f7c':
[INFO] [stdout]           /opt/rustwide/cargo-home/registry/src/github.com-1ecc6299db9ec823/stdweb-0.4.20/src/webcore/macros.rs:64: undefined reference to `emscripten_asm_const_int'
[INFO] [stdout]           /usr/bin/ld: /opt/rustwide/target/debug/deps/libnode_rs-8471fa20996cbd08.rlib(node_rs-8471fa20996cbd08.node_rs.cf8ca13f-cgu.1.rcgu.o): in function `node_rs::cluster::Worker::process::snippet::__cargo_web_snippet_62ae17c98b645aace3dbd24c894f834a9e9643b5':
[INFO] [stdout]           /opt/rustwide/cargo-home/registry/src/github.com-1ecc6299db9ec823/stdweb-0.4.20/src/webcore/macros.rs:149: undefined reference to `emscripten_asm_const_int'
[INFO] [stdout]           /usr/bin/ld: /opt/rustwide/target/debug/deps/libnode_rs-8471fa20996cbd08.rlib(node_rs-8471fa20996cbd08.node_rs.cf8ca13f-cgu.1.rcgu.o): in function `node_rs::cluster::Worker::disconnect::snippet::__cargo_web_snippet_6d20fd36f091c6068e953266e1c3c66c10546ed5':
[INFO] [stdout]           /opt/rustwide/cargo-home/registry/src/github.com-1ecc6299db9ec823/stdweb-0.4.20/src/webcore/macros.rs:149: undefined reference to `emscripten_asm_const_int'
[INFO] [stdout]           /usr/bin/ld: /opt/rustwide/target/debug/deps/libnode_rs-8471fa20996cbd08.rlib(node_rs-8471fa20996cbd08.node_rs.cf8ca13f-cgu.12.rcgu.o):/opt/rustwide/cargo-home/registry/src/github.com-1ecc6299db9ec823/stdweb-0.4.20/src/webcore/macros.rs:149: more undefined references to `emscripten_asm_const_int' follow
[INFO] [stdout]           /usr/bin/ld: /opt/rustwide/target/debug/deps/libstdweb-74ca06865aca7e94.rlib(stdweb-74ca06865aca7e94.stdweb.3123ebea-cgu.15.rcgu.o): in function `stdweb::webcore::ffi::emscripten::event_loop':
[INFO] [stdout]           /opt/rustwide/cargo-home/registry/src/github.com-1ecc6299db9ec823/stdweb-0.4.20/src/webcore/ffi/emscripten.rs:11: undefined reference to `emscripten_pause_main_loop'
[INFO] [stdout]           /usr/bin/ld: /opt/rustwide/cargo-home/registry/src/github.com-1ecc6299db9ec823/stdweb-0.4.20/src/webcore/ffi/emscripten.rs:11: undefined reference to `emscripten_set_main_loop'
[INFO] [stdout]           /usr/bin/ld: /opt/rustwide/target/debug/deps/libstdweb-74ca06865aca7e94.rlib(stdweb-74ca06865aca7e94.stdweb.3123ebea-cgu.6.rcgu.o): in function `stdweb::webcore::initialization::initialize::snippet::__cargo_web_snippet_16d36d978962b51d2e9b2d23aa2ea13de278c5da':
[INFO] [stdout]           /opt/rustwide/cargo-home/registry/src/github.com-1ecc6299db9ec823/stdweb-0.4.20/src/webcore/macros.rs:32: undefined reference to `emscripten_asm_const_int'
[INFO] [stdout]           /usr/bin/ld: /opt/rustwide/target/debug/deps/libstdweb-74ca06865aca7e94.rlib(stdweb-74ca06865aca7e94.stdweb.3123ebea-cgu.6.rcgu.o): in function `stdweb::webcore::initialization::initialize::{{closure}}::snippet::__cargo_web_snippet_dc2fd915bd92f9e9c6a3bd15174f1414eee3dbaf':
[INFO] [stdout]           /opt/rustwide/cargo-home/registry/src/github.com-1ecc6299db9ec823/stdweb-0.4.20/src/webcore/macros.rs:32: undefined reference to `emscripten_asm_const_int'
[INFO] [stdout]           /usr/bin/ld: /opt/rustwide/target/debug/deps/libstdweb-74ca06865aca7e94.rlib(stdweb-74ca06865aca7e94.stdweb.3123ebea-cgu.6.rcgu.o): in function `stdweb::webcore::initialization::initialize::{{closure}}::snippet::__cargo_web_snippet_97495987af1720d8a9a923fa4683a7b683e3acd6':
[INFO] [stdout]           /opt/rustwide/cargo-home/registry/src/github.com-1ecc6299db9ec823/stdweb-0.4.20/src/webcore/macros.rs:32: undefined reference to `emscripten_asm_const_int'
[INFO] [stdout]           /usr/bin/ld: /opt/rustwide/target/debug/deps/libstdweb-74ca06865aca7e94.rlib(stdweb-74ca06865aca7e94.stdweb.3123ebea-cgu.6.rcgu.o): in function `stdweb::webcore::initialization::initialize::{{closure}}::snippet::__cargo_web_snippet_72fc447820458c720c68d0d8e078ede631edd723':
[INFO] [stdout]           /opt/rustwide/cargo-home/registry/src/github.com-1ecc6299db9ec823/stdweb-0.4.20/src/webcore/macros.rs:32: undefined reference to `emscripten_asm_const_int'
[INFO] [stdout]           collect2: error: ld returned 1 exit status
[INFO] [stdout]           
[INFO] [stdout]   = note: some `extern` functions couldn't be found; some native libraries may need to be installed or have their path specified
[INFO] [stdout]   = note: use the `-l` flag to specify native libraries to link
[INFO] [stdout]   = note: use the `cargo:rustc-link-lib` directive to specify the native libraries to link with Cargo (see https://doc.rust-lang.org/cargo/reference/build-scripts.html#cargorustc-link-libkindname)
[INFO] [stdout] 
[INFO] [stdout] 
[INFO] [stdout] error: aborting due to previous error
[INFO] [stdout] 
[INFO] [stdout] 
[INFO] [stderr] error: could not compile `node-rs` due to 2 previous errors
[INFO] [stderr] warning: build failed, waiting for other jobs to finish...
[INFO] [stdout] error: linking with `cc` failed: exit status: 1
[INFO] [stdout]   |
[INFO] [stdout]   = note: LC_ALL="C" PATH="/opt/rustwide/rustup-home/toolchains/1.69.0-x86_64-unknown-linux-gnu/lib/rustlib/x86_64-unknown-linux-gnu/bin:/opt/rustwide/cargo-home/bin:/usr/local/sbin:/usr/local/bin:/usr/sbin:/usr/bin:/sbin:/bin" VSLANG="1033" "cc" "-m64" "/tmp/rustc5i96Pz/symbols.o" "/opt/rustwide/target/debug/examples/master-2cdb1a66c8bd3f18.master.d3aea8a2-cgu.0.rcgu.o" "/opt/rustwide/target/debug/examples/master-2cdb1a66c8bd3f18.master.d3aea8a2-cgu.1.rcgu.o" "/opt/rustwide/target/debug/examples/master-2cdb1a66c8bd3f18.master.d3aea8a2-cgu.10.rcgu.o" "/opt/rustwide/target/debug/examples/master-2cdb1a66c8bd3f18.master.d3aea8a2-cgu.11.rcgu.o" "/opt/rustwide/target/debug/examples/master-2cdb1a66c8bd3f18.master.d3aea8a2-cgu.12.rcgu.o" "/opt/rustwide/target/debug/examples/master-2cdb1a66c8bd3f18.master.d3aea8a2-cgu.13.rcgu.o" "/opt/rustwide/target/debug/examples/master-2cdb1a66c8bd3f18.master.d3aea8a2-cgu.14.rcgu.o" "/opt/rustwide/target/debug/examples/master-2cdb1a66c8bd3f18.master.d3aea8a2-cgu.15.rcgu.o" "/opt/rustwide/target/debug/examples/master-2cdb1a66c8bd3f18.master.d3aea8a2-cgu.2.rcgu.o" "/opt/rustwide/target/debug/examples/master-2cdb1a66c8bd3f18.master.d3aea8a2-cgu.3.rcgu.o" "/opt/rustwide/target/debug/examples/master-2cdb1a66c8bd3f18.master.d3aea8a2-cgu.4.rcgu.o" "/opt/rustwide/target/debug/examples/master-2cdb1a66c8bd3f18.master.d3aea8a2-cgu.5.rcgu.o" "/opt/rustwide/target/debug/examples/master-2cdb1a66c8bd3f18.master.d3aea8a2-cgu.6.rcgu.o" "/opt/rustwide/target/debug/examples/master-2cdb1a66c8bd3f18.master.d3aea8a2-cgu.7.rcgu.o" "/opt/rustwide/target/debug/examples/master-2cdb1a66c8bd3f18.master.d3aea8a2-cgu.8.rcgu.o" "/opt/rustwide/target/debug/examples/master-2cdb1a66c8bd3f18.master.d3aea8a2-cgu.9.rcgu.o" "/opt/rustwide/target/debug/examples/master-2cdb1a66c8bd3f18.40tvhajzmo4pw3w0.rcgu.o" "-Wl,--as-needed" "-L" "/opt/rustwide/target/debug/deps" "-L" "/opt/rustwide/rustup-home/toolchains/1.69.0-x86_64-unknown-linux-gnu/lib/rustlib/x86_64-unknown-linux-gnu/lib" "-Wl,-Bstatic" "/opt/rustwide/target/debug/deps/libnode_rs-8471fa20996cbd08.rlib" "/opt/rustwide/target/debug/deps/libstdweb-74ca06865aca7e94.rlib" "/opt/rustwide/target/debug/deps/libdiscard-02bbda03231d877a.rlib" "/opt/rustwide/target/debug/deps/libstdweb_internal_runtime-4d317d0cc689788f.rlib" "/opt/rustwide/rustup-home/toolchains/1.69.0-x86_64-unknown-linux-gnu/lib/rustlib/x86_64-unknown-linux-gnu/lib/libstd-89bc084783fdc439.rlib" "/opt/rustwide/rustup-home/toolchains/1.69.0-x86_64-unknown-linux-gnu/lib/rustlib/x86_64-unknown-linux-gnu/lib/libpanic_unwind-8bee4b287d4367c1.rlib" "/opt/rustwide/rustup-home/toolchains/1.69.0-x86_64-unknown-linux-gnu/lib/rustlib/x86_64-unknown-linux-gnu/lib/libobject-d61707aed80694c0.rlib" "/opt/rustwide/rustup-home/toolchains/1.69.0-x86_64-unknown-linux-gnu/lib/rustlib/x86_64-unknown-linux-gnu/lib/libmemchr-d85366256f22345b.rlib" "/opt/rustwide/rustup-home/toolchains/1.69.0-x86_64-unknown-linux-gnu/lib/rustlib/x86_64-unknown-linux-gnu/lib/libaddr2line-96069b86b8a8cae9.rlib" "/opt/rustwide/rustup-home/toolchains/1.69.0-x86_64-unknown-linux-gnu/lib/rustlib/x86_64-unknown-linux-gnu/lib/libgimli-d19d53abf68dfa6c.rlib" "/opt/rustwide/rustup-home/toolchains/1.69.0-x86_64-unknown-linux-gnu/lib/rustlib/x86_64-unknown-linux-gnu/lib/librustc_demangle-787cbccd19d64ac6.rlib" "/opt/rustwide/rustup-home/toolchains/1.69.0-x86_64-unknown-linux-gnu/lib/rustlib/x86_64-unknown-linux-gnu/lib/libstd_detect-b3837a36b830e0d0.rlib" "/opt/rustwide/rustup-home/toolchains/1.69.0-x86_64-unknown-linux-gnu/lib/rustlib/x86_64-unknown-linux-gnu/lib/libhashbrown-e3deb0e7e3f04966.rlib" "/opt/rustwide/rustup-home/toolchains/1.69.0-x86_64-unknown-linux-gnu/lib/rustlib/x86_64-unknown-linux-gnu/lib/libminiz_oxide-dabbb79c9815def4.rlib" "/opt/rustwide/rustup-home/toolchains/1.69.0-x86_64-unknown-linux-gnu/lib/rustlib/x86_64-unknown-linux-gnu/lib/libadler-305b01f34c9409f2.rlib" "/opt/rustwide/rustup-home/toolchains/1.69.0-x86_64-unknown-linux-gnu/lib/rustlib/x86_64-unknown-linux-gnu/lib/librustc_std_workspace_alloc-f833521df6074e73.rlib" "/opt/rustwide/rustup-home/toolchains/1.69.0-x86_64-unknown-linux-gnu/lib/rustlib/x86_64-unknown-linux-gnu/lib/libunwind-9ac333113350d171.rlib" "/opt/rustwide/rustup-home/toolchains/1.69.0-x86_64-unknown-linux-gnu/lib/rustlib/x86_64-unknown-linux-gnu/lib/libcfg_if-1c126114322d0eee.rlib" "/opt/rustwide/rustup-home/toolchains/1.69.0-x86_64-unknown-linux-gnu/lib/rustlib/x86_64-unknown-linux-gnu/lib/liblibc-bad9164fdeeecf92.rlib" "/opt/rustwide/rustup-home/toolchains/1.69.0-x86_64-unknown-linux-gnu/lib/rustlib/x86_64-unknown-linux-gnu/lib/liballoc-f9374b1e480fa681.rlib" "/opt/rustwide/rustup-home/toolchains/1.69.0-x86_64-unknown-linux-gnu/lib/rustlib/x86_64-unknown-linux-gnu/lib/librustc_std_workspace_core-207f06e41d9603af.rlib" "/opt/rustwide/rustup-home/toolchains/1.69.0-x86_64-unknown-linux-gnu/lib/rustlib/x86_64-unknown-linux-gnu/lib/libcore-7e2768e66e984e85.rlib" "/opt/rustwide/rustup-home/toolchains/1.69.0-x86_64-unknown-linux-gnu/lib/rustlib/x86_64-unknown-linux-gnu/lib/libcompiler_builtins-957b4aff41f8cd46.rlib" "-Wl,-Bdynamic" "-lgcc_s" "-lutil" "-lrt" "-lpthread" "-lm" "-ldl" "-lc" "-Wl,--eh-frame-hdr" "-Wl,-z,noexecstack" "-L" "/opt/rustwide/rustup-home/toolchains/1.69.0-x86_64-unknown-linux-gnu/lib/rustlib/x86_64-unknown-linux-gnu/lib" "-o" "/opt/rustwide/target/debug/examples/master-2cdb1a66c8bd3f18" "-Wl,--gc-sections" "-pie" "-Wl,-z,relro,-z,now" "-nodefaultlibs"
[INFO] [stdout]   = note: /usr/bin/ld: /opt/rustwide/target/debug/deps/libnode_rs-8471fa20996cbd08.rlib(node_rs-8471fa20996cbd08.node_rs.cf8ca13f-cgu.1.rcgu.o): in function `node_rs::cluster::initialize::snippet::__cargo_web_snippet_1a6ada06ed2baff02433c84cba68a46e4df2b95a':
[INFO] [stdout]           /opt/rustwide/cargo-home/registry/src/github.com-1ecc6299db9ec823/stdweb-0.4.20/src/webcore/macros.rs:149: undefined reference to `emscripten_asm_const_int'
[INFO] [stdout]           /usr/bin/ld: /opt/rustwide/target/debug/deps/libnode_rs-8471fa20996cbd08.rlib(node_rs-8471fa20996cbd08.node_rs.cf8ca13f-cgu.1.rcgu.o): in function `node_rs::cluster::fork::snippet::__cargo_web_snippet_bc7cd10435c269895732274916110e16361f2e9b':
[INFO] [stdout]           /opt/rustwide/cargo-home/registry/src/github.com-1ecc6299db9ec823/stdweb-0.4.20/src/webcore/macros.rs:149: undefined reference to `emscripten_asm_const_int'
[INFO] [stdout]           /usr/bin/ld: /opt/rustwide/target/debug/deps/libnode_rs-8471fa20996cbd08.rlib(node_rs-8471fa20996cbd08.node_rs.cf8ca13f-cgu.1.rcgu.o): in function `node_rs::cluster::is_worker::snippet::__cargo_web_snippet_66112c5783c559262d184bc6d16f762cc900f30a':
[INFO] [stdout]           /opt/rustwide/cargo-home/registry/src/github.com-1ecc6299db9ec823/stdweb-0.4.20/src/webcore/macros.rs:149: undefined reference to `emscripten_asm_const_int'
[INFO] [stdout]           /usr/bin/ld: /opt/rustwide/target/debug/deps/libnode_rs-8471fa20996cbd08.rlib(node_rs-8471fa20996cbd08.node_rs.cf8ca13f-cgu.1.rcgu.o): in function `node_rs::cluster::ClusterSettingsBuilder::exec::snippet::__cargo_web_snippet_4d66721dd755374fa177d86d1c818bf74cc0be84':
[INFO] [stdout]           /opt/rustwide/cargo-home/registry/src/github.com-1ecc6299db9ec823/stdweb-0.4.20/src/webcore/macros.rs:149: undefined reference to `emscripten_asm_const_int'
[INFO] [stdout]           /usr/bin/ld: /opt/rustwide/target/debug/deps/libnode_rs-8471fa20996cbd08.rlib(node_rs-8471fa20996cbd08.node_rs.cf8ca13f-cgu.1.rcgu.o): in function `node_rs::cluster::ClusterSettingsBuilder::build::snippet::__cargo_web_snippet_4d66721dd755374fa177d86d1c818bf74cc0be84':
[INFO] [stdout]           /opt/rustwide/cargo-home/registry/src/github.com-1ecc6299db9ec823/stdweb-0.4.20/src/webcore/macros.rs:149: undefined reference to `emscripten_asm_const_int'
[INFO] [stdout]           /usr/bin/ld: /opt/rustwide/target/debug/deps/libnode_rs-8471fa20996cbd08.rlib(node_rs-8471fa20996cbd08.node_rs.cf8ca13f-cgu.1.rcgu.o):/opt/rustwide/cargo-home/registry/src/github.com-1ecc6299db9ec823/stdweb-0.4.20/src/webcore/macros.rs:64: more undefined references to `emscripten_asm_const_int' follow
[INFO] [stdout]           /usr/bin/ld: /opt/rustwide/target/debug/deps/libstdweb-74ca06865aca7e94.rlib(stdweb-74ca06865aca7e94.stdweb.3123ebea-cgu.15.rcgu.o): in function `stdweb::webcore::ffi::emscripten::event_loop':
[INFO] [stdout]           /opt/rustwide/cargo-home/registry/src/github.com-1ecc6299db9ec823/stdweb-0.4.20/src/webcore/ffi/emscripten.rs:11: undefined reference to `emscripten_pause_main_loop'
[INFO] [stdout]           /usr/bin/ld: /opt/rustwide/cargo-home/registry/src/github.com-1ecc6299db9ec823/stdweb-0.4.20/src/webcore/ffi/emscripten.rs:11: undefined reference to `emscripten_set_main_loop'
[INFO] [stdout]           /usr/bin/ld: /opt/rustwide/target/debug/deps/libstdweb-74ca06865aca7e94.rlib(stdweb-74ca06865aca7e94.stdweb.3123ebea-cgu.6.rcgu.o): in function `stdweb::webcore::initialization::initialize::snippet::__cargo_web_snippet_16d36d978962b51d2e9b2d23aa2ea13de278c5da':
[INFO] [stdout]           /opt/rustwide/cargo-home/registry/src/github.com-1ecc6299db9ec823/stdweb-0.4.20/src/webcore/macros.rs:32: undefined reference to `emscripten_asm_const_int'
[INFO] [stdout]           /usr/bin/ld: /opt/rustwide/target/debug/deps/libstdweb-74ca06865aca7e94.rlib(stdweb-74ca06865aca7e94.stdweb.3123ebea-cgu.6.rcgu.o): in function `stdweb::webcore::initialization::initialize::{{closure}}::snippet::__cargo_web_snippet_dc2fd915bd92f9e9c6a3bd15174f1414eee3dbaf':
[INFO] [stdout]           /opt/rustwide/cargo-home/registry/src/github.com-1ecc6299db9ec823/stdweb-0.4.20/src/webcore/macros.rs:32: undefined reference to `emscripten_asm_const_int'
[INFO] [stdout]           /usr/bin/ld: /opt/rustwide/target/debug/deps/libstdweb-74ca06865aca7e94.rlib(stdweb-74ca06865aca7e94.stdweb.3123ebea-cgu.6.rcgu.o): in function `stdweb::webcore::initialization::initialize::{{closure}}::snippet::__cargo_web_snippet_97495987af1720d8a9a923fa4683a7b683e3acd6':
[INFO] [stdout]           /opt/rustwide/cargo-home/registry/src/github.com-1ecc6299db9ec823/stdweb-0.4.20/src/webcore/macros.rs:32: undefined reference to `emscripten_asm_const_int'
[INFO] [stdout]           /usr/bin/ld: /opt/rustwide/target/debug/deps/libstdweb-74ca06865aca7e94.rlib(stdweb-74ca06865aca7e94.stdweb.3123ebea-cgu.6.rcgu.o): in function `stdweb::webcore::initialization::initialize::{{closure}}::snippet::__cargo_web_snippet_72fc447820458c720c68d0d8e078ede631edd723':
[INFO] [stdout]           /opt/rustwide/cargo-home/registry/src/github.com-1ecc6299db9ec823/stdweb-0.4.20/src/webcore/macros.rs:32: undefined reference to `emscripten_asm_const_int'
[INFO] [stdout]           /usr/bin/ld: /opt/rustwide/target/debug/deps/libstdweb-74ca06865aca7e94.rlib(stdweb-74ca06865aca7e94.stdweb.3123ebea-cgu.6.rcgu.o): in function `stdweb::webcore::global_arena::reserve_impl::snippet::__cargo_web_snippet_285aac3fba72d67cb459d37d4d21aa4fb62598ba':
[INFO] [stdout]           /opt/rustwide/cargo-home/registry/src/github.com-1ecc6299db9ec823/stdweb-0.4.20/src/webcore/macros.rs:32: undefined reference to `emscripten_asm_const_int'
[INFO] [stdout]           collect2: error: ld returned 1 exit status
[INFO] [stdout]           
[INFO] [stdout]   = note: some `extern` functions couldn't be found; some native libraries may need to be installed or have their path specified
[INFO] [stdout]   = note: use the `-l` flag to specify native libraries to link
[INFO] [stdout]   = note: use the `cargo:rustc-link-lib` directive to specify the native libraries to link with Cargo (see https://doc.rust-lang.org/cargo/reference/build-scripts.html#cargorustc-link-libkindname)
[INFO] [stdout] 
[INFO] [stdout] 
[INFO] [stdout] error: aborting due to previous error
[INFO] [stdout] 
[INFO] [stdout] 
[INFO] [stderr] error: could not compile `node-rs` due to 2 previous errors
[INFO] [stdout] error: linking with `cc` failed: exit status: 1
[INFO] [stdout]   |
[INFO] [stdout]   = note: LC_ALL="C" PATH="/opt/rustwide/rustup-home/toolchains/1.69.0-x86_64-unknown-linux-gnu/lib/rustlib/x86_64-unknown-linux-gnu/bin:/opt/rustwide/cargo-home/bin:/usr/local/sbin:/usr/local/bin:/usr/sbin:/usr/bin:/sbin:/bin" VSLANG="1033" "cc" "-m64" "/tmp/rustcAfnBrF/symbols.o" "/opt/rustwide/target/debug/examples/cluster-ed3420e1c7f12f76.cluster.a913ca44-cgu.0.rcgu.o" "/opt/rustwide/target/debug/examples/cluster-ed3420e1c7f12f76.cluster.a913ca44-cgu.1.rcgu.o" "/opt/rustwide/target/debug/examples/cluster-ed3420e1c7f12f76.cluster.a913ca44-cgu.10.rcgu.o" "/opt/rustwide/target/debug/examples/cluster-ed3420e1c7f12f76.cluster.a913ca44-cgu.11.rcgu.o" "/opt/rustwide/target/debug/examples/cluster-ed3420e1c7f12f76.cluster.a913ca44-cgu.12.rcgu.o" "/opt/rustwide/target/debug/examples/cluster-ed3420e1c7f12f76.cluster.a913ca44-cgu.13.rcgu.o" "/opt/rustwide/target/debug/examples/cluster-ed3420e1c7f12f76.cluster.a913ca44-cgu.14.rcgu.o" "/opt/rustwide/target/debug/examples/cluster-ed3420e1c7f12f76.cluster.a913ca44-cgu.15.rcgu.o" "/opt/rustwide/target/debug/examples/cluster-ed3420e1c7f12f76.cluster.a913ca44-cgu.2.rcgu.o" "/opt/rustwide/target/debug/examples/cluster-ed3420e1c7f12f76.cluster.a913ca44-cgu.3.rcgu.o" "/opt/rustwide/target/debug/examples/cluster-ed3420e1c7f12f76.cluster.a913ca44-cgu.4.rcgu.o" "/opt/rustwide/target/debug/examples/cluster-ed3420e1c7f12f76.cluster.a913ca44-cgu.5.rcgu.o" "/opt/rustwide/target/debug/examples/cluster-ed3420e1c7f12f76.cluster.a913ca44-cgu.6.rcgu.o" "/opt/rustwide/target/debug/examples/cluster-ed3420e1c7f12f76.cluster.a913ca44-cgu.7.rcgu.o" "/opt/rustwide/target/debug/examples/cluster-ed3420e1c7f12f76.cluster.a913ca44-cgu.8.rcgu.o" "/opt/rustwide/target/debug/examples/cluster-ed3420e1c7f12f76.cluster.a913ca44-cgu.9.rcgu.o" "/opt/rustwide/target/debug/examples/cluster-ed3420e1c7f12f76.f4xwg7cbm7fyt0j.rcgu.o" "-Wl,--as-needed" "-L" "/opt/rustwide/target/debug/deps" "-L" "/opt/rustwide/rustup-home/toolchains/1.69.0-x86_64-unknown-linux-gnu/lib/rustlib/x86_64-unknown-linux-gnu/lib" "-Wl,-Bstatic" "/opt/rustwide/target/debug/deps/libnode_rs-8471fa20996cbd08.rlib" "/opt/rustwide/target/debug/deps/libstdweb-74ca06865aca7e94.rlib" "/opt/rustwide/target/debug/deps/libdiscard-02bbda03231d877a.rlib" "/opt/rustwide/target/debug/deps/libstdweb_internal_runtime-4d317d0cc689788f.rlib" "/opt/rustwide/rustup-home/toolchains/1.69.0-x86_64-unknown-linux-gnu/lib/rustlib/x86_64-unknown-linux-gnu/lib/libstd-89bc084783fdc439.rlib" "/opt/rustwide/rustup-home/toolchains/1.69.0-x86_64-unknown-linux-gnu/lib/rustlib/x86_64-unknown-linux-gnu/lib/libpanic_unwind-8bee4b287d4367c1.rlib" "/opt/rustwide/rustup-home/toolchains/1.69.0-x86_64-unknown-linux-gnu/lib/rustlib/x86_64-unknown-linux-gnu/lib/libobject-d61707aed80694c0.rlib" "/opt/rustwide/rustup-home/toolchains/1.69.0-x86_64-unknown-linux-gnu/lib/rustlib/x86_64-unknown-linux-gnu/lib/libmemchr-d85366256f22345b.rlib" "/opt/rustwide/rustup-home/toolchains/1.69.0-x86_64-unknown-linux-gnu/lib/rustlib/x86_64-unknown-linux-gnu/lib/libaddr2line-96069b86b8a8cae9.rlib" "/opt/rustwide/rustup-home/toolchains/1.69.0-x86_64-unknown-linux-gnu/lib/rustlib/x86_64-unknown-linux-gnu/lib/libgimli-d19d53abf68dfa6c.rlib" "/opt/rustwide/rustup-home/toolchains/1.69.0-x86_64-unknown-linux-gnu/lib/rustlib/x86_64-unknown-linux-gnu/lib/librustc_demangle-787cbccd19d64ac6.rlib" "/opt/rustwide/rustup-home/toolchains/1.69.0-x86_64-unknown-linux-gnu/lib/rustlib/x86_64-unknown-linux-gnu/lib/libstd_detect-b3837a36b830e0d0.rlib" "/opt/rustwide/rustup-home/toolchains/1.69.0-x86_64-unknown-linux-gnu/lib/rustlib/x86_64-unknown-linux-gnu/lib/libhashbrown-e3deb0e7e3f04966.rlib" "/opt/rustwide/rustup-home/toolchains/1.69.0-x86_64-unknown-linux-gnu/lib/rustlib/x86_64-unknown-linux-gnu/lib/libminiz_oxide-dabbb79c9815def4.rlib" "/opt/rustwide/rustup-home/toolchains/1.69.0-x86_64-unknown-linux-gnu/lib/rustlib/x86_64-unknown-linux-gnu/lib/libadler-305b01f34c9409f2.rlib" "/opt/rustwide/rustup-home/toolchains/1.69.0-x86_64-unknown-linux-gnu/lib/rustlib/x86_64-unknown-linux-gnu/lib/librustc_std_workspace_alloc-f833521df6074e73.rlib" "/opt/rustwide/rustup-home/toolchains/1.69.0-x86_64-unknown-linux-gnu/lib/rustlib/x86_64-unknown-linux-gnu/lib/libunwind-9ac333113350d171.rlib" "/opt/rustwide/rustup-home/toolchains/1.69.0-x86_64-unknown-linux-gnu/lib/rustlib/x86_64-unknown-linux-gnu/lib/libcfg_if-1c126114322d0eee.rlib" "/opt/rustwide/rustup-home/toolchains/1.69.0-x86_64-unknown-linux-gnu/lib/rustlib/x86_64-unknown-linux-gnu/lib/liblibc-bad9164fdeeecf92.rlib" "/opt/rustwide/rustup-home/toolchains/1.69.0-x86_64-unknown-linux-gnu/lib/rustlib/x86_64-unknown-linux-gnu/lib/liballoc-f9374b1e480fa681.rlib" "/opt/rustwide/rustup-home/toolchains/1.69.0-x86_64-unknown-linux-gnu/lib/rustlib/x86_64-unknown-linux-gnu/lib/librustc_std_workspace_core-207f06e41d9603af.rlib" "/opt/rustwide/rustup-home/toolchains/1.69.0-x86_64-unknown-linux-gnu/lib/rustlib/x86_64-unknown-linux-gnu/lib/libcore-7e2768e66e984e85.rlib" "/opt/rustwide/rustup-home/toolchains/1.69.0-x86_64-unknown-linux-gnu/lib/rustlib/x86_64-unknown-linux-gnu/lib/libcompiler_builtins-957b4aff41f8cd46.rlib" "-Wl,-Bdynamic" "-lgcc_s" "-lutil" "-lrt" "-lpthread" "-lm" "-ldl" "-lc" "-Wl,--eh-frame-hdr" "-Wl,-z,noexecstack" "-L" "/opt/rustwide/rustup-home/toolchains/1.69.0-x86_64-unknown-linux-gnu/lib/rustlib/x86_64-unknown-linux-gnu/lib" "-o" "/opt/rustwide/target/debug/examples/cluster-ed3420e1c7f12f76" "-Wl,--gc-sections" "-pie" "-Wl,-z,relro,-z,now" "-nodefaultlibs"
[INFO] [stdout]   = note: /usr/bin/ld: /opt/rustwide/target/debug/deps/libnode_rs-8471fa20996cbd08.rlib(node_rs-8471fa20996cbd08.node_rs.cf8ca13f-cgu.1.rcgu.o): in function `node_rs::cluster::initialize::snippet::__cargo_web_snippet_1a6ada06ed2baff02433c84cba68a46e4df2b95a':
[INFO] [stdout]           /opt/rustwide/cargo-home/registry/src/github.com-1ecc6299db9ec823/stdweb-0.4.20/src/webcore/macros.rs:149: undefined reference to `emscripten_asm_const_int'
[INFO] [stdout]           /usr/bin/ld: /opt/rustwide/target/debug/deps/libnode_rs-8471fa20996cbd08.rlib(node_rs-8471fa20996cbd08.node_rs.cf8ca13f-cgu.1.rcgu.o): in function `node_rs::cluster::fork::snippet::__cargo_web_snippet_bc7cd10435c269895732274916110e16361f2e9b':
[INFO] [stdout]           /opt/rustwide/cargo-home/registry/src/github.com-1ecc6299db9ec823/stdweb-0.4.20/src/webcore/macros.rs:149: undefined reference to `emscripten_asm_const_int'
[INFO] [stdout]           /usr/bin/ld: /opt/rustwide/target/debug/deps/libnode_rs-8471fa20996cbd08.rlib(node_rs-8471fa20996cbd08.node_rs.cf8ca13f-cgu.1.rcgu.o): in function `node_rs::cluster::is_worker::snippet::__cargo_web_snippet_66112c5783c559262d184bc6d16f762cc900f30a':
[INFO] [stdout]           /opt/rustwide/cargo-home/registry/src/github.com-1ecc6299db9ec823/stdweb-0.4.20/src/webcore/macros.rs:149: undefined reference to `emscripten_asm_const_int'
[INFO] [stdout]           /usr/bin/ld: /opt/rustwide/target/debug/deps/libnode_rs-8471fa20996cbd08.rlib(node_rs-8471fa20996cbd08.node_rs.cf8ca13f-cgu.1.rcgu.o): in function `node_rs::cluster::worker::snippet::__cargo_web_snippet_bf5765fa03bb28b8407fda8629fc0e506eb5d3f1':
[INFO] [stdout]           /opt/rustwide/cargo-home/registry/src/github.com-1ecc6299db9ec823/stdweb-0.4.20/src/webcore/macros.rs:149: undefined reference to `emscripten_asm_const_int'
[INFO] [stdout]           /usr/bin/ld: /opt/rustwide/target/debug/deps/libnode_rs-8471fa20996cbd08.rlib(node_rs-8471fa20996cbd08.node_rs.cf8ca13f-cgu.1.rcgu.o): in function `<node_rs::cluster::Worker as stdweb::webcore::instance_of::InstanceOf>::instance_of::snippet::__cargo_web_snippet_943d621b506bda3fcba64862b30df50e8c7c8f7c':
[INFO] [stdout]           /opt/rustwide/cargo-home/registry/src/github.com-1ecc6299db9ec823/stdweb-0.4.20/src/webcore/macros.rs:64: undefined reference to `emscripten_asm_const_int'
[INFO] [stdout]           /usr/bin/ld: /opt/rustwide/target/debug/deps/libnode_rs-8471fa20996cbd08.rlib(node_rs-8471fa20996cbd08.node_rs.cf8ca13f-cgu.1.rcgu.o):/opt/rustwide/cargo-home/registry/src/github.com-1ecc6299db9ec823/stdweb-0.4.20/src/webcore/macros.rs:149: more undefined references to `emscripten_asm_const_int' follow
[INFO] [stdout]           /usr/bin/ld: /opt/rustwide/target/debug/deps/libstdweb-74ca06865aca7e94.rlib(stdweb-74ca06865aca7e94.stdweb.3123ebea-cgu.15.rcgu.o): in function `stdweb::webcore::ffi::emscripten::event_loop':
[INFO] [stdout]           /opt/rustwide/cargo-home/registry/src/github.com-1ecc6299db9ec823/stdweb-0.4.20/src/webcore/ffi/emscripten.rs:11: undefined reference to `emscripten_pause_main_loop'
[INFO] [stdout]           /usr/bin/ld: /opt/rustwide/cargo-home/registry/src/github.com-1ecc6299db9ec823/stdweb-0.4.20/src/webcore/ffi/emscripten.rs:11: undefined reference to `emscripten_set_main_loop'
[INFO] [stdout]           /usr/bin/ld: /opt/rustwide/target/debug/deps/libstdweb-74ca06865aca7e94.rlib(stdweb-74ca06865aca7e94.stdweb.3123ebea-cgu.6.rcgu.o): in function `stdweb::webcore::initialization::initialize::snippet::__cargo_web_snippet_16d36d978962b51d2e9b2d23aa2ea13de278c5da':
[INFO] [stdout]           /opt/rustwide/cargo-home/registry/src/github.com-1ecc6299db9ec823/stdweb-0.4.20/src/webcore/macros.rs:32: undefined reference to `emscripten_asm_const_int'
[INFO] [stdout]           /usr/bin/ld: /opt/rustwide/target/debug/deps/libstdweb-74ca06865aca7e94.rlib(stdweb-74ca06865aca7e94.stdweb.3123ebea-cgu.6.rcgu.o): in function `stdweb::webcore::initialization::initialize::{{closure}}::snippet::__cargo_web_snippet_dc2fd915bd92f9e9c6a3bd15174f1414eee3dbaf':
[INFO] [stdout]           /opt/rustwide/cargo-home/registry/src/github.com-1ecc6299db9ec823/stdweb-0.4.20/src/webcore/macros.rs:32: undefined reference to `emscripten_asm_const_int'
[INFO] [stdout]           /usr/bin/ld: /opt/rustwide/target/debug/deps/libstdweb-74ca06865aca7e94.rlib(stdweb-74ca06865aca7e94.stdweb.3123ebea-cgu.6.rcgu.o): in function `stdweb::webcore::initialization::initialize::{{closure}}::snippet::__cargo_web_snippet_97495987af1720d8a9a923fa4683a7b683e3acd6':
[INFO] [stdout]           /opt/rustwide/cargo-home/registry/src/github.com-1ecc6299db9ec823/stdweb-0.4.20/src/webcore/macros.rs:32: undefined reference to `emscripten_asm_const_int'
[INFO] [stdout]           /usr/bin/ld: /opt/rustwide/target/debug/deps/libstdweb-74ca06865aca7e94.rlib(stdweb-74ca06865aca7e94.stdweb.3123ebea-cgu.6.rcgu.o): in function `stdweb::webcore::initialization::initialize::{{closure}}::snippet::__cargo_web_snippet_72fc447820458c720c68d0d8e078ede631edd723':
[INFO] [stdout]           /opt/rustwide/cargo-home/registry/src/github.com-1ecc6299db9ec823/stdweb-0.4.20/src/webcore/macros.rs:32: undefined reference to `emscripten_asm_const_int'
[INFO] [stdout]           /usr/bin/ld: /opt/rustwide/target/debug/deps/libstdweb-74ca06865aca7e94.rlib(stdweb-74ca06865aca7e94.stdweb.3123ebea-cgu.6.rcgu.o): in function `stdweb::webcore::global_arena::reserve_impl::snippet::__cargo_web_snippet_285aac3fba72d67cb459d37d4d21aa4fb62598ba':
[INFO] [stdout]           /opt/rustwide/cargo-home/registry/src/github.com-1ecc6299db9ec823/stdweb-0.4.20/src/webcore/macros.rs:32: undefined reference to `emscripten_asm_const_int'
[INFO] [stdout]           collect2: error: ld returned 1 exit status
[INFO] [stdout]           
[INFO] [stdout]   = note: some `extern` functions couldn't be found; some native libraries may need to be installed or have their path specified
[INFO] [stdout]   = note: use the `-l` flag to specify native libraries to link
[INFO] [stdout]   = note: use the `cargo:rustc-link-lib` directive to specify the native libraries to link with Cargo (see https://doc.rust-lang.org/cargo/reference/build-scripts.html#cargorustc-link-libkindname)
[INFO] [stdout] 
[INFO] [stdout] 
[INFO] [stderr] error: could not compile `node-rs` due to 2 previous errors
[INFO] [stdout] error: aborting due to previous error
[INFO] [stdout] 
[INFO] [stdout] 
[INFO] running `Command { std: "docker" "inspect" "49427e7deab8cd6c50d91ae2ffd7a2aadc962a68e2483e98b38e56500c035c4b", kill_on_drop: false }`
[INFO] running `Command { std: "docker" "rm" "-f" "49427e7deab8cd6c50d91ae2ffd7a2aadc962a68e2483e98b38e56500c035c4b", kill_on_drop: false }`
[INFO] [stdout] 49427e7deab8cd6c50d91ae2ffd7a2aadc962a68e2483e98b38e56500c035c4b
