[INFO] fetching crate ngt-sys 1.14.8-static...
[INFO] testing ngt-sys-1.14.8-static against 1.69.0 for beta-1.70-1
[INFO] extracting crate ngt-sys 1.14.8-static into /workspace/builds/worker-1-tc1/source
[INFO] validating manifest of crates.io crate ngt-sys 1.14.8-static on toolchain 1.69.0
[INFO] running `Command { std: CARGO_HOME="/workspace/cargo-home" RUSTUP_HOME="/workspace/rustup-home" "/workspace/cargo-home/bin/cargo" "+1.69.0" "metadata" "--manifest-path" "Cargo.toml" "--no-deps", kill_on_drop: false }`
[INFO] started tweaking crates.io crate ngt-sys 1.14.8-static
[INFO] finished tweaking crates.io crate ngt-sys 1.14.8-static
[INFO] tweaked toml for crates.io crate ngt-sys 1.14.8-static written to /workspace/builds/worker-1-tc1/source/Cargo.toml
[INFO] running `Command { std: CARGO_HOME="/workspace/cargo-home" RUSTUP_HOME="/workspace/rustup-home" __CARGO_TEST_CHANNEL_OVERRIDE_DO_NOT_USE_THIS="nightly" "/workspace/cargo-home/bin/cargo" "+1.69.0" "generate-lockfile" "--manifest-path" "Cargo.toml" "-Zno-index-update", kill_on_drop: false }`
[INFO] [stderr]     Blocking waiting for file lock on package cache
[INFO] running `Command { std: CARGO_HOME="/workspace/cargo-home" RUSTUP_HOME="/workspace/rustup-home" "/workspace/cargo-home/bin/cargo" "+1.69.0" "fetch" "--manifest-path" "Cargo.toml", kill_on_drop: false }`
[INFO] [stderr]  Downloading crates ...
[INFO] [stderr]   Downloaded cpp_build v0.5.8
[INFO] [stderr]   Downloaded cpp_common v0.5.8
[INFO] running `Command { std: "docker" "create" "-v" "/var/lib/crater-agent-workspace/builds/worker-1-tc1/target:/opt/rustwide/target:rw,Z" "-v" "/var/lib/crater-agent-workspace/builds/worker-1-tc1/source:/opt/rustwide/workdir:ro,Z" "-v" "/var/lib/crater-agent-workspace/cargo-home:/opt/rustwide/cargo-home:ro,Z" "-v" "/var/lib/crater-agent-workspace/rustup-home:/opt/rustwide/rustup-home:ro,Z" "-e" "SOURCE_DIR=/opt/rustwide/workdir" "-e" "CARGO_TARGET_DIR=/opt/rustwide/target" "-e" "CARGO_HOME=/opt/rustwide/cargo-home" "-e" "RUSTUP_HOME=/opt/rustwide/rustup-home" "-w" "/opt/rustwide/workdir" "-m" "1610612736" "--user" "0:0" "--network" "none" "ghcr.io/rust-lang/crates-build-env/linux@sha256:5ff2268d62e97bff2cde7d5815dd6ed5b47097566f13b8d0ca110b04b60e07ed" "/opt/rustwide/cargo-home/bin/cargo" "+1.69.0" "metadata" "--no-deps" "--format-version=1", kill_on_drop: false }`
[INFO] [stdout] 7e96b437b941591eb7e2918a90463eceb2c3db601b4094de0f90740b3f09be05
[INFO] running `Command { std: "docker" "start" "-a" "7e96b437b941591eb7e2918a90463eceb2c3db601b4094de0f90740b3f09be05", kill_on_drop: false }`
[INFO] running `Command { std: "docker" "inspect" "7e96b437b941591eb7e2918a90463eceb2c3db601b4094de0f90740b3f09be05", kill_on_drop: false }`
[INFO] running `Command { std: "docker" "rm" "-f" "7e96b437b941591eb7e2918a90463eceb2c3db601b4094de0f90740b3f09be05", kill_on_drop: false }`
[INFO] [stdout] 7e96b437b941591eb7e2918a90463eceb2c3db601b4094de0f90740b3f09be05
[INFO] running `Command { std: "docker" "create" "-v" "/var/lib/crater-agent-workspace/builds/worker-1-tc1/target:/opt/rustwide/target:rw,Z" "-v" "/var/lib/crater-agent-workspace/builds/worker-1-tc1/source:/opt/rustwide/workdir:ro,Z" "-v" "/var/lib/crater-agent-workspace/cargo-home:/opt/rustwide/cargo-home:ro,Z" "-v" "/var/lib/crater-agent-workspace/rustup-home:/opt/rustwide/rustup-home:ro,Z" "-e" "SOURCE_DIR=/opt/rustwide/workdir" "-e" "CARGO_TARGET_DIR=/opt/rustwide/target" "-e" "CARGO_INCREMENTAL=0" "-e" "RUST_BACKTRACE=full" "-e" "RUSTFLAGS=--cap-lints=warn" "-e" "RUSTDOCFLAGS=--cap-lints=warn" "-e" "CARGO_HOME=/opt/rustwide/cargo-home" "-e" "RUSTUP_HOME=/opt/rustwide/rustup-home" "-w" "/opt/rustwide/workdir" "-m" "1610612736" "--user" "0:0" "--network" "none" "ghcr.io/rust-lang/crates-build-env/linux@sha256:5ff2268d62e97bff2cde7d5815dd6ed5b47097566f13b8d0ca110b04b60e07ed" "/opt/rustwide/cargo-home/bin/cargo" "+1.69.0" "build" "--frozen" "--message-format=json", kill_on_drop: false }`
[INFO] [stdout] 92cc495e8fb3884fa520627756de4ddfca75ef40b13099b4f8c7df7ba4cbf1c1
[INFO] running `Command { std: "docker" "start" "-a" "92cc495e8fb3884fa520627756de4ddfca75ef40b13099b4f8c7df7ba4cbf1c1", kill_on_drop: false }`
[INFO] [stderr]     Blocking waiting for file lock on package cache
[INFO] [stderr]    Compiling memchr v2.5.0
[INFO] [stderr]    Compiling cfg-if v1.0.0
[INFO] [stderr]    Compiling proc-macro2 v1.0.56
[INFO] [stderr]    Compiling libc v0.2.142
[INFO] [stderr]    Compiling clang-sys v1.6.1
[INFO] [stderr]    Compiling log v0.4.17
[INFO] [stderr]    Compiling indexmap v1.9.3
[INFO] [stderr]    Compiling termcolor v1.2.0
[INFO] [stderr]    Compiling regex-syntax v0.7.1
[INFO] [stderr]    Compiling hashbrown v0.12.3
[INFO] [stderr]    Compiling os_str_bytes v6.5.0
[INFO] [stderr]    Compiling quote v1.0.26
[INFO] [stderr]    Compiling aho-corasick v1.0.1
[INFO] [stderr]    Compiling nom v7.1.3
[INFO] [stderr]    Compiling atty v0.2.14
[INFO] [stderr]    Compiling clap_lex v0.2.4
[INFO] [stderr]    Compiling libloading v0.7.4
[INFO] [stderr]    Compiling textwrap v0.16.0
[INFO] [stderr]    Compiling humantime v2.1.0
[INFO] [stderr]    Compiling bindgen v0.60.1
[INFO] [stderr]    Compiling either v1.8.1
[INFO] [stderr]    Compiling bitflags v1.3.2
[INFO] [stderr]    Compiling which v4.4.0
[INFO] [stderr]    Compiling clap v3.2.25
[INFO] [stderr]    Compiling lazy_static v1.4.0
[INFO] [stderr]    Compiling cmake v0.1.50
[INFO] [stderr]    Compiling regex v1.8.1
[INFO] [stderr]    Compiling cexpr v0.6.0
[INFO] [stderr]    Compiling env_logger v0.9.3
[INFO] [stderr]    Compiling ngt-sys v1.14.8-static (/opt/rustwide/workdir)
[INFO] [stderr] error: failed to run custom build command for `ngt-sys v1.14.8-static (/opt/rustwide/workdir)`
[INFO] [stderr] note: To improve backtraces for build dependencies, set the CARGO_PROFILE_DEV_BUILD_OVERRIDE_DEBUG=true environment variable to enable debug information generation.
[INFO] [stderr] 
[INFO] [stderr] Caused by:
[INFO] [stderr]   process didn't exit successfully: `/opt/rustwide/target/debug/build/ngt-sys-caca6de12780daa2/build-script-build` (exit status: 101)
[INFO] [stderr]   --- stdout
[INFO] [stderr]   CMAKE_TOOLCHAIN_FILE_x86_64-unknown-linux-gnu = None
[INFO] [stderr]   CMAKE_TOOLCHAIN_FILE_x86_64_unknown_linux_gnu = None
[INFO] [stderr]   HOST_CMAKE_TOOLCHAIN_FILE = None
[INFO] [stderr]   CMAKE_TOOLCHAIN_FILE = None
[INFO] [stderr]   CMAKE_GENERATOR_x86_64-unknown-linux-gnu = None
[INFO] [stderr]   CMAKE_GENERATOR_x86_64_unknown_linux_gnu = None
[INFO] [stderr]   HOST_CMAKE_GENERATOR = None
[INFO] [stderr]   CMAKE_GENERATOR = None
[INFO] [stderr]   CMAKE_PREFIX_PATH_x86_64-unknown-linux-gnu = None
[INFO] [stderr]   CMAKE_PREFIX_PATH_x86_64_unknown_linux_gnu = None
[INFO] [stderr]   HOST_CMAKE_PREFIX_PATH = None
[INFO] [stderr]   CMAKE_PREFIX_PATH = None
[INFO] [stderr]   CMAKE_x86_64-unknown-linux-gnu = None
[INFO] [stderr]   CMAKE_x86_64_unknown_linux_gnu = None
[INFO] [stderr]   HOST_CMAKE = None
[INFO] [stderr]   CMAKE = None
[INFO] [stderr]   running: cd "/opt/rustwide/target/debug/build/ngt-sys-8fb516908389c854/out/build" && CMAKE_PREFIX_PATH="" "cmake" "/opt/rustwide/workdir/NGT" "-DCMAKE_INSTALL_PREFIX=/opt/rustwide/target/debug/build/ngt-sys-8fb516908389c854/out" "-DCMAKE_C_FLAGS= -ffunction-sections -fdata-sections -fPIC -m64" "-DCMAKE_C_COMPILER=/usr/bin/cc" "-DCMAKE_CXX_FLAGS= -ffunction-sections -fdata-sections -fPIC -m64" "-DCMAKE_CXX_COMPILER=/usr/bin/c++" "-DCMAKE_ASM_FLAGS= -ffunction-sections -fdata-sections -fPIC -m64" "-DCMAKE_ASM_COMPILER=/usr/bin/cc" "-DCMAKE_BUILD_TYPE=Debug"
[INFO] [stderr]   -- The C compiler identification is GNU 11.3.0
[INFO] [stderr]   -- The CXX compiler identification is GNU 11.3.0
[INFO] [stderr]   -- Detecting C compiler ABI info
[INFO] [stderr]   -- Detecting C compiler ABI info - done
[INFO] [stderr]   -- Check for working C compiler: /usr/bin/cc - skipped
[INFO] [stderr]   -- Detecting C compile features
[INFO] [stderr]   -- Detecting C compile features - done
[INFO] [stderr]   -- Detecting CXX compiler ABI info
[INFO] [stderr]   -- Detecting CXX compiler ABI info - done
[INFO] [stderr]   -- Check for working CXX compiler: /usr/bin/c++ - skipped
[INFO] [stderr]   -- Detecting CXX compile features
[INFO] [stderr]   -- Detecting CXX compile features - done
[INFO] [stderr]   -- VERSION: 1.14.8
[INFO] [stderr]   -- CMAKE_BUILD_TYPE: Debug
[INFO] [stderr]   -- CMAKE_BUILD_TYPE_LOWER: debug
[INFO] [stderr]   -- Found OpenMP_C: -fopenmp (found version "4.5") 
[INFO] [stderr]   -- Found OpenMP_CXX: -fopenmp (found version "4.5") 
[INFO] [stderr]   -- Found OpenMP: TRUE (found version "4.5")  
[INFO] [stderr]   -- Looking for pthread.h
[INFO] [stderr]   -- Looking for pthread.h - found
[INFO] [stderr]   -- Performing Test CMAKE_HAVE_LIBC_PTHREAD
[INFO] [stderr]   -- Performing Test CMAKE_HAVE_LIBC_PTHREAD - Success
[INFO] [stderr]   -- Found Threads: TRUE  
[INFO] [stderr]   -- Configuring done
[INFO] [stderr]   -- Generating done
[INFO] [stderr]   -- Build files have been written to: /opt/rustwide/target/debug/build/ngt-sys-8fb516908389c854/out/build
[INFO] [stderr]   running: cd "/opt/rustwide/target/debug/build/ngt-sys-8fb516908389c854/out/build" && MAKEFLAGS="-j --jobserver-fds=6,7 --jobserver-auth=6,7" "cmake" "--build" "." "--target" "install" "--config" "Debug"
[INFO] [stderr]   [  2%] Generating command
[INFO] [stderr]   [  2%] Built target versiondef
[INFO] [stderr]   [  4%] Building CXX object lib/NGT/CMakeFiles/ngtstatic.dir/ArrayFile.cpp.o
[INFO] [stderr]   [  6%] Building CXX object lib/NGT/CMakeFiles/ngtstatic.dir/Command.cpp.o
[INFO] [stderr]   [  8%] Building CXX object lib/NGT/CMakeFiles/ngtstatic.dir/Capi.cpp.o
[INFO] [stderr]   [ 11%] Building CXX object lib/NGT/CMakeFiles/ngtstatic.dir/Graph.cpp.o
[INFO] [stderr]   [ 13%] Building CXX object lib/NGT/CMakeFiles/ngtstatic.dir/Index.cpp.o
[INFO] [stderr]   [ 15%] Building CXX object lib/NGT/CMakeFiles/ngtstatic.dir/MmapManager.cpp.o
[INFO] [stderr]   [ 17%] Building CXX object lib/NGT/CMakeFiles/ngtstatic.dir/NGTQ/Capi.cpp.o
[INFO] [stderr]   [ 20%] Building CXX object lib/NGT/CMakeFiles/ngtstatic.dir/NGTQ/NGTQGCommand.cpp.o
[INFO] [stderr]   [ 22%] Building CXX object lib/NGT/CMakeFiles/ngtstatic.dir/Node.cpp.o
[INFO] [stderr]   [ 24%] Building CXX object lib/NGT/CMakeFiles/ngtstatic.dir/SharedMemoryAllocator.cpp.o
[INFO] [stderr]   [ 26%] Building CXX object lib/NGT/CMakeFiles/ngtstatic.dir/Thread.cpp.o
[INFO] [stderr]   [ 28%] Building CXX object lib/NGT/CMakeFiles/ngtstatic.dir/Tree.cpp.o
[INFO] [stderr]   [ 31%] Building CXX object lib/NGT/CMakeFiles/ngtstatic.dir/Version.cpp.o
[INFO] [stderr] 
[INFO] [stderr]   --- stderr
[INFO] [stderr]   CMake Deprecation Warning at CMakeLists.txt:4 (cmake_minimum_required):
[INFO] [stderr]     Compatibility with CMake < 2.8.12 will be removed from a future version of
[INFO] [stderr]     CMake.
[INFO] [stderr] 
[INFO] [stderr]     Update the VERSION argument <min> value or use a ...<max> suffix to tell
[INFO] [stderr]     CMake that the project does not need compatibility with older versions.
[INFO] [stderr] 
[INFO] [stderr] 
[INFO] [stderr]   CMake Warning:
[INFO] [stderr]     Manually-specified variables were not used by the project:
[INFO] [stderr] 
[INFO] [stderr]       CMAKE_ASM_COMPILER
[INFO] [stderr]       CMAKE_ASM_FLAGS
[INFO] [stderr] 
[INFO] [stderr] 
[INFO] [stderr]   fatal: not a git repository (or any parent up to mount point /opt/rustwide)
[INFO] [stderr]   Stopping at filesystem boundary (GIT_DISCOVERY_ACROSS_FILESYSTEM not set).
[INFO] [stderr]   fatal: not a git repository (or any parent up to mount point /opt/rustwide)
[INFO] [stderr]   Stopping at filesystem boundary (GIT_DISCOVERY_ACROSS_FILESYSTEM not set).
[INFO] [stderr]   fatal: not a git repository (or any parent up to mount point /opt/rustwide)
[INFO] [stderr]   Stopping at filesystem boundary (GIT_DISCOVERY_ACROSS_FILESYSTEM not set).
[INFO] [stderr]   In file included from /opt/rustwide/workdir/NGT/lib/NGT/ObjectSpace.h:19,
[INFO] [stderr]                    from /opt/rustwide/workdir/NGT/lib/NGT/ObjectSpaceRepository.h:21,
[INFO] [stderr]                    from /opt/rustwide/workdir/NGT/lib/NGT/Graph.h:23,
[INFO] [stderr]                    from /opt/rustwide/workdir/NGT/lib/NGT/Graph.cpp:18:
[INFO] [stderr]   /opt/rustwide/workdir/NGT/lib/NGT/PrimitiveComparator.h:22:2: warning: #warning "*** SIMD is *NOT* available! ***" [-Wcpp]
[INFO] [stderr]      22 | #warning "*** SIMD is *NOT* available! ***"
[INFO] [stderr]         |  ^~~~~~~
[INFO] [stderr]   In file included from /opt/rustwide/workdir/NGT/lib/NGT/ObjectSpace.h:19,
[INFO] [stderr]                    from /opt/rustwide/workdir/NGT/lib/NGT/ObjectSpaceRepository.h:21,
[INFO] [stderr]                    from /opt/rustwide/workdir/NGT/lib/NGT/Node.h:21,
[INFO] [stderr]                    from /opt/rustwide/workdir/NGT/lib/NGT/Tree.h:21,
[INFO] [stderr]                    from /opt/rustwide/workdir/NGT/lib/NGT/Index.h:33,
[INFO] [stderr]                    from /opt/rustwide/workdir/NGT/lib/NGT/Command.h:18,
[INFO] [stderr]                    from /opt/rustwide/workdir/NGT/lib/NGT/Command.cpp:17:
[INFO] [stderr]   /opt/rustwide/workdir/NGT/lib/NGT/PrimitiveComparator.h:22:2: warning: #warning "*** SIMD is *NOT* available! ***" [-Wcpp]
[INFO] [stderr]      22 | #warning "*** SIMD is *NOT* available! ***"
[INFO] [stderr]         |  ^~~~~~~
[INFO] [stderr]   In file included from /opt/rustwide/workdir/NGT/lib/NGT/ObjectSpace.h:19,
[INFO] [stderr]                    from /opt/rustwide/workdir/NGT/lib/NGT/ObjectSpaceRepository.h:21,
[INFO] [stderr]                    from /opt/rustwide/workdir/NGT/lib/NGT/Node.h:21,
[INFO] [stderr]                    from /opt/rustwide/workdir/NGT/lib/NGT/Tree.h:21,
[INFO] [stderr]                    from /opt/rustwide/workdir/NGT/lib/NGT/Index.h:33,
[INFO] [stderr]                    from /opt/rustwide/workdir/NGT/lib/NGT/Capi.cpp:21:
[INFO] [stderr]   /opt/rustwide/workdir/NGT/lib/NGT/PrimitiveComparator.h:22:2: warning: #warning "*** SIMD is *NOT* available! ***" [-Wcpp]
[INFO] [stderr]      22 | #warning "*** SIMD is *NOT* available! ***"
[INFO] [stderr]         |  ^~~~~~~
[INFO] [stderr]   In file included from /opt/rustwide/workdir/NGT/lib/NGT/ObjectSpace.h:19,
[INFO] [stderr]                    from /opt/rustwide/workdir/NGT/lib/NGT/ObjectSpaceRepository.h:21,
[INFO] [stderr]                    from /opt/rustwide/workdir/NGT/lib/NGT/Index.cpp:19:
[INFO] [stderr]   /opt/rustwide/workdir/NGT/lib/NGT/PrimitiveComparator.h:22:2: warning: #warning "*** SIMD is *NOT* available! ***" [-Wcpp]
[INFO] [stderr]      22 | #warning "*** SIMD is *NOT* available! ***"
[INFO] [stderr]         |  ^~~~~~~
[INFO] [stderr]   In file included from /opt/rustwide/workdir/NGT/lib/NGT/ObjectSpace.h:19,
[INFO] [stderr]                    from /opt/rustwide/workdir/NGT/lib/NGT/ObjectSpaceRepository.h:21,
[INFO] [stderr]                    from /opt/rustwide/workdir/NGT/lib/NGT/Node.h:21,
[INFO] [stderr]                    from /opt/rustwide/workdir/NGT/lib/NGT/Tree.h:21,
[INFO] [stderr]                    from /opt/rustwide/workdir/NGT/lib/NGT/Index.h:33,
[INFO] [stderr]                    from /opt/rustwide/workdir/NGT/lib/NGT/NGTQ/QuantizedGraph.h:20,
[INFO] [stderr]                    from /opt/rustwide/workdir/NGT/lib/NGT/NGTQ/NGTQGCommand.h:18,
[INFO] [stderr]                    from /opt/rustwide/workdir/NGT/lib/NGT/NGTQ/NGTQGCommand.cpp:18:
[INFO] [stderr]   /opt/rustwide/workdir/NGT/lib/NGT/PrimitiveComparator.h:22:2: warning: #warning "*** SIMD is *NOT* available! ***" [-Wcpp]
[INFO] [stderr]      22 | #warning "*** SIMD is *NOT* available! ***"
[INFO] [stderr]         |  ^~~~~~~
[INFO] [stderr]   In file included from /opt/rustwide/workdir/NGT/lib/NGT/ObjectSpace.h:19,
[INFO] [stderr]                    from /opt/rustwide/workdir/NGT/lib/NGT/ObjectSpaceRepository.h:21,
[INFO] [stderr]                    from /opt/rustwide/workdir/NGT/lib/NGT/Node.h:21,
[INFO] [stderr]                    from /opt/rustwide/workdir/NGT/lib/NGT/Tree.h:21,
[INFO] [stderr]                    from /opt/rustwide/workdir/NGT/lib/NGT/Index.h:33,
[INFO] [stderr]                    from /opt/rustwide/workdir/NGT/lib/NGT/NGTQ/QuantizedGraph.h:20,
[INFO] [stderr]                    from /opt/rustwide/workdir/NGT/lib/NGT/NGTQ/Capi.cpp:23:
[INFO] [stderr]   /opt/rustwide/workdir/NGT/lib/NGT/PrimitiveComparator.h:22:2: warning: #warning "*** SIMD is *NOT* available! ***" [-Wcpp]
[INFO] [stderr]      22 | #warning "*** SIMD is *NOT* available! ***"
[INFO] [stderr]         |  ^~~~~~~
[INFO] [stderr]   In file included from /opt/rustwide/workdir/NGT/lib/NGT/NGTQ/Quantizer.h:21,
[INFO] [stderr]                    from /opt/rustwide/workdir/NGT/lib/NGT/NGTQ/QuantizedGraph.h:21,
[INFO] [stderr]                    from /opt/rustwide/workdir/NGT/lib/NGT/NGTQ/Capi.cpp:23:
[INFO] [stderr]   /opt/rustwide/workdir/NGT/lib/NGT/Clustering.h:34:2: warning: #warning "*** SIMD is *NOT* available! ***" [-Wcpp]
[INFO] [stderr]      34 | #warning "*** SIMD is *NOT* available! ***"
[INFO] [stderr]         |  ^~~~~~~
[INFO] [stderr]   In file included from /opt/rustwide/workdir/NGT/lib/NGT/NGTQ/Quantizer.h:21,
[INFO] [stderr]                    from /opt/rustwide/workdir/NGT/lib/NGT/NGTQ/QuantizedGraph.h:21,
[INFO] [stderr]                    from /opt/rustwide/workdir/NGT/lib/NGT/NGTQ/NGTQGCommand.h:18,
[INFO] [stderr]                    from /opt/rustwide/workdir/NGT/lib/NGT/NGTQ/NGTQGCommand.cpp:18:
[INFO] [stderr]   /opt/rustwide/workdir/NGT/lib/NGT/Clustering.h:34:2: warning: #warning "*** SIMD is *NOT* available! ***" [-Wcpp]
[INFO] [stderr]      34 | #warning "*** SIMD is *NOT* available! ***"
[INFO] [stderr]         |  ^~~~~~~
[INFO] [stderr]   In file included from /opt/rustwide/workdir/NGT/lib/NGT/NGTQ/QuantizedGraph.h:21,
[INFO] [stderr]                    from /opt/rustwide/workdir/NGT/lib/NGT/NGTQ/Capi.cpp:23:
[INFO] [stderr]   /opt/rustwide/workdir/NGT/lib/NGT/NGTQ/Quantizer.h:35:2: warning: #warning "SIMD is not available for NGTQG. NGTQG might not work well." [-Wcpp]
[INFO] [stderr]      35 | #warning "SIMD is not available for NGTQG. NGTQG might not work well."
[INFO] [stderr]         |  ^~~~~~~
[INFO] [stderr]   In file included from /opt/rustwide/workdir/NGT/lib/NGT/NGTQ/QuantizedGraph.h:21,
[INFO] [stderr]                    from /opt/rustwide/workdir/NGT/lib/NGT/NGTQ/NGTQGCommand.h:18,
[INFO] [stderr]                    from /opt/rustwide/workdir/NGT/lib/NGT/NGTQ/NGTQGCommand.cpp:18:
[INFO] [stderr]   /opt/rustwide/workdir/NGT/lib/NGT/NGTQ/Quantizer.h:35:2: warning: #warning "SIMD is not available for NGTQG. NGTQG might not work well." [-Wcpp]
[INFO] [stderr]      35 | #warning "SIMD is not available for NGTQG. NGTQG might not work well."
[INFO] [stderr]         |  ^~~~~~~
[INFO] [stderr]   In file included from /opt/rustwide/workdir/NGT/lib/NGT/ObjectSpace.h:19,
[INFO] [stderr]                    from /opt/rustwide/workdir/NGT/lib/NGT/ObjectSpaceRepository.h:21,
[INFO] [stderr]                    from /opt/rustwide/workdir/NGT/lib/NGT/Node.h:21,
[INFO] [stderr]                    from /opt/rustwide/workdir/NGT/lib/NGT/Node.cpp:19:
[INFO] [stderr]   /opt/rustwide/workdir/NGT/lib/NGT/PrimitiveComparator.h:22:2: warning: #warning "*** SIMD is *NOT* available! ***" [-Wcpp]
[INFO] [stderr]      22 | #warning "*** SIMD is *NOT* available! ***"
[INFO] [stderr]         |  ^~~~~~~
[INFO] [stderr]   In file included from /opt/rustwide/workdir/NGT/lib/NGT/ObjectSpace.h:19,
[INFO] [stderr]                    from /opt/rustwide/workdir/NGT/lib/NGT/ObjectSpaceRepository.h:21,
[INFO] [stderr]                    from /opt/rustwide/workdir/NGT/lib/NGT/Node.h:21,
[INFO] [stderr]                    from /opt/rustwide/workdir/NGT/lib/NGT/Tree.h:21,
[INFO] [stderr]                    from /opt/rustwide/workdir/NGT/lib/NGT/Tree.cpp:19:
[INFO] [stderr]   /opt/rustwide/workdir/NGT/lib/NGT/PrimitiveComparator.h:22:2: warning: #warning "*** SIMD is *NOT* available! ***" [-Wcpp]
[INFO] [stderr]      22 | #warning "*** SIMD is *NOT* available! ***"
[INFO] [stderr]         |  ^~~~~~~
[INFO] [stderr]   In file included from /opt/rustwide/workdir/NGT/lib/NGT/Index.h:32,
[INFO] [stderr]                    from /opt/rustwide/workdir/NGT/lib/NGT/NGTQ/QuantizedGraph.h:20,
[INFO] [stderr]                    from /opt/rustwide/workdir/NGT/lib/NGT/NGTQ/Capi.cpp:23:
[INFO] [stderr]   /opt/rustwide/workdir/NGT/lib/NGT/Common.h: In instantiation of 'void NGT::DynamicLengthVector<TYPE>::copy(TYPE&, const TYPE&) [with TYPE = NGTQ::InvertedIndexObject<short unsigned int>]':
[INFO] [stderr]   /opt/rustwide/workdir/NGT/lib/NGT/Common.h:1303:4:   required from 'void NGT::DynamicLengthVector<TYPE>::resize(size_t, TYPE) [with TYPE = NGTQ::InvertedIndexObject<short unsigned int>; size_t = long unsigned int]'
[INFO] [stderr]   /opt/rustwide/workdir/NGT/lib/NGT/NGTQ/Quantizer.h:2360:32:   required from 'void NGTQ::QuantizerInstance<LOCAL_ID_TYPE>::extractInvertedIndexObject(NGTQ::InvertedIndexEntry<short unsigned int>&) [with LOCAL_ID_TYPE = short unsigned int]'
[INFO] [stderr]   /opt/rustwide/workdir/NGT/lib/NGT/NGTQ/Quantizer.h:2339:9:   required from here
[INFO] [stderr]   /opt/rustwide/workdir/NGT/lib/NGT/Common.h:1227:13: warning: 'void* memcpy(void*, const void*, size_t)' writing to an object of type 'class NGTQ::InvertedIndexObject<short unsigned int>' with no trivial copy-assignment; use copy-assignment or copy-initialization instead [-Wclass-memaccess]
[INFO] [stderr]    1227 |       memcpy(&dst, &src, elementSize);
[INFO] [stderr]         |       ~~~~~~^~~~~~~~~~~~~~~~~~~~~~~~~
[INFO] [stderr]   In file included from /opt/rustwide/workdir/NGT/lib/NGT/NGTQ/QuantizedGraph.h:21,
[INFO] [stderr]                    from /opt/rustwide/workdir/NGT/lib/NGT/NGTQ/Capi.cpp:23:
[INFO] [stderr]   /opt/rustwide/workdir/NGT/lib/NGT/NGTQ/Quantizer.h:46:7: note: 'class NGTQ::InvertedIndexObject<short unsigned int>' declared here
[INFO] [stderr]      46 | class InvertedIndexObject {
[INFO] [stderr]         |       ^~~~~~~~~~~~~~~~~~~
[INFO] [stderr]   In file included from /opt/rustwide/workdir/NGT/lib/NGT/Index.h:32,
[INFO] [stderr]                    from /opt/rustwide/workdir/NGT/lib/NGT/NGTQ/QuantizedGraph.h:20,
[INFO] [stderr]                    from /opt/rustwide/workdir/NGT/lib/NGT/NGTQ/Capi.cpp:23:
[INFO] [stderr]   /opt/rustwide/workdir/NGT/lib/NGT/Common.h: In instantiation of 'void NGT::DynamicLengthVector<TYPE>::copy(TYPE&, const TYPE&) [with TYPE = NGTQ::InvertedIndexObject<unsigned int>]':
[INFO] [stderr]   /opt/rustwide/workdir/NGT/lib/NGT/Common.h:1303:4:   required from 'void NGT::DynamicLengthVector<TYPE>::resize(size_t, TYPE) [with TYPE = NGTQ::InvertedIndexObject<unsigned int>; size_t = long unsigned int]'
[INFO] [stderr]   /opt/rustwide/workdir/NGT/lib/NGT/NGTQ/Quantizer.h:130:19:   required from 'void NGTQ::InvertedIndexEntry<T>::deserialize(std::ifstream&, NGT::ObjectSpace*) [with T = unsigned int; std::ifstream = std::basic_ifstream<char>]'
[INFO] [stderr]   /opt/rustwide/workdir/NGT/lib/NGT/Common.h:1828:22:   required from 'void NGT::Repository<TYPE>::deserialize(std::ifstream&, NGT::ObjectSpace*) [with TYPE = NGTQ::InvertedIndexEntry<unsigned int>; std::ifstream = std::basic_ifstream<char>]'
[INFO] [stderr]   /opt/rustwide/workdir/NGT/lib/NGT/NGTQ/Quantizer.h:1551:30:   required from 'void NGTQ::QuantizerInstance<LOCAL_ID_TYPE>::open(const string&) [with LOCAL_ID_TYPE = unsigned int; std::string = std::__cxx11::basic_string<char>]'
[INFO] [stderr]   /opt/rustwide/workdir/NGT/lib/NGT/NGTQ/Quantizer.h:1530:8:   required from here
[INFO] [stderr]   /opt/rustwide/workdir/NGT/lib/NGT/Common.h:1227:13: warning: 'void* memcpy(void*, const void*, size_t)' writing to an object of type 'class NGTQ::InvertedIndexObject<unsigned int>' with no trivial copy-assignment; use copy-assignment or copy-initialization instead [-Wclass-memaccess]
[INFO] [stderr]    1227 |       memcpy(&dst, &src, elementSize);
[INFO] [stderr]         |       ~~~~~~^~~~~~~~~~~~~~~~~~~~~~~~~
[INFO] [stderr]   In file included from /opt/rustwide/workdir/NGT/lib/NGT/NGTQ/QuantizedGraph.h:21,
[INFO] [stderr]                    from /opt/rustwide/workdir/NGT/lib/NGT/NGTQ/Capi.cpp:23:
[INFO] [stderr]   /opt/rustwide/workdir/NGT/lib/NGT/NGTQ/Quantizer.h:46:7: note: 'class NGTQ::InvertedIndexObject<unsigned int>' declared here
[INFO] [stderr]      46 | class InvertedIndexObject {
[INFO] [stderr]         |       ^~~~~~~~~~~~~~~~~~~
[INFO] [stderr]   c++: fatal error: Killed signal terminated program cc1plus
[INFO] [stderr]   compilation terminated.
[INFO] [stderr]   gmake[2]: *** [lib/NGT/CMakeFiles/ngtstatic.dir/build.make:132: lib/NGT/CMakeFiles/ngtstatic.dir/Index.cpp.o] Error 1
[INFO] [stderr]   gmake[2]: *** Waiting for unfinished jobs....
[INFO] [stderr]   In file included from /opt/rustwide/workdir/NGT/lib/NGT/Index.h:32,
[INFO] [stderr]                    from /opt/rustwide/workdir/NGT/lib/NGT/NGTQ/QuantizedGraph.h:20,
[INFO] [stderr]                    from /opt/rustwide/workdir/NGT/lib/NGT/NGTQ/NGTQGCommand.h:18,
[INFO] [stderr]                    from /opt/rustwide/workdir/NGT/lib/NGT/NGTQ/NGTQGCommand.cpp:18:
[INFO] [stderr]   /opt/rustwide/workdir/NGT/lib/NGT/Common.h: In instantiation of 'void NGT::DynamicLengthVector<TYPE>::copy(TYPE&, const TYPE&) [with TYPE = NGTQ::InvertedIndexObject<short unsigned int>]':
[INFO] [stderr]   /opt/rustwide/workdir/NGT/lib/NGT/Common.h:1303:4:   required from 'void NGT::DynamicLengthVector<TYPE>::resize(size_t, TYPE) [with TYPE = NGTQ::InvertedIndexObject<short unsigned int>; size_t = long unsigned int]'
[INFO] [stderr]   /opt/rustwide/workdir/NGT/lib/NGT/NGTQ/Quantizer.h:2360:32:   required from 'void NGTQ::QuantizerInstance<LOCAL_ID_TYPE>::extractInvertedIndexObject(NGTQ::InvertedIndexEntry<short unsigned int>&) [with LOCAL_ID_TYPE = short unsigned int]'
[INFO] [stderr]   /opt/rustwide/workdir/NGT/lib/NGT/NGTQ/Quantizer.h:2339:9:   required from here
[INFO] [stderr]   /opt/rustwide/workdir/NGT/lib/NGT/Common.h:1227:13: warning: 'void* memcpy(void*, const void*, size_t)' writing to an object of type 'class NGTQ::InvertedIndexObject<short unsigned int>' with no trivial copy-assignment; use copy-assignment or copy-initialization instead [-Wclass-memaccess]
[INFO] [stderr]    1227 |       memcpy(&dst, &src, elementSize);
[INFO] [stderr]         |       ~~~~~~^~~~~~~~~~~~~~~~~~~~~~~~~
[INFO] [stderr]   In file included from /opt/rustwide/workdir/NGT/lib/NGT/NGTQ/QuantizedGraph.h:21,
[INFO] [stderr]                    from /opt/rustwide/workdir/NGT/lib/NGT/NGTQ/NGTQGCommand.h:18,
[INFO] [stderr]                    from /opt/rustwide/workdir/NGT/lib/NGT/NGTQ/NGTQGCommand.cpp:18:
[INFO] [stderr]   /opt/rustwide/workdir/NGT/lib/NGT/NGTQ/Quantizer.h:46:7: note: 'class NGTQ::InvertedIndexObject<short unsigned int>' declared here
[INFO] [stderr]      46 | class InvertedIndexObject {
[INFO] [stderr]         |       ^~~~~~~~~~~~~~~~~~~
[INFO] [stderr]   In file included from /opt/rustwide/workdir/NGT/lib/NGT/Index.h:32,
[INFO] [stderr]                    from /opt/rustwide/workdir/NGT/lib/NGT/NGTQ/QuantizedGraph.h:20,
[INFO] [stderr]                    from /opt/rustwide/workdir/NGT/lib/NGT/NGTQ/NGTQGCommand.h:18,
[INFO] [stderr]                    from /opt/rustwide/workdir/NGT/lib/NGT/NGTQ/NGTQGCommand.cpp:18:
[INFO] [stderr]   /opt/rustwide/workdir/NGT/lib/NGT/Common.h: In instantiation of 'void NGT::DynamicLengthVector<TYPE>::copy(TYPE&, const TYPE&) [with TYPE = NGTQ::InvertedIndexObject<unsigned int>]':
[INFO] [stderr]   /opt/rustwide/workdir/NGT/lib/NGT/Common.h:1303:4:   required from 'void NGT::DynamicLengthVector<TYPE>::resize(size_t, TYPE) [with TYPE = NGTQ::InvertedIndexObject<unsigned int>; size_t = long unsigned int]'
[INFO] [stderr]   /opt/rustwide/workdir/NGT/lib/NGT/NGTQ/Quantizer.h:130:19:   required from 'void NGTQ::InvertedIndexEntry<T>::deserialize(std::ifstream&, NGT::ObjectSpace*) [with T = unsigned int; std::ifstream = std::basic_ifstream<char>]'
[INFO] [stderr]   /opt/rustwide/workdir/NGT/lib/NGT/Common.h:1828:22:   required from 'void NGT::Repository<TYPE>::deserialize(std::ifstream&, NGT::ObjectSpace*) [with TYPE = NGTQ::InvertedIndexEntry<unsigned int>; std::ifstream = std::basic_ifstream<char>]'
[INFO] [stderr]   /opt/rustwide/workdir/NGT/lib/NGT/NGTQ/Quantizer.h:1551:30:   required from 'void NGTQ::QuantizerInstance<LOCAL_ID_TYPE>::open(const string&) [with LOCAL_ID_TYPE = unsigned int; std::string = std::__cxx11::basic_string<char>]'
[INFO] [stderr]   /opt/rustwide/workdir/NGT/lib/NGT/NGTQ/Quantizer.h:1530:8:   required from here
[INFO] [stderr]   /opt/rustwide/workdir/NGT/lib/NGT/Common.h:1227:13: warning: 'void* memcpy(void*, const void*, size_t)' writing to an object of type 'class NGTQ::InvertedIndexObject<unsigned int>' with no trivial copy-assignment; use copy-assignment or copy-initialization instead [-Wclass-memaccess]
[INFO] [stderr]    1227 |       memcpy(&dst, &src, elementSize);
[INFO] [stderr]         |       ~~~~~~^~~~~~~~~~~~~~~~~~~~~~~~~
[INFO] [stderr]   In file included from /opt/rustwide/workdir/NGT/lib/NGT/NGTQ/QuantizedGraph.h:21,
[INFO] [stderr]                    from /opt/rustwide/workdir/NGT/lib/NGT/NGTQ/NGTQGCommand.h:18,
[INFO] [stderr]                    from /opt/rustwide/workdir/NGT/lib/NGT/NGTQ/NGTQGCommand.cpp:18:
[INFO] [stderr]   /opt/rustwide/workdir/NGT/lib/NGT/NGTQ/Quantizer.h:46:7: note: 'class NGTQ::InvertedIndexObject<unsigned int>' declared here
[INFO] [stderr]      46 | class InvertedIndexObject {
[INFO] [stderr]         |       ^~~~~~~~~~~~~~~~~~~
[INFO] [stderr]   gmake[1]: *** [CMakeFiles/Makefile2:290: lib/NGT/CMakeFiles/ngtstatic.dir/all] Error 2
[INFO] [stderr]   gmake: *** [Makefile:136: all] Error 2
[INFO] [stderr]   thread 'main' panicked at '
[INFO] [stderr]   command did not execute successfully, got: exit status: 2
[INFO] [stderr] 
[INFO] [stderr]   build script failed, must exit now', /opt/rustwide/cargo-home/registry/src/github.com-1ecc6299db9ec823/cmake-0.1.50/src/lib.rs:1098:5
[INFO] [stderr]   stack backtrace:
[INFO] [stderr]      0:     0x56501f8452ca - std::backtrace_rs::backtrace::libunwind::trace::ha9053a9a07ca49cb
[INFO] [stderr]                                  at /rustc/84c898d65adf2f39a5a98507f1fe0ce10a2b8dbc/library/std/src/../../backtrace/src/backtrace/libunwind.rs:93:5
[INFO] [stderr]      1:     0x56501f8452ca - std::backtrace_rs::backtrace::trace_unsynchronized::h9c2852a457ad564e
[INFO] [stderr]                                  at /rustc/84c898d65adf2f39a5a98507f1fe0ce10a2b8dbc/library/std/src/../../backtrace/src/backtrace/mod.rs:66:5
[INFO] [stderr]      2:     0x56501f8452ca - std::sys_common::backtrace::_print_fmt::h457936fbfaa0070f
[INFO] [stderr]                                  at /rustc/84c898d65adf2f39a5a98507f1fe0ce10a2b8dbc/library/std/src/sys_common/backtrace.rs:65:5
[INFO] [stderr]      3:     0x56501f8452ca - <std::sys_common::backtrace::_print::DisplayBacktrace as core::fmt::Display>::fmt::h5779d7bf7f70cb0c
[INFO] [stderr]                                  at /rustc/84c898d65adf2f39a5a98507f1fe0ce10a2b8dbc/library/std/src/sys_common/backtrace.rs:44:22
[INFO] [stderr]      4:     0x56501f86b4de - core::fmt::write::h5a4baaff1bcd3eb5
[INFO] [stderr]                                  at /rustc/84c898d65adf2f39a5a98507f1fe0ce10a2b8dbc/library/core/src/fmt/mod.rs:1232:17
[INFO] [stderr]      5:     0x56501f841f75 - std::io::Write::write_fmt::h4bc1f301cb9e9cce
[INFO] [stderr]                                  at /rustc/84c898d65adf2f39a5a98507f1fe0ce10a2b8dbc/library/std/src/io/mod.rs:1684:15
[INFO] [stderr]      6:     0x56501f845095 - std::sys_common::backtrace::_print::h5fcdc36060f177e8
[INFO] [stderr]                                  at /rustc/84c898d65adf2f39a5a98507f1fe0ce10a2b8dbc/library/std/src/sys_common/backtrace.rs:47:5
[INFO] [stderr]      7:     0x56501f845095 - std::sys_common::backtrace::print::h54ca9458b876c8bf
[INFO] [stderr]                                  at /rustc/84c898d65adf2f39a5a98507f1fe0ce10a2b8dbc/library/std/src/sys_common/backtrace.rs:34:9
[INFO] [stderr]      8:     0x56501f846a6f - std::panicking::default_hook::{{closure}}::hbe471161c7664ed6
[INFO] [stderr]                                  at /rustc/84c898d65adf2f39a5a98507f1fe0ce10a2b8dbc/library/std/src/panicking.rs:271:22
[INFO] [stderr]      9:     0x56501f8467ab - std::panicking::default_hook::ha3500da57aa4ac4f
[INFO] [stderr]                                  at /rustc/84c898d65adf2f39a5a98507f1fe0ce10a2b8dbc/library/std/src/panicking.rs:290:9
[INFO] [stderr]     10:     0x56501f847018 - std::panicking::rust_panic_with_hook::h50c09d000dc561d2
[INFO] [stderr]                                  at /rustc/84c898d65adf2f39a5a98507f1fe0ce10a2b8dbc/library/std/src/panicking.rs:692:13
[INFO] [stderr]     11:     0x56501f846f19 - std::panicking::begin_panic_handler::{{closure}}::h9e2b2176e00e0d9c
[INFO] [stderr]                                  at /rustc/84c898d65adf2f39a5a98507f1fe0ce10a2b8dbc/library/std/src/panicking.rs:583:13
[INFO] [stderr]     12:     0x56501f845736 - std::sys_common::backtrace::__rust_end_short_backtrace::h5739b8e512c09d02
[INFO] [stderr]                                  at /rustc/84c898d65adf2f39a5a98507f1fe0ce10a2b8dbc/library/std/src/sys_common/backtrace.rs:150:18
[INFO] [stderr]     13:     0x56501f846c22 - rust_begin_unwind
[INFO] [stderr]                                  at /rustc/84c898d65adf2f39a5a98507f1fe0ce10a2b8dbc/library/std/src/panicking.rs:579:5
[INFO] [stderr]     14:     0x56501f36bde3 - core::panicking::panic_fmt::hf33a1475b4dc5c3e
[INFO] [stderr]                                  at /rustc/84c898d65adf2f39a5a98507f1fe0ce10a2b8dbc/library/core/src/panicking.rs:64:14
[INFO] [stderr]     15:     0x56501f7d35bf - cmake::fail::he523feb31d426beb
[INFO] [stderr]     16:     0x56501f7d30b3 - cmake::run::h28b9026df7e93e8d
[INFO] [stderr]     17:     0x56501f7cfbe3 - cmake::Config::build::h36ec1f0187cbfcd5
[INFO] [stderr]     18:     0x56501f36d8fc - build_script_build::main::h67ce396d92e8db0a
[INFO] [stderr]     19:     0x56501f36e683 - core::ops::function::FnOnce::call_once::h41158eb6f3a2b258
[INFO] [stderr]     20:     0x56501f36d079 - std::sys_common::backtrace::__rust_begin_short_backtrace::h2f1a902be674b700
[INFO] [stderr]     21:     0x56501f36d219 - std::rt::lang_start::{{closure}}::h1502e73b1bcb254f
[INFO] [stderr]     22:     0x56501f83daac - core::ops::function::impls::<impl core::ops::function::FnOnce<A> for &F>::call_once::hd6efcd3bec896f2c
[INFO] [stderr]                                  at /rustc/84c898d65adf2f39a5a98507f1fe0ce10a2b8dbc/library/core/src/ops/function.rs:287:13
[INFO] [stderr]     23:     0x56501f83daac - std::panicking::try::do_call::hce04e543bb1f4cbb
[INFO] [stderr]                                  at /rustc/84c898d65adf2f39a5a98507f1fe0ce10a2b8dbc/library/std/src/panicking.rs:487:40
[INFO] [stderr]     24:     0x56501f83daac - std::panicking::try::h3342dd4e1f680968
[INFO] [stderr]                                  at /rustc/84c898d65adf2f39a5a98507f1fe0ce10a2b8dbc/library/std/src/panicking.rs:451:19
[INFO] [stderr]     25:     0x56501f83daac - std::panic::catch_unwind::h148ce1e59ac0cee7
[INFO] [stderr]                                  at /rustc/84c898d65adf2f39a5a98507f1fe0ce10a2b8dbc/library/std/src/panic.rs:140:14
[INFO] [stderr]     26:     0x56501f83daac - std::rt::lang_start_internal::{{closure}}::h25f9dda2057a67fe
[INFO] [stderr]                                  at /rustc/84c898d65adf2f39a5a98507f1fe0ce10a2b8dbc/library/std/src/rt.rs:148:48
[INFO] [stderr]     27:     0x56501f83daac - std::panicking::try::do_call::h7caaaeaf9401650b
[INFO] [stderr]                                  at /rustc/84c898d65adf2f39a5a98507f1fe0ce10a2b8dbc/library/std/src/panicking.rs:487:40
[INFO] [stderr]     28:     0x56501f83daac - std::panicking::try::he7d15285746cbbc2
[INFO] [stderr]                                  at /rustc/84c898d65adf2f39a5a98507f1fe0ce10a2b8dbc/library/std/src/panicking.rs:451:19
[INFO] [stderr]     29:     0x56501f83daac - std::panic::catch_unwind::h89fb4f50c0301fe0
[INFO] [stderr]                                  at /rustc/84c898d65adf2f39a5a98507f1fe0ce10a2b8dbc/library/std/src/panic.rs:140:14
[INFO] [stderr]     30:     0x56501f83daac - std::rt::lang_start_internal::h078acd489417d3c1
[INFO] [stderr]                                  at /rustc/84c898d65adf2f39a5a98507f1fe0ce10a2b8dbc/library/std/src/rt.rs:148:20
[INFO] [stderr]     31:     0x56501f36d1f7 - std::rt::lang_start::h5e85f949f88bc2ee
[INFO] [stderr]     32:     0x56501f36df25 - main
[INFO] [stderr]     33:     0x7fc35deebd90 - <unknown>
[INFO] [stderr]     34:     0x7fc35deebe40 - __libc_start_main
[INFO] [stderr]     35:     0x56501f36c475 - _start
[INFO] [stderr]     36:                0x0 - <unknown>
[INFO] running `Command { std: "docker" "inspect" "92cc495e8fb3884fa520627756de4ddfca75ef40b13099b4f8c7df7ba4cbf1c1", kill_on_drop: false }`
[INFO] running `Command { std: "docker" "rm" "-f" "92cc495e8fb3884fa520627756de4ddfca75ef40b13099b4f8c7df7ba4cbf1c1", kill_on_drop: false }`
[INFO] [stdout] 92cc495e8fb3884fa520627756de4ddfca75ef40b13099b4f8c7df7ba4cbf1c1
