[INFO] fetching crate networking 0.1.9...
[INFO] testing networking-0.1.9 against beta-2023-04-20 for beta-1.70-1
[INFO] extracting crate networking 0.1.9 into /workspace/builds/worker-0-tc2/source
[INFO] validating manifest of crates.io crate networking 0.1.9 on toolchain beta-2023-04-20
[INFO] running `Command { std: CARGO_HOME="/workspace/cargo-home" RUSTUP_HOME="/workspace/rustup-home" "/workspace/cargo-home/bin/cargo" "+beta-2023-04-20" "metadata" "--manifest-path" "Cargo.toml" "--no-deps", kill_on_drop: false }`
[INFO] started tweaking crates.io crate networking 0.1.9
[INFO] finished tweaking crates.io crate networking 0.1.9
[INFO] tweaked toml for crates.io crate networking 0.1.9 written to /workspace/builds/worker-0-tc2/source/Cargo.toml
[INFO] crate crates.io crate networking 0.1.9 already has a lockfile, it will not be regenerated
[INFO] running `Command { std: CARGO_HOME="/workspace/cargo-home" RUSTUP_HOME="/workspace/rustup-home" "/workspace/cargo-home/bin/cargo" "+beta-2023-04-20" "fetch" "--manifest-path" "Cargo.toml", kill_on_drop: false }`
[INFO] [stderr]  Downloading crates ...
[INFO] [stderr]   Downloaded rsa v0.3.0
[INFO] [stderr]   Downloaded subtle v2.2.3
[INFO] [stderr]   Downloaded generic-array v0.14.2
[INFO] [stderr]   Downloaded base64 v0.12.2
[INFO] [stderr]   Downloaded pem v0.8.1
[INFO] [stderr]   Downloaded num-bigint-dig v0.6.0
[INFO] [stderr]   Downloaded async-trait v0.1.36
[INFO] [stderr]   Downloaded num-derive v0.3.1
[INFO] [stderr]   Downloaded zeroize_derive v1.0.0
[INFO] [stderr]   Downloaded filetime v0.2.11
[INFO] [stderr]   Downloaded block-buffer v0.8.0
[INFO] [stderr]   Downloaded sha2 v0.9.0
[INFO] [stderr]   Downloaded simple_asn1 v0.4.0
[INFO] [stderr]   Downloaded tar v0.4.29
[INFO] running `Command { std: "docker" "create" "-v" "/var/lib/crater-agent-workspace/builds/worker-0-tc2/target:/opt/rustwide/target:rw,Z" "-v" "/var/lib/crater-agent-workspace/builds/worker-0-tc2/source:/opt/rustwide/workdir:ro,Z" "-v" "/var/lib/crater-agent-workspace/cargo-home:/opt/rustwide/cargo-home:ro,Z" "-v" "/var/lib/crater-agent-workspace/rustup-home:/opt/rustwide/rustup-home:ro,Z" "-e" "SOURCE_DIR=/opt/rustwide/workdir" "-e" "CARGO_TARGET_DIR=/opt/rustwide/target" "-e" "CARGO_HOME=/opt/rustwide/cargo-home" "-e" "RUSTUP_HOME=/opt/rustwide/rustup-home" "-w" "/opt/rustwide/workdir" "-m" "1610612736" "--user" "0:0" "--network" "none" "ghcr.io/rust-lang/crates-build-env/linux@sha256:5ff2268d62e97bff2cde7d5815dd6ed5b47097566f13b8d0ca110b04b60e07ed" "/opt/rustwide/cargo-home/bin/cargo" "+beta-2023-04-20" "metadata" "--no-deps" "--format-version=1", kill_on_drop: false }`
[INFO] [stdout] 10bfb6c2c0ba7edff09771efb8de6537283ab5864c9dab7ab161b0ba76e39c4f
[INFO] running `Command { std: "docker" "start" "-a" "10bfb6c2c0ba7edff09771efb8de6537283ab5864c9dab7ab161b0ba76e39c4f", kill_on_drop: false }`
[INFO] running `Command { std: "docker" "inspect" "10bfb6c2c0ba7edff09771efb8de6537283ab5864c9dab7ab161b0ba76e39c4f", kill_on_drop: false }`
[INFO] running `Command { std: "docker" "rm" "-f" "10bfb6c2c0ba7edff09771efb8de6537283ab5864c9dab7ab161b0ba76e39c4f", kill_on_drop: false }`
[INFO] [stdout] 10bfb6c2c0ba7edff09771efb8de6537283ab5864c9dab7ab161b0ba76e39c4f
[INFO] running `Command { std: "docker" "create" "-v" "/var/lib/crater-agent-workspace/builds/worker-0-tc2/target:/opt/rustwide/target:rw,Z" "-v" "/var/lib/crater-agent-workspace/builds/worker-0-tc2/source:/opt/rustwide/workdir:ro,Z" "-v" "/var/lib/crater-agent-workspace/cargo-home:/opt/rustwide/cargo-home:ro,Z" "-v" "/var/lib/crater-agent-workspace/rustup-home:/opt/rustwide/rustup-home:ro,Z" "-e" "SOURCE_DIR=/opt/rustwide/workdir" "-e" "CARGO_TARGET_DIR=/opt/rustwide/target" "-e" "CARGO_INCREMENTAL=0" "-e" "RUST_BACKTRACE=full" "-e" "RUSTFLAGS=--cap-lints=warn" "-e" "RUSTDOCFLAGS=--cap-lints=warn" "-e" "CARGO_HOME=/opt/rustwide/cargo-home" "-e" "RUSTUP_HOME=/opt/rustwide/rustup-home" "-w" "/opt/rustwide/workdir" "-m" "1610612736" "--user" "0:0" "--network" "none" "ghcr.io/rust-lang/crates-build-env/linux@sha256:5ff2268d62e97bff2cde7d5815dd6ed5b47097566f13b8d0ca110b04b60e07ed" "/opt/rustwide/cargo-home/bin/cargo" "+beta-2023-04-20" "build" "--frozen" "--message-format=json", kill_on_drop: false }`
[INFO] [stdout] e0b035d118bd86e5ea8c0042b2f8d3e3d2918050c8b6e2cc90449cd39e25e0ab
[INFO] running `Command { std: "docker" "start" "-a" "e0b035d118bd86e5ea8c0042b2f8d3e3d2918050c8b6e2cc90449cd39e25e0ab", kill_on_drop: false }`
[INFO] [stderr]    Compiling libc v0.2.71
[INFO] [stderr]    Compiling proc-macro2 v1.0.18
[INFO] [stderr]    Compiling unicode-xid v0.2.0
[INFO] [stderr]    Compiling syn v1.0.34
[INFO] [stderr]    Compiling autocfg v1.0.0
[INFO] [stderr]    Compiling cfg-if v0.1.10
[INFO] [stderr]    Compiling memchr v2.3.3
[INFO] [stderr]    Compiling typenum v1.12.0
[INFO] [stderr]    Compiling version_check v0.9.2
[INFO] [stderr]    Compiling getrandom v0.1.14
[INFO] [stderr]    Compiling spin v0.5.2
[INFO] [stderr]    Compiling byteorder v1.3.4
[INFO] [stderr]    Compiling serde v1.0.114
[INFO] [stderr]    Compiling slab v0.4.2
[INFO] [stderr]    Compiling pin-project-internal v0.4.22
[INFO] [stderr]    Compiling once_cell v1.4.0
[INFO] [stderr]    Compiling futures-core v0.3.5
[INFO] [stderr]    Compiling proc-macro-nested v0.1.6
[INFO] [stderr]    Compiling log v0.4.11
[INFO] [stderr]    Compiling lazy_static v1.4.0
[INFO] [stderr]    Compiling byte-tools v0.3.1
[INFO] [stderr]    Compiling ppv-lite86 v0.2.8
[INFO] [stderr]    Compiling libm v0.2.1
[INFO] [stderr]    Compiling futures-sink v0.3.5
[INFO] [stderr]    Compiling proc-macro-hack v0.5.16
[INFO] [stderr]    Compiling num-traits v0.2.12
[INFO] [stderr]    Compiling num-integer v0.1.43
[INFO] [stderr]    Compiling num-iter v0.1.41
[INFO] [stderr]    Compiling num-bigint v0.2.6
[INFO] [stderr]    Compiling autocfg v0.1.7
[INFO] [stderr]    Compiling generic-array v0.14.2
[INFO] [stderr]    Compiling aho-corasick v0.7.10
[INFO] [stderr]    Compiling futures-channel v0.3.5
[INFO] [stderr]    Compiling block-padding v0.1.5
[INFO] [stderr]    Compiling quote v1.0.7
[INFO] [stderr]    Compiling thread_local v1.0.1
[INFO] [stderr]    Compiling num-bigint-dig v0.6.0
[INFO] [stderr]    Compiling futures-task v0.3.5
[INFO] [stderr]    Compiling ryu v1.0.5
[INFO] [stderr]    Compiling futures-io v0.3.5
[INFO] [stderr]    Compiling pin-utils v0.1.0
[INFO] [stderr]    Compiling gcc v0.3.55
[INFO] [stderr]    Compiling regex-syntax v0.6.18
[INFO] [stderr]    Compiling time v0.1.43
[INFO] [stderr]    Compiling iovec v0.1.4
[INFO] [stderr]    Compiling net2 v0.2.34
[INFO] [stderr]    Compiling rand v0.4.6
[INFO] [stderr]    Compiling rand_core v0.5.1
[INFO] [stderr]    Compiling mio v0.6.22
[INFO] [stderr]    Compiling fake-simd v0.1.2
[INFO] [stderr]    Compiling serde_derive v1.0.114
[INFO] [stderr]    Compiling base64 v0.12.2
[INFO] [stderr]    Compiling opaque-debug v0.2.3
[INFO] [stderr]    Compiling block-buffer v0.8.0
[INFO] [stderr]    Compiling rand_chacha v0.2.2
[INFO] [stderr]    Compiling digest v0.9.0
[INFO] [stderr]    Compiling smallvec v1.4.0
[INFO] [stderr]    Compiling arc-swap v0.4.7
[INFO] [stderr]    Compiling rand v0.7.3
[INFO] [stderr]    Compiling rust-crypto v0.2.36
[INFO] [stderr]    Compiling serde_json v1.0.56
[INFO] [stderr]    Compiling mio-uds v0.6.8
[INFO] [stderr]    Compiling rand v0.3.23
[INFO] [stderr]    Compiling signal-hook-registry v1.2.0
[INFO] [stderr]    Compiling chrono v0.4.11
[INFO] [stderr]    Compiling sha2 v0.9.0
[INFO] [stderr]    Compiling xattr v0.2.2
[INFO] [stderr]    Compiling num_cpus v1.13.0
[INFO] [stderr]    Compiling filetime v0.2.11
[INFO] [stderr]    Compiling pin-project-lite v0.1.7
[INFO] [stderr]    Compiling same-file v1.0.6
[INFO] [stderr]    Compiling rustc-serialize v0.3.24
[INFO] [stderr]    Compiling bytes v0.5.6
[INFO] [stderr]    Compiling fnv v1.0.7
[INFO] [stderr]    Compiling itoa v0.4.6
[INFO] [stderr]    Compiling subtle v2.2.3
[INFO] [stderr]    Compiling walkdir v2.3.1
[INFO] [stderr]    Compiling tar v0.4.29
[INFO] [stderr]    Compiling regex v1.3.9
[INFO] [stderr]    Compiling simple_asn1 v0.4.0
[INFO] [stderr]    Compiling toml v0.5.6
[INFO] [stderr]    Compiling pem v0.8.1
[INFO] [stderr]    Compiling synstructure v0.12.4
[INFO] [stderr]    Compiling zeroize_derive v1.0.0
[INFO] [stderr]    Compiling futures-macro v0.3.5
[INFO] [stderr]    Compiling thiserror-impl v1.0.20
[INFO] [stderr]    Compiling tokio-macros v0.2.5
[INFO] [stderr]    Compiling num-derive v0.3.1
[INFO] [stderr]    Compiling async-trait v0.1.36
[INFO] [stderr]    Compiling zeroize v1.1.0
[INFO] [stderr]    Compiling tokio v0.2.22
[INFO] [stderr]    Compiling thiserror v1.0.20
[INFO] [stderr]    Compiling pin-project v0.4.22
[INFO] [stderr]    Compiling futures-util v0.3.5
[INFO] [stderr]    Compiling rsa v0.3.0
[INFO] [stderr]    Compiling futures-executor v0.3.5
[INFO] [stderr]    Compiling futures v0.3.5
[INFO] [stderr]    Compiling networking v0.1.9 (/opt/rustwide/workdir)
[INFO] [stdout] warning: fields `streams` and `priv_key` are never read
[INFO] [stdout]    --> src/sllp.rs:389:5
[INFO] [stdout]     |
[INFO] [stdout] 388 | pub struct OwnedIncoming {
[INFO] [stdout]     |            ------------- fields in this struct
[INFO] [stdout] 389 |     streams: Streams,
[INFO] [stdout]     |     ^^^^^^^
[INFO] [stdout] 390 |     priv_key: RSAPrivateKey,
[INFO] [stdout]     |     ^^^^^^^^
[INFO] [stdout]     |
[INFO] [stdout]     = note: `OwnedIncoming` has a derived impl for the trait `Debug`, but this is intentionally ignored during dead code analysis
[INFO] [stdout]     = note: `#[warn(dead_code)]` on by default
[INFO] [stdout] 
[INFO] [stdout] 
[INFO] [stdout] warning: field `priv_key` is never read
[INFO] [stdout]    --> src/sllp.rs:427:5
[INFO] [stdout]     |
[INFO] [stdout] 426 | pub struct SllpIncoming<'a> {
[INFO] [stdout]     |            ------------ field in this struct
[INFO] [stdout] 427 |     priv_key: &'a RSAPrivateKey,
[INFO] [stdout]     |     ^^^^^^^^
[INFO] [stdout]     |
[INFO] [stdout]     = note: `SllpIncoming` has a derived impl for the trait `Debug`, but this is intentionally ignored during dead code analysis
[INFO] [stdout] 
[INFO] [stdout] 
[INFO] [stdout] warning: 2 warnings emitted
[INFO] [stdout] 
[INFO] [stdout] 
[INFO] [stderr]     Finished dev [unoptimized + debuginfo] target(s) in 19.93s
[INFO] [stderr] warning: the following packages contain code that will be rejected by a future version of Rust: rustc-serialize v0.3.24
[INFO] [stderr] note: to see what the problems were, use the option `--future-incompat-report`, or run `cargo report future-incompatibilities --id 1`
[INFO] running `Command { std: "docker" "inspect" "e0b035d118bd86e5ea8c0042b2f8d3e3d2918050c8b6e2cc90449cd39e25e0ab", kill_on_drop: false }`
[INFO] running `Command { std: "docker" "rm" "-f" "e0b035d118bd86e5ea8c0042b2f8d3e3d2918050c8b6e2cc90449cd39e25e0ab", kill_on_drop: false }`
[INFO] [stdout] e0b035d118bd86e5ea8c0042b2f8d3e3d2918050c8b6e2cc90449cd39e25e0ab
[INFO] running `Command { std: "docker" "create" "-v" "/var/lib/crater-agent-workspace/builds/worker-0-tc2/target:/opt/rustwide/target:rw,Z" "-v" "/var/lib/crater-agent-workspace/builds/worker-0-tc2/source:/opt/rustwide/workdir:ro,Z" "-v" "/var/lib/crater-agent-workspace/cargo-home:/opt/rustwide/cargo-home:ro,Z" "-v" "/var/lib/crater-agent-workspace/rustup-home:/opt/rustwide/rustup-home:ro,Z" "-e" "SOURCE_DIR=/opt/rustwide/workdir" "-e" "CARGO_TARGET_DIR=/opt/rustwide/target" "-e" "CARGO_INCREMENTAL=0" "-e" "RUST_BACKTRACE=full" "-e" "RUSTFLAGS=--cap-lints=warn" "-e" "RUSTDOCFLAGS=--cap-lints=warn" "-e" "CARGO_HOME=/opt/rustwide/cargo-home" "-e" "RUSTUP_HOME=/opt/rustwide/rustup-home" "-w" "/opt/rustwide/workdir" "-m" "1610612736" "--user" "0:0" "--network" "none" "ghcr.io/rust-lang/crates-build-env/linux@sha256:5ff2268d62e97bff2cde7d5815dd6ed5b47097566f13b8d0ca110b04b60e07ed" "/opt/rustwide/cargo-home/bin/cargo" "+beta-2023-04-20" "test" "--frozen" "--no-run" "--message-format=json", kill_on_drop: false }`
[INFO] [stdout] 7087f0701e38c5dd4412e1b49647cd434e7e1a4c5315665be23a5f8aa322e9a8
[INFO] running `Command { std: "docker" "start" "-a" "7087f0701e38c5dd4412e1b49647cd434e7e1a4c5315665be23a5f8aa322e9a8", kill_on_drop: false }`
[INFO] [stderr]    Compiling networking v0.1.9 (/opt/rustwide/workdir)
[INFO] [stdout] warning: fields `streams` and `priv_key` are never read
[INFO] [stdout]    --> src/sllp.rs:389:5
[INFO] [stdout]     |
[INFO] [stdout] 388 | pub struct OwnedIncoming {
[INFO] [stdout]     |            ------------- fields in this struct
[INFO] [stdout] 389 |     streams: Streams,
[INFO] [stdout]     |     ^^^^^^^
[INFO] [stdout] 390 |     priv_key: RSAPrivateKey,
[INFO] [stdout]     |     ^^^^^^^^
[INFO] [stdout]     |
[INFO] [stdout]     = note: `OwnedIncoming` has a derived impl for the trait `Debug`, but this is intentionally ignored during dead code analysis
[INFO] [stdout]     = note: `#[warn(dead_code)]` on by default
[INFO] [stdout] 
[INFO] [stdout] 
[INFO] [stdout] warning: field `priv_key` is never read
[INFO] [stdout]    --> src/sllp.rs:427:5
[INFO] [stdout]     |
[INFO] [stdout] 426 | pub struct SllpIncoming<'a> {
[INFO] [stdout]     |            ------------ field in this struct
[INFO] [stdout] 427 |     priv_key: &'a RSAPrivateKey,
[INFO] [stdout]     |     ^^^^^^^^
[INFO] [stdout]     |
[INFO] [stdout]     = note: `SllpIncoming` has a derived impl for the trait `Debug`, but this is intentionally ignored during dead code analysis
[INFO] [stdout] 
[INFO] [stdout] 
[INFO] [stdout] warning: 2 warnings emitted
[INFO] [stdout] 
[INFO] [stdout] 
[INFO] [stdout] warning: unused import: `AsyncNetworkHost`
[INFO] [stdout]  --> examples/sllp_client.rs:1:31
[INFO] [stdout]   |
[INFO] [stdout] 1 | use networking::asyncronous::{AsyncNetworkHost, AsyncSend};
[INFO] [stdout]   |                               ^^^^^^^^^^^^^^^^
[INFO] [stdout]   |
[INFO] [stdout]   = note: `#[warn(unused_imports)]` on by default
[INFO] [stdout] 
[INFO] [stdout] 
[INFO] [stdout] warning: unused variable: `config`
[INFO] [stdout]  --> examples/print_peer.rs:3:16
[INFO] [stdout]   |
[INFO] [stdout] 3 |     let (peer, config) = test_config();
[INFO] [stdout]   |                ^^^^^^ help: if this is intentional, prefix it with an underscore: `_config`
[INFO] [stdout]   |
[INFO] [stdout]   = note: `#[warn(unused_variables)]` on by default
[INFO] [stdout] 
[INFO] [stdout] 
[INFO] [stdout] warning: unused variable: `peer`
[INFO] [stdout]  --> tests/rsa_tests.rs:4:10
[INFO] [stdout]   |
[INFO] [stdout] 4 |     let (peer, config) = test_config();
[INFO] [stdout]   |          ^^^^ help: if this is intentional, prefix it with an underscore: `_peer`
[INFO] [stdout]   |
[INFO] [stdout]   = note: `#[warn(unused_variables)]` on by default
[INFO] [stdout] 
[INFO] [stdout] 
[INFO] [stdout] warning: unused variable: `key`
[INFO] [stdout]   --> tests/rsa_tests.rs:11:9
[INFO] [stdout]    |
[INFO] [stdout] 11 |     let key = config.host_data().privkeycomp();
[INFO] [stdout]    |         ^^^ help: if this is intentional, prefix it with an underscore: `_key`
[INFO] [stdout] 
[INFO] [stdout] 
[INFO] [stderr] error: could not compile `networking` (lib test)
[INFO] [stderr] 
[INFO] [stderr] Caused by:
[INFO] [stderr]   process didn't exit successfully: `rustc --crate-name networking --edition=2018 src/lib.rs --error-format=json --json=diagnostic-rendered-ansi,artifacts,future-incompat --emit=dep-info,link -C embed-bitcode=no -C debuginfo=2 --test -C metadata=9224af0f064ce41f -C extra-filename=-9224af0f064ce41f --out-dir /opt/rustwide/target/debug/deps -L dependency=/opt/rustwide/target/debug/deps --extern async_trait=/opt/rustwide/target/debug/deps/libasync_trait-1788482795fa5dfb.so --extern futures=/opt/rustwide/target/debug/deps/libfutures-0760f95127165610.rlib --extern num_bigint_dig=/opt/rustwide/target/debug/deps/libnum_bigint_dig-8663e4312c3c71f1.rlib --extern num_derive=/opt/rustwide/target/debug/deps/libnum_derive-9280abe11dd9384e.so --extern num_traits=/opt/rustwide/target/debug/deps/libnum_traits-3ed75bc28cb90580.rlib --extern rand=/opt/rustwide/target/debug/deps/librand-877a659ae20989ca.rlib --extern rsa=/opt/rustwide/target/debug/deps/librsa-f8b5245d99f1ee93.rlib --extern crypto=/opt/rustwide/target/debug/deps/libcrypto-52a19b157f22f438.rlib --extern serde=/opt/rustwide/target/debug/deps/libserde-95df9ac663c7a9f3.rlib --extern serde_derive=/opt/rustwide/target/debug/deps/libserde_derive-b70782f28ac1e548.so --extern serde_json=/opt/rustwide/target/debug/deps/libserde_json-dea237b2cffef952.rlib --extern tar=/opt/rustwide/target/debug/deps/libtar-bbce0876d3ccfd70.rlib --extern tokio=/opt/rustwide/target/debug/deps/libtokio-c46b4f79e9cd472d.rlib --extern toml=/opt/rustwide/target/debug/deps/libtoml-2a09bbb623c91dbe.rlib --extern walkdir=/opt/rustwide/target/debug/deps/libwalkdir-20fcfb7d82bad3e9.rlib --cap-lints=warn -L native=/opt/rustwide/target/debug/build/rust-crypto-0c316feddf4088bb/out` (signal: 9, SIGKILL: kill)
[INFO] [stderr] warning: build failed, waiting for other jobs to finish...
[INFO] [stdout] error: linking with `cc` failed: exit status: 1
[INFO] [stdout]   |
[INFO] [stdout]   = note: LC_ALL="C" PATH="/opt/rustwide/rustup-home/toolchains/beta-2023-04-20-x86_64-unknown-linux-gnu/lib/rustlib/x86_64-unknown-linux-gnu/bin:/opt/rustwide/cargo-home/bin:/usr/local/sbin:/usr/local/bin:/usr/sbin:/usr/bin:/sbin:/bin" VSLANG="1033" "cc" "-m64" "/tmp/rustcoYd7fK/symbols.o" "/opt/rustwide/target/debug/deps/rsa_tests-9d2da83ce01d4b81.rsa_tests.9601905f-cgu.0.rcgu.o" "/opt/rustwide/target/debug/deps/rsa_tests-9d2da83ce01d4b81.rsa_tests.9601905f-cgu.1.rcgu.o" "/opt/rustwide/target/debug/deps/rsa_tests-9d2da83ce01d4b81.rsa_tests.9601905f-cgu.2.rcgu.o" "/opt/rustwide/target/debug/deps/rsa_tests-9d2da83ce01d4b81.rsa_tests.9601905f-cgu.3.rcgu.o" "/opt/rustwide/target/debug/deps/rsa_tests-9d2da83ce01d4b81.rsa_tests.9601905f-cgu.4.rcgu.o" "/opt/rustwide/target/debug/deps/rsa_tests-9d2da83ce01d4b81.rsa_tests.9601905f-cgu.5.rcgu.o" "/opt/rustwide/target/debug/deps/rsa_tests-9d2da83ce01d4b81.rsa_tests.9601905f-cgu.6.rcgu.o" "/opt/rustwide/target/debug/deps/rsa_tests-9d2da83ce01d4b81.ncg9349ju0gzylh.rcgu.o" "-Wl,--as-needed" "-L" "/opt/rustwide/target/debug/deps" "-L" "/opt/rustwide/target/debug/build/rust-crypto-0c316feddf4088bb/out" "-L" "/opt/rustwide/rustup-home/toolchains/beta-2023-04-20-x86_64-unknown-linux-gnu/lib/rustlib/x86_64-unknown-linux-gnu/lib" "-Wl,-Bstatic" "/opt/rustwide/rustup-home/toolchains/beta-2023-04-20-x86_64-unknown-linux-gnu/lib/rustlib/x86_64-unknown-linux-gnu/lib/libtest-2bcc87e061734fce.rlib" "/opt/rustwide/rustup-home/toolchains/beta-2023-04-20-x86_64-unknown-linux-gnu/lib/rustlib/x86_64-unknown-linux-gnu/lib/libgetopts-4c2368e8367904c3.rlib" "/opt/rustwide/rustup-home/toolchains/beta-2023-04-20-x86_64-unknown-linux-gnu/lib/rustlib/x86_64-unknown-linux-gnu/lib/libunicode_width-06b9dcb8e6d4191c.rlib" "/opt/rustwide/rustup-home/toolchains/beta-2023-04-20-x86_64-unknown-linux-gnu/lib/rustlib/x86_64-unknown-linux-gnu/lib/librustc_std_workspace_std-23a78788aee51060.rlib" "/opt/rustwide/target/debug/deps/libnetworking-071fa8189031e607.rlib" "/opt/rustwide/target/debug/deps/libtoml-2a09bbb623c91dbe.rlib" "/opt/rustwide/target/debug/deps/libserde_json-dea237b2cffef952.rlib" "/opt/rustwide/target/debug/deps/libryu-15f00219fd9c669a.rlib" "/opt/rustwide/target/debug/deps/libitoa-c096ea888da6dda2.rlib" "/opt/rustwide/target/debug/deps/libwalkdir-20fcfb7d82bad3e9.rlib" "/opt/rustwide/target/debug/deps/libsame_file-4e9955724bab8d4a.rlib" "/opt/rustwide/target/debug/deps/libtar-bbce0876d3ccfd70.rlib" "/opt/rustwide/target/debug/deps/libxattr-eb5fed8d4612ed80.rlib" "/opt/rustwide/target/debug/deps/libfiletime-4b27ae3c3bb4c712.rlib" "/opt/rustwide/target/debug/deps/libcrypto-52a19b157f22f438.rlib" "/opt/rustwide/target/debug/deps/librustc_serialize-bdf045fabfc65aef.rlib" "/opt/rustwide/target/debug/deps/librand-4b16d90fdacce4c5.rlib" "/opt/rustwide/target/debug/deps/librand-5b22766bc984be1c.rlib" "/opt/rustwide/target/debug/deps/libfutures-0760f95127165610.rlib" "/opt/rustwide/target/debug/deps/libfutures_executor-450198b7e046b6be.rlib" "/opt/rustwide/target/debug/deps/libfutures_util-c4ebf57c81c8fe7b.rlib" "/opt/rustwide/target/debug/deps/libproc_macro_nested-6cb631039ffe836f.rlib" "/opt/rustwide/target/debug/deps/libfutures_io-e36168687d18d63f.rlib" "/opt/rustwide/target/debug/deps/libfutures_channel-e996f6b818c7dcd4.rlib" "/opt/rustwide/target/debug/deps/libpin_project-2b4038768bf98405.rlib" "/opt/rustwide/target/debug/deps/libfutures_sink-c17b885b0b770dcd.rlib" "/opt/rustwide/target/debug/deps/libfutures_task-0905bea70a7bc571.rlib" "/opt/rustwide/target/debug/deps/libpin_utils-501725f4e360d46d.rlib" "/opt/rustwide/target/debug/deps/libtokio-c46b4f79e9cd472d.rlib" "/opt/rustwide/target/debug/deps/libsignal_hook_registry-e18497242e2b0fb8.rlib" "/opt/rustwide/target/debug/deps/libarc_swap-b2f599766ec575ad.rlib" "/opt/rustwide/target/debug/deps/libnum_cpus-a896c9b2c6f09e27.rlib" "/opt/rustwide/target/debug/deps/libfnv-bb690c336855f248.rlib" "/opt/rustwide/target/debug/deps/libmio_uds-9ad1667fcbef7e92.rlib" "/opt/rustwide/target/debug/deps/libmio-314240b01f86fd75.rlib" "/opt/rustwide/target/debug/deps/liblog-c43b4cb555903923.rlib" "/opt/rustwide/target/debug/deps/libslab-ee0db592f9db8068.rlib" "/opt/rustwide/target/debug/deps/libiovec-823ba94ba0cf290d.rlib" "/opt/rustwide/target/debug/deps/libnet2-dccf40a195e3b3da.rlib" "/opt/rustwide/target/debug/deps/libfutures_core-872a8df0ad0540a0.rlib" "/opt/rustwide/target/debug/deps/libbytes-b63c3b3ea06c4474.rlib" "/opt/rustwide/target/debug/deps/libpin_project_lite-042c5ede8395d4c7.rlib" "/opt/rustwide/target/debug/deps/librsa-f8b5245d99f1ee93.rlib" "/opt/rustwide/target/debug/deps/libsimple_asn1-522f3ab72e274ddc.rlib" "/opt/rustwide/target/debug/deps/libnum_bigint-27b159ba60f7aa9b.rlib" "/opt/rustwide/target/debug/deps/libchrono-66c696dc3df761dc.rlib" "/opt/rustwide/target/debug/deps/libtime-a9b5869671c60a5d.rlib" "/opt/rustwide/target/debug/deps/libsubtle-cb31c402a0ba8d26.rlib" "/opt/rustwide/target/debug/deps/libpem-fe170284898e9e6a.rlib" "/opt/rustwide/target/debug/deps/libbase64-9bdacd534716d46e.rlib" "/opt/rustwide/target/debug/deps/libregex-9cb137a804759be2.rlib" "/opt/rustwide/target/debug/deps/libthread_local-0df9f9a6fa52c017.rlib" "/opt/rustwide/target/debug/deps/libregex_syntax-e30d475944f3d494.rlib" "/opt/rustwide/target/debug/deps/libaho_corasick-11ce4c926c24516a.rlib" "/opt/rustwide/target/debug/deps/libmemchr-97e0fac3b51684cf.rlib" "/opt/rustwide/target/debug/deps/libonce_cell-b82165e1857a4107.rlib" "/opt/rustwide/target/debug/deps/libthiserror-2f63bc95b3a1e4ca.rlib" "/opt/rustwide/target/debug/deps/libdigest-968d31481807bcd1.rlib" "/opt/rustwide/target/debug/deps/libgeneric_array-47f16f20f4b8230c.rlib" "/opt/rustwide/target/debug/deps/libtypenum-3f55f5f45b47939c.rlib" "/opt/rustwide/target/debug/deps/libnum_bigint_dig-8663e4312c3c71f1.rlib" "/opt/rustwide/target/debug/deps/liblibm-a1860700d73993ad.rlib" "/opt/rustwide/target/debug/deps/libbyteorder-4bc3aa654ebf1dec.rlib" "/opt/rustwide/target/debug/deps/libnum_iter-ded13c04f1a69fc8.rlib" "/opt/rustwide/target/debug/deps/libnum_integer-166e6ef370d15fe2.rlib" "/opt/rustwide/target/debug/deps/libnum_traits-3ed75bc28cb90580.rlib" "/opt/rustwide/target/debug/deps/liblazy_static-4518308ec030f146.rlib" "/opt/rustwide/target/debug/deps/libspin-0ce7eed86e654be1.rlib" "/opt/rustwide/target/debug/deps/libsmallvec-73ef0aff54571084.rlib" "/opt/rustwide/target/debug/deps/libzeroize-8528a12241b1f098.rlib" "/opt/rustwide/target/debug/deps/libserde-95df9ac663c7a9f3.rlib" "/opt/rustwide/target/debug/deps/librand-877a659ae20989ca.rlib" "/opt/rustwide/target/debug/deps/librand_chacha-5090688083b4b332.rlib" "/opt/rustwide/target/debug/deps/libppv_lite86-a4980a5c0afc511f.rlib" "/opt/rustwide/target/debug/deps/librand_core-c7fca551244494b7.rlib" "/opt/rustwide/target/debug/deps/libgetrandom-875c440bd84afa6f.rlib" "/opt/rustwide/target/debug/deps/liblibc-a339c613b992ecd3.rlib" "/opt/rustwide/target/debug/deps/libcfg_if-b22544e46cbb7baa.rlib" "/opt/rustwide/rustup-home/toolchains/beta-2023-04-20-x86_64-unknown-linux-gnu/lib/rustlib/x86_64-unknown-linux-gnu/lib/libstd-0e29cc23c5e02021.rlib" "/opt/rustwide/rustup-home/toolchains/beta-2023-04-20-x86_64-unknown-linux-gnu/lib/rustlib/x86_64-unknown-linux-gnu/lib/libpanic_unwind-d903621768a861d9.rlib" "/opt/rustwide/rustup-home/toolchains/beta-2023-04-20-x86_64-unknown-linux-gnu/lib/rustlib/x86_64-unknown-linux-gnu/lib/libobject-6d0225e655f31c13.rlib" "/opt/rustwide/rustup-home/toolchains/beta-2023-04-20-x86_64-unknown-linux-gnu/lib/rustlib/x86_64-unknown-linux-gnu/lib/libmemchr-9dbaf4eac7eaa079.rlib" "/opt/rustwide/rustup-home/toolchains/beta-2023-04-20-x86_64-unknown-linux-gnu/lib/rustlib/x86_64-unknown-linux-gnu/lib/libaddr2line-27f05b3d42a66dd0.rlib" "/opt/rustwide/rustup-home/toolchains/beta-2023-04-20-x86_64-unknown-linux-gnu/lib/rustlib/x86_64-unknown-linux-gnu/lib/libgimli-4d73f1030321c9a2.rlib" "/opt/rustwide/rustup-home/toolchains/beta-2023-04-20-x86_64-unknown-linux-gnu/lib/rustlib/x86_64-unknown-linux-gnu/lib/librustc_demangle-2846c9e58abd0acb.rlib" "/opt/rustwide/rustup-home/toolchains/beta-2023-04-20-x86_64-unknown-linux-gnu/lib/rustlib/x86_64-unknown-linux-gnu/lib/libstd_detect-a53d0f50415947be.rlib" "/opt/rustwide/rustup-home/toolchains/beta-2023-04-20-x86_64-unknown-linux-gnu/lib/rustlib/x86_64-unknown-linux-gnu/lib/libhashbrown-d48e4b6abc25b9dc.rlib" "/opt/rustwide/rustup-home/toolchains/beta-2023-04-20-x86_64-unknown-linux-gnu/lib/rustlib/x86_64-unknown-linux-gnu/lib/libminiz_oxide-2991859439ef1207.rlib" "/opt/rustwide/rustup-home/toolchains/beta-2023-04-20-x86_64-unknown-linux-gnu/lib/rustlib/x86_64-unknown-linux-gnu/lib/libadler-8a687517e4221bae.rlib" "/opt/rustwide/rustup-home/toolchains/beta-2023-04-20-x86_64-unknown-linux-gnu/lib/rustlib/x86_64-unknown-linux-gnu/lib/librustc_std_workspace_alloc-e07b554f6a67f5b3.rlib" "/opt/rustwide/rustup-home/toolchains/beta-2023-04-20-x86_64-unknown-linux-gnu/lib/rustlib/x86_64-unknown-linux-gnu/lib/libunwind-b68238b7c3c619dd.rlib" "/opt/rustwide/rustup-home/toolchains/beta-2023-04-20-x86_64-unknown-linux-gnu/lib/rustlib/x86_64-unknown-linux-gnu/lib/libcfg_if-d5e213e896c017e4.rlib" "/opt/rustwide/rustup-home/toolchains/beta-2023-04-20-x86_64-unknown-linux-gnu/lib/rustlib/x86_64-unknown-linux-gnu/lib/liblibc-0211a3b2e61d8689.rlib" "/opt/rustwide/rustup-home/toolchains/beta-2023-04-20-x86_64-unknown-linux-gnu/lib/rustlib/x86_64-unknown-linux-gnu/lib/liballoc-b371f055239ba51f.rlib" "/opt/rustwide/rustup-home/toolchains/beta-2023-04-20-x86_64-unknown-linux-gnu/lib/rustlib/x86_64-unknown-linux-gnu/lib/librustc_std_workspace_core-e60518d2760eb01e.rlib" "/opt/rustwide/rustup-home/toolchains/beta-2023-04-20-x86_64-unknown-linux-gnu/lib/rustlib/x86_64-unknown-linux-gnu/lib/libcore-1ad943f92a4b1081.rlib" "/opt/rustwide/rustup-home/toolchains/beta-2023-04-20-x86_64-unknown-linux-gnu/lib/rustlib/x86_64-unknown-linux-gnu/lib/libcompiler_builtins-f0d6e4d0fc1e80b4.rlib" "-Wl,-Bdynamic" "-lutil" "-ldl" "-lutil" "-lgcc_s" "-lutil" "-lrt" "-lpthread" "-lm" "-ldl" "-lc" "-Wl,--eh-frame-hdr" "-Wl,-z,noexecstack" "-L" "/opt/rustwide/rustup-home/toolchains/beta-2023-04-20-x86_64-unknown-linux-gnu/lib/rustlib/x86_64-unknown-linux-gnu/lib" "-o" "/opt/rustwide/target/debug/deps/rsa_tests-9d2da83ce01d4b81" "-Wl,--gc-sections" "-pie" "-Wl,-z,relro,-z,now" "-nodefaultlibs"
[INFO] [stdout]   = note: collect2: fatal error: ld terminated with signal 9 [Killed]
[INFO] [stdout]           compilation terminated.
[INFO] [stdout]           
[INFO] [stdout] 
[INFO] [stdout] 
[INFO] [stdout] error: aborting due to previous error; 2 warnings emitted
[INFO] [stdout] 
[INFO] [stdout] 
[INFO] [stderr] error: could not compile `networking` (test "rsa_tests") due to 2 previous errors; 2 warnings emitted
[INFO] [stdout] error: linking with `cc` failed: exit status: 1
[INFO] [stdout]   |
[INFO] [stdout]   = note: LC_ALL="C" PATH="/opt/rustwide/rustup-home/toolchains/beta-2023-04-20-x86_64-unknown-linux-gnu/lib/rustlib/x86_64-unknown-linux-gnu/bin:/opt/rustwide/cargo-home/bin:/usr/local/sbin:/usr/local/bin:/usr/sbin:/usr/bin:/sbin:/bin" VSLANG="1033" "cc" "-m64" "/tmp/rustcXG6Zqr/symbols.o" "/opt/rustwide/target/debug/examples/database-85aef668d3430be6.database.5f9a559a-cgu.0.rcgu.o" "/opt/rustwide/target/debug/examples/database-85aef668d3430be6.database.5f9a559a-cgu.1.rcgu.o" "/opt/rustwide/target/debug/examples/database-85aef668d3430be6.database.5f9a559a-cgu.10.rcgu.o" "/opt/rustwide/target/debug/examples/database-85aef668d3430be6.database.5f9a559a-cgu.11.rcgu.o" "/opt/rustwide/target/debug/examples/database-85aef668d3430be6.database.5f9a559a-cgu.12.rcgu.o" "/opt/rustwide/target/debug/examples/database-85aef668d3430be6.database.5f9a559a-cgu.13.rcgu.o" "/opt/rustwide/target/debug/examples/database-85aef668d3430be6.database.5f9a559a-cgu.14.rcgu.o" "/opt/rustwide/target/debug/examples/database-85aef668d3430be6.database.5f9a559a-cgu.15.rcgu.o" "/opt/rustwide/target/debug/examples/database-85aef668d3430be6.database.5f9a559a-cgu.2.rcgu.o" "/opt/rustwide/target/debug/examples/database-85aef668d3430be6.database.5f9a559a-cgu.3.rcgu.o" "/opt/rustwide/target/debug/examples/database-85aef668d3430be6.database.5f9a559a-cgu.4.rcgu.o" "/opt/rustwide/target/debug/examples/database-85aef668d3430be6.database.5f9a559a-cgu.5.rcgu.o" "/opt/rustwide/target/debug/examples/database-85aef668d3430be6.database.5f9a559a-cgu.6.rcgu.o" "/opt/rustwide/target/debug/examples/database-85aef668d3430be6.database.5f9a559a-cgu.7.rcgu.o" "/opt/rustwide/target/debug/examples/database-85aef668d3430be6.database.5f9a559a-cgu.8.rcgu.o" "/opt/rustwide/target/debug/examples/database-85aef668d3430be6.database.5f9a559a-cgu.9.rcgu.o" "/opt/rustwide/target/debug/examples/database-85aef668d3430be6.2003vqtgedjzi7ze.rcgu.o" "-Wl,--as-needed" "-L" "/opt/rustwide/target/debug/deps" "-L" "/opt/rustwide/target/debug/build/rust-crypto-0c316feddf4088bb/out" "-L" "/opt/rustwide/rustup-home/toolchains/beta-2023-04-20-x86_64-unknown-linux-gnu/lib/rustlib/x86_64-unknown-linux-gnu/lib" "-Wl,-Bstatic" "/opt/rustwide/target/debug/deps/libnetworking-071fa8189031e607.rlib" "/opt/rustwide/target/debug/deps/libtoml-2a09bbb623c91dbe.rlib" "/opt/rustwide/target/debug/deps/libserde_json-dea237b2cffef952.rlib" "/opt/rustwide/target/debug/deps/libryu-15f00219fd9c669a.rlib" "/opt/rustwide/target/debug/deps/libitoa-c096ea888da6dda2.rlib" "/opt/rustwide/target/debug/deps/libwalkdir-20fcfb7d82bad3e9.rlib" "/opt/rustwide/target/debug/deps/libsame_file-4e9955724bab8d4a.rlib" "/opt/rustwide/target/debug/deps/libtar-bbce0876d3ccfd70.rlib" "/opt/rustwide/target/debug/deps/libxattr-eb5fed8d4612ed80.rlib" "/opt/rustwide/target/debug/deps/libfiletime-4b27ae3c3bb4c712.rlib" "/opt/rustwide/target/debug/deps/libcrypto-52a19b157f22f438.rlib" "/opt/rustwide/target/debug/deps/librustc_serialize-bdf045fabfc65aef.rlib" "/opt/rustwide/target/debug/deps/librand-4b16d90fdacce4c5.rlib" "/opt/rustwide/target/debug/deps/librand-5b22766bc984be1c.rlib" "/opt/rustwide/target/debug/deps/libfutures-0760f95127165610.rlib" "/opt/rustwide/target/debug/deps/libfutures_executor-450198b7e046b6be.rlib" "/opt/rustwide/target/debug/deps/libfutures_util-c4ebf57c81c8fe7b.rlib" "/opt/rustwide/target/debug/deps/libproc_macro_nested-6cb631039ffe836f.rlib" "/opt/rustwide/target/debug/deps/libfutures_io-e36168687d18d63f.rlib" "/opt/rustwide/target/debug/deps/libfutures_channel-e996f6b818c7dcd4.rlib" "/opt/rustwide/target/debug/deps/libpin_project-2b4038768bf98405.rlib" "/opt/rustwide/target/debug/deps/libfutures_sink-c17b885b0b770dcd.rlib" "/opt/rustwide/target/debug/deps/libfutures_task-0905bea70a7bc571.rlib" "/opt/rustwide/target/debug/deps/libpin_utils-501725f4e360d46d.rlib" "/opt/rustwide/target/debug/deps/libtokio-c46b4f79e9cd472d.rlib" "/opt/rustwide/target/debug/deps/libsignal_hook_registry-e18497242e2b0fb8.rlib" "/opt/rustwide/target/debug/deps/libarc_swap-b2f599766ec575ad.rlib" "/opt/rustwide/target/debug/deps/libnum_cpus-a896c9b2c6f09e27.rlib" "/opt/rustwide/target/debug/deps/libfnv-bb690c336855f248.rlib" "/opt/rustwide/target/debug/deps/libmio_uds-9ad1667fcbef7e92.rlib" "/opt/rustwide/target/debug/deps/libmio-314240b01f86fd75.rlib" "/opt/rustwide/target/debug/deps/liblog-c43b4cb555903923.rlib" "/opt/rustwide/target/debug/deps/libslab-ee0db592f9db8068.rlib" "/opt/rustwide/target/debug/deps/libiovec-823ba94ba0cf290d.rlib" "/opt/rustwide/target/debug/deps/libnet2-dccf40a195e3b3da.rlib" "/opt/rustwide/target/debug/deps/libfutures_core-872a8df0ad0540a0.rlib" "/opt/rustwide/target/debug/deps/libbytes-b63c3b3ea06c4474.rlib" "/opt/rustwide/target/debug/deps/libpin_project_lite-042c5ede8395d4c7.rlib" "/opt/rustwide/target/debug/deps/librsa-f8b5245d99f1ee93.rlib" "/opt/rustwide/target/debug/deps/libsimple_asn1-522f3ab72e274ddc.rlib" "/opt/rustwide/target/debug/deps/libnum_bigint-27b159ba60f7aa9b.rlib" "/opt/rustwide/target/debug/deps/libchrono-66c696dc3df761dc.rlib" "/opt/rustwide/target/debug/deps/libtime-a9b5869671c60a5d.rlib" "/opt/rustwide/target/debug/deps/libsubtle-cb31c402a0ba8d26.rlib" "/opt/rustwide/target/debug/deps/libpem-fe170284898e9e6a.rlib" "/opt/rustwide/target/debug/deps/libbase64-9bdacd534716d46e.rlib" "/opt/rustwide/target/debug/deps/libregex-9cb137a804759be2.rlib" "/opt/rustwide/target/debug/deps/libthread_local-0df9f9a6fa52c017.rlib" "/opt/rustwide/target/debug/deps/libregex_syntax-e30d475944f3d494.rlib" "/opt/rustwide/target/debug/deps/libaho_corasick-11ce4c926c24516a.rlib" "/opt/rustwide/target/debug/deps/libmemchr-97e0fac3b51684cf.rlib" "/opt/rustwide/target/debug/deps/libonce_cell-b82165e1857a4107.rlib" "/opt/rustwide/target/debug/deps/libthiserror-2f63bc95b3a1e4ca.rlib" "/opt/rustwide/target/debug/deps/libdigest-968d31481807bcd1.rlib" "/opt/rustwide/target/debug/deps/libgeneric_array-47f16f20f4b8230c.rlib" "/opt/rustwide/target/debug/deps/libtypenum-3f55f5f45b47939c.rlib" "/opt/rustwide/target/debug/deps/libnum_bigint_dig-8663e4312c3c71f1.rlib" "/opt/rustwide/target/debug/deps/liblibm-a1860700d73993ad.rlib" "/opt/rustwide/target/debug/deps/libbyteorder-4bc3aa654ebf1dec.rlib" "/opt/rustwide/target/debug/deps/libnum_iter-ded13c04f1a69fc8.rlib" "/opt/rustwide/target/debug/deps/libnum_integer-166e6ef370d15fe2.rlib" "/opt/rustwide/target/debug/deps/libnum_traits-3ed75bc28cb90580.rlib" "/opt/rustwide/target/debug/deps/liblazy_static-4518308ec030f146.rlib" "/opt/rustwide/target/debug/deps/libspin-0ce7eed86e654be1.rlib" "/opt/rustwide/target/debug/deps/libsmallvec-73ef0aff54571084.rlib" "/opt/rustwide/target/debug/deps/libzeroize-8528a12241b1f098.rlib" "/opt/rustwide/target/debug/deps/libserde-95df9ac663c7a9f3.rlib" "/opt/rustwide/target/debug/deps/librand-877a659ae20989ca.rlib" "/opt/rustwide/target/debug/deps/librand_chacha-5090688083b4b332.rlib" "/opt/rustwide/target/debug/deps/libppv_lite86-a4980a5c0afc511f.rlib" "/opt/rustwide/target/debug/deps/librand_core-c7fca551244494b7.rlib" "/opt/rustwide/target/debug/deps/libgetrandom-875c440bd84afa6f.rlib" "/opt/rustwide/target/debug/deps/liblibc-a339c613b992ecd3.rlib" "/opt/rustwide/target/debug/deps/libcfg_if-b22544e46cbb7baa.rlib" "/opt/rustwide/rustup-home/toolchains/beta-2023-04-20-x86_64-unknown-linux-gnu/lib/rustlib/x86_64-unknown-linux-gnu/lib/libstd-0e29cc23c5e02021.rlib" "/opt/rustwide/rustup-home/toolchains/beta-2023-04-20-x86_64-unknown-linux-gnu/lib/rustlib/x86_64-unknown-linux-gnu/lib/libpanic_unwind-d903621768a861d9.rlib" "/opt/rustwide/rustup-home/toolchains/beta-2023-04-20-x86_64-unknown-linux-gnu/lib/rustlib/x86_64-unknown-linux-gnu/lib/libobject-6d0225e655f31c13.rlib" "/opt/rustwide/rustup-home/toolchains/beta-2023-04-20-x86_64-unknown-linux-gnu/lib/rustlib/x86_64-unknown-linux-gnu/lib/libmemchr-9dbaf4eac7eaa079.rlib" "/opt/rustwide/rustup-home/toolchains/beta-2023-04-20-x86_64-unknown-linux-gnu/lib/rustlib/x86_64-unknown-linux-gnu/lib/libaddr2line-27f05b3d42a66dd0.rlib" "/opt/rustwide/rustup-home/toolchains/beta-2023-04-20-x86_64-unknown-linux-gnu/lib/rustlib/x86_64-unknown-linux-gnu/lib/libgimli-4d73f1030321c9a2.rlib" "/opt/rustwide/rustup-home/toolchains/beta-2023-04-20-x86_64-unknown-linux-gnu/lib/rustlib/x86_64-unknown-linux-gnu/lib/librustc_demangle-2846c9e58abd0acb.rlib" "/opt/rustwide/rustup-home/toolchains/beta-2023-04-20-x86_64-unknown-linux-gnu/lib/rustlib/x86_64-unknown-linux-gnu/lib/libstd_detect-a53d0f50415947be.rlib" "/opt/rustwide/rustup-home/toolchains/beta-2023-04-20-x86_64-unknown-linux-gnu/lib/rustlib/x86_64-unknown-linux-gnu/lib/libhashbrown-d48e4b6abc25b9dc.rlib" "/opt/rustwide/rustup-home/toolchains/beta-2023-04-20-x86_64-unknown-linux-gnu/lib/rustlib/x86_64-unknown-linux-gnu/lib/libminiz_oxide-2991859439ef1207.rlib" "/opt/rustwide/rustup-home/toolchains/beta-2023-04-20-x86_64-unknown-linux-gnu/lib/rustlib/x86_64-unknown-linux-gnu/lib/libadler-8a687517e4221bae.rlib" "/opt/rustwide/rustup-home/toolchains/beta-2023-04-20-x86_64-unknown-linux-gnu/lib/rustlib/x86_64-unknown-linux-gnu/lib/librustc_std_workspace_alloc-e07b554f6a67f5b3.rlib" "/opt/rustwide/rustup-home/toolchains/beta-2023-04-20-x86_64-unknown-linux-gnu/lib/rustlib/x86_64-unknown-linux-gnu/lib/libunwind-b68238b7c3c619dd.rlib" "/opt/rustwide/rustup-home/toolchains/beta-2023-04-20-x86_64-unknown-linux-gnu/lib/rustlib/x86_64-unknown-linux-gnu/lib/libcfg_if-d5e213e896c017e4.rlib" "/opt/rustwide/rustup-home/toolchains/beta-2023-04-20-x86_64-unknown-linux-gnu/lib/rustlib/x86_64-unknown-linux-gnu/lib/liblibc-0211a3b2e61d8689.rlib" "/opt/rustwide/rustup-home/toolchains/beta-2023-04-20-x86_64-unknown-linux-gnu/lib/rustlib/x86_64-unknown-linux-gnu/lib/liballoc-b371f055239ba51f.rlib" "/opt/rustwide/rustup-home/toolchains/beta-2023-04-20-x86_64-unknown-linux-gnu/lib/rustlib/x86_64-unknown-linux-gnu/lib/librustc_std_workspace_core-e60518d2760eb01e.rlib" "/opt/rustwide/rustup-home/toolchains/beta-2023-04-20-x86_64-unknown-linux-gnu/lib/rustlib/x86_64-unknown-linux-gnu/lib/libcore-1ad943f92a4b1081.rlib" "/opt/rustwide/rustup-home/toolchains/beta-2023-04-20-x86_64-unknown-linux-gnu/lib/rustlib/x86_64-unknown-linux-gnu/lib/libcompiler_builtins-f0d6e4d0fc1e80b4.rlib" "-Wl,-Bdynamic" "-lutil" "-ldl" "-lutil" "-lgcc_s" "-lutil" "-lrt" "-lpthread" "-lm" "-ldl" "-lc" "-Wl,--eh-frame-hdr" "-Wl,-z,noexecstack" "-L" "/opt/rustwide/rustup-home/toolchains/beta-2023-04-20-x86_64-unknown-linux-gnu/lib/rustlib/x86_64-unknown-linux-gnu/lib" "-o" "/opt/rustwide/target/debug/examples/database-85aef668d3430be6" "-Wl,--gc-sections" "-pie" "-Wl,-z,relro,-z,now" "-nodefaultlibs"
[INFO] [stdout]   = note: collect2: fatal error: ld terminated with signal 9 [Killed]
[INFO] [stdout]           compilation terminated.
[INFO] [stdout]           
[INFO] [stdout] 
[INFO] [stdout] 
[INFO] [stdout] error: aborting due to previous error
[INFO] [stdout] 
[INFO] [stdout] 
[INFO] [stderr] error: could not compile `networking` (example "database") due to 2 previous errors
[INFO] [stdout] error: linking with `cc` failed: exit status: 1
[INFO] [stdout]   |
[INFO] [stdout]   = note: LC_ALL="C" PATH="/opt/rustwide/rustup-home/toolchains/beta-2023-04-20-x86_64-unknown-linux-gnu/lib/rustlib/x86_64-unknown-linux-gnu/bin:/opt/rustwide/cargo-home/bin:/usr/local/sbin:/usr/local/bin:/usr/sbin:/usr/bin:/sbin:/bin" VSLANG="1033" "cc" "-m64" "/tmp/rustcbQ6a6V/symbols.o" "/opt/rustwide/target/debug/examples/client-c280de9c2a36682e.client.dcbf5581-cgu.0.rcgu.o" "/opt/rustwide/target/debug/examples/client-c280de9c2a36682e.client.dcbf5581-cgu.1.rcgu.o" "/opt/rustwide/target/debug/examples/client-c280de9c2a36682e.client.dcbf5581-cgu.2.rcgu.o" "/opt/rustwide/target/debug/examples/client-c280de9c2a36682e.client.dcbf5581-cgu.3.rcgu.o" "/opt/rustwide/target/debug/examples/client-c280de9c2a36682e.client.dcbf5581-cgu.4.rcgu.o" "/opt/rustwide/target/debug/examples/client-c280de9c2a36682e.client.dcbf5581-cgu.5.rcgu.o" "/opt/rustwide/target/debug/examples/client-c280de9c2a36682e.client.dcbf5581-cgu.6.rcgu.o" "/opt/rustwide/target/debug/examples/client-c280de9c2a36682e.client.dcbf5581-cgu.7.rcgu.o" "/opt/rustwide/target/debug/examples/client-c280de9c2a36682e.client.dcbf5581-cgu.8.rcgu.o" "/opt/rustwide/target/debug/examples/client-c280de9c2a36682e.5grcbgj3cmzyrabc.rcgu.o" "-Wl,--as-needed" "-L" "/opt/rustwide/target/debug/deps" "-L" "/opt/rustwide/target/debug/build/rust-crypto-0c316feddf4088bb/out" "-L" "/opt/rustwide/rustup-home/toolchains/beta-2023-04-20-x86_64-unknown-linux-gnu/lib/rustlib/x86_64-unknown-linux-gnu/lib" "-Wl,-Bstatic" "/opt/rustwide/target/debug/deps/libnetworking-071fa8189031e607.rlib" "/opt/rustwide/target/debug/deps/libtoml-2a09bbb623c91dbe.rlib" "/opt/rustwide/target/debug/deps/libserde_json-dea237b2cffef952.rlib" "/opt/rustwide/target/debug/deps/libryu-15f00219fd9c669a.rlib" "/opt/rustwide/target/debug/deps/libitoa-c096ea888da6dda2.rlib" "/opt/rustwide/target/debug/deps/libwalkdir-20fcfb7d82bad3e9.rlib" "/opt/rustwide/target/debug/deps/libsame_file-4e9955724bab8d4a.rlib" "/opt/rustwide/target/debug/deps/libtar-bbce0876d3ccfd70.rlib" "/opt/rustwide/target/debug/deps/libxattr-eb5fed8d4612ed80.rlib" "/opt/rustwide/target/debug/deps/libfiletime-4b27ae3c3bb4c712.rlib" "/opt/rustwide/target/debug/deps/libcrypto-52a19b157f22f438.rlib" "/opt/rustwide/target/debug/deps/librustc_serialize-bdf045fabfc65aef.rlib" "/opt/rustwide/target/debug/deps/librand-4b16d90fdacce4c5.rlib" "/opt/rustwide/target/debug/deps/librand-5b22766bc984be1c.rlib" "/opt/rustwide/target/debug/deps/libfutures-0760f95127165610.rlib" "/opt/rustwide/target/debug/deps/libfutures_executor-450198b7e046b6be.rlib" "/opt/rustwide/target/debug/deps/libfutures_util-c4ebf57c81c8fe7b.rlib" "/opt/rustwide/target/debug/deps/libproc_macro_nested-6cb631039ffe836f.rlib" "/opt/rustwide/target/debug/deps/libfutures_io-e36168687d18d63f.rlib" "/opt/rustwide/target/debug/deps/libfutures_channel-e996f6b818c7dcd4.rlib" "/opt/rustwide/target/debug/deps/libpin_project-2b4038768bf98405.rlib" "/opt/rustwide/target/debug/deps/libfutures_sink-c17b885b0b770dcd.rlib" "/opt/rustwide/target/debug/deps/libfutures_task-0905bea70a7bc571.rlib" "/opt/rustwide/target/debug/deps/libpin_utils-501725f4e360d46d.rlib" "/opt/rustwide/target/debug/deps/libtokio-c46b4f79e9cd472d.rlib" "/opt/rustwide/target/debug/deps/libsignal_hook_registry-e18497242e2b0fb8.rlib" "/opt/rustwide/target/debug/deps/libarc_swap-b2f599766ec575ad.rlib" "/opt/rustwide/target/debug/deps/libnum_cpus-a896c9b2c6f09e27.rlib" "/opt/rustwide/target/debug/deps/libfnv-bb690c336855f248.rlib" "/opt/rustwide/target/debug/deps/libmio_uds-9ad1667fcbef7e92.rlib" "/opt/rustwide/target/debug/deps/libmio-314240b01f86fd75.rlib" "/opt/rustwide/target/debug/deps/liblog-c43b4cb555903923.rlib" "/opt/rustwide/target/debug/deps/libslab-ee0db592f9db8068.rlib" "/opt/rustwide/target/debug/deps/libiovec-823ba94ba0cf290d.rlib" "/opt/rustwide/target/debug/deps/libnet2-dccf40a195e3b3da.rlib" "/opt/rustwide/target/debug/deps/libfutures_core-872a8df0ad0540a0.rlib" "/opt/rustwide/target/debug/deps/libbytes-b63c3b3ea06c4474.rlib" "/opt/rustwide/target/debug/deps/libpin_project_lite-042c5ede8395d4c7.rlib" "/opt/rustwide/target/debug/deps/librsa-f8b5245d99f1ee93.rlib" "/opt/rustwide/target/debug/deps/libsimple_asn1-522f3ab72e274ddc.rlib" "/opt/rustwide/target/debug/deps/libnum_bigint-27b159ba60f7aa9b.rlib" "/opt/rustwide/target/debug/deps/libchrono-66c696dc3df761dc.rlib" "/opt/rustwide/target/debug/deps/libtime-a9b5869671c60a5d.rlib" "/opt/rustwide/target/debug/deps/libsubtle-cb31c402a0ba8d26.rlib" "/opt/rustwide/target/debug/deps/libpem-fe170284898e9e6a.rlib" "/opt/rustwide/target/debug/deps/libbase64-9bdacd534716d46e.rlib" "/opt/rustwide/target/debug/deps/libregex-9cb137a804759be2.rlib" "/opt/rustwide/target/debug/deps/libthread_local-0df9f9a6fa52c017.rlib" "/opt/rustwide/target/debug/deps/libregex_syntax-e30d475944f3d494.rlib" "/opt/rustwide/target/debug/deps/libaho_corasick-11ce4c926c24516a.rlib" "/opt/rustwide/target/debug/deps/libmemchr-97e0fac3b51684cf.rlib" "/opt/rustwide/target/debug/deps/libonce_cell-b82165e1857a4107.rlib" "/opt/rustwide/target/debug/deps/libthiserror-2f63bc95b3a1e4ca.rlib" "/opt/rustwide/target/debug/deps/libdigest-968d31481807bcd1.rlib" "/opt/rustwide/target/debug/deps/libgeneric_array-47f16f20f4b8230c.rlib" "/opt/rustwide/target/debug/deps/libtypenum-3f55f5f45b47939c.rlib" "/opt/rustwide/target/debug/deps/libnum_bigint_dig-8663e4312c3c71f1.rlib" "/opt/rustwide/target/debug/deps/liblibm-a1860700d73993ad.rlib" "/opt/rustwide/target/debug/deps/libbyteorder-4bc3aa654ebf1dec.rlib" "/opt/rustwide/target/debug/deps/libnum_iter-ded13c04f1a69fc8.rlib" "/opt/rustwide/target/debug/deps/libnum_integer-166e6ef370d15fe2.rlib" "/opt/rustwide/target/debug/deps/libnum_traits-3ed75bc28cb90580.rlib" "/opt/rustwide/target/debug/deps/liblazy_static-4518308ec030f146.rlib" "/opt/rustwide/target/debug/deps/libspin-0ce7eed86e654be1.rlib" "/opt/rustwide/target/debug/deps/libsmallvec-73ef0aff54571084.rlib" "/opt/rustwide/target/debug/deps/libzeroize-8528a12241b1f098.rlib" "/opt/rustwide/target/debug/deps/libserde-95df9ac663c7a9f3.rlib" "/opt/rustwide/target/debug/deps/librand-877a659ae20989ca.rlib" "/opt/rustwide/target/debug/deps/librand_chacha-5090688083b4b332.rlib" "/opt/rustwide/target/debug/deps/libppv_lite86-a4980a5c0afc511f.rlib" "/opt/rustwide/target/debug/deps/librand_core-c7fca551244494b7.rlib" "/opt/rustwide/target/debug/deps/libgetrandom-875c440bd84afa6f.rlib" "/opt/rustwide/target/debug/deps/liblibc-a339c613b992ecd3.rlib" "/opt/rustwide/target/debug/deps/libcfg_if-b22544e46cbb7baa.rlib" "/opt/rustwide/rustup-home/toolchains/beta-2023-04-20-x86_64-unknown-linux-gnu/lib/rustlib/x86_64-unknown-linux-gnu/lib/libstd-0e29cc23c5e02021.rlib" "/opt/rustwide/rustup-home/toolchains/beta-2023-04-20-x86_64-unknown-linux-gnu/lib/rustlib/x86_64-unknown-linux-gnu/lib/libpanic_unwind-d903621768a861d9.rlib" "/opt/rustwide/rustup-home/toolchains/beta-2023-04-20-x86_64-unknown-linux-gnu/lib/rustlib/x86_64-unknown-linux-gnu/lib/libobject-6d0225e655f31c13.rlib" "/opt/rustwide/rustup-home/toolchains/beta-2023-04-20-x86_64-unknown-linux-gnu/lib/rustlib/x86_64-unknown-linux-gnu/lib/libmemchr-9dbaf4eac7eaa079.rlib" "/opt/rustwide/rustup-home/toolchains/beta-2023-04-20-x86_64-unknown-linux-gnu/lib/rustlib/x86_64-unknown-linux-gnu/lib/libaddr2line-27f05b3d42a66dd0.rlib" "/opt/rustwide/rustup-home/toolchains/beta-2023-04-20-x86_64-unknown-linux-gnu/lib/rustlib/x86_64-unknown-linux-gnu/lib/libgimli-4d73f1030321c9a2.rlib" "/opt/rustwide/rustup-home/toolchains/beta-2023-04-20-x86_64-unknown-linux-gnu/lib/rustlib/x86_64-unknown-linux-gnu/lib/librustc_demangle-2846c9e58abd0acb.rlib" "/opt/rustwide/rustup-home/toolchains/beta-2023-04-20-x86_64-unknown-linux-gnu/lib/rustlib/x86_64-unknown-linux-gnu/lib/libstd_detect-a53d0f50415947be.rlib" "/opt/rustwide/rustup-home/toolchains/beta-2023-04-20-x86_64-unknown-linux-gnu/lib/rustlib/x86_64-unknown-linux-gnu/lib/libhashbrown-d48e4b6abc25b9dc.rlib" "/opt/rustwide/rustup-home/toolchains/beta-2023-04-20-x86_64-unknown-linux-gnu/lib/rustlib/x86_64-unknown-linux-gnu/lib/libminiz_oxide-2991859439ef1207.rlib" "/opt/rustwide/rustup-home/toolchains/beta-2023-04-20-x86_64-unknown-linux-gnu/lib/rustlib/x86_64-unknown-linux-gnu/lib/libadler-8a687517e4221bae.rlib" "/opt/rustwide/rustup-home/toolchains/beta-2023-04-20-x86_64-unknown-linux-gnu/lib/rustlib/x86_64-unknown-linux-gnu/lib/librustc_std_workspace_alloc-e07b554f6a67f5b3.rlib" "/opt/rustwide/rustup-home/toolchains/beta-2023-04-20-x86_64-unknown-linux-gnu/lib/rustlib/x86_64-unknown-linux-gnu/lib/libunwind-b68238b7c3c619dd.rlib" "/opt/rustwide/rustup-home/toolchains/beta-2023-04-20-x86_64-unknown-linux-gnu/lib/rustlib/x86_64-unknown-linux-gnu/lib/libcfg_if-d5e213e896c017e4.rlib" "/opt/rustwide/rustup-home/toolchains/beta-2023-04-20-x86_64-unknown-linux-gnu/lib/rustlib/x86_64-unknown-linux-gnu/lib/liblibc-0211a3b2e61d8689.rlib" "/opt/rustwide/rustup-home/toolchains/beta-2023-04-20-x86_64-unknown-linux-gnu/lib/rustlib/x86_64-unknown-linux-gnu/lib/liballoc-b371f055239ba51f.rlib" "/opt/rustwide/rustup-home/toolchains/beta-2023-04-20-x86_64-unknown-linux-gnu/lib/rustlib/x86_64-unknown-linux-gnu/lib/librustc_std_workspace_core-e60518d2760eb01e.rlib" "/opt/rustwide/rustup-home/toolchains/beta-2023-04-20-x86_64-unknown-linux-gnu/lib/rustlib/x86_64-unknown-linux-gnu/lib/libcore-1ad943f92a4b1081.rlib" "/opt/rustwide/rustup-home/toolchains/beta-2023-04-20-x86_64-unknown-linux-gnu/lib/rustlib/x86_64-unknown-linux-gnu/lib/libcompiler_builtins-f0d6e4d0fc1e80b4.rlib" "-Wl,-Bdynamic" "-lutil" "-ldl" "-lutil" "-lgcc_s" "-lutil" "-lrt" "-lpthread" "-lm" "-ldl" "-lc" "-Wl,--eh-frame-hdr" "-Wl,-z,noexecstack" "-L" "/opt/rustwide/rustup-home/toolchains/beta-2023-04-20-x86_64-unknown-linux-gnu/lib/rustlib/x86_64-unknown-linux-gnu/lib" "-o" "/opt/rustwide/target/debug/examples/client-c280de9c2a36682e" "-Wl,--gc-sections" "-pie" "-Wl,-z,relro,-z,now" "-nodefaultlibs"
[INFO] [stdout]   = note: collect2: fatal error: ld terminated with signal 9 [Killed]
[INFO] [stdout]           compilation terminated.
[INFO] [stdout]           
[INFO] [stdout] 
[INFO] [stdout] 
[INFO] [stdout] error: aborting due to previous error
[INFO] [stdout] 
[INFO] [stdout] 
[INFO] [stderr] error: could not compile `networking` (example "client") due to 2 previous errors
[INFO] [stdout] warning: 1 warning emitted
[INFO] [stdout] 
[INFO] [stdout] 
[INFO] [stdout] warning: 1 warning emitted
[INFO] [stdout] 
[INFO] [stdout] 
[INFO] running `Command { std: "docker" "inspect" "7087f0701e38c5dd4412e1b49647cd434e7e1a4c5315665be23a5f8aa322e9a8", kill_on_drop: false }`
[INFO] running `Command { std: "docker" "rm" "-f" "7087f0701e38c5dd4412e1b49647cd434e7e1a4c5315665be23a5f8aa322e9a8", kill_on_drop: false }`
[INFO] [stdout] 7087f0701e38c5dd4412e1b49647cd434e7e1a4c5315665be23a5f8aa322e9a8
