[INFO] fetching crate neokey_trinkey 0.2.0...
[INFO] testing neokey_trinkey-0.2.0 against 1.69.0 for beta-1.70-1
[INFO] extracting crate neokey_trinkey 0.2.0 into /workspace/builds/worker-2-tc1/source
[INFO] validating manifest of crates.io crate neokey_trinkey 0.2.0 on toolchain 1.69.0
[INFO] running `Command { std: CARGO_HOME="/workspace/cargo-home" RUSTUP_HOME="/workspace/rustup-home" "/workspace/cargo-home/bin/cargo" "+1.69.0" "metadata" "--manifest-path" "Cargo.toml" "--no-deps", kill_on_drop: false }`
[INFO] removed /workspace/builds/worker-2-tc1/source/.cargo/config
[INFO] started tweaking crates.io crate neokey_trinkey 0.2.0
[INFO] removed 0 missing examples
[INFO] finished tweaking crates.io crate neokey_trinkey 0.2.0
[INFO] tweaked toml for crates.io crate neokey_trinkey 0.2.0 written to /workspace/builds/worker-2-tc1/source/Cargo.toml
[INFO] crate crates.io crate neokey_trinkey 0.2.0 already has a lockfile, it will not be regenerated
[INFO] running `Command { std: CARGO_HOME="/workspace/cargo-home" RUSTUP_HOME="/workspace/rustup-home" "/workspace/cargo-home/bin/cargo" "+1.69.0" "fetch" "--manifest-path" "Cargo.toml", kill_on_drop: false }`
[INFO] [stderr]  Downloading crates ...
[INFO] [stderr]   Downloaded embedded-hal v0.2.6
[INFO] [stderr]   Downloaded atsamd-hal v0.14.0
[INFO] [stderr]   Downloaded atsamd21e v0.11.0
[INFO] [stderr]   Downloaded cortex-m-rt v0.7.1
[INFO] [stderr]   Downloaded seq-macro v0.2.2
[INFO] [stderr]   Downloaded cortex-m v0.7.4
[INFO] [stderr]   Downloaded smart-leds v0.3.0
[INFO] [stderr]   Downloaded usb-device v0.2.8
[INFO] [stderr]   Downloaded usbd-serial v0.1.1
[INFO] [stderr]   Downloaded rgb v0.8.31
[INFO] [stderr]   Downloaded smart-leds-trait v0.2.1
[INFO] [stderr]   Downloaded ws2812-timer-delay v0.3.0
[INFO] running `Command { std: "docker" "create" "-v" "/var/lib/crater-agent-workspace/builds/worker-2-tc1/target:/opt/rustwide/target:rw,Z" "-v" "/var/lib/crater-agent-workspace/builds/worker-2-tc1/source:/opt/rustwide/workdir:ro,Z" "-v" "/var/lib/crater-agent-workspace/cargo-home:/opt/rustwide/cargo-home:ro,Z" "-v" "/var/lib/crater-agent-workspace/rustup-home:/opt/rustwide/rustup-home:ro,Z" "-e" "SOURCE_DIR=/opt/rustwide/workdir" "-e" "CARGO_TARGET_DIR=/opt/rustwide/target" "-e" "CARGO_HOME=/opt/rustwide/cargo-home" "-e" "RUSTUP_HOME=/opt/rustwide/rustup-home" "-w" "/opt/rustwide/workdir" "-m" "1610612736" "--user" "0:0" "--network" "none" "ghcr.io/rust-lang/crates-build-env/linux@sha256:5ff2268d62e97bff2cde7d5815dd6ed5b47097566f13b8d0ca110b04b60e07ed" "/opt/rustwide/cargo-home/bin/cargo" "+1.69.0" "metadata" "--no-deps" "--format-version=1", kill_on_drop: false }`
[INFO] [stdout] 2c0fa326b626f48d8e2f041d37850c0b9fe318c17b6cc899679e5a86c1909ed1
[INFO] running `Command { std: "docker" "start" "-a" "2c0fa326b626f48d8e2f041d37850c0b9fe318c17b6cc899679e5a86c1909ed1", kill_on_drop: false }`
[INFO] running `Command { std: "docker" "inspect" "2c0fa326b626f48d8e2f041d37850c0b9fe318c17b6cc899679e5a86c1909ed1", kill_on_drop: false }`
[INFO] running `Command { std: "docker" "rm" "-f" "2c0fa326b626f48d8e2f041d37850c0b9fe318c17b6cc899679e5a86c1909ed1", kill_on_drop: false }`
[INFO] [stdout] 2c0fa326b626f48d8e2f041d37850c0b9fe318c17b6cc899679e5a86c1909ed1
[INFO] running `Command { std: "docker" "create" "-v" "/var/lib/crater-agent-workspace/builds/worker-2-tc1/target:/opt/rustwide/target:rw,Z" "-v" "/var/lib/crater-agent-workspace/builds/worker-2-tc1/source:/opt/rustwide/workdir:ro,Z" "-v" "/var/lib/crater-agent-workspace/cargo-home:/opt/rustwide/cargo-home:ro,Z" "-v" "/var/lib/crater-agent-workspace/rustup-home:/opt/rustwide/rustup-home:ro,Z" "-e" "SOURCE_DIR=/opt/rustwide/workdir" "-e" "CARGO_TARGET_DIR=/opt/rustwide/target" "-e" "CARGO_INCREMENTAL=0" "-e" "RUST_BACKTRACE=full" "-e" "RUSTFLAGS=--cap-lints=warn" "-e" "RUSTDOCFLAGS=--cap-lints=warn" "-e" "CARGO_HOME=/opt/rustwide/cargo-home" "-e" "RUSTUP_HOME=/opt/rustwide/rustup-home" "-w" "/opt/rustwide/workdir" "-m" "1610612736" "--user" "0:0" "--network" "none" "ghcr.io/rust-lang/crates-build-env/linux@sha256:5ff2268d62e97bff2cde7d5815dd6ed5b47097566f13b8d0ca110b04b60e07ed" "/opt/rustwide/cargo-home/bin/cargo" "+1.69.0" "build" "--frozen" "--message-format=json", kill_on_drop: false }`
[INFO] [stdout] 312f55480e25fd24d3ce570f9c3be90e6a5450e3c8e8f43cfe320e2ae1bf44c1
[INFO] running `Command { std: "docker" "start" "-a" "312f55480e25fd24d3ce570f9c3be90e6a5450e3c8e8f43cfe320e2ae1bf44c1", kill_on_drop: false }`
[INFO] [stderr]    Compiling proc-macro2 v1.0.36
[INFO] [stderr]    Compiling syn v1.0.85
[INFO] [stderr]    Compiling cortex-m-rt v0.7.1
[INFO] [stderr]    Compiling nb v1.0.0
[INFO] [stderr]    Compiling cortex-m v0.7.4
[INFO] [stderr]    Compiling atsamd21e v0.11.0
[INFO] [stderr]    Compiling rand_core v0.5.1
[INFO] [stderr]    Compiling typenum v1.15.0
[INFO] [stderr]    Compiling replace_with v0.1.7
[INFO] [stderr]    Compiling seq-macro v0.2.2
[INFO] [stderr]    Compiling neokey_trinkey v0.2.0 (/opt/rustwide/workdir)
[INFO] [stderr]    Compiling paste v1.0.6
[INFO] [stderr]    Compiling nb v0.1.3
[INFO] [stderr]    Compiling embedded-hal v0.2.6
[INFO] [stderr]    Compiling quote v1.0.14
[INFO] [stderr]    Compiling cortex-m-rt-macros v0.7.0
[INFO] [stderr]    Compiling modular-bitfield-impl v0.11.2
[INFO] [stderr]    Compiling modular-bitfield v0.11.2
[INFO] [stderr]    Compiling atsamd-hal v0.14.0
[INFO] [stderr]     Finished dev [unoptimized + debuginfo] target(s) in 19.07s
[INFO] running `Command { std: "docker" "inspect" "312f55480e25fd24d3ce570f9c3be90e6a5450e3c8e8f43cfe320e2ae1bf44c1", kill_on_drop: false }`
[INFO] running `Command { std: "docker" "rm" "-f" "312f55480e25fd24d3ce570f9c3be90e6a5450e3c8e8f43cfe320e2ae1bf44c1", kill_on_drop: false }`
[INFO] [stdout] 312f55480e25fd24d3ce570f9c3be90e6a5450e3c8e8f43cfe320e2ae1bf44c1
[INFO] running `Command { std: "docker" "create" "-v" "/var/lib/crater-agent-workspace/builds/worker-2-tc1/target:/opt/rustwide/target:rw,Z" "-v" "/var/lib/crater-agent-workspace/builds/worker-2-tc1/source:/opt/rustwide/workdir:ro,Z" "-v" "/var/lib/crater-agent-workspace/cargo-home:/opt/rustwide/cargo-home:ro,Z" "-v" "/var/lib/crater-agent-workspace/rustup-home:/opt/rustwide/rustup-home:ro,Z" "-e" "SOURCE_DIR=/opt/rustwide/workdir" "-e" "CARGO_TARGET_DIR=/opt/rustwide/target" "-e" "CARGO_INCREMENTAL=0" "-e" "RUST_BACKTRACE=full" "-e" "RUSTFLAGS=--cap-lints=warn" "-e" "RUSTDOCFLAGS=--cap-lints=warn" "-e" "CARGO_HOME=/opt/rustwide/cargo-home" "-e" "RUSTUP_HOME=/opt/rustwide/rustup-home" "-w" "/opt/rustwide/workdir" "-m" "1610612736" "--user" "0:0" "--network" "none" "ghcr.io/rust-lang/crates-build-env/linux@sha256:5ff2268d62e97bff2cde7d5815dd6ed5b47097566f13b8d0ca110b04b60e07ed" "/opt/rustwide/cargo-home/bin/cargo" "+1.69.0" "test" "--frozen" "--no-run" "--message-format=json", kill_on_drop: false }`
[INFO] [stdout] 2bf8ca744c0105e7c527b44cc86ecda9198e34511bea285de4a0e6d4953865da
[INFO] running `Command { std: "docker" "start" "-a" "2bf8ca744c0105e7c527b44cc86ecda9198e34511bea285de4a0e6d4953865da", kill_on_drop: false }`
[INFO] [stderr]    Compiling usb-device v0.2.8
[INFO] [stderr]    Compiling panic-halt v0.2.0
[INFO] [stderr]    Compiling usbd-serial v0.1.1
[INFO] [stderr]    Compiling neokey_trinkey v0.2.0 (/opt/rustwide/workdir)
[INFO] [stdout] error[E0433]: failed to resolve: use of undeclared crate or module `smart_leds`
[INFO] [stdout]   --> examples/rainbow.rs:20:5
[INFO] [stdout]    |
[INFO] [stdout] 20 | use smart_leds::{brightness, hsv::RGB8, SmartLedsWrite};
[INFO] [stdout]    |     ^^^^^^^^^^ use of undeclared crate or module `smart_leds`
[INFO] [stdout] 
[INFO] [stdout] 
[INFO] [stdout] error[E0432]: unresolved import `smart_leds`
[INFO] [stdout]   --> examples/rainbow.rs:20:5
[INFO] [stdout]    |
[INFO] [stdout] 20 | use smart_leds::{brightness, hsv::RGB8, SmartLedsWrite};
[INFO] [stdout]    |     ^^^^^^^^^^ use of undeclared crate or module `smart_leds`
[INFO] [stdout] 
[INFO] [stdout] 
[INFO] [stdout] error[E0432]: unresolved import `ws2812_timer_delay`
[INFO] [stdout]   --> examples/rainbow.rs:21:5
[INFO] [stdout]    |
[INFO] [stdout] 21 | use ws2812_timer_delay::Ws2812;
[INFO] [stdout]    |     ^^^^^^^^^^^^^^^^^^ use of undeclared crate or module `ws2812_timer_delay`
[INFO] [stdout] 
[INFO] [stdout] 
[INFO] [stdout] error: language item required, but not found: `eh_personality`
[INFO] [stdout]   |
[INFO] [stdout]   = note: this can occur when a binary crate with `#![no_std]` is compiled for a target where `eh_personality` is defined in the standard library
[INFO] [stdout]   = help: you may be able to compile for a target that doesn't need `eh_personality`, specify a target with `--target` or in `.cargo/config`
[INFO] [stdout] 
[INFO] [stdout] 
[INFO] [stdout] error: aborting due to 4 previous errors
[INFO] [stdout] 
[INFO] [stdout] 
[INFO] [stdout] Some errors have detailed explanations: E0432, E0433.
[INFO] [stdout] 
[INFO] [stdout] For more information about an error, try `rustc --explain E0432`.
[INFO] [stdout] 
[INFO] [stderr] error: could not compile `neokey_trinkey` due to 5 previous errors
[INFO] [stderr] warning: build failed, waiting for other jobs to finish...
[INFO] running `Command { std: "docker" "inspect" "2bf8ca744c0105e7c527b44cc86ecda9198e34511bea285de4a0e6d4953865da", kill_on_drop: false }`
[INFO] running `Command { std: "docker" "rm" "-f" "2bf8ca744c0105e7c527b44cc86ecda9198e34511bea285de4a0e6d4953865da", kill_on_drop: false }`
[INFO] [stdout] 2bf8ca744c0105e7c527b44cc86ecda9198e34511bea285de4a0e6d4953865da
