[INFO] fetching crate needle-rs 0.1.5...
[INFO] testing needle-rs-0.1.5 against 1.69.0 for beta-1.70-1
[INFO] extracting crate needle-rs 0.1.5 into /workspace/builds/worker-5-tc1/source
[INFO] validating manifest of crates.io crate needle-rs 0.1.5 on toolchain 1.69.0
[INFO] running `Command { std: CARGO_HOME="/workspace/cargo-home" RUSTUP_HOME="/workspace/rustup-home" "/workspace/cargo-home/bin/cargo" "+1.69.0" "metadata" "--manifest-path" "Cargo.toml" "--no-deps", kill_on_drop: false }`
[INFO] started tweaking crates.io crate needle-rs 0.1.5
[INFO] finished tweaking crates.io crate needle-rs 0.1.5
[INFO] tweaked toml for crates.io crate needle-rs 0.1.5 written to /workspace/builds/worker-5-tc1/source/Cargo.toml
[INFO] crate crates.io crate needle-rs 0.1.5 already has a lockfile, it will not be regenerated
[INFO] running `Command { std: CARGO_HOME="/workspace/cargo-home" RUSTUP_HOME="/workspace/rustup-home" "/workspace/cargo-home/bin/cargo" "+1.69.0" "fetch" "--manifest-path" "Cargo.toml", kill_on_drop: false }`
[INFO] [stderr]  Downloading crates ...
[INFO] [stderr]   Downloaded infer v0.8.1
[INFO] [stderr]   Downloaded similar v2.1.0
[INFO] [stderr]   Downloaded chromaprint-rust v0.1.2
[INFO] [stderr]   Downloaded blockhash v0.4.0
[INFO] [stderr]   Downloaded insta v1.17.1
[INFO] [stderr]   Downloaded chromaprint-sys-next v1.5.3
[INFO] running `Command { std: "docker" "create" "-v" "/var/lib/crater-agent-workspace/builds/worker-5-tc1/target:/opt/rustwide/target:rw,Z" "-v" "/var/lib/crater-agent-workspace/builds/worker-5-tc1/source:/opt/rustwide/workdir:ro,Z" "-v" "/var/lib/crater-agent-workspace/cargo-home:/opt/rustwide/cargo-home:ro,Z" "-v" "/var/lib/crater-agent-workspace/rustup-home:/opt/rustwide/rustup-home:ro,Z" "-e" "SOURCE_DIR=/opt/rustwide/workdir" "-e" "CARGO_TARGET_DIR=/opt/rustwide/target" "-e" "CARGO_HOME=/opt/rustwide/cargo-home" "-e" "RUSTUP_HOME=/opt/rustwide/rustup-home" "-w" "/opt/rustwide/workdir" "-m" "1610612736" "--user" "0:0" "--network" "none" "ghcr.io/rust-lang/crates-build-env/linux@sha256:5ff2268d62e97bff2cde7d5815dd6ed5b47097566f13b8d0ca110b04b60e07ed" "/opt/rustwide/cargo-home/bin/cargo" "+1.69.0" "metadata" "--no-deps" "--format-version=1", kill_on_drop: false }`
[INFO] [stdout] 54e09085b4c16c9ea86d8ddebb1ff062ad992fe2955c7025f2149fd53bc6b8c8
[INFO] running `Command { std: "docker" "start" "-a" "54e09085b4c16c9ea86d8ddebb1ff062ad992fe2955c7025f2149fd53bc6b8c8", kill_on_drop: false }`
[INFO] running `Command { std: "docker" "inspect" "54e09085b4c16c9ea86d8ddebb1ff062ad992fe2955c7025f2149fd53bc6b8c8", kill_on_drop: false }`
[INFO] running `Command { std: "docker" "rm" "-f" "54e09085b4c16c9ea86d8ddebb1ff062ad992fe2955c7025f2149fd53bc6b8c8", kill_on_drop: false }`
[INFO] [stdout] 54e09085b4c16c9ea86d8ddebb1ff062ad992fe2955c7025f2149fd53bc6b8c8
[INFO] running `Command { std: "docker" "create" "-v" "/var/lib/crater-agent-workspace/builds/worker-5-tc1/target:/opt/rustwide/target:rw,Z" "-v" "/var/lib/crater-agent-workspace/builds/worker-5-tc1/source:/opt/rustwide/workdir:ro,Z" "-v" "/var/lib/crater-agent-workspace/cargo-home:/opt/rustwide/cargo-home:ro,Z" "-v" "/var/lib/crater-agent-workspace/rustup-home:/opt/rustwide/rustup-home:ro,Z" "-e" "SOURCE_DIR=/opt/rustwide/workdir" "-e" "CARGO_TARGET_DIR=/opt/rustwide/target" "-e" "CARGO_INCREMENTAL=0" "-e" "RUST_BACKTRACE=full" "-e" "RUSTFLAGS=--cap-lints=warn" "-e" "RUSTDOCFLAGS=--cap-lints=warn" "-e" "CARGO_HOME=/opt/rustwide/cargo-home" "-e" "RUSTUP_HOME=/opt/rustwide/rustup-home" "-w" "/opt/rustwide/workdir" "-m" "1610612736" "--user" "0:0" "--network" "none" "ghcr.io/rust-lang/crates-build-env/linux@sha256:5ff2268d62e97bff2cde7d5815dd6ed5b47097566f13b8d0ca110b04b60e07ed" "/opt/rustwide/cargo-home/bin/cargo" "+1.69.0" "build" "--frozen" "--message-format=json", kill_on_drop: false }`
[INFO] [stdout] da9401255ba882ab588e98b8712b04abe5f83ba696c15647634547a31bbe4b53
[INFO] running `Command { std: "docker" "start" "-a" "da9401255ba882ab588e98b8712b04abe5f83ba696c15647634547a31bbe4b53", kill_on_drop: false }`
[INFO] [stderr]    Compiling proc-macro2 v1.0.42
[INFO] [stderr]    Compiling unicode-ident v1.0.2
[INFO] [stderr]    Compiling quote v1.0.20
[INFO] [stderr]    Compiling libc v0.2.126
[INFO] [stderr]    Compiling syn v1.0.98
[INFO] [stderr]    Compiling glob v0.3.0
[INFO] [stderr]    Compiling once_cell v1.13.0
[INFO] [stderr]    Compiling regex-syntax v0.6.27
[INFO] [stderr]    Compiling memchr v2.5.0
[INFO] [stderr]    Compiling libloading v0.7.3
[INFO] [stderr]    Compiling cc v1.0.73
[INFO] [stderr]    Compiling indexmap v1.9.1
[INFO] [stderr]    Compiling pkg-config v0.3.25
[INFO] [stderr]    Compiling hashbrown v0.12.3
[INFO] [stderr]    Compiling termcolor v1.1.3
[INFO] [stderr]    Compiling os_str_bytes v6.2.0
[INFO] [stderr]    Compiling serde_derive v1.0.140
[INFO] [stderr]    Compiling clap_lex v0.2.4
[INFO] [stderr]    Compiling crossbeam-utils v0.8.11
[INFO] [stderr]    Compiling bindgen v0.59.2
[INFO] [stderr]    Compiling textwrap v0.15.0
[INFO] [stderr]    Compiling num-traits v0.2.15
[INFO] [stderr]    Compiling aho-corasick v0.7.18
[INFO] [stderr]    Compiling nom v7.1.1
[INFO] [stderr]    Compiling clang-sys v1.3.3
[INFO] [stderr]    Compiling either v1.7.0
[INFO] [stderr]    Compiling bindgen v0.60.1
[INFO] [stderr]    Compiling serde v1.0.140
[INFO] [stderr]    Compiling proc-macro-error-attr v1.0.4
[INFO] [stderr]    Compiling crossbeam-epoch v0.9.10
[INFO] [stderr]    Compiling cmake v0.1.48
[INFO] [stderr]    Compiling tracing-core v0.1.29
[INFO] [stderr]    Compiling proc-macro-error v1.0.4
[INFO] [stderr]    Compiling rayon-core v1.9.3
[INFO] [stderr]    Compiling serde_json v1.0.82
[INFO] [stderr]    Compiling atty v0.2.14
[INFO] [stderr]    Compiling num_cpus v1.13.1
[INFO] [stderr]    Compiling which v4.2.5
[INFO] [stderr]    Compiling clap v3.2.16
[INFO] [stderr]    Compiling crossbeam-channel v0.5.6
[INFO] [stderr]    Compiling rayon v1.5.3
[INFO] [stderr]    Compiling heck v0.4.0
[INFO] [stderr]    Compiling crossbeam-deque v0.8.2
[INFO] [stderr]    Compiling ffmpeg-next v5.0.3
[INFO] [stderr]    Compiling ryu v1.0.10
[INFO] [stderr]    Compiling itoa v1.0.2
[INFO] [stderr]    Compiling tracing-log v0.1.3
[INFO] [stderr]    Compiling thread_local v1.1.4
[INFO] [stderr]    Compiling sharded-slab v0.1.4
[INFO] [stderr]    Compiling regex v1.6.0
[INFO] [stderr]    Compiling smallvec v1.9.0
[INFO] [stderr]    Compiling infer v0.8.1
[INFO] [stderr]    Compiling md5 v0.7.0
[INFO] [stderr]    Compiling num-integer v0.1.45
[INFO] [stderr]    Compiling cexpr v0.6.0
[INFO] [stderr]    Compiling chrono v0.4.19
[INFO] [stderr]    Compiling regex-automata v0.1.10
[INFO] [stderr]    Compiling env_logger v0.9.0
[INFO] [stderr]    Compiling matchers v0.0.1
[INFO] [stderr]    Compiling thiserror-impl v1.0.31
[INFO] [stderr]    Compiling tracing-attributes v0.1.22
[INFO] [stderr]    Compiling clap_derive v3.2.15
[INFO] [stderr]    Compiling ffmpeg-sys-next v5.0.1
[INFO] [stderr]    Compiling tracing v0.1.36
[INFO] [stderr]    Compiling thiserror v1.0.31
[INFO] [stderr]    Compiling chromaprint-sys-next v1.5.3
[INFO] [stderr]    Compiling tracing-serde v0.1.3
[INFO] [stderr]    Compiling bincode v1.3.3
[INFO] [stderr]    Compiling tracing-subscriber v0.2.25
[INFO] [stderr] error: failed to run custom build command for `chromaprint-sys-next v1.5.3`
[INFO] [stderr] note: To improve backtraces for build dependencies, set the CARGO_PROFILE_DEV_BUILD_OVERRIDE_DEBUG=true environment variable to enable debug information generation.
[INFO] [stderr] 
[INFO] [stderr] Caused by:
[INFO] [stderr]   process didn't exit successfully: `/opt/rustwide/target/debug/build/chromaprint-sys-next-62490443049d84fe/build-script-build` (exit status: 101)
[INFO] [stderr]   --- stdout
[INFO] [stderr]   cargo:rerun-if-changed=build.rs
[INFO] [stderr]   cargo:rerun-if-env-changed=CHROMAPRINT_SYS_DYNAMIC
[INFO] [stderr]   cargo:rerun-if-env-changed=CHROMAPRINT_SYS_STATIC
[INFO] [stderr]   cargo:rustc-link-lib=stdc++
[INFO] [stderr]   CMAKE_TOOLCHAIN_FILE_x86_64-unknown-linux-gnu = None
[INFO] [stderr]   CMAKE_TOOLCHAIN_FILE_x86_64_unknown_linux_gnu = None
[INFO] [stderr]   HOST_CMAKE_TOOLCHAIN_FILE = None
[INFO] [stderr]   CMAKE_TOOLCHAIN_FILE = None
[INFO] [stderr]   CMAKE_GENERATOR_x86_64-unknown-linux-gnu = None
[INFO] [stderr]   CMAKE_GENERATOR_x86_64_unknown_linux_gnu = None
[INFO] [stderr]   HOST_CMAKE_GENERATOR = None
[INFO] [stderr]   CMAKE_GENERATOR = None
[INFO] [stderr]   CMAKE_PREFIX_PATH_x86_64-unknown-linux-gnu = None
[INFO] [stderr]   CMAKE_PREFIX_PATH_x86_64_unknown_linux_gnu = None
[INFO] [stderr]   HOST_CMAKE_PREFIX_PATH = None
[INFO] [stderr]   CMAKE_PREFIX_PATH = None
[INFO] [stderr]   CMAKE_x86_64-unknown-linux-gnu = None
[INFO] [stderr]   CMAKE_x86_64_unknown_linux_gnu = None
[INFO] [stderr]   HOST_CMAKE = None
[INFO] [stderr]   CMAKE = None
[INFO] [stderr]   running: cd "/opt/rustwide/target/debug/build/chromaprint-sys-next-087f8c7f9dc4a2dd/out/build" && CMAKE_PREFIX_PATH="" "cmake" "/opt/rustwide/cargo-home/registry/src/github.com-1ecc6299db9ec823/chromaprint-sys-next-1.5.3/src/chromaprint" "-DBUILD_SHARED_LIBS=OFF" "-DCMAKE_INSTALL_PREFIX=/opt/rustwide/target/debug/build/chromaprint-sys-next-087f8c7f9dc4a2dd/out" "-DCMAKE_C_FLAGS= -static-libgcc -static-libstdc++ -ffunction-sections -fdata-sections -fPIC -m64" "-DCMAKE_C_COMPILER=/usr/bin/cc" "-DCMAKE_CXX_FLAGS= -ffunction-sections -fdata-sections -fPIC -m64" "-DCMAKE_CXX_COMPILER=/usr/bin/c++" "-DCMAKE_ASM_FLAGS= -ffunction-sections -fdata-sections -fPIC -m64" "-DCMAKE_ASM_COMPILER=/usr/bin/cc" "-DCMAKE_BUILD_TYPE=Debug"
[INFO] [stderr]   -- The C compiler identification is GNU 11.3.0
[INFO] [stderr]   -- The CXX compiler identification is GNU 11.3.0
[INFO] [stderr]   -- Detecting C compiler ABI info
[INFO] [stderr]   -- Detecting C compiler ABI info - done
[INFO] [stderr]   -- Check for working C compiler: /usr/bin/cc - skipped
[INFO] [stderr]   -- Detecting C compile features
[INFO] [stderr]   -- Detecting C compile features - done
[INFO] [stderr]   -- Detecting CXX compiler ABI info
[INFO] [stderr]   -- Detecting CXX compiler ABI info - done
[INFO] [stderr]   -- Check for working CXX compiler: /usr/bin/c++ - skipped
[INFO] [stderr]   -- Detecting CXX compile features
[INFO] [stderr]   -- Detecting CXX compile features - done
[INFO] [stderr]   -- Looking for pthread.h
[INFO] [stderr]   -- Looking for pthread.h - found
[INFO] [stderr]   -- Performing Test CMAKE_HAVE_LIBC_PTHREAD
[INFO] [stderr]   -- Performing Test CMAKE_HAVE_LIBC_PTHREAD - Success
[INFO] [stderr]   -- Found Threads: TRUE  
[INFO] [stderr]   -- Looking for lrintf
[INFO] [stderr]   -- Looking for lrintf - found
[INFO] [stderr]   -- Looking for round
[INFO] [stderr]   -- Looking for round - found
[INFO] [stderr]   -- Looking for av_packet_unref
[INFO] [stderr]   -- Looking for av_packet_unref - found
[INFO] [stderr]   -- Looking for av_frame_alloc
[INFO] [stderr]   -- Looking for av_frame_alloc - found
[INFO] [stderr]   -- Looking for av_frame_free
[INFO] [stderr]   -- Looking for av_frame_free - found
[INFO] [stderr]   -- Found KissFFT: /opt/rustwide/cargo-home/registry/src/github.com-1ecc6299db9ec823/chromaprint-sys-next-1.5.3/src/chromaprint/src/3rdparty/kissfft  
[INFO] [stderr]   -- Using avfft for FFT calculations
[INFO] [stderr]   -- Using swresample for audio conversion
[INFO] [stderr]   -- Found GTest: /opt/rustwide/cargo-home/registry/src/github.com-1ecc6299db9ec823/chromaprint-sys-next-1.5.3/src/chromaprint/src/3rdparty/googletest/googletest  
[INFO] [stderr]   -- Configuring done
[INFO] [stderr]   -- Generating done
[INFO] [stderr]   -- Build files have been written to: /opt/rustwide/target/debug/build/chromaprint-sys-next-087f8c7f9dc4a2dd/out/build
[INFO] [stderr]   running: cd "/opt/rustwide/target/debug/build/chromaprint-sys-next-087f8c7f9dc4a2dd/out/build" && MAKEFLAGS="-j --jobserver-fds=6,7 --jobserver-auth=6,7" "cmake" "--build" "." "--target" "install" "--config" "Debug" "--parallel" "16"
[INFO] [stderr]   [  2%] Building C object src/CMakeFiles/chromaprint_objs.dir/avresample/resample2.c.o
[INFO] [stderr]   [  4%] Building CXX object tests/CMakeFiles/gtest.dir/__/src/3rdparty/googletest/googletest/src/gtest-all.cc.o
[INFO] [stderr]   [  6%] Building CXX object src/CMakeFiles/chromaprint_objs.dir/audio_processor.cpp.o
[INFO] [stderr]   [  8%] Building CXX object src/CMakeFiles/chromaprint_objs.dir/chroma_filter.cpp.o
[INFO] [stderr]   [ 13%] Building CXX object src/CMakeFiles/chromaprint_objs.dir/fft.cpp.o
[INFO] [stderr]   [ 13%] Building CXX object src/CMakeFiles/chromaprint_objs.dir/chroma_resampler.cpp.o
[INFO] [stderr]   [ 19%] Building CXX object src/CMakeFiles/chromaprint_objs.dir/chroma.cpp.o
[INFO] [stderr]   [ 19%] Building CXX object src/CMakeFiles/chromaprint_objs.dir/fft_lib_avfft.cpp.o
[INFO] [stderr]   [ 19%] Building CXX object src/CMakeFiles/chromaprint_objs.dir/spectrum.cpp.o
[INFO] [stderr]   [ 21%] Building CXX object src/CMakeFiles/chromaprint_objs.dir/fingerprinter.cpp.o
[INFO] [stderr]   [ 23%] Building CXX object src/CMakeFiles/chromaprint_objs.dir/image_builder.cpp.o
[INFO] [stderr]   [ 26%] Building CXX object src/CMakeFiles/chromaprint_objs.dir/simhash.cpp.o
[INFO] [stderr]   [ 28%] Building CXX object src/CMakeFiles/chromaprint_objs.dir/fingerprint_decompressor.cpp.o
[INFO] [stderr]   [ 30%] Building CXX object src/CMakeFiles/chromaprint_objs.dir/silence_remover.cpp.o
[INFO] [stderr]   [ 32%] Building CXX object src/CMakeFiles/chromaprint_objs.dir/fingerprint_compressor.cpp.o
[INFO] [stderr]   [ 34%] Building CXX object src/CMakeFiles/chromaprint_objs.dir/fingerprint_calculator.cpp.o
[INFO] [stderr]   [ 36%] Building CXX object src/CMakeFiles/chromaprint_objs.dir/fingerprinter_configuration.cpp.o
[INFO] [stderr]   [ 39%] Building CXX object src/CMakeFiles/chromaprint_objs.dir/fingerprint_matcher.cpp.o
[INFO] [stderr]   [ 41%] Building CXX object src/CMakeFiles/chromaprint_objs.dir/utils/base64.cpp.o
[INFO] [stderr]   [ 41%] Built target chromaprint_objs
[INFO] [stderr]   [ 43%] Building CXX object src/CMakeFiles/chromaprint.dir/chromaprint.cpp.o
[INFO] [stderr]   [ 45%] Linking CXX static library libchromaprint.a
[INFO] [stderr]   [ 45%] Built target chromaprint
[INFO] [stderr]   [ 47%] Linking CXX static library libgtest.a
[INFO] [stderr]   [ 47%] Built target gtest
[INFO] [stderr]   [ 50%] Building CXX object tests/CMakeFiles/all_tests.dir/test_utils.cpp.o
[INFO] [stderr]   [ 52%] Building CXX object tests/CMakeFiles/all_tests.dir/main.cpp.o
[INFO] [stderr]   [ 54%] Building CXX object tests/CMakeFiles/all_tests.dir/test_api.cpp.o
[INFO] [stderr]   [ 56%] Building CXX object tests/CMakeFiles/all_tests.dir/test_quantizer.cpp.o
[INFO] [stderr]   [ 58%] Building CXX object tests/CMakeFiles/all_tests.dir/test_filter.cpp.o
[INFO] [stderr]   [ 60%] Building CXX object tests/CMakeFiles/all_tests.dir/test_filter_utils.cpp.o
[INFO] [stderr]   [ 63%] Building CXX object tests/CMakeFiles/all_tests.dir/test_audio_processor.cpp.o
[INFO] [stderr]   [ 65%] Building CXX object tests/CMakeFiles/all_tests.dir/test_simhash.cpp.o
[INFO] [stderr]   [ 67%] Building CXX object tests/CMakeFiles/all_tests.dir/test_chroma.cpp.o
[INFO] [stderr]   [ 69%] Building CXX object tests/CMakeFiles/all_tests.dir/test_fingerprint_decompressor.cpp.o
[INFO] [stderr]   [ 71%] Building CXX object tests/CMakeFiles/all_tests.dir/test_fingerprint_compressor.cpp.o
[INFO] [stderr]   [ 73%] Building CXX object tests/CMakeFiles/all_tests.dir/test_chroma_filter.cpp.o
[INFO] [stderr]   [ 76%] Building CXX object tests/CMakeFiles/all_tests.dir/test_chromaprint.cpp.o
[INFO] [stderr]   [ 78%] Building CXX object tests/CMakeFiles/all_tests.dir/test_chroma_resampler.cpp.o
[INFO] [stderr]   [ 80%] Building CXX object tests/CMakeFiles/all_tests.dir/test_fingerprint_matcher.cpp.o
[INFO] [stderr]   [ 82%] Building CXX object tests/CMakeFiles/all_tests.dir/test_silence_remover.cpp.o
[INFO] [stderr] 
[INFO] [stderr]   --- stderr
[INFO] [stderr]   CMake Warning:
[INFO] [stderr]     Manually-specified variables were not used by the project:
[INFO] [stderr] 
[INFO] [stderr]       CMAKE_ASM_COMPILER
[INFO] [stderr]       CMAKE_ASM_FLAGS
[INFO] [stderr] 
[INFO] [stderr] 
[INFO] [stderr]   gmake: warning: -j16 forced in submake: resetting jobserver mode.
[INFO] [stderr]   c++: fatal error: Killed signal terminated program cc1plus
[INFO] [stderr]   compilation terminated.
[INFO] [stderr]   gmake[2]: *** [tests/CMakeFiles/all_tests.dir/build.make:216: tests/CMakeFiles/all_tests.dir/test_chroma_filter.cpp.o] Error 1
[INFO] [stderr]   gmake[2]: *** Waiting for unfinished jobs....
[INFO] [stderr]   In file included from /opt/rustwide/cargo-home/registry/src/github.com-1ecc6299db9ec823/chromaprint-sys-next-1.5.3/src/chromaprint/tests/test_api.cpp:1:
[INFO] [stderr]   /opt/rustwide/cargo-home/registry/src/github.com-1ecc6299db9ec823/chromaprint-sys-next-1.5.3/src/chromaprint/src/3rdparty/googletest/googletest/include/gtest/gtest.h: In instantiation of 'testing::AssertionResult testing::internal::CmpHelperEQ(const char*, const char*, const T1&, const T2&) [with T1 = int; T2 = long unsigned int]':
[INFO] [stderr]   /opt/rustwide/cargo-home/registry/src/github.com-1ecc6299db9ec823/chromaprint-sys-next-1.5.3/src/chromaprint/src/3rdparty/googletest/googletest/include/gtest/gtest.h:1564:23:   required from 'static testing::AssertionResult testing::internal::EqHelper::Compare(const char*, const char*, const T1&, const T2&) [with T1 = int; T2 = long unsigned int; typename std::enable_if<((! std::is_integral<_Tp>::value) || (! std::is_pointer<_Dp>::value))>::type* <anonymous> = 0]'
[INFO] [stderr]   /opt/rustwide/cargo-home/registry/src/github.com-1ecc6299db9ec823/chromaprint-sys-next-1.5.3/src/chromaprint/tests/test_utils.h:16:2:   required from here
[INFO] [stderr]   /opt/rustwide/cargo-home/registry/src/github.com-1ecc6299db9ec823/chromaprint-sys-next-1.5.3/src/chromaprint/src/3rdparty/googletest/googletest/include/gtest/gtest.h:1545:11: warning: comparison of integer expressions of different signedness: 'const int' and 'const long unsigned int' [-Wsign-compare]
[INFO] [stderr]    1545 |   if (lhs == rhs) {
[INFO] [stderr]         |       ~~~~^~~~~~
[INFO] [stderr]   /opt/rustwide/cargo-home/registry/src/github.com-1ecc6299db9ec823/chromaprint-sys-next-1.5.3/src/chromaprint/src/3rdparty/googletest/googletest/include/gtest/gtest.h: In instantiation of 'testing::AssertionResult testing::internal::CmpHelperEQ(const char*, const char*, const T1&, const T2&) [with T1 = int; T2 = unsigned int]':
[INFO] [stderr]   /opt/rustwide/cargo-home/registry/src/github.com-1ecc6299db9ec823/chromaprint-sys-next-1.5.3/src/chromaprint/src/3rdparty/googletest/googletest/include/gtest/gtest.h:1564:23:   required from 'static testing::AssertionResult testing::internal::EqHelper::Compare(const char*, const char*, const T1&, const T2&) [with T1 = int; T2 = unsigned int; typename std::enable_if<((! std::is_integral<_Tp>::value) || (! std::is_pointer<_Dp>::value))>::type* <anonymous> = 0]'
[INFO] [stderr]   /opt/rustwide/cargo-home/registry/src/github.com-1ecc6299db9ec823/chromaprint-sys-next-1.5.3/src/chromaprint/tests/test_api.cpp:61:2:   required from here
[INFO] [stderr]   /opt/rustwide/cargo-home/registry/src/github.com-1ecc6299db9ec823/chromaprint-sys-next-1.5.3/src/chromaprint/src/3rdparty/googletest/googletest/include/gtest/gtest.h:1545:11: warning: comparison of integer expressions of different signedness: 'const int' and 'const unsigned int' [-Wsign-compare]
[INFO] [stderr]   c++: fatal error: Killed signal terminated program cc1plus
[INFO] [stderr]   compilation terminated.
[INFO] [stderr]   gmake[2]: *** [tests/CMakeFiles/all_tests.dir/build.make:258: tests/CMakeFiles/all_tests.dir/test_fingerprint_decompressor.cpp.o] Error 1
[INFO] [stderr]   c++: fatal error: Killed signal terminated program cc1plus
[INFO] [stderr]   compilation terminated.
[INFO] [stderr]   gmake[2]: *** [tests/CMakeFiles/all_tests.dir/build.make:76: tests/CMakeFiles/all_tests.dir/main.cpp.o] Error 1
[INFO] [stderr]   In file included from /opt/rustwide/cargo-home/registry/src/github.com-1ecc6299db9ec823/chromaprint-sys-next-1.5.3/src/chromaprint/tests/test_simhash.cpp:1:
[INFO] [stderr]   /opt/rustwide/cargo-home/registry/src/github.com-1ecc6299db9ec823/chromaprint-sys-next-1.5.3/src/chromaprint/src/3rdparty/googletest/googletest/include/gtest/gtest.h: In instantiation of 'testing::AssertionResult testing::internal::CmpHelperLE(const char*, const char*, const T1&, const T2&) [with T1 = int; T2 = unsigned int]':
[INFO] [stderr]   /opt/rustwide/cargo-home/registry/src/github.com-1ecc6299db9ec823/chromaprint-sys-next-1.5.3/src/chromaprint/tests/test_simhash.cpp:25:5:   required from here
[INFO] [stderr]   /opt/rustwide/cargo-home/registry/src/github.com-1ecc6299db9ec823/chromaprint-sys-next-1.5.3/src/chromaprint/src/3rdparty/googletest/googletest/include/gtest/gtest.h:1626:28: warning: comparison of integer expressions of different signedness: 'const int' and 'const unsigned int' [-Wsign-compare]
[INFO] [stderr]    1626 | GTEST_IMPL_CMP_HELPER_(LE, <=)
[INFO] [stderr]         |                            ^
[INFO] [stderr]   /opt/rustwide/cargo-home/registry/src/github.com-1ecc6299db9ec823/chromaprint-sys-next-1.5.3/src/chromaprint/src/3rdparty/googletest/googletest/include/gtest/gtest.h:1614:12: note: in definition of macro 'GTEST_IMPL_CMP_HELPER_'
[INFO] [stderr]    1614 |   if (val1 op val2) {\
[INFO] [stderr]         |            ^~
[INFO] [stderr]   /opt/rustwide/cargo-home/registry/src/github.com-1ecc6299db9ec823/chromaprint-sys-next-1.5.3/src/chromaprint/src/3rdparty/googletest/googletest/include/gtest/gtest.h: In instantiation of 'testing::AssertionResult testing::internal::CmpHelperEQ(const char*, const char*, const T1&, const T2&) [with T1 = int; T2 = unsigned int]':
[INFO] [stderr]   /opt/rustwide/cargo-home/registry/src/github.com-1ecc6299db9ec823/chromaprint-sys-next-1.5.3/src/chromaprint/src/3rdparty/googletest/googletest/include/gtest/gtest.h:1564:23:   required from 'static testing::AssertionResult testing::internal::EqHelper::Compare(const char*, const char*, const T1&, const T2&) [with T1 = int; T2 = unsigned int; typename std::enable_if<((! std::is_integral<_Tp>::value) || (! std::is_pointer<_Dp>::value))>::type* <anonymous> = 0]'
[INFO] [stderr]   /opt/rustwide/cargo-home/registry/src/github.com-1ecc6299db9ec823/chromaprint-sys-next-1.5.3/src/chromaprint/tests/test_simhash.cpp:9:5:   required from here
[INFO] [stderr]   /opt/rustwide/cargo-home/registry/src/github.com-1ecc6299db9ec823/chromaprint-sys-next-1.5.3/src/chromaprint/src/3rdparty/googletest/googletest/include/gtest/gtest.h:1545:11: warning: comparison of integer expressions of different signedness: 'const int' and 'const unsigned int' [-Wsign-compare]
[INFO] [stderr]    1545 |   if (lhs == rhs) {
[INFO] [stderr]         |       ~~~~^~~~~~
[INFO] [stderr]   In file included from /opt/rustwide/cargo-home/registry/src/github.com-1ecc6299db9ec823/chromaprint-sys-next-1.5.3/src/chromaprint/tests/test_chroma.cpp:3:
[INFO] [stderr]   /opt/rustwide/cargo-home/registry/src/github.com-1ecc6299db9ec823/chromaprint-sys-next-1.5.3/src/chromaprint/src/3rdparty/googletest/googletest/include/gtest/gtest.h: In instantiation of 'testing::AssertionResult testing::internal::CmpHelperEQ(const char*, const char*, const T1&, const T2&) [with T1 = int; T2 = long unsigned int]':
[INFO] [stderr]   /opt/rustwide/cargo-home/registry/src/github.com-1ecc6299db9ec823/chromaprint-sys-next-1.5.3/src/chromaprint/src/3rdparty/googletest/googletest/include/gtest/gtest.h:1564:23:   required from 'static testing::AssertionResult testing::internal::EqHelper::Compare(const char*, const char*, const T1&, const T2&) [with T1 = int; T2 = long unsigned int; typename std::enable_if<((! std::is_integral<_Tp>::value) || (! std::is_pointer<_Dp>::value))>::type* <anonymous> = 0]'
[INFO] [stderr]   /opt/rustwide/cargo-home/registry/src/github.com-1ecc6299db9ec823/chromaprint-sys-next-1.5.3/src/chromaprint/tests/test_chroma.cpp:27:2:   required from here
[INFO] [stderr]   /opt/rustwide/cargo-home/registry/src/github.com-1ecc6299db9ec823/chromaprint-sys-next-1.5.3/src/chromaprint/src/3rdparty/googletest/googletest/include/gtest/gtest.h:1545:11: warning: comparison of integer expressions of different signedness: 'const int' and 'const long unsigned int' [-Wsign-compare]
[INFO] [stderr]    1545 |   if (lhs == rhs) {
[INFO] [stderr]         |       ~~~~^~~~~~
[INFO] [stderr]   c++: fatal error: Killed signal terminated program cc1plus
[INFO] [stderr]   compilation terminated.
[INFO] [stderr]   gmake[2]: *** [tests/CMakeFiles/all_tests.dir/build.make:174: tests/CMakeFiles/all_tests.dir/test_simhash.cpp.o] Error 1
[INFO] [stderr]   c++: fatal error: Killed signal terminated program cc1plus
[INFO] [stderr]   compilation terminated.
[INFO] [stderr]   gmake[2]: *** [tests/CMakeFiles/all_tests.dir/build.make:202: tests/CMakeFiles/all_tests.dir/test_chroma.cpp.o] Error 1
[INFO] [stderr]   In file included from /opt/rustwide/cargo-home/registry/src/github.com-1ecc6299db9ec823/chromaprint-sys-next-1.5.3/src/chromaprint/tests/test_utils.cpp:1:
[INFO] [stderr]   /opt/rustwide/cargo-home/registry/src/github.com-1ecc6299db9ec823/chromaprint-sys-next-1.5.3/src/chromaprint/src/3rdparty/googletest/googletest/include/gtest/gtest.h: In instantiation of 'testing::AssertionResult testing::internal::CmpHelperEQ(const char*, const char*, const T1&, const T2&) [with T1 = int; T2 = long unsigned int]':
[INFO] [stderr]   /opt/rustwide/cargo-home/registry/src/github.com-1ecc6299db9ec823/chromaprint-sys-next-1.5.3/src/chromaprint/src/3rdparty/googletest/googletest/include/gtest/gtest.h:1564:23:   required from 'static testing::AssertionResult testing::internal::EqHelper::Compare(const char*, const char*, const T1&, const T2&) [with T1 = int; T2 = long unsigned int; typename std::enable_if<((! std::is_integral<_Tp>::value) || (! std::is_pointer<_Dp>::value))>::type* <anonymous> = 0]'
[INFO] [stderr]   /opt/rustwide/cargo-home/registry/src/github.com-1ecc6299db9ec823/chromaprint-sys-next-1.5.3/src/chromaprint/tests/test_utils.h:16:2:   required from here
[INFO] [stderr]   /opt/rustwide/cargo-home/registry/src/github.com-1ecc6299db9ec823/chromaprint-sys-next-1.5.3/src/chromaprint/src/3rdparty/googletest/googletest/include/gtest/gtest.h:1545:11: warning: comparison of integer expressions of different signedness: 'const int' and 'const long unsigned int' [-Wsign-compare]
[INFO] [stderr]    1545 |   if (lhs == rhs) {
[INFO] [stderr]         |       ~~~~^~~~~~
[INFO] [stderr]   /opt/rustwide/cargo-home/registry/src/github.com-1ecc6299db9ec823/chromaprint-sys-next-1.5.3/src/chromaprint/src/3rdparty/googletest/googletest/include/gtest/gtest.h: In instantiation of 'testing::AssertionResult testing::internal::CmpHelperEQ(const char*, const char*, const T1&, const T2&) [with T1 = int; T2 = unsigned int]':
[INFO] [stderr]   /opt/rustwide/cargo-home/registry/src/github.com-1ecc6299db9ec823/chromaprint-sys-next-1.5.3/src/chromaprint/src/3rdparty/googletest/googletest/include/gtest/gtest.h:1564:23:   required from 'static testing::AssertionResult testing::internal::EqHelper::Compare(const char*, const char*, const T1&, const T2&) [with T1 = int; T2 = unsigned int; typename std::enable_if<((! std::is_integral<_Tp>::value) || (! std::is_pointer<_Dp>::value))>::type* <anonymous> = 0]'
[INFO] [stderr]   /opt/rustwide/cargo-home/registry/src/github.com-1ecc6299db9ec823/chromaprint-sys-next-1.5.3/src/chromaprint/tests/test_utils.cpp:76:5:   required from here
[INFO] [stderr]   /opt/rustwide/cargo-home/registry/src/github.com-1ecc6299db9ec823/chromaprint-sys-next-1.5.3/src/chromaprint/src/3rdparty/googletest/googletest/include/gtest/gtest.h:1545:11: warning: comparison of integer expressions of different signedness: 'const int' and 'const unsigned int' [-Wsign-compare]
[INFO] [stderr]   /opt/rustwide/cargo-home/registry/src/github.com-1ecc6299db9ec823/chromaprint-sys-next-1.5.3/src/chromaprint/src/3rdparty/googletest/googletest/include/gtest/gtest.h: In instantiation of 'testing::AssertionResult testing::internal::CmpHelperEQ(const char*, const char*, const T1&, const T2&) [with T1 = long unsigned int; T2 = int]':
[INFO] [stderr]   /opt/rustwide/cargo-home/registry/src/github.com-1ecc6299db9ec823/chromaprint-sys-next-1.5.3/src/chromaprint/src/3rdparty/googletest/googletest/include/gtest/gtest.h:1564:23:   required from 'static testing::AssertionResult testing::internal::EqHelper::Compare(const char*, const char*, const T1&, const T2&) [with T1 = long unsigned int; T2 = int; typename std::enable_if<((! std::is_integral<_Tp>::value) || (! std::is_pointer<_Dp>::value))>::type* <anonymous> = 0]'
[INFO] [stderr]   /opt/rustwide/cargo-home/registry/src/github.com-1ecc6299db9ec823/chromaprint-sys-next-1.5.3/src/chromaprint/tests/test_utils.cpp:99:2:   required from here
[INFO] [stderr]   /opt/rustwide/cargo-home/registry/src/github.com-1ecc6299db9ec823/chromaprint-sys-next-1.5.3/src/chromaprint/src/3rdparty/googletest/googletest/include/gtest/gtest.h:1545:11: warning: comparison of integer expressions of different signedness: 'const long unsigned int' and 'const int' [-Wsign-compare]
[INFO] [stderr]   In file included from /opt/rustwide/cargo-home/registry/src/github.com-1ecc6299db9ec823/chromaprint-sys-next-1.5.3/src/chromaprint/tests/test_chromaprint.cpp:1:
[INFO] [stderr]   /opt/rustwide/cargo-home/registry/src/github.com-1ecc6299db9ec823/chromaprint-sys-next-1.5.3/src/chromaprint/src/3rdparty/googletest/googletest/include/gtest/gtest.h: In instantiation of 'testing::AssertionResult testing::internal::CmpHelperEQ(const char*, const char*, const T1&, const T2&) [with T1 = int; T2 = long unsigned int]':
[INFO] [stderr]   /opt/rustwide/cargo-home/registry/src/github.com-1ecc6299db9ec823/chromaprint-sys-next-1.5.3/src/chromaprint/src/3rdparty/googletest/googletest/include/gtest/gtest.h:1564:23:   required from 'static testing::AssertionResult testing::internal::EqHelper::Compare(const char*, const char*, const T1&, const T2&) [with T1 = int; T2 = long unsigned int; typename std::enable_if<((! std::is_integral<_Tp>::value) || (! std::is_pointer<_Dp>::value))>::type* <anonymous> = 0]'
[INFO] [stderr]   /opt/rustwide/cargo-home/registry/src/github.com-1ecc6299db9ec823/chromaprint-sys-next-1.5.3/src/chromaprint/tests/test_utils.h:16:2:   required from here
[INFO] [stderr]   /opt/rustwide/cargo-home/registry/src/github.com-1ecc6299db9ec823/chromaprint-sys-next-1.5.3/src/chromaprint/src/3rdparty/googletest/googletest/include/gtest/gtest.h:1545:11: warning: comparison of integer expressions of different signedness: 'const int' and 'const long unsigned int' [-Wsign-compare]
[INFO] [stderr]    1545 |   if (lhs == rhs) {
[INFO] [stderr]         |       ~~~~^~~~~~
[INFO] [stderr]   In file included from /opt/rustwide/cargo-home/registry/src/github.com-1ecc6299db9ec823/chromaprint-sys-next-1.5.3/src/chromaprint/tests/test_fingerprint_compressor.cpp:1:
[INFO] [stderr]   /opt/rustwide/cargo-home/registry/src/github.com-1ecc6299db9ec823/chromaprint-sys-next-1.5.3/src/chromaprint/src/3rdparty/googletest/googletest/include/gtest/gtest.h: In instantiation of 'testing::AssertionResult testing::internal::CmpHelperEQ(const char*, const char*, const T1&, const T2&) [with T1 = int; T2 = long unsigned int]':
[INFO] [stderr]   /opt/rustwide/cargo-home/registry/src/github.com-1ecc6299db9ec823/chromaprint-sys-next-1.5.3/src/chromaprint/src/3rdparty/googletest/googletest/include/gtest/gtest.h:1564:23:   required from 'static testing::AssertionResult testing::internal::EqHelper::Compare(const char*, const char*, const T1&, const T2&) [with T1 = int; T2 = long unsigned int; typename std::enable_if<((! std::is_integral<_Tp>::value) || (! std::is_pointer<_Dp>::value))>::type* <anonymous> = 0]'
[INFO] [stderr]   /opt/rustwide/cargo-home/registry/src/github.com-1ecc6299db9ec823/chromaprint-sys-next-1.5.3/src/chromaprint/tests/test_utils.h:16:2:   required from here
[INFO] [stderr]   /opt/rustwide/cargo-home/registry/src/github.com-1ecc6299db9ec823/chromaprint-sys-next-1.5.3/src/chromaprint/src/3rdparty/googletest/googletest/include/gtest/gtest.h:1545:11: warning: comparison of integer expressions of different signedness: 'const int' and 'const long unsigned int' [-Wsign-compare]
[INFO] [stderr]    1545 |   if (lhs == rhs) {
[INFO] [stderr]         |       ~~~~^~~~~~
[INFO] [stderr]   In file included from /opt/rustwide/cargo-home/registry/src/github.com-1ecc6299db9ec823/chromaprint-sys-next-1.5.3/src/chromaprint/tests/test_audio_processor.cpp:1:
[INFO] [stderr]   /opt/rustwide/cargo-home/registry/src/github.com-1ecc6299db9ec823/chromaprint-sys-next-1.5.3/src/chromaprint/src/3rdparty/googletest/googletest/include/gtest/gtest.h: In instantiation of 'testing::AssertionResult testing::internal::CmpHelperEQ(const char*, const char*, const T1&, const T2&) [with T1 = int; T2 = long unsigned int]':
[INFO] [stderr]   /opt/rustwide/cargo-home/registry/src/github.com-1ecc6299db9ec823/chromaprint-sys-next-1.5.3/src/chromaprint/src/3rdparty/googletest/googletest/include/gtest/gtest.h:1564:23:   required from 'static testing::AssertionResult testing::internal::EqHelper::Compare(const char*, const char*, const T1&, const T2&) [with T1 = int; T2 = long unsigned int; typename std::enable_if<((! std::is_integral<_Tp>::value) || (! std::is_pointer<_Dp>::value))>::type* <anonymous> = 0]'
[INFO] [stderr]   /opt/rustwide/cargo-home/registry/src/github.com-1ecc6299db9ec823/chromaprint-sys-next-1.5.3/src/chromaprint/tests/test_utils.h:16:2:   required from here
[INFO] [stderr]   /opt/rustwide/cargo-home/registry/src/github.com-1ecc6299db9ec823/chromaprint-sys-next-1.5.3/src/chromaprint/src/3rdparty/googletest/googletest/include/gtest/gtest.h:1545:11: warning: comparison of integer expressions of different signedness: 'const int' and 'const long unsigned int' [-Wsign-compare]
[INFO] [stderr]    1545 |   if (lhs == rhs) {
[INFO] [stderr]         |       ~~~~^~~~~~
[INFO] [stderr]   In file included from /opt/rustwide/cargo-home/registry/src/github.com-1ecc6299db9ec823/chromaprint-sys-next-1.5.3/src/chromaprint/tests/test_silence_remover.cpp:1:
[INFO] [stderr]   /opt/rustwide/cargo-home/registry/src/github.com-1ecc6299db9ec823/chromaprint-sys-next-1.5.3/src/chromaprint/src/3rdparty/googletest/googletest/include/gtest/gtest.h: In instantiation of 'testing::AssertionResult testing::internal::CmpHelperEQ(const char*, const char*, const T1&, const T2&) [with T1 = int; T2 = long unsigned int]':
[INFO] [stderr]   /opt/rustwide/cargo-home/registry/src/github.com-1ecc6299db9ec823/chromaprint-sys-next-1.5.3/src/chromaprint/src/3rdparty/googletest/googletest/include/gtest/gtest.h:1564:23:   required from 'static testing::AssertionResult testing::internal::EqHelper::Compare(const char*, const char*, const T1&, const T2&) [with T1 = int; T2 = long unsigned int; typename std::enable_if<((! std::is_integral<_Tp>::value) || (! std::is_pointer<_Dp>::value))>::type* <anonymous> = 0]'
[INFO] [stderr]   /opt/rustwide/cargo-home/registry/src/github.com-1ecc6299db9ec823/chromaprint-sys-next-1.5.3/src/chromaprint/tests/test_utils.h:16:2:   required from here
[INFO] [stderr]   /opt/rustwide/cargo-home/registry/src/github.com-1ecc6299db9ec823/chromaprint-sys-next-1.5.3/src/chromaprint/src/3rdparty/googletest/googletest/include/gtest/gtest.h:1545:11: warning: comparison of integer expressions of different signedness: 'const int' and 'const long unsigned int' [-Wsign-compare]
[INFO] [stderr]    1545 |   if (lhs == rhs) {
[INFO] [stderr]         |       ~~~~^~~~~~
[INFO] [stderr]   In file included from /opt/rustwide/cargo-home/registry/src/github.com-1ecc6299db9ec823/chromaprint-sys-next-1.5.3/src/chromaprint/tests/test_filter.cpp:4:
[INFO] [stderr]   /opt/rustwide/cargo-home/registry/src/github.com-1ecc6299db9ec823/chromaprint-sys-next-1.5.3/src/chromaprint/src/3rdparty/googletest/googletest/include/gtest/gtest.h: In instantiation of 'testing::AssertionResult testing::internal::CmpHelperEQ(const char*, const char*, const T1&, const T2&) [with T1 = int; T2 = long unsigned int]':
[INFO] [stderr]   /opt/rustwide/cargo-home/registry/src/github.com-1ecc6299db9ec823/chromaprint-sys-next-1.5.3/src/chromaprint/src/3rdparty/googletest/googletest/include/gtest/gtest.h:1564:23:   required from 'static testing::AssertionResult testing::internal::EqHelper::Compare(const char*, const char*, const T1&, const T2&) [with T1 = int; T2 = long unsigned int; typename std::enable_if<((! std::is_integral<_Tp>::value) || (! std::is_pointer<_Dp>::value))>::type* <anonymous> = 0]'
[INFO] [stderr]   /opt/rustwide/cargo-home/registry/src/github.com-1ecc6299db9ec823/chromaprint-sys-next-1.5.3/src/chromaprint/tests/test_utils.h:16:2:   required from here
[INFO] [stderr]   /opt/rustwide/cargo-home/registry/src/github.com-1ecc6299db9ec823/chromaprint-sys-next-1.5.3/src/chromaprint/src/3rdparty/googletest/googletest/include/gtest/gtest.h:1545:11: warning: comparison of integer expressions of different signedness: 'const int' and 'const long unsigned int' [-Wsign-compare]
[INFO] [stderr]    1545 |   if (lhs == rhs) {
[INFO] [stderr]         |       ~~~~^~~~~~
[INFO] [stderr]   c++: fatal error: Killed signal terminated program cc1plus
[INFO] [stderr]   compilation terminated.
[INFO] [stderr]   gmake[2]: *** [tests/CMakeFiles/all_tests.dir/build.make:188: tests/CMakeFiles/all_tests.dir/test_chromaprint.cpp.o] Error 1
[INFO] [stderr]   c++: fatal error: Killed signal terminated program cc1plus
[INFO] [stderr]   compilation terminated.
[INFO] [stderr]   gmake[2]: *** [tests/CMakeFiles/all_tests.dir/build.make:104: tests/CMakeFiles/all_tests.dir/test_utils.cpp.o] Error 1
[INFO] [stderr]   gmake[1]: *** [CMakeFiles/Makefile2:255: tests/CMakeFiles/all_tests.dir/all] Error 2
[INFO] [stderr]   gmake: *** [Makefile:136: all] Error 2
[INFO] [stderr]   thread 'main' panicked at '
[INFO] [stderr]   command did not execute successfully, got: exit status: 2
[INFO] [stderr] 
[INFO] [stderr]   build script failed, must exit now', /opt/rustwide/cargo-home/registry/src/github.com-1ecc6299db9ec823/cmake-0.1.48/src/lib.rs:975:5
[INFO] [stderr]   stack backtrace:
[INFO] [stderr]      0:     0x5640f3839b3a - std::backtrace_rs::backtrace::libunwind::trace::ha9053a9a07ca49cb
[INFO] [stderr]                                  at /rustc/84c898d65adf2f39a5a98507f1fe0ce10a2b8dbc/library/std/src/../../backtrace/src/backtrace/libunwind.rs:93:5
[INFO] [stderr]      1:     0x5640f3839b3a - std::backtrace_rs::backtrace::trace_unsynchronized::h9c2852a457ad564e
[INFO] [stderr]                                  at /rustc/84c898d65adf2f39a5a98507f1fe0ce10a2b8dbc/library/std/src/../../backtrace/src/backtrace/mod.rs:66:5
[INFO] [stderr]      2:     0x5640f3839b3a - std::sys_common::backtrace::_print_fmt::h457936fbfaa0070f
[INFO] [stderr]                                  at /rustc/84c898d65adf2f39a5a98507f1fe0ce10a2b8dbc/library/std/src/sys_common/backtrace.rs:65:5
[INFO] [stderr]      3:     0x5640f3839b3a - <std::sys_common::backtrace::_print::DisplayBacktrace as core::fmt::Display>::fmt::h5779d7bf7f70cb0c
[INFO] [stderr]                                  at /rustc/84c898d65adf2f39a5a98507f1fe0ce10a2b8dbc/library/std/src/sys_common/backtrace.rs:44:22
[INFO] [stderr]      4:     0x5640f385fbce - core::fmt::write::h5a4baaff1bcd3eb5
[INFO] [stderr]                                  at /rustc/84c898d65adf2f39a5a98507f1fe0ce10a2b8dbc/library/core/src/fmt/mod.rs:1232:17
[INFO] [stderr]      5:     0x5640f38367c5 - std::io::Write::write_fmt::h4bc1f301cb9e9cce
[INFO] [stderr]                                  at /rustc/84c898d65adf2f39a5a98507f1fe0ce10a2b8dbc/library/std/src/io/mod.rs:1684:15
[INFO] [stderr]      6:     0x5640f3839905 - std::sys_common::backtrace::_print::h5fcdc36060f177e8
[INFO] [stderr]                                  at /rustc/84c898d65adf2f39a5a98507f1fe0ce10a2b8dbc/library/std/src/sys_common/backtrace.rs:47:5
[INFO] [stderr]      7:     0x5640f3839905 - std::sys_common::backtrace::print::h54ca9458b876c8bf
[INFO] [stderr]                                  at /rustc/84c898d65adf2f39a5a98507f1fe0ce10a2b8dbc/library/std/src/sys_common/backtrace.rs:34:9
[INFO] [stderr]      8:     0x5640f383b2df - std::panicking::default_hook::{{closure}}::hbe471161c7664ed6
[INFO] [stderr]                                  at /rustc/84c898d65adf2f39a5a98507f1fe0ce10a2b8dbc/library/std/src/panicking.rs:271:22
[INFO] [stderr]      9:     0x5640f383b01b - std::panicking::default_hook::ha3500da57aa4ac4f
[INFO] [stderr]                                  at /rustc/84c898d65adf2f39a5a98507f1fe0ce10a2b8dbc/library/std/src/panicking.rs:290:9
[INFO] [stderr]     10:     0x5640f383b888 - std::panicking::rust_panic_with_hook::h50c09d000dc561d2
[INFO] [stderr]                                  at /rustc/84c898d65adf2f39a5a98507f1fe0ce10a2b8dbc/library/std/src/panicking.rs:692:13
[INFO] [stderr]     11:     0x5640f383b789 - std::panicking::begin_panic_handler::{{closure}}::h9e2b2176e00e0d9c
[INFO] [stderr]                                  at /rustc/84c898d65adf2f39a5a98507f1fe0ce10a2b8dbc/library/std/src/panicking.rs:583:13
[INFO] [stderr]     12:     0x5640f3839fa6 - std::sys_common::backtrace::__rust_end_short_backtrace::h5739b8e512c09d02
[INFO] [stderr]                                  at /rustc/84c898d65adf2f39a5a98507f1fe0ce10a2b8dbc/library/std/src/sys_common/backtrace.rs:150:18
[INFO] [stderr]     13:     0x5640f383b492 - rust_begin_unwind
[INFO] [stderr]                                  at /rustc/84c898d65adf2f39a5a98507f1fe0ce10a2b8dbc/library/std/src/panicking.rs:579:5
[INFO] [stderr]     14:     0x5640f33a77d3 - core::panicking::panic_fmt::hf33a1475b4dc5c3e
[INFO] [stderr]                                  at /rustc/84c898d65adf2f39a5a98507f1fe0ce10a2b8dbc/library/core/src/panicking.rs:64:14
[INFO] [stderr]     15:     0x5640f33d764f - cmake::fail::h00aca0d84517c318
[INFO] [stderr]     16:     0x5640f33d70b3 - cmake::run::h90a7542d53f4c0ad
[INFO] [stderr]     17:     0x5640f33d44f9 - cmake::Config::build::haa4b16a04dd484ab
[INFO] [stderr]     18:     0x5640f33a9adf - build_script_build::build_chromaprint::h7d75bbcd6b2dfaa2
[INFO] [stderr]     19:     0x5640f33aa405 - build_script_build::main::h74c3b5772aef5c40
[INFO] [stderr]     20:     0x5640f33a8f83 - core::ops::function::FnOnce::call_once::h0ba2627118a5b17a
[INFO] [stderr]     21:     0x5640f33a8949 - std::sys_common::backtrace::__rust_begin_short_backtrace::h4e7a5f1aec86ec5c
[INFO] [stderr]     22:     0x5640f33a9609 - std::rt::lang_start::{{closure}}::hc3dc53af251dcb56
[INFO] [stderr]     23:     0x5640f383236c - core::ops::function::impls::<impl core::ops::function::FnOnce<A> for &F>::call_once::hd6efcd3bec896f2c
[INFO] [stderr]                                  at /rustc/84c898d65adf2f39a5a98507f1fe0ce10a2b8dbc/library/core/src/ops/function.rs:287:13
[INFO] [stderr]     24:     0x5640f383236c - std::panicking::try::do_call::hce04e543bb1f4cbb
[INFO] [stderr]                                  at /rustc/84c898d65adf2f39a5a98507f1fe0ce10a2b8dbc/library/std/src/panicking.rs:487:40
[INFO] [stderr]     25:     0x5640f383236c - std::panicking::try::h3342dd4e1f680968
[INFO] [stderr]                                  at /rustc/84c898d65adf2f39a5a98507f1fe0ce10a2b8dbc/library/std/src/panicking.rs:451:19
[INFO] [stderr]     26:     0x5640f383236c - std::panic::catch_unwind::h148ce1e59ac0cee7
[INFO] [stderr]                                  at /rustc/84c898d65adf2f39a5a98507f1fe0ce10a2b8dbc/library/std/src/panic.rs:140:14
[INFO] [stderr]     27:     0x5640f383236c - std::rt::lang_start_internal::{{closure}}::h25f9dda2057a67fe
[INFO] [stderr]                                  at /rustc/84c898d65adf2f39a5a98507f1fe0ce10a2b8dbc/library/std/src/rt.rs:148:48
[INFO] [stderr]     28:     0x5640f383236c - std::panicking::try::do_call::h7caaaeaf9401650b
[INFO] [stderr]                                  at /rustc/84c898d65adf2f39a5a98507f1fe0ce10a2b8dbc/library/std/src/panicking.rs:487:40
[INFO] [stderr]     29:     0x5640f383236c - std::panicking::try::he7d15285746cbbc2
[INFO] [stderr]                                  at /rustc/84c898d65adf2f39a5a98507f1fe0ce10a2b8dbc/library/std/src/panicking.rs:451:19
[INFO] [stderr]     30:     0x5640f383236c - std::panic::catch_unwind::h89fb4f50c0301fe0
[INFO] [stderr]                                  at /rustc/84c898d65adf2f39a5a98507f1fe0ce10a2b8dbc/library/std/src/panic.rs:140:14
[INFO] [stderr]     31:     0x5640f383236c - std::rt::lang_start_internal::h078acd489417d3c1
[INFO] [stderr]                                  at /rustc/84c898d65adf2f39a5a98507f1fe0ce10a2b8dbc/library/std/src/rt.rs:148:20
[INFO] [stderr]     32:     0x5640f33a95e7 - std::rt::lang_start::h7980e9c72f27c571
[INFO] [stderr]     33:     0x5640f33aa9f5 - main
[INFO] [stderr]     34:     0x7f24a6c6ad90 - <unknown>
[INFO] [stderr]     35:     0x7f24a6c6ae40 - __libc_start_main
[INFO] [stderr]     36:     0x5640f33a7e65 - _start
[INFO] [stderr]     37:                0x0 - <unknown>
[INFO] running `Command { std: "docker" "inspect" "da9401255ba882ab588e98b8712b04abe5f83ba696c15647634547a31bbe4b53", kill_on_drop: false }`
[INFO] running `Command { std: "docker" "rm" "-f" "da9401255ba882ab588e98b8712b04abe5f83ba696c15647634547a31bbe4b53", kill_on_drop: false }`
[INFO] [stdout] da9401255ba882ab588e98b8712b04abe5f83ba696c15647634547a31bbe4b53
