[INFO] fetching crate nats 0.24.0...
[INFO] testing nats-0.24.0 against 1.69.0 for beta-1.70-1
[INFO] extracting crate nats 0.24.0 into /workspace/builds/worker-5-tc1/source
[INFO] validating manifest of crates.io crate nats 0.24.0 on toolchain 1.69.0
[INFO] running `Command { std: CARGO_HOME="/workspace/cargo-home" RUSTUP_HOME="/workspace/rustup-home" "/workspace/cargo-home/bin/cargo" "+1.69.0" "metadata" "--manifest-path" "Cargo.toml" "--no-deps", kill_on_drop: false }`
[INFO] started tweaking crates.io crate nats 0.24.0
[INFO] removed 0 missing examples
[INFO] finished tweaking crates.io crate nats 0.24.0
[INFO] tweaked toml for crates.io crate nats 0.24.0 written to /workspace/builds/worker-5-tc1/source/Cargo.toml
[INFO] crate crates.io crate nats 0.24.0 already has a lockfile, it will not be regenerated
[INFO] running `Command { std: CARGO_HOME="/workspace/cargo-home" RUSTUP_HOME="/workspace/rustup-home" "/workspace/cargo-home/bin/cargo" "+1.69.0" "fetch" "--manifest-path" "Cargo.toml", kill_on_drop: false }`
[INFO] [stderr]  Downloading crates ...
[INFO] [stderr]   Downloaded serde_repr v0.1.7
[INFO] [stderr]   Downloaded historian v4.0.4
[INFO] [stderr]   Downloaded serde_nanos v0.1.2
[INFO] [stderr]   Downloaded async-fs v1.5.0
[INFO] [stderr]   Downloaded serde_json v1.0.71
[INFO] [stderr]   Downloaded smol v1.2.5
[INFO] [stderr]   Downloaded nuid v0.3.2
[INFO] [stderr]   Downloaded globwalk v0.3.1
[INFO] [stderr]   Downloaded quicli v0.4.0
[INFO] [stderr]   Downloaded signatory v0.23.2
[INFO] [stderr]   Downloaded nkeys v0.1.0
[INFO] [stderr]   Downloaded ed25519 v1.3.0
[INFO] [stderr]   Downloaded base64-url v1.4.10
[INFO] [stderr]   Downloaded async-net v1.6.1
[INFO] [stderr]   Downloaded signatory v0.21.0
[INFO] [stderr]   Downloaded backtrace v0.3.63
[INFO] [stderr]   Downloaded nkeys v0.2.0
[INFO] [stderr]   Downloaded nats v0.16.0
[INFO] running `Command { std: "docker" "create" "-v" "/var/lib/crater-agent-workspace/builds/worker-5-tc1/target:/opt/rustwide/target:rw,Z" "-v" "/var/lib/crater-agent-workspace/builds/worker-5-tc1/source:/opt/rustwide/workdir:ro,Z" "-v" "/var/lib/crater-agent-workspace/cargo-home:/opt/rustwide/cargo-home:ro,Z" "-v" "/var/lib/crater-agent-workspace/rustup-home:/opt/rustwide/rustup-home:ro,Z" "-e" "SOURCE_DIR=/opt/rustwide/workdir" "-e" "CARGO_TARGET_DIR=/opt/rustwide/target" "-e" "CARGO_HOME=/opt/rustwide/cargo-home" "-e" "RUSTUP_HOME=/opt/rustwide/rustup-home" "-w" "/opt/rustwide/workdir" "-m" "1610612736" "--user" "0:0" "--network" "none" "ghcr.io/rust-lang/crates-build-env/linux@sha256:5ff2268d62e97bff2cde7d5815dd6ed5b47097566f13b8d0ca110b04b60e07ed" "/opt/rustwide/cargo-home/bin/cargo" "+1.69.0" "metadata" "--no-deps" "--format-version=1", kill_on_drop: false }`
[INFO] [stdout] 037a39c96479ce93a54d0c415a06416b1888d77e45891ad91e3cb31832ffe1a2
[INFO] running `Command { std: "docker" "start" "-a" "037a39c96479ce93a54d0c415a06416b1888d77e45891ad91e3cb31832ffe1a2", kill_on_drop: false }`
[INFO] running `Command { std: "docker" "inspect" "037a39c96479ce93a54d0c415a06416b1888d77e45891ad91e3cb31832ffe1a2", kill_on_drop: false }`
[INFO] running `Command { std: "docker" "rm" "-f" "037a39c96479ce93a54d0c415a06416b1888d77e45891ad91e3cb31832ffe1a2", kill_on_drop: false }`
[INFO] [stdout] 037a39c96479ce93a54d0c415a06416b1888d77e45891ad91e3cb31832ffe1a2
[INFO] running `Command { std: "docker" "create" "-v" "/var/lib/crater-agent-workspace/builds/worker-5-tc1/target:/opt/rustwide/target:rw,Z" "-v" "/var/lib/crater-agent-workspace/builds/worker-5-tc1/source:/opt/rustwide/workdir:ro,Z" "-v" "/var/lib/crater-agent-workspace/cargo-home:/opt/rustwide/cargo-home:ro,Z" "-v" "/var/lib/crater-agent-workspace/rustup-home:/opt/rustwide/rustup-home:ro,Z" "-e" "SOURCE_DIR=/opt/rustwide/workdir" "-e" "CARGO_TARGET_DIR=/opt/rustwide/target" "-e" "CARGO_INCREMENTAL=0" "-e" "RUST_BACKTRACE=full" "-e" "RUSTFLAGS=--cap-lints=warn" "-e" "RUSTDOCFLAGS=--cap-lints=warn" "-e" "CARGO_HOME=/opt/rustwide/cargo-home" "-e" "RUSTUP_HOME=/opt/rustwide/rustup-home" "-w" "/opt/rustwide/workdir" "-m" "1610612736" "--user" "0:0" "--network" "none" "ghcr.io/rust-lang/crates-build-env/linux@sha256:5ff2268d62e97bff2cde7d5815dd6ed5b47097566f13b8d0ca110b04b60e07ed" "/opt/rustwide/cargo-home/bin/cargo" "+1.69.0" "build" "--frozen" "--message-format=json", kill_on_drop: false }`
[INFO] [stdout] ad9d474763f8b41675a3697841c022d9e2152748ad22446c662319b76a58647b
[INFO] running `Command { std: "docker" "start" "-a" "ad9d474763f8b41675a3697841c022d9e2152748ad22446c662319b76a58647b", kill_on_drop: false }`
[INFO] [stderr]    Compiling libc v0.2.108
[INFO] [stderr]    Compiling cfg-if v1.0.0
[INFO] [stderr]    Compiling proc-macro2 v1.0.32
[INFO] [stderr]    Compiling unicode-xid v0.2.2
[INFO] [stderr]    Compiling syn v1.0.81
[INFO] [stderr]    Compiling typenum v1.14.0
[INFO] [stderr]    Compiling version_check v0.9.3
[INFO] [stderr]    Compiling cc v1.0.72
[INFO] [stderr]    Compiling once_cell v1.8.0
[INFO] [stderr]    Compiling serde_derive v1.0.136
[INFO] [stderr]    Compiling getrandom v0.1.16
[INFO] [stderr]    Compiling memchr v2.4.1
[INFO] [stderr]    Compiling const-oid v0.6.2
[INFO] [stderr]    Compiling futures-core v0.3.18
[INFO] [stderr]    Compiling spin v0.5.2
[INFO] [stderr]    Compiling log v0.4.14
[INFO] [stderr]    Compiling serde v1.0.136
[INFO] [stderr]    Compiling untrusted v0.7.1
[INFO] [stderr]    Compiling der v0.4.5
[INFO] [stderr]    Compiling tinyvec_macros v0.1.0
[INFO] [stderr]    Compiling base64ct v1.1.1
[INFO] [stderr]    Compiling base64 v0.13.0
[INFO] [stderr]    Compiling ppv-lite86 v0.2.15
[INFO] [stderr]    Compiling signature v1.4.0
[INFO] [stderr]    Compiling tinyvec v1.5.1
[INFO] [stderr]    Compiling ryu v1.0.5
[INFO] [stderr]    Compiling generic-array v0.14.4
[INFO] [stderr]    Compiling pem-rfc7468 v0.2.4
[INFO] [stderr]    Compiling subtle v2.4.1
[INFO] [stderr]    Compiling lazy_static v1.4.0
[INFO] [stderr]    Compiling matches v0.1.9
[INFO] [stderr]    Compiling crossbeam-utils v0.8.5
[INFO] [stderr]    Compiling cpufeatures v0.2.1
[INFO] [stderr]    Compiling byteorder v1.4.3
[INFO] [stderr]    Compiling cache-padded v1.1.1
[INFO] [stderr]    Compiling opaque-debug v0.3.0
[INFO] [stderr]    Compiling parking_lot_core v0.9.7
[INFO] [stderr]    Compiling ed25519 v1.3.0
[INFO] [stderr]    Compiling spki v0.4.1
[INFO] [stderr]    Compiling scopeguard v1.1.0
[INFO] [stderr]    Compiling concurrent-queue v1.2.2
[INFO] [stderr]    Compiling pin-project-lite v0.2.7
[INFO] [stderr]    Compiling waker-fn v1.1.0
[INFO] [stderr]    Compiling quote v1.0.10
[INFO] [stderr]    Compiling fastrand v1.5.0
[INFO] [stderr]    Compiling futures-io v0.3.18
[INFO] [stderr]    Compiling serde_json v1.0.71
[INFO] [stderr]    Compiling parking v2.0.0
[INFO] [stderr]    Compiling unicode-bidi v0.3.7
[INFO] [stderr]    Compiling smallvec v1.7.0
[INFO] [stderr]    Compiling event-listener v2.5.1
[INFO] [stderr]    Compiling percent-encoding v2.1.0
[INFO] [stderr]    Compiling getrandom v0.2.3
[INFO] [stderr]    Compiling futures-lite v1.12.0
[INFO] [stderr]    Compiling form_urlencoded v1.0.1
[INFO] [stderr]    Compiling async-channel v1.6.1
[INFO] [stderr]    Compiling ring v0.16.20
[INFO] [stderr]    Compiling unicode-normalization v0.1.19
[INFO] [stderr]    Compiling lock_api v0.4.6
[INFO] [stderr]    Compiling aho-corasick v0.7.18
[INFO] [stderr]    Compiling rand_core v0.6.3
[INFO] [stderr]    Compiling rand_core v0.5.1
[INFO] [stderr]    Compiling async-task v4.0.3
[INFO] [stderr]    Compiling itoa v0.4.8
[INFO] [stderr]    Compiling openssl-probe v0.1.4
[INFO] [stderr]    Compiling itoa v1.0.1
[INFO] [stderr]    Compiling data-encoding v2.3.2
[INFO] [stderr]    Compiling rand_chacha v0.3.1
[INFO] [stderr]    Compiling regex-syntax v0.6.28
[INFO] [stderr]    Compiling atomic-waker v1.0.0
[INFO] [stderr]    Compiling num_threads v0.1.3
[INFO] [stderr]    Compiling parking_lot v0.12.1
[INFO] [stderr]    Compiling crossbeam-channel v0.5.1
[INFO] [stderr]    Compiling rustls-pemfile v0.2.1
[INFO] [stderr]    Compiling rand v0.8.4
[INFO] [stderr]    Compiling base64-url v1.4.10
[INFO] [stderr]    Compiling digest v0.9.0
[INFO] [stderr]    Compiling block-buffer v0.9.0
[INFO] [stderr]    Compiling json v0.12.4
[INFO] [stderr]    Compiling sha2 v0.9.8
[INFO] [stderr]    Compiling idna v0.2.3
[INFO] [stderr]    Compiling blocking v1.1.0
[INFO] [stderr]    Compiling nuid v0.3.2
[INFO] [stderr]    Compiling url v2.2.2
[INFO] [stderr]    Compiling regex v1.7.1
[INFO] [stderr]    Compiling synstructure v0.12.6
[INFO] [stderr]    Compiling sct v0.6.1
[INFO] [stderr]    Compiling webpki v0.21.4
[INFO] [stderr]    Compiling rustls v0.19.1
[INFO] [stderr]    Compiling zeroize_derive v1.2.2
[INFO] [stderr]    Compiling serde_repr v0.1.7
[INFO] [stderr]    Compiling zeroize v1.4.3
[INFO] [stderr]    Compiling curve25519-dalek v3.2.0
[INFO] [stderr]    Compiling pkcs8 v0.7.6
[INFO] [stderr]    Compiling signatory v0.23.2
[INFO] [stderr]    Compiling ed25519-dalek v1.0.1
[INFO] [stderr]    Compiling nkeys v0.2.0
[INFO] [stderr]    Compiling rustls-native-certs v0.5.0
[INFO] [stderr]    Compiling serde_nanos v0.1.2
[INFO] [stderr]    Compiling time v0.3.7
[INFO] [stderr]    Compiling nats v0.24.0 (/opt/rustwide/workdir)
[INFO] [stderr]     Finished dev [unoptimized + debuginfo] target(s) in 19.29s
[INFO] running `Command { std: "docker" "inspect" "ad9d474763f8b41675a3697841c022d9e2152748ad22446c662319b76a58647b", kill_on_drop: false }`
[INFO] running `Command { std: "docker" "rm" "-f" "ad9d474763f8b41675a3697841c022d9e2152748ad22446c662319b76a58647b", kill_on_drop: false }`
[INFO] [stdout] ad9d474763f8b41675a3697841c022d9e2152748ad22446c662319b76a58647b
[INFO] running `Command { std: "docker" "create" "-v" "/var/lib/crater-agent-workspace/builds/worker-5-tc1/target:/opt/rustwide/target:rw,Z" "-v" "/var/lib/crater-agent-workspace/builds/worker-5-tc1/source:/opt/rustwide/workdir:ro,Z" "-v" "/var/lib/crater-agent-workspace/cargo-home:/opt/rustwide/cargo-home:ro,Z" "-v" "/var/lib/crater-agent-workspace/rustup-home:/opt/rustwide/rustup-home:ro,Z" "-e" "SOURCE_DIR=/opt/rustwide/workdir" "-e" "CARGO_TARGET_DIR=/opt/rustwide/target" "-e" "CARGO_INCREMENTAL=0" "-e" "RUST_BACKTRACE=full" "-e" "RUSTFLAGS=--cap-lints=warn" "-e" "RUSTDOCFLAGS=--cap-lints=warn" "-e" "CARGO_HOME=/opt/rustwide/cargo-home" "-e" "RUSTUP_HOME=/opt/rustwide/rustup-home" "-w" "/opt/rustwide/workdir" "-m" "1610612736" "--user" "0:0" "--network" "none" "ghcr.io/rust-lang/crates-build-env/linux@sha256:5ff2268d62e97bff2cde7d5815dd6ed5b47097566f13b8d0ca110b04b60e07ed" "/opt/rustwide/cargo-home/bin/cargo" "+1.69.0" "test" "--frozen" "--no-run" "--message-format=json", kill_on_drop: false }`
[INFO] [stdout] 1c7bfaf23b6f5548a33c1bb892a428a4bed67e0fb474e879ad69bce5393af0ca
[INFO] running `Command { std: "docker" "start" "-a" "1c7bfaf23b6f5548a33c1bb892a428a4bed67e0fb474e879ad69bce5393af0ca", kill_on_drop: false }`
[INFO] [stderr]    Compiling cfg-if v1.0.0
[INFO] [stderr]    Compiling autocfg v1.0.1
[INFO] [stderr]    Compiling once_cell v1.8.0
[INFO] [stderr]    Compiling lazy_static v1.4.0
[INFO] [stderr]    Compiling libc v0.2.108
[INFO] [stderr]    Compiling memchr v2.4.1
[INFO] [stderr]    Compiling futures-core v0.3.18
[INFO] [stderr]    Compiling scopeguard v1.1.0
[INFO] [stderr]    Compiling regex-syntax v0.6.28
[INFO] [stderr]    Compiling cache-padded v1.1.1
[INFO] [stderr]    Compiling pin-project-lite v0.2.7
[INFO] [stderr]    Compiling fastrand v1.5.0
[INFO] [stderr]    Compiling typenum v1.14.0
[INFO] [stderr]    Compiling parking v2.0.0
[INFO] [stderr]    Compiling futures-io v0.3.18
[INFO] [stderr]    Compiling serde v1.0.136
[INFO] [stderr]    Compiling log v0.4.14
[INFO] [stderr]    Compiling zeroize v1.4.3
[INFO] [stderr]    Compiling crossbeam-utils v0.8.5
[INFO] [stderr]    Compiling concurrent-queue v1.2.2
[INFO] [stderr]    Compiling waker-fn v1.1.0
[INFO] [stderr]    Compiling event-listener v2.5.1
[INFO] [stderr]    Compiling ppv-lite86 v0.2.15
[INFO] [stderr]    Compiling proc-macro2 v0.4.30
[INFO] [stderr]    Compiling signature v1.4.0
[INFO] [stderr]    Compiling semver v1.0.4
[INFO] [stderr]    Compiling regex-automata v0.1.10
[INFO] [stderr]    Compiling untrusted v0.7.1
[INFO] [stderr]    Compiling aho-corasick v0.7.18
[INFO] [stderr]    Compiling futures-lite v1.12.0
[INFO] [stderr]    Compiling crossbeam-epoch v0.9.5
[INFO] [stderr]    Compiling memoffset v0.6.4
[INFO] [stderr]    Compiling getrandom v0.1.16
[INFO] [stderr]    Compiling atty v0.2.14
[INFO] [stderr]    Compiling getrandom v0.2.3
[INFO] [stderr]    Compiling rand_core v0.5.1
[INFO] [stderr]    Compiling num-traits v0.2.14
[INFO] [stderr]    Compiling miniz_oxide v0.4.4
[INFO] [stderr]    Compiling generic-array v0.14.4
[INFO] [stderr]    Compiling spin v0.5.2
[INFO] [stderr]    Compiling unicode-width v0.1.9
[INFO] [stderr]    Compiling async-task v4.0.3
[INFO] [stderr]    Compiling unicode-xid v0.1.0
[INFO] [stderr]    Compiling unicode-segmentation v1.8.0
[INFO] [stderr]    Compiling rand_core v0.6.3
[INFO] [stderr]    Compiling ring v0.16.20
[INFO] [stderr]    Compiling textwrap v0.11.0
[INFO] [stderr]    Compiling crossbeam-channel v0.5.1
[INFO] [stderr]    Compiling ryu v1.0.5
[INFO] [stderr]    Compiling async-channel v1.6.1
[INFO] [stderr]    Compiling backtrace v0.3.63
[INFO] [stderr]    Compiling digest v0.9.0
[INFO] [stderr]    Compiling block-buffer v0.9.0
[INFO] [stderr]    Compiling heck v0.3.3
[INFO] [stderr]    Compiling vec_map v0.8.2
[INFO] [stderr]    Compiling base64 v0.13.0
[INFO] [stderr]    Compiling byteorder v1.4.3
[INFO] [stderr]    Compiling itoa v0.4.8
[INFO] [stderr]    Compiling cpufeatures v0.2.1
[INFO] [stderr]    Compiling smallvec v1.7.0
[INFO] [stderr]    Compiling failure_derive v0.1.8
[INFO] [stderr]    Compiling rayon-core v1.9.1
[INFO] [stderr]    Compiling opaque-debug v0.3.0
[INFO] [stderr]    Compiling tinyvec_macros v0.1.0
[INFO] [stderr]    Compiling syn v0.15.44
[INFO] [stderr]    Compiling atomic-waker v1.0.0
[INFO] [stderr]    Compiling bitflags v1.3.2
[INFO] [stderr]    Compiling strsim v0.8.0
[INFO] [stderr]    Compiling const-oid v0.6.2
[INFO] [stderr]    Compiling ansi_term v0.11.0
[INFO] [stderr]    Compiling subtle v2.4.1
[INFO] [stderr]    Compiling gimli v0.26.1
[INFO] [stderr]    Compiling adler v1.0.2
[INFO] [stderr]    Compiling der v0.4.5
[INFO] [stderr]    Compiling curve25519-dalek v3.2.0
[INFO] [stderr]    Compiling blocking v1.1.0
[INFO] [stderr]    Compiling clap v2.33.3
[INFO] [stderr]    Compiling tinyvec v1.5.1
[INFO] [stderr]    Compiling sha2 v0.9.8
[INFO] [stderr]    Compiling quote v0.6.13
[INFO] [stderr]    Compiling regex v1.7.1
[INFO] [stderr]    Compiling rustc_version v0.4.0
[INFO] [stderr]    Compiling rand_chacha v0.3.1
[INFO] [stderr]    Compiling object v0.27.1
[INFO] [stderr]    Compiling ed25519 v1.3.0
[INFO] [stderr]    Compiling proc-macro-error-attr v1.0.4
[INFO] [stderr]    Compiling either v1.6.1
[INFO] [stderr]    Compiling base64ct v1.1.1
[INFO] [stderr]    Compiling same-file v1.0.6
[INFO] [stderr]    Compiling rustc-demangle v0.1.21
[INFO] [stderr]    Compiling slab v0.4.5
[INFO] [stderr]    Compiling matches v0.1.9
[INFO] [stderr]    Compiling unicode-normalization v0.1.19
[INFO] [stderr]    Compiling pem-rfc7468 v0.2.4
[INFO] [stderr]    Compiling ed25519-dalek v1.0.1
[INFO] [stderr]    Compiling crossbeam-deque v0.8.1
[INFO] [stderr]    Compiling bstr v0.2.17
[INFO] [stderr]    Compiling walkdir v2.3.2
[INFO] [stderr]    Compiling serde_json v1.0.71
[INFO] [stderr]    Compiling cast v0.2.7
[INFO] [stderr]    Compiling rand v0.8.4
[INFO] [stderr]    Compiling spki v0.4.1
[INFO] [stderr]    Compiling webpki v0.21.4
[INFO] [stderr]    Compiling sct v0.6.1
[INFO] [stderr]    Compiling socket2 v0.4.2
[INFO] [stderr]    Compiling polling v2.2.0
[INFO] [stderr]    Compiling num_cpus v1.13.0
[INFO] [stderr]    Compiling num-integer v0.1.44
[INFO] [stderr]    Compiling rayon v1.5.1
[INFO] [stderr]    Compiling addr2line v0.17.0
[INFO] [stderr]    Compiling lock_api v0.4.6
[INFO] [stderr]    Compiling proc-macro-error v1.0.4
[INFO] [stderr]    Compiling quick-error v1.2.3
[INFO] [stderr]    Compiling percent-encoding v2.1.0
[INFO] [stderr]    Compiling data-encoding v2.3.2
[INFO] [stderr]    Compiling parking_lot_core v0.8.5
[INFO] [stderr]    Compiling fnv v1.0.7
[INFO] [stderr]    Compiling termcolor v1.1.2
[INFO] [stderr]    Compiling unicode-bidi v0.3.7
[INFO] [stderr]    Compiling signal-hook v0.3.10
[INFO] [stderr]    Compiling globset v0.4.8
[INFO] [stderr]    Compiling form_urlencoded v1.0.1
[INFO] [stderr]    Compiling idna v0.2.3
[INFO] [stderr]    Compiling humantime v1.3.0
[INFO] [stderr]    Compiling async-io v1.6.0
[INFO] [stderr]    Compiling rustls v0.19.1
[INFO] [stderr]    Compiling pkcs8 v0.7.6
[INFO] [stderr]    Compiling rand_chacha v0.2.2
[INFO] [stderr]    Compiling signal-hook-registry v1.4.0
[INFO] [stderr]    Compiling subtle-encoding v0.5.1
[INFO] [stderr]    Compiling thread_local v1.1.3
[INFO] [stderr]    Compiling instant v0.1.12
[INFO] [stderr]    Compiling failure v0.1.8
[INFO] [stderr]    Compiling plotters-backend v0.3.2
[INFO] [stderr]    Compiling openssl-probe v0.1.4
[INFO] [stderr]    Compiling ignore v0.4.18
[INFO] [stderr]    Compiling plotters-svg v0.3.1
[INFO] [stderr]    Compiling rand v0.7.3
[INFO] [stderr]    Compiling signatory v0.21.0
[INFO] [stderr]    Compiling signatory v0.23.2
[INFO] [stderr]    Compiling url v2.2.2
[INFO] [stderr]    Compiling env_logger v0.5.13
[INFO] [stderr]    Compiling structopt-derive v0.2.18
[INFO] [stderr]    Compiling parking_lot_core v0.9.7
[INFO] [stderr]    Compiling nuid v0.3.2
[INFO] [stderr]    Compiling itertools v0.10.1
[INFO] [stderr]    Compiling rustls-native-certs v0.5.0
[INFO] [stderr]    Compiling base64-url v1.4.10
[INFO] [stderr]    Compiling time v0.1.44
[INFO] [stderr]    Compiling csv-core v0.1.10
[INFO] [stderr]    Compiling async-lock v2.4.0
[INFO] [stderr]    Compiling num_threads v0.1.3
[INFO] [stderr]    Compiling json v0.12.4
[INFO] [stderr]    Compiling half v1.8.2
[INFO] [stderr]    Compiling itoa v1.0.1
[INFO] [stderr]    Compiling chrono v0.4.19
[INFO] [stderr]    Compiling time v0.3.7
[INFO] [stderr]    Compiling async-fs v1.5.0
[INFO] [stderr]    Compiling csv v1.1.6
[INFO] [stderr]    Compiling nkeys v0.1.0
[INFO] [stderr]    Compiling parking_lot v0.12.1
[INFO] [stderr]    Compiling globwalk v0.3.1
[INFO] [stderr]    Compiling serde_cbor v0.11.2
[INFO] [stderr]    Compiling structopt-derive v0.4.18
[INFO] [stderr]    Compiling nkeys v0.2.0
[INFO] [stderr]    Compiling structopt v0.2.18
[INFO] [stderr]    Compiling async-process v1.3.0
[INFO] [stderr]    Compiling clap-verbosity-flag v0.2.0
[INFO] [stderr]    Compiling criterion-plot v0.4.4
[INFO] [stderr]    Compiling parking_lot v0.11.2
[INFO] [stderr]    Compiling plotters v0.3.1
[INFO] [stderr]    Compiling exitfailure v0.5.1
[INFO] [stderr]    Compiling async-net v1.6.1
[INFO] [stderr]    Compiling tinytemplate v1.2.1
[INFO] [stderr]    Compiling async-executor v1.4.1
[INFO] [stderr]    Compiling serde_nanos v0.1.2
[INFO] [stderr]    Compiling rustls-pemfile v0.2.1
[INFO] [stderr]    Compiling remove_dir_all v0.5.3
[INFO] [stderr]    Compiling oorandom v11.1.3
[INFO] [stderr]    Compiling humantime v2.1.0
[INFO] [stderr]    Compiling quicli v0.4.0
[INFO] [stderr]    Compiling nats v0.16.0
[INFO] [stderr]    Compiling smol v1.2.5
[INFO] [stderr]    Compiling historian v4.0.4
[INFO] [stderr]    Compiling env_logger v0.9.0
[INFO] [stderr]    Compiling nats v0.24.0 (/opt/rustwide/workdir)
[INFO] [stderr]    Compiling criterion v0.3.5
[INFO] [stderr]    Compiling structopt v0.3.25
[INFO] [stdout] error[E0432]: unresolved import `nats_server`
[INFO] [stdout]   --> tests/no_responders.rs:14:9
[INFO] [stdout]    |
[INFO] [stdout] 14 | pub use nats_server::*;
[INFO] [stdout]    |         ^^^^^^^^^^^ use of undeclared crate or module `nats_server`
[INFO] [stdout] 
[INFO] [stdout] 
[INFO] [stdout] error[E0432]: unresolved import `nats_server`
[INFO] [stdout]   --> tests/no_messages.rs:15:9
[INFO] [stdout]    |
[INFO] [stdout] 15 | pub use nats_server::*;
[INFO] [stdout]    |         ^^^^^^^^^^^ use of undeclared crate or module `nats_server`
[INFO] [stdout] 
[INFO] [stdout] 
[INFO] [stdout] error[E0432]: unresolved import `nats_test_server`
[INFO] [stdout]   --> tests/reconnection.rs:23:5
[INFO] [stdout]    |
[INFO] [stdout] 23 | use nats_test_server::NatsTestServer;
[INFO] [stdout]    |     ^^^^^^^^^^^^^^^^ use of undeclared crate or module `nats_test_server`
[INFO] [stdout] 
[INFO] [stdout] 
[INFO] [stdout] error[E0433]: failed to resolve: use of undeclared crate or module `nats_server`
[INFO] [stdout]   --> tests/auth_user_pass.rs:16:13
[INFO] [stdout]    |
[INFO] [stdout] 16 |     let s = nats_server::run_server("tests/configs/user_pass.conf");
[INFO] [stdout]    |             ^^^^^^^^^^^ use of undeclared crate or module `nats_server`
[INFO] [stdout] 
[INFO] [stdout] 
[INFO] [stdout] error[E0433]: failed to resolve: use of undeclared crate or module `nats_server`
[INFO] [stdout]   --> tests/no_responders.rs:19:13
[INFO] [stdout]    |
[INFO] [stdout] 19 |     let s = nats_server::run_basic_server();
[INFO] [stdout]    |             ^^^^^^^^^^^ use of undeclared crate or module `nats_server`
[INFO] [stdout] 
[INFO] [stdout] 
[INFO] [stdout] error: aborting due to previous error
[INFO] [stdout] 
[INFO] [stdout] 
[INFO] [stdout] For more information about this error, try `rustc --explain E0433`.
[INFO] [stdout] 
[INFO] [stdout] error[E0433]: failed to resolve: use of undeclared crate or module `nats_server`
[INFO] [stdout]   --> tests/async_errors.rs:20:13
[INFO] [stdout]    |
[INFO] [stdout] 20 |     let s = nats_server::run_server("tests/configs/perms.conf");
[INFO] [stdout]    |             ^^^^^^^^^^^ use of undeclared crate or module `nats_server`
[INFO] [stdout] 
[INFO] [stdout] 
[INFO] [stdout] error[E0433]: failed to resolve: use of undeclared crate or module `nats_server`
[INFO] [stdout]   --> tests/no_messages.rs:19:13
[INFO] [stdout]    |
[INFO] [stdout] 19 |     let s = nats_server::run_server("tests/configs/jetstream.conf");
[INFO] [stdout]    |             ^^^^^^^^^^^ use of undeclared crate or module `nats_server`
[INFO] [stdout] 
[INFO] [stdout] 
[INFO] [stderr] error: could not compile `nats` due to 2 previous errors
[INFO] [stderr] warning: build failed, waiting for other jobs to finish...
[INFO] [stdout] error[E0433]: failed to resolve: use of undeclared crate or module `nats_server`
[INFO] [stdout]   --> tests/async_errors.rs:48:13
[INFO] [stdout]    |
[INFO] [stdout] 48 |     let s = nats_server::run_server("tests/configs/perms.conf");
[INFO] [stdout]    |             ^^^^^^^^^^^ use of undeclared crate or module `nats_server`
[INFO] [stdout] 
[INFO] [stdout] 
[INFO] [stdout] error[E0433]: failed to resolve: use of undeclared crate or module `nats_server`
[INFO] [stdout]   --> tests/slow_consumer.rs:23:13
[INFO] [stdout]    |
[INFO] [stdout] 23 |     let s = nats_server::run_basic_server();
[INFO] [stdout]    |             ^^^^^^^^^^^ use of undeclared crate or module `nats_server`
[INFO] [stdout] 
[INFO] [stdout] 
[INFO] [stdout] error: aborting due to 2 previous errors
[INFO] [stdout] 
[INFO] [stdout] 
[INFO] [stdout] For more information about this error, try `rustc --explain E0433`.
[INFO] [stdout] 
[INFO] [stdout] error: aborting due to 2 previous errors
[INFO] [stdout] 
[INFO] [stdout] 
[INFO] [stdout] Some errors have detailed explanations: E0432, E0433.
[INFO] [stdout] 
[INFO] [stdout] error[E0433]: failed to resolve: use of undeclared crate or module `nats_server`
[INFO] [stdout]   --> tests/auth_token.rs:16:13
[INFO] [stdout]    |
[INFO] [stdout] 16 |     let s = nats_server::run_server("tests/configs/token_auth.conf");
[INFO] [stdout]    |             ^^^^^^^^^^^ use of undeclared crate or module `nats_server`
[INFO] [stdout] 
[INFO] [stdout] 
[INFO] [stdout] For more information about an error, try `rustc --explain E0432`.
[INFO] [stdout] 
[INFO] [stdout] error: aborting due to 2 previous errors
[INFO] [stdout] 
[INFO] [stdout] 
[INFO] [stdout] Some errors have detailed explanations: E0432, E0433.
[INFO] [stdout] 
[INFO] [stdout] For more information about an error, try `rustc --explain E0432`.
[INFO] [stdout] 
[INFO] [stderr] error: could not compile `nats` due to 3 previous errors
[INFO] [stderr] error: could not compile `nats` due to 3 previous errors
[INFO] [stdout] error: aborting due to previous error
[INFO] [stdout] 
[INFO] [stdout] 
[INFO] [stdout] For more information about this error, try `rustc --explain E0433`.
[INFO] [stdout] 
[INFO] [stderr] error: could not compile `nats` due to 3 previous errors
[INFO] [stdout] error: aborting due to previous error
[INFO] [stdout] 
[INFO] [stdout] 
[INFO] [stdout] For more information about this error, try `rustc --explain E0432`.
[INFO] [stdout] 
[INFO] [stderr] error: could not compile `nats` due to 2 previous errors
[INFO] [stderr] error: could not compile `nats` due to 2 previous errors
[INFO] [stdout] error: aborting due to previous error
[INFO] [stdout] 
[INFO] [stdout] 
[INFO] [stdout] For more information about this error, try `rustc --explain E0433`.
[INFO] [stdout] 
[INFO] [stdout] error[E0433]: failed to resolve: use of undeclared crate or module `nats_server`
[INFO] [stdout]    --> tests/jetstream.rs:787:34
[INFO] [stdout]     |
[INFO] [stdout] 787 | pub fn run_basic_jetstream() -> (nats_server::Server, Connection, JetStream) {
[INFO] [stdout]     |                                  ^^^^^^^^^^^ use of undeclared crate or module `nats_server`
[INFO] [stdout] 
[INFO] [stdout] 
[INFO] [stdout] error[E0433]: failed to resolve: use of undeclared crate or module `nats_server`
[INFO] [stdout]   --> tests/lame_duck_mode.rs:23:13
[INFO] [stdout]    |
[INFO] [stdout] 23 |     let s = nats_server::run_basic_server();
[INFO] [stdout]    |             ^^^^^^^^^^^ use of undeclared crate or module `nats_server`
[INFO] [stdout] 
[INFO] [stdout] 
[INFO] [stderr] error: could not compile `nats` due to 2 previous errors
[INFO] [stdout] error[E0433]: failed to resolve: use of undeclared crate or module `nats_server`
[INFO] [stdout]   --> tests/lame_duck_mode.rs:29:5
[INFO] [stdout]    |
[INFO] [stdout] 29 |     nats_server::set_lame_duck_mode(&s);
[INFO] [stdout]    |     ^^^^^^^^^^^ use of undeclared crate or module `nats_server`
[INFO] [stdout] 
[INFO] [stdout] 
[INFO] [stdout] error: aborting due to 2 previous errors
[INFO] [stdout] 
[INFO] [stdout] 
[INFO] [stdout] For more information about this error, try `rustc --explain E0433`.
[INFO] [stdout] 
[INFO] [stderr] error: could not compile `nats` due to 3 previous errors
[INFO] [stdout] error[E0433]: failed to resolve: use of undeclared crate or module `nats_server`
[INFO] [stdout]   --> tests/jetstream.rs:22:13
[INFO] [stdout]    |
[INFO] [stdout] 22 |     let s = nats_server::run_basic_server();
[INFO] [stdout]    |             ^^^^^^^^^^^ use of undeclared crate or module `nats_server`
[INFO] [stdout] 
[INFO] [stdout] 
[INFO] [stdout] error[E0433]: failed to resolve: use of undeclared crate or module `nats_server`
[INFO] [stdout]   --> tests/jetstream.rs:40:13
[INFO] [stdout]    |
[INFO] [stdout] 40 |     let s = nats_server::run_server("tests/configs/jetstream_account_not_enabled.conf");
[INFO] [stdout]    |             ^^^^^^^^^^^ use of undeclared crate or module `nats_server`
[INFO] [stdout] 
[INFO] [stdout] 
[INFO] [stdout] error[E0433]: failed to resolve: use of undeclared crate or module `nats_server`
[INFO] [stdout]    --> tests/jetstream.rs:249:13
[INFO] [stdout]     |
[INFO] [stdout] 249 |     let s = nats_server::run_server("tests/configs/jetstream.conf");
[INFO] [stdout]     |             ^^^^^^^^^^^ use of undeclared crate or module `nats_server`
[INFO] [stdout] 
[INFO] [stdout] 
[INFO] [stdout] error[E0433]: failed to resolve: use of undeclared crate or module `nats_server`
[INFO] [stdout]    --> tests/jetstream.rs:301:13
[INFO] [stdout]     |
[INFO] [stdout] 301 |     let s = nats_server::run_server("tests/configs/jetstream.conf");
[INFO] [stdout]     |             ^^^^^^^^^^^ use of undeclared crate or module `nats_server`
[INFO] [stdout] 
[INFO] [stdout] 
[INFO] [stdout] error[E0433]: failed to resolve: use of undeclared crate or module `nats_server`
[INFO] [stdout]    --> tests/jetstream.rs:363:13
[INFO] [stdout]     |
[INFO] [stdout] 363 |     let s = nats_server::run_server("tests/configs/jetstream.conf");
[INFO] [stdout]     |             ^^^^^^^^^^^ use of undeclared crate or module `nats_server`
[INFO] [stdout] 
[INFO] [stdout] 
[INFO] [stdout] error[E0433]: failed to resolve: use of undeclared crate or module `nats_server`
[INFO] [stdout]    --> tests/jetstream.rs:429:13
[INFO] [stdout]     |
[INFO] [stdout] 429 |     let s = nats_server::run_server("tests/configs/jetstream.conf");
[INFO] [stdout]     |             ^^^^^^^^^^^ use of undeclared crate or module `nats_server`
[INFO] [stdout] 
[INFO] [stdout] 
[INFO] [stdout] error[E0433]: failed to resolve: use of undeclared crate or module `nats_server`
[INFO] [stdout]    --> tests/jetstream.rs:500:13
[INFO] [stdout]     |
[INFO] [stdout] 500 |     let s = nats_server::run_server("tests/configs/jetstream.conf");
[INFO] [stdout]     |             ^^^^^^^^^^^ use of undeclared crate or module `nats_server`
[INFO] [stdout] 
[INFO] [stdout] 
[INFO] [stdout] error[E0433]: failed to resolve: use of undeclared crate or module `nats_server`
[INFO] [stdout]    --> tests/jetstream.rs:550:13
[INFO] [stdout]     |
[INFO] [stdout] 550 |     let s = nats_server::run_server("tests/configs/jetstream.conf");
[INFO] [stdout]     |             ^^^^^^^^^^^ use of undeclared crate or module `nats_server`
[INFO] [stdout] 
[INFO] [stdout] 
[INFO] [stdout] error[E0433]: failed to resolve: use of undeclared crate or module `nats_server`
[INFO] [stdout]    --> tests/jetstream.rs:587:13
[INFO] [stdout]     |
[INFO] [stdout] 587 |     let s = nats_server::run_server("tests/configs/jetstream.conf");
[INFO] [stdout]     |             ^^^^^^^^^^^ use of undeclared crate or module `nats_server`
[INFO] [stdout] 
[INFO] [stdout] 
[INFO] [stdout] error[E0433]: failed to resolve: use of undeclared crate or module `nats_server`
[INFO] [stdout]    --> tests/drop.rs:194:34
[INFO] [stdout]     |
[INFO] [stdout] 194 | pub fn run_basic_jetstream() -> (nats_server::Server, Connection, JetStream) {
[INFO] [stdout]     |                                  ^^^^^^^^^^^ use of undeclared crate or module `nats_server`
[INFO] [stdout] 
[INFO] [stdout] 
[INFO] [stdout] error[E0433]: failed to resolve: use of undeclared crate or module `nats_server`
[INFO] [stdout]   --> tests/drop.rs:23:13
[INFO] [stdout]    |
[INFO] [stdout] 23 |     let s = nats_server::run_basic_server();
[INFO] [stdout]    |             ^^^^^^^^^^^ use of undeclared crate or module `nats_server`
[INFO] [stdout] 
[INFO] [stdout] 
[INFO] [stdout] error[E0433]: failed to resolve: use of undeclared crate or module `nats_server`
[INFO] [stdout]   --> tests/drop.rs:42:13
[INFO] [stdout]    |
[INFO] [stdout] 42 |     let s = nats_server::run_basic_server();
[INFO] [stdout]    |             ^^^^^^^^^^^ use of undeclared crate or module `nats_server`
[INFO] [stdout] 
[INFO] [stdout] 
[INFO] [stdout] error[E0433]: failed to resolve: use of undeclared crate or module `nats_server`
[INFO] [stdout]   --> tests/drop.rs:58:13
[INFO] [stdout]    |
[INFO] [stdout] 58 |     let s = nats_server::run_basic_server();
[INFO] [stdout]    |             ^^^^^^^^^^^ use of undeclared crate or module `nats_server`
[INFO] [stdout] 
[INFO] [stdout] 
[INFO] [stdout] error[E0433]: failed to resolve: use of undeclared crate or module `nats_server`
[INFO] [stdout]   --> tests/drop.rs:93:13
[INFO] [stdout]    |
[INFO] [stdout] 93 |     let s = nats_server::run_basic_server();
[INFO] [stdout]    |             ^^^^^^^^^^^ use of undeclared crate or module `nats_server`
[INFO] [stdout] 
[INFO] [stdout] 
[INFO] [stdout] error[E0433]: failed to resolve: use of undeclared crate or module `nats_server`
[INFO] [stdout]    --> tests/drop.rs:107:13
[INFO] [stdout]     |
[INFO] [stdout] 107 |     let s = nats_server::run_basic_server();
[INFO] [stdout]     |             ^^^^^^^^^^^ use of undeclared crate or module `nats_server`
[INFO] [stdout] 
[INFO] [stdout] 
[INFO] [stdout] error[E0433]: failed to resolve: use of undeclared crate or module `nats_server`
[INFO] [stdout]    --> tests/jetstream.rs:639:13
[INFO] [stdout]     |
[INFO] [stdout] 639 |     let s = nats_server::run_server("tests/configs/jetstream.conf");
[INFO] [stdout]     |             ^^^^^^^^^^^ use of undeclared crate or module `nats_server`
[INFO] [stdout] 
[INFO] [stdout] 
[INFO] [stdout] error[E0433]: failed to resolve: use of undeclared crate or module `nats_server`
[INFO] [stdout]    --> tests/jetstream.rs:697:13
[INFO] [stdout]     |
[INFO] [stdout] 697 |     let s = nats_server::run_server("tests/configs/jetstream.conf");
[INFO] [stdout]     |             ^^^^^^^^^^^ use of undeclared crate or module `nats_server`
[INFO] [stdout] 
[INFO] [stdout] 
[INFO] [stdout] error[E0433]: failed to resolve: use of undeclared crate or module `nats_server`
[INFO] [stdout]    --> tests/jetstream.rs:749:13
[INFO] [stdout]     |
[INFO] [stdout] 749 |     let s = nats_server::run_server("tests/configs/jetstream.conf");
[INFO] [stdout]     |             ^^^^^^^^^^^ use of undeclared crate or module `nats_server`
[INFO] [stdout] 
[INFO] [stdout] 
[INFO] [stdout] error[E0433]: failed to resolve: use of undeclared crate or module `nats_server`
[INFO] [stdout]    --> tests/jetstream.rs:775:13
[INFO] [stdout]     |
[INFO] [stdout] 775 |     let s = nats_server::run_server("tests/configs/jetstream.conf");
[INFO] [stdout]     |             ^^^^^^^^^^^ use of undeclared crate or module `nats_server`
[INFO] [stdout] 
[INFO] [stdout] 
[INFO] [stdout] error[E0433]: failed to resolve: use of undeclared crate or module `nats_server`
[INFO] [stdout]    --> tests/jetstream.rs:788:13
[INFO] [stdout]     |
[INFO] [stdout] 788 |     let s = nats_server::run_server("tests/configs/jetstream.conf");
[INFO] [stdout]     |             ^^^^^^^^^^^ use of undeclared crate or module `nats_server`
[INFO] [stdout] 
[INFO] [stdout] 
[INFO] [stdout] error[E0433]: failed to resolve: use of undeclared crate or module `nats_server`
[INFO] [stdout]    --> tests/drop.rs:195:13
[INFO] [stdout]     |
[INFO] [stdout] 195 |     let s = nats_server::run_server("tests/configs/jetstream.conf");
[INFO] [stdout]     |             ^^^^^^^^^^^ use of undeclared crate or module `nats_server`
[INFO] [stdout] 
[INFO] [stdout] 
[INFO] [stdout] warning: unused import: `smol::future::FutureExt`
[INFO] [stdout]   --> tests/drop.rs:15:5
[INFO] [stdout]    |
[INFO] [stdout] 15 | use smol::future::FutureExt;
[INFO] [stdout]    |     ^^^^^^^^^^^^^^^^^^^^^^^
[INFO] [stdout]    |
[INFO] [stdout]    = note: `#[warn(unused_imports)]` on by default
[INFO] [stdout] 
[INFO] [stdout] 
[INFO] [stdout] error: aborting due to 15 previous errors
[INFO] [stdout] 
[INFO] [stdout] 
[INFO] [stdout] For more information about this error, try `rustc --explain E0433`.
[INFO] [stdout] 
[INFO] [stdout] error: aborting due to 7 previous errors; 1 warning emitted
[INFO] [stdout] 
[INFO] [stdout] 
[INFO] [stdout] For more information about this error, try `rustc --explain E0433`.
[INFO] [stdout] 
[INFO] [stderr] error: could not compile `nats` due to 16 previous errors
[INFO] [stderr] error: could not compile `nats` due to 8 previous errors; 1 warning emitted
[INFO] running `Command { std: "docker" "inspect" "1c7bfaf23b6f5548a33c1bb892a428a4bed67e0fb474e879ad69bce5393af0ca", kill_on_drop: false }`
[INFO] running `Command { std: "docker" "rm" "-f" "1c7bfaf23b6f5548a33c1bb892a428a4bed67e0fb474e879ad69bce5393af0ca", kill_on_drop: false }`
[INFO] [stdout] 1c7bfaf23b6f5548a33c1bb892a428a4bed67e0fb474e879ad69bce5393af0ca
