[INFO] fetching crate naphtha 0.5.0...
[INFO] testing naphtha-0.5.0 against beta-2023-04-20 for beta-1.70-1
[INFO] extracting crate naphtha 0.5.0 into /workspace/builds/worker-0-tc2/source
[INFO] validating manifest of crates.io crate naphtha 0.5.0 on toolchain beta-2023-04-20
[INFO] running `Command { std: CARGO_HOME="/workspace/cargo-home" RUSTUP_HOME="/workspace/rustup-home" "/workspace/cargo-home/bin/cargo" "+beta-2023-04-20" "metadata" "--manifest-path" "Cargo.toml" "--no-deps", kill_on_drop: false }`
[INFO] started tweaking crates.io crate naphtha 0.5.0
[INFO] finished tweaking crates.io crate naphtha 0.5.0
[INFO] tweaked toml for crates.io crate naphtha 0.5.0 written to /workspace/builds/worker-0-tc2/source/Cargo.toml
[INFO] crate crates.io crate naphtha 0.5.0 already has a lockfile, it will not be regenerated
[INFO] running `Command { std: CARGO_HOME="/workspace/cargo-home" RUSTUP_HOME="/workspace/rustup-home" "/workspace/cargo-home/bin/cargo" "+beta-2023-04-20" "fetch" "--manifest-path" "Cargo.toml", kill_on_drop: false }`
[INFO] [stderr]     Updating crates.io index
[INFO] [stderr]  Downloading crates ...
[INFO] [stderr]   Downloaded naphtha-proc-macro v0.5.0
[INFO] [stderr]   Downloaded barrel v0.7.0
[INFO] [stderr]   Downloaded libsqlite3-sys v0.22.2
[INFO] running `Command { std: "docker" "create" "-v" "/var/lib/crater-agent-workspace/builds/worker-0-tc2/target:/opt/rustwide/target:rw,Z" "-v" "/var/lib/crater-agent-workspace/builds/worker-0-tc2/source:/opt/rustwide/workdir:ro,Z" "-v" "/var/lib/crater-agent-workspace/cargo-home:/opt/rustwide/cargo-home:ro,Z" "-v" "/var/lib/crater-agent-workspace/rustup-home:/opt/rustwide/rustup-home:ro,Z" "-e" "SOURCE_DIR=/opt/rustwide/workdir" "-e" "CARGO_TARGET_DIR=/opt/rustwide/target" "-e" "CARGO_HOME=/opt/rustwide/cargo-home" "-e" "RUSTUP_HOME=/opt/rustwide/rustup-home" "-w" "/opt/rustwide/workdir" "-m" "1610612736" "--user" "0:0" "--network" "none" "ghcr.io/rust-lang/crates-build-env/linux@sha256:5ff2268d62e97bff2cde7d5815dd6ed5b47097566f13b8d0ca110b04b60e07ed" "/opt/rustwide/cargo-home/bin/cargo" "+beta-2023-04-20" "metadata" "--no-deps" "--format-version=1", kill_on_drop: false }`
[INFO] [stdout] 7dc089bba6b867b1f982a98a49f7edc4131877fa2ccb51d8e94e6d2d431d819d
[INFO] running `Command { std: "docker" "start" "-a" "7dc089bba6b867b1f982a98a49f7edc4131877fa2ccb51d8e94e6d2d431d819d", kill_on_drop: false }`
[INFO] running `Command { std: "docker" "inspect" "7dc089bba6b867b1f982a98a49f7edc4131877fa2ccb51d8e94e6d2d431d819d", kill_on_drop: false }`
[INFO] running `Command { std: "docker" "rm" "-f" "7dc089bba6b867b1f982a98a49f7edc4131877fa2ccb51d8e94e6d2d431d819d", kill_on_drop: false }`
[INFO] [stdout] 7dc089bba6b867b1f982a98a49f7edc4131877fa2ccb51d8e94e6d2d431d819d
[INFO] running `Command { std: "docker" "create" "-v" "/var/lib/crater-agent-workspace/builds/worker-0-tc2/target:/opt/rustwide/target:rw,Z" "-v" "/var/lib/crater-agent-workspace/builds/worker-0-tc2/source:/opt/rustwide/workdir:ro,Z" "-v" "/var/lib/crater-agent-workspace/cargo-home:/opt/rustwide/cargo-home:ro,Z" "-v" "/var/lib/crater-agent-workspace/rustup-home:/opt/rustwide/rustup-home:ro,Z" "-e" "SOURCE_DIR=/opt/rustwide/workdir" "-e" "CARGO_TARGET_DIR=/opt/rustwide/target" "-e" "CARGO_INCREMENTAL=0" "-e" "RUST_BACKTRACE=full" "-e" "RUSTFLAGS=--cap-lints=warn" "-e" "RUSTDOCFLAGS=--cap-lints=warn" "-e" "CARGO_HOME=/opt/rustwide/cargo-home" "-e" "RUSTUP_HOME=/opt/rustwide/rustup-home" "-w" "/opt/rustwide/workdir" "-m" "1610612736" "--user" "0:0" "--network" "none" "ghcr.io/rust-lang/crates-build-env/linux@sha256:5ff2268d62e97bff2cde7d5815dd6ed5b47097566f13b8d0ca110b04b60e07ed" "/opt/rustwide/cargo-home/bin/cargo" "+beta-2023-04-20" "build" "--frozen" "--message-format=json", kill_on_drop: false }`
[INFO] [stdout] 37f4eaae4bab4a401736df00be870a1d7f3afe5a38c403b31374e3b551422e7a
[INFO] running `Command { std: "docker" "start" "-a" "37f4eaae4bab4a401736df00be870a1d7f3afe5a38c403b31374e3b551422e7a", kill_on_drop: false }`
[INFO] [stderr]    Compiling autocfg v1.1.0
[INFO] [stderr]    Compiling proc-macro2 v1.0.36
[INFO] [stderr]    Compiling unicode-xid v0.2.2
[INFO] [stderr]    Compiling libc v0.2.119
[INFO] [stderr]    Compiling syn v1.0.86
[INFO] [stderr]    Compiling log v0.4.14
[INFO] [stderr]    Compiling cfg-if v1.0.0
[INFO] [stderr]    Compiling byteorder v1.4.3
[INFO] [stderr]    Compiling num-traits v0.2.14
[INFO] [stderr]    Compiling num-integer v0.1.44
[INFO] [stderr]    Compiling quote v1.0.15
[INFO] [stderr]    Compiling time v0.1.44
[INFO] [stderr]    Compiling chrono v0.4.19
[INFO] [stderr]    Compiling diesel_derives v1.4.1
[INFO] [stderr]    Compiling naphtha-proc-macro v0.5.0
[INFO] [stderr]    Compiling diesel v1.4.8
[INFO] [stderr]    Compiling naphtha v0.5.0 (/opt/rustwide/workdir)
[INFO] [stderr]     Finished dev [unoptimized + debuginfo] target(s) in 23.07s
[INFO] running `Command { std: "docker" "inspect" "37f4eaae4bab4a401736df00be870a1d7f3afe5a38c403b31374e3b551422e7a", kill_on_drop: false }`
[INFO] running `Command { std: "docker" "rm" "-f" "37f4eaae4bab4a401736df00be870a1d7f3afe5a38c403b31374e3b551422e7a", kill_on_drop: false }`
[INFO] [stdout] 37f4eaae4bab4a401736df00be870a1d7f3afe5a38c403b31374e3b551422e7a
[INFO] running `Command { std: "docker" "create" "-v" "/var/lib/crater-agent-workspace/builds/worker-0-tc2/target:/opt/rustwide/target:rw,Z" "-v" "/var/lib/crater-agent-workspace/builds/worker-0-tc2/source:/opt/rustwide/workdir:ro,Z" "-v" "/var/lib/crater-agent-workspace/cargo-home:/opt/rustwide/cargo-home:ro,Z" "-v" "/var/lib/crater-agent-workspace/rustup-home:/opt/rustwide/rustup-home:ro,Z" "-e" "SOURCE_DIR=/opt/rustwide/workdir" "-e" "CARGO_TARGET_DIR=/opt/rustwide/target" "-e" "CARGO_INCREMENTAL=0" "-e" "RUST_BACKTRACE=full" "-e" "RUSTFLAGS=--cap-lints=warn" "-e" "RUSTDOCFLAGS=--cap-lints=warn" "-e" "CARGO_HOME=/opt/rustwide/cargo-home" "-e" "RUSTUP_HOME=/opt/rustwide/rustup-home" "-w" "/opt/rustwide/workdir" "-m" "1610612736" "--user" "0:0" "--network" "none" "ghcr.io/rust-lang/crates-build-env/linux@sha256:5ff2268d62e97bff2cde7d5815dd6ed5b47097566f13b8d0ca110b04b60e07ed" "/opt/rustwide/cargo-home/bin/cargo" "+beta-2023-04-20" "test" "--frozen" "--no-run" "--message-format=json", kill_on_drop: false }`
[INFO] [stdout] 70f12383e9c675f9809716ef5f19cbb4616b1a41236891432a5cd4634ceb50b8
[INFO] running `Command { std: "docker" "start" "-a" "70f12383e9c675f9809716ef5f19cbb4616b1a41236891432a5cd4634ceb50b8", kill_on_drop: false }`
[INFO] [stderr]    Compiling naphtha v0.5.0 (/opt/rustwide/workdir)
[INFO] [stdout] error[E0412]: cannot find type `DbBackend` in this scope
[INFO] [stdout]    --> examples/person.rs:217:66
[INFO] [stdout]     |
[INFO] [stdout] 217 |         db.custom::<diesel::result::QueryResult<Person>, _>(|c: &DbBackend| {
[INFO] [stdout]     |                                                                  ^^^^^^^^^ not found in this scope
[INFO] [stdout] 
[INFO] [stdout] 
[INFO] [stdout] error[E0599]: no function or associated item named `connect` found for struct `DatabaseConnection` in the current scope
[INFO] [stdout]    --> examples/person.rs:191:34
[INFO] [stdout]     |
[INFO] [stdout] 191 |     let db = DatabaseConnection::connect(DATABASE_URL).unwrap();
[INFO] [stdout]     |                                  ^^^^^^^ function or associated item not found in `DatabaseConnection<_>`
[INFO] [stdout] 
[INFO] [stdout] 
[INFO] [stdout] error[E0599]: no method named `insert` found for struct `Person` in the current scope
[INFO] [stdout]    --> examples/person.rs:212:7
[INFO] [stdout]     |
[INFO] [stdout] 65  | pub struct Person {
[INFO] [stdout]     | ----------------- method `insert` not found for this struct
[INFO] [stdout] ...
[INFO] [stdout] 212 |     p.insert(&db);
[INFO] [stdout]     |       ^^^^^^ method not found in `Person`
[INFO] [stdout]     |
[INFO] [stdout]     = help: items from traits can only be used if the trait is implemented and in scope
[INFO] [stdout]     = note: the following trait defines an item `insert`, perhaps you need to implement it:
[INFO] [stdout]             candidate #1: `DatabaseModelModifier`
[INFO] [stdout] help: one of the expressions' fields has a method of the same name
[INFO] [stdout]     |
[INFO] [stdout] 212 |     p.description.insert(&db);
[INFO] [stdout]     |       ++++++++++++
[INFO] [stdout] 
[INFO] [stdout] 
[INFO] [stdout] error[E0599]: no function or associated item named `query_by_id` found for struct `Person` in the current scope
[INFO] [stdout]    --> examples/person.rs:221:33
[INFO] [stdout]     |
[INFO] [stdout] 65  | pub struct Person {
[INFO] [stdout]     | ----------------- function or associated item `query_by_id` not found for this struct
[INFO] [stdout] ...
[INFO] [stdout] 221 |     let queried_by_id = Person::query_by_id(&db, &1);
[INFO] [stdout]     |                                 ^^^^^^^^^^^ function or associated item not found in `Person`
[INFO] [stdout] 
[INFO] [stdout] 
[INFO] [stdout] error[E0599]: no method named `remove` found for struct `Person` in the current scope
[INFO] [stdout]    --> examples/person.rs:225:7
[INFO] [stdout]     |
[INFO] [stdout] 65  | pub struct Person {
[INFO] [stdout]     | ----------------- method `remove` not found for this struct
[INFO] [stdout] ...
[INFO] [stdout] 225 |     p.remove(&db);
[INFO] [stdout]     |       ^^^^^^ method not found in `Person`
[INFO] [stdout]     |
[INFO] [stdout]     = help: items from traits can only be used if the trait is implemented and in scope
[INFO] [stdout]     = note: the following trait defines an item `remove`, perhaps you need to implement it:
[INFO] [stdout]             candidate #1: `DatabaseModelModifier`
[INFO] [stdout] 
[INFO] [stdout] 
[INFO] [stdout] warning: unused import: `DatabaseModelModifier`
[INFO] [stdout]   --> examples/person.rs:33:9
[INFO] [stdout]    |
[INFO] [stdout] 33 |         DatabaseModelModifier,
[INFO] [stdout]    |         ^^^^^^^^^^^^^^^^^^^^^
[INFO] [stdout]    |
[INFO] [stdout]    = note: `#[warn(unused_imports)]` on by default
[INFO] [stdout] 
[INFO] [stdout] 
[INFO] [stdout] warning: unused import: `DatabaseConnect`
[INFO] [stdout]   --> examples/person.rs:29:9
[INFO] [stdout]    |
[INFO] [stdout] 29 |         DatabaseConnect,
[INFO] [stdout]    |         ^^^^^^^^^^^^^^^
[INFO] [stdout] 
[INFO] [stdout] 
[INFO] [stdout] error: aborting due to 5 previous errors; 2 warnings emitted
[INFO] [stdout] 
[INFO] [stdout] 
[INFO] [stdout] Some errors have detailed explanations: E0412, E0599.
[INFO] [stdout] 
[INFO] [stdout] For more information about an error, try `rustc --explain E0412`.
[INFO] [stdout] 
[INFO] [stderr] error: could not compile `naphtha` (example "person") due to 6 previous errors; 2 warnings emitted
[INFO] [stderr] warning: build failed, waiting for other jobs to finish...
[INFO] running `Command { std: "docker" "inspect" "70f12383e9c675f9809716ef5f19cbb4616b1a41236891432a5cd4634ceb50b8", kill_on_drop: false }`
[INFO] running `Command { std: "docker" "rm" "-f" "70f12383e9c675f9809716ef5f19cbb4616b1a41236891432a5cd4634ceb50b8", kill_on_drop: false }`
[INFO] [stdout] 70f12383e9c675f9809716ef5f19cbb4616b1a41236891432a5cd4634ceb50b8
