[INFO] fetching crate nanachi 0.0.4...
[INFO] testing nanachi-0.0.4 against 1.69.0 for beta-1.70-1
[INFO] extracting crate nanachi 0.0.4 into /workspace/builds/worker-5-tc1/source
[INFO] validating manifest of crates.io crate nanachi 0.0.4 on toolchain 1.69.0
[INFO] running `Command { std: CARGO_HOME="/workspace/cargo-home" RUSTUP_HOME="/workspace/rustup-home" "/workspace/cargo-home/bin/cargo" "+1.69.0" "metadata" "--manifest-path" "Cargo.toml" "--no-deps", kill_on_drop: false }`
[INFO] started tweaking crates.io crate nanachi 0.0.4
[INFO] finished tweaking crates.io crate nanachi 0.0.4
[INFO] tweaked toml for crates.io crate nanachi 0.0.4 written to /workspace/builds/worker-5-tc1/source/Cargo.toml
[INFO] crate crates.io crate nanachi 0.0.4 already has a lockfile, it will not be regenerated
[INFO] running `Command { std: CARGO_HOME="/workspace/cargo-home" RUSTUP_HOME="/workspace/rustup-home" "/workspace/cargo-home/bin/cargo" "+1.69.0" "fetch" "--manifest-path" "Cargo.toml", kill_on_drop: false }`
[INFO] [stderr]  Downloading crates ...
[INFO] [stderr]   Downloaded tiff v0.5.0
[INFO] [stderr]   Downloaded png v0.16.7
[INFO] [stderr]   Downloaded num-rational v0.3.0
[INFO] [stderr]   Downloaded memoffset v0.5.5
[INFO] [stderr]   Downloaded ab_glyph_rasterizer v0.1.3
[INFO] [stderr]   Downloaded bytemuck v1.2.0
[INFO] [stderr]   Downloaded rayon-core v1.8.0
[INFO] [stderr]   Downloaded lyon_geom v0.16.0
[INFO] [stderr]   Downloaded euclid v0.22.1
[INFO] [stderr]   Downloaded rayon v1.4.0
[INFO] [stderr]   Downloaded image v0.23.9
[INFO] running `Command { std: "docker" "create" "-v" "/var/lib/crater-agent-workspace/builds/worker-5-tc1/target:/opt/rustwide/target:rw,Z" "-v" "/var/lib/crater-agent-workspace/builds/worker-5-tc1/source:/opt/rustwide/workdir:ro,Z" "-v" "/var/lib/crater-agent-workspace/cargo-home:/opt/rustwide/cargo-home:ro,Z" "-v" "/var/lib/crater-agent-workspace/rustup-home:/opt/rustwide/rustup-home:ro,Z" "-e" "SOURCE_DIR=/opt/rustwide/workdir" "-e" "CARGO_TARGET_DIR=/opt/rustwide/target" "-e" "CARGO_HOME=/opt/rustwide/cargo-home" "-e" "RUSTUP_HOME=/opt/rustwide/rustup-home" "-w" "/opt/rustwide/workdir" "-m" "1610612736" "--user" "0:0" "--network" "none" "ghcr.io/rust-lang/crates-build-env/linux@sha256:5ff2268d62e97bff2cde7d5815dd6ed5b47097566f13b8d0ca110b04b60e07ed" "/opt/rustwide/cargo-home/bin/cargo" "+1.69.0" "metadata" "--no-deps" "--format-version=1", kill_on_drop: false }`
[INFO] [stdout] 62932617156f1e67c4fcea4ac099fb0f4a9f91535b41c5ab736966c5f4e6262e
[INFO] running `Command { std: "docker" "start" "-a" "62932617156f1e67c4fcea4ac099fb0f4a9f91535b41c5ab736966c5f4e6262e", kill_on_drop: false }`
[INFO] running `Command { std: "docker" "inspect" "62932617156f1e67c4fcea4ac099fb0f4a9f91535b41c5ab736966c5f4e6262e", kill_on_drop: false }`
[INFO] running `Command { std: "docker" "rm" "-f" "62932617156f1e67c4fcea4ac099fb0f4a9f91535b41c5ab736966c5f4e6262e", kill_on_drop: false }`
[INFO] [stdout] 62932617156f1e67c4fcea4ac099fb0f4a9f91535b41c5ab736966c5f4e6262e
[INFO] running `Command { std: "docker" "create" "-v" "/var/lib/crater-agent-workspace/builds/worker-5-tc1/target:/opt/rustwide/target:rw,Z" "-v" "/var/lib/crater-agent-workspace/builds/worker-5-tc1/source:/opt/rustwide/workdir:ro,Z" "-v" "/var/lib/crater-agent-workspace/cargo-home:/opt/rustwide/cargo-home:ro,Z" "-v" "/var/lib/crater-agent-workspace/rustup-home:/opt/rustwide/rustup-home:ro,Z" "-e" "SOURCE_DIR=/opt/rustwide/workdir" "-e" "CARGO_TARGET_DIR=/opt/rustwide/target" "-e" "CARGO_INCREMENTAL=0" "-e" "RUST_BACKTRACE=full" "-e" "RUSTFLAGS=--cap-lints=warn" "-e" "RUSTDOCFLAGS=--cap-lints=warn" "-e" "CARGO_HOME=/opt/rustwide/cargo-home" "-e" "RUSTUP_HOME=/opt/rustwide/rustup-home" "-w" "/opt/rustwide/workdir" "-m" "1610612736" "--user" "0:0" "--network" "none" "ghcr.io/rust-lang/crates-build-env/linux@sha256:5ff2268d62e97bff2cde7d5815dd6ed5b47097566f13b8d0ca110b04b60e07ed" "/opt/rustwide/cargo-home/bin/cargo" "+1.69.0" "build" "--frozen" "--message-format=json", kill_on_drop: false }`
[INFO] [stdout] 7e993e301d41bea8af58dfa2e6c57349bfc18fae443fef309ba66bca8d9dce98
[INFO] running `Command { std: "docker" "start" "-a" "7e993e301d41bea8af58dfa2e6c57349bfc18fae443fef309ba66bca8d9dce98", kill_on_drop: false }`
[INFO] [stderr]     Blocking waiting for file lock on package cache
[INFO] [stderr]    Compiling autocfg v1.0.0
[INFO] [stderr]    Compiling maybe-uninit v2.0.0
[INFO] [stderr]    Compiling libc v0.2.77
[INFO] [stderr]    Compiling byteorder v1.3.4
[INFO] [stderr]    Compiling rayon-core v1.8.0
[INFO] [stderr]    Compiling adler32 v1.2.0
[INFO] [stderr]    Compiling crc32fast v1.2.0
[INFO] [stderr]    Compiling either v1.6.0
[INFO] [stderr]    Compiling lzw v0.10.0
[INFO] [stderr]    Compiling color_quant v1.0.1
[INFO] [stderr]    Compiling bytemuck v1.2.0
[INFO] [stderr]    Compiling scoped_threadpool v0.1.9
[INFO] [stderr]    Compiling arrayvec v0.5.1
[INFO] [stderr]    Compiling miniz_oxide v0.3.7
[INFO] [stderr]    Compiling gif v0.10.3
[INFO] [stderr]    Compiling crossbeam-utils v0.7.2
[INFO] [stderr]    Compiling num-traits v0.2.11
[INFO] [stderr]    Compiling memoffset v0.5.5
[INFO] [stderr]    Compiling crossbeam-epoch v0.8.2
[INFO] [stderr]    Compiling num-integer v0.1.42
[INFO] [stderr]    Compiling rayon v1.4.0
[INFO] [stderr]    Compiling num-iter v0.1.40
[INFO] [stderr]    Compiling num-rational v0.3.0
[INFO] [stderr]    Compiling deflate v0.8.6
[INFO] [stderr]    Compiling tiff v0.5.0
[INFO] [stderr]    Compiling num_cpus v1.13.0
[INFO] [stderr]    Compiling png v0.16.7
[INFO] [stderr]    Compiling crossbeam-channel v0.4.4
[INFO] [stderr]    Compiling euclid v0.22.1
[INFO] [stderr]    Compiling crossbeam-deque v0.7.3
[INFO] [stderr]    Compiling lyon_geom v0.16.0
[INFO] [stderr]    Compiling jpeg-decoder v0.1.20
[INFO] [stderr]    Compiling image v0.23.9
[INFO] [stderr]    Compiling nanachi v0.0.4 (/opt/rustwide/workdir)
[INFO] [stdout] warning: fields `width` and `height` are never read
[INFO] [stdout]   --> src/fill_color/pattern.rs:15:5
[INFO] [stdout]    |
[INFO] [stdout] 8  | pub struct Pattern<P, B, DB, I>
[INFO] [stdout]    |            ------- fields in this struct
[INFO] [stdout] ...
[INFO] [stdout] 15 |     width: f64,
[INFO] [stdout]    |     ^^^^^
[INFO] [stdout] 16 |     height: f64,
[INFO] [stdout]    |     ^^^^^^
[INFO] [stdout]    |
[INFO] [stdout]    = note: `Pattern` has derived impls for the traits `Clone` and `Debug`, but these are intentionally ignored during dead code analysis
[INFO] [stdout]    = note: `#[warn(dead_code)]` on by default
[INFO] [stdout] 
[INFO] [stdout] 
[INFO] [stdout] warning: 1 warning emitted
[INFO] [stdout] 
[INFO] [stdout] 
[INFO] [stderr]     Finished dev [unoptimized + debuginfo] target(s) in 13.86s
[INFO] running `Command { std: "docker" "inspect" "7e993e301d41bea8af58dfa2e6c57349bfc18fae443fef309ba66bca8d9dce98", kill_on_drop: false }`
[INFO] running `Command { std: "docker" "rm" "-f" "7e993e301d41bea8af58dfa2e6c57349bfc18fae443fef309ba66bca8d9dce98", kill_on_drop: false }`
[INFO] [stdout] 7e993e301d41bea8af58dfa2e6c57349bfc18fae443fef309ba66bca8d9dce98
[INFO] running `Command { std: "docker" "create" "-v" "/var/lib/crater-agent-workspace/builds/worker-5-tc1/target:/opt/rustwide/target:rw,Z" "-v" "/var/lib/crater-agent-workspace/builds/worker-5-tc1/source:/opt/rustwide/workdir:ro,Z" "-v" "/var/lib/crater-agent-workspace/cargo-home:/opt/rustwide/cargo-home:ro,Z" "-v" "/var/lib/crater-agent-workspace/rustup-home:/opt/rustwide/rustup-home:ro,Z" "-e" "SOURCE_DIR=/opt/rustwide/workdir" "-e" "CARGO_TARGET_DIR=/opt/rustwide/target" "-e" "CARGO_INCREMENTAL=0" "-e" "RUST_BACKTRACE=full" "-e" "RUSTFLAGS=--cap-lints=warn" "-e" "RUSTDOCFLAGS=--cap-lints=warn" "-e" "CARGO_HOME=/opt/rustwide/cargo-home" "-e" "RUSTUP_HOME=/opt/rustwide/rustup-home" "-w" "/opt/rustwide/workdir" "-m" "1610612736" "--user" "0:0" "--network" "none" "ghcr.io/rust-lang/crates-build-env/linux@sha256:5ff2268d62e97bff2cde7d5815dd6ed5b47097566f13b8d0ca110b04b60e07ed" "/opt/rustwide/cargo-home/bin/cargo" "+1.69.0" "test" "--frozen" "--no-run" "--message-format=json", kill_on_drop: false }`
[INFO] [stdout] 1ebb8142dc0d114a5de7a00efb24307da8582e4afa6aff604583ec407eafc8c9
[INFO] running `Command { std: "docker" "start" "-a" "1ebb8142dc0d114a5de7a00efb24307da8582e4afa6aff604583ec407eafc8c9", kill_on_drop: false }`
[INFO] [stderr]     Blocking waiting for file lock on package cache
[INFO] [stderr]    Compiling ttf-parser v0.6.2
[INFO] [stderr]    Compiling rand_core v0.5.1
[INFO] [stderr]    Compiling ab_glyph_rasterizer v0.1.3
[INFO] [stdout] warning: fields `width` and `height` are never read
[INFO] [stdout]   --> src/fill_color/pattern.rs:15:5
[INFO] [stdout]    |
[INFO] [stdout] 8  | pub struct Pattern<P, B, DB, I>
[INFO] [stdout]    |            ------- fields in this struct
[INFO] [stdout] ...
[INFO] [stdout] 15 |     width: f64,
[INFO] [stdout]    |     ^^^^^
[INFO] [stdout] 16 |     height: f64,
[INFO] [stdout]    |     ^^^^^^
[INFO] [stdout]    |
[INFO] [stdout]    = note: `Pattern` has derived impls for the traits `Clone` and `Debug`, but these are intentionally ignored during dead code analysis
[INFO] [stdout]    = note: `#[warn(dead_code)]` on by default
[INFO] [stdout] 
[INFO] [stdout] 
[INFO] [stdout] warning: 1 warning emitted
[INFO] [stdout] 
[INFO] [stdout] 
[INFO] [stderr]    Compiling rand_pcg v0.2.1
[INFO] [stderr]    Compiling owned_ttf_parser v0.6.0
[INFO] [stderr]    Compiling rusttype v0.9.2
[INFO] [stderr]    Compiling nanachi v0.0.4 (/opt/rustwide/workdir)
[INFO] [stdout] warning: unused import: `Rgb`
[INFO] [stdout]  --> examples/composite_test.rs:2:26
[INFO] [stdout]   |
[INFO] [stdout] 2 |     image::{ImageBuffer, Rgb, Rgba},
[INFO] [stdout]   |                          ^^^
[INFO] [stdout]   |
[INFO] [stdout]   = note: `#[warn(unused_imports)]` on by default
[INFO] [stdout] 
[INFO] [stdout] 
[INFO] [stdout] warning: unused import: `Buffer`
[INFO] [stdout]  --> examples/composite_test_f32.rs:2:14
[INFO] [stdout]   |
[INFO] [stdout] 2 |     buffer::{Buffer, GenericBuffer},
[INFO] [stdout]   |              ^^^^^^
[INFO] [stdout]   |
[INFO] [stdout]   = note: `#[warn(unused_imports)]` on by default
[INFO] [stdout] 
[INFO] [stdout] 
[INFO] [stdout] warning: unused import: `PremultipliedRgba`
[INFO] [stdout]   --> examples/nanachi.rs:13:13
[INFO] [stdout]    |
[INFO] [stdout] 13 |     pixel::{PremultipliedRgba, Rgba},
[INFO] [stdout]    |             ^^^^^^^^^^^^^^^^^
[INFO] [stdout]    |
[INFO] [stdout]    = note: `#[warn(unused_imports)]` on by default
[INFO] [stdout] 
[INFO] [stdout] 
[INFO] [stdout] warning: unused import: `std::f64::consts::PI`
[INFO] [stdout]   --> examples/path_data_notation.rs:12:5
[INFO] [stdout]    |
[INFO] [stdout] 12 | use std::f64::consts::PI;
[INFO] [stdout]    |     ^^^^^^^^^^^^^^^^^^^^
[INFO] [stdout]    |
[INFO] [stdout]    = note: `#[warn(unused_imports)]` on by default
[INFO] [stdout] 
[INFO] [stdout] 
[INFO] [stdout] warning: unused variable: `tmp`
[INFO] [stdout]   --> examples/blur.rs:64:13
[INFO] [stdout]    |
[INFO] [stdout] 64 |     let mut tmp = GenericBuffer::from_pixel(width, height, Rgba::zero());
[INFO] [stdout]    |             ^^^ help: if this is intentional, prefix it with an underscore: `_tmp`
[INFO] [stdout]    |
[INFO] [stdout]    = note: `#[warn(unused_variables)]` on by default
[INFO] [stdout] 
[INFO] [stdout] 
[INFO] [stdout] warning: unused import: `Buffer`
[INFO] [stdout]  --> examples/composite_test_premultiplied_f32.rs:2:14
[INFO] [stdout]   |
[INFO] [stdout] 2 |     buffer::{Buffer, GenericBuffer},
[INFO] [stdout]   |              ^^^^^^
[INFO] [stdout]   |
[INFO] [stdout]   = note: `#[warn(unused_imports)]` on by default
[INFO] [stdout] 
[INFO] [stdout] 
[INFO] [stdout] warning: unused imports: `Rgb`, `path::Path`
[INFO] [stdout]  --> examples/path.rs:2:26
[INFO] [stdout]   |
[INFO] [stdout] 2 |     image::{ImageBuffer, Rgb, Rgba},
[INFO] [stdout]   |                          ^^^
[INFO] [stdout] 3 |     path::Path,
[INFO] [stdout]   |     ^^^^^^^^^^
[INFO] [stdout]   |
[INFO] [stdout]   = note: `#[warn(unused_imports)]` on by default
[INFO] [stdout] 
[INFO] [stdout] 
[INFO] [stdout] warning: variable does not need to be mutable
[INFO] [stdout]   --> examples/blur.rs:64:9
[INFO] [stdout]    |
[INFO] [stdout] 64 |     let mut tmp = GenericBuffer::from_pixel(width, height, Rgba::zero());
[INFO] [stdout]    |         ----^^^
[INFO] [stdout]    |         |
[INFO] [stdout]    |         help: remove this `mut`
[INFO] [stdout]    |
[INFO] [stdout]    = note: `#[warn(unused_mut)]` on by default
[INFO] [stdout] 
[INFO] [stdout] 
[INFO] [stdout] warning: function `smooth` is never used
[INFO] [stdout]    --> examples/nanachi.rs:304:4
[INFO] [stdout]     |
[INFO] [stdout] 304 | fn smooth(path: &Path) -> Path {
[INFO] [stdout]     |    ^^^^^^
[INFO] [stdout]     |
[INFO] [stdout]     = note: `#[warn(dead_code)]` on by default
[INFO] [stdout] 
[INFO] [stdout] 
[INFO] [stderr] error: could not compile `nanachi`
[INFO] [stderr] 
[INFO] [stderr] Caused by:
[INFO] [stderr]   process didn't exit successfully: `rustc --crate-name nanachi --edition=2018 src/lib.rs --error-format=json --json=diagnostic-rendered-ansi,artifacts,future-incompat --emit=dep-info,link -C embed-bitcode=no -C debuginfo=2 --test --cfg 'feature="default"' --cfg 'feature="image"' --cfg 'feature="image-crate"' --cfg 'feature="path-data-notation"' -C metadata=54297509b015c6b8 -C extra-filename=-54297509b015c6b8 --out-dir /opt/rustwide/target/debug/deps -L dependency=/opt/rustwide/target/debug/deps --extern image=/opt/rustwide/target/debug/deps/libimage-cc60417683c6ca9b.rlib --extern lyon_geom=/opt/rustwide/target/debug/deps/liblyon_geom-339d5e99a31b93db.rlib --extern rand_core=/opt/rustwide/target/debug/deps/librand_core-b71f1cd30c8761db.rlib --extern rand_pcg=/opt/rustwide/target/debug/deps/librand_pcg-f20ec8382f7fc059.rlib --extern rusttype=/opt/rustwide/target/debug/deps/librusttype-b530e86d7547cb99.rlib --cap-lints=warn` (signal: 9, SIGKILL: kill)
[INFO] [stderr] warning: build failed, waiting for other jobs to finish...
[INFO] [stdout] error: linking with `cc` failed: exit status: 1
[INFO] [stdout]   |
[INFO] [stdout]   = note: LC_ALL="C" PATH="/opt/rustwide/rustup-home/toolchains/1.69.0-x86_64-unknown-linux-gnu/lib/rustlib/x86_64-unknown-linux-gnu/bin:/opt/rustwide/cargo-home/bin:/usr/local/sbin:/usr/local/bin:/usr/sbin:/usr/bin:/sbin:/bin" VSLANG="1033" "cc" "-m64" "/tmp/rustc2KQ22C/symbols.o" "/opt/rustwide/target/debug/examples/context-36a3c48f867bc28c.context.c3c2e8e1-cgu.0.rcgu.o" "/opt/rustwide/target/debug/examples/context-36a3c48f867bc28c.context.c3c2e8e1-cgu.1.rcgu.o" "/opt/rustwide/target/debug/examples/context-36a3c48f867bc28c.context.c3c2e8e1-cgu.10.rcgu.o" "/opt/rustwide/target/debug/examples/context-36a3c48f867bc28c.context.c3c2e8e1-cgu.11.rcgu.o" "/opt/rustwide/target/debug/examples/context-36a3c48f867bc28c.context.c3c2e8e1-cgu.12.rcgu.o" "/opt/rustwide/target/debug/examples/context-36a3c48f867bc28c.context.c3c2e8e1-cgu.13.rcgu.o" "/opt/rustwide/target/debug/examples/context-36a3c48f867bc28c.context.c3c2e8e1-cgu.14.rcgu.o" "/opt/rustwide/target/debug/examples/context-36a3c48f867bc28c.context.c3c2e8e1-cgu.15.rcgu.o" "/opt/rustwide/target/debug/examples/context-36a3c48f867bc28c.context.c3c2e8e1-cgu.2.rcgu.o" "/opt/rustwide/target/debug/examples/context-36a3c48f867bc28c.context.c3c2e8e1-cgu.3.rcgu.o" "/opt/rustwide/target/debug/examples/context-36a3c48f867bc28c.context.c3c2e8e1-cgu.4.rcgu.o" "/opt/rustwide/target/debug/examples/context-36a3c48f867bc28c.context.c3c2e8e1-cgu.5.rcgu.o" "/opt/rustwide/target/debug/examples/context-36a3c48f867bc28c.context.c3c2e8e1-cgu.6.rcgu.o" "/opt/rustwide/target/debug/examples/context-36a3c48f867bc28c.context.c3c2e8e1-cgu.7.rcgu.o" "/opt/rustwide/target/debug/examples/context-36a3c48f867bc28c.context.c3c2e8e1-cgu.8.rcgu.o" "/opt/rustwide/target/debug/examples/context-36a3c48f867bc28c.context.c3c2e8e1-cgu.9.rcgu.o" "/opt/rustwide/target/debug/examples/context-36a3c48f867bc28c.eou1lcel95qxu2k.rcgu.o" "-Wl,--as-needed" "-L" "/opt/rustwide/target/debug/deps" "-L" "/opt/rustwide/rustup-home/toolchains/1.69.0-x86_64-unknown-linux-gnu/lib/rustlib/x86_64-unknown-linux-gnu/lib" "-Wl,-Bstatic" "/opt/rustwide/target/debug/deps/libnanachi-0001b5073d4cc600.rlib" "/opt/rustwide/target/debug/deps/liblyon_geom-339d5e99a31b93db.rlib" "/opt/rustwide/target/debug/deps/libeuclid-a23a6a766a7f2147.rlib" "/opt/rustwide/target/debug/deps/libarrayvec-d3fd11a20fd3dcd3.rlib" "/opt/rustwide/target/debug/deps/libimage-cc60417683c6ca9b.rlib" "/opt/rustwide/target/debug/deps/libbytemuck-438b40a15ee8266d.rlib" "/opt/rustwide/target/debug/deps/libpng-ce0beffd2e3b33c5.rlib" "/opt/rustwide/target/debug/deps/libcrc32fast-30df4a858efe84a9.rlib" "/opt/rustwide/target/debug/deps/libdeflate-4b6288c0786fed47.rlib" "/opt/rustwide/target/debug/deps/libbitflags-ed17cd8d1f1832b6.rlib" "/opt/rustwide/target/debug/deps/libnum_iter-a6adfae6cbb08a03.rlib" "/opt/rustwide/target/debug/deps/libjpeg_decoder-7c8d7e48b7689346.rlib" "/opt/rustwide/target/debug/deps/librayon-f59ca13f8cf81a4f.rlib" "/opt/rustwide/target/debug/deps/librayon_core-30f408c7e165ffa5.rlib" "/opt/rustwide/target/debug/deps/libnum_cpus-417a5b63d82f67b6.rlib" "/opt/rustwide/target/debug/deps/liblibc-155193ac2b2b58e3.rlib" "/opt/rustwide/target/debug/deps/libcrossbeam_deque-2f846907e2687c5c.rlib" "/opt/rustwide/target/debug/deps/libcrossbeam_epoch-89b7fd8940818dcc.rlib" "/opt/rustwide/target/debug/deps/libscopeguard-f471875f675163b5.rlib" "/opt/rustwide/target/debug/deps/libmemoffset-7dc1881a6f2e3e01.rlib" "/opt/rustwide/target/debug/deps/libcrossbeam_channel-bdc19afce3cc0d49.rlib" "/opt/rustwide/target/debug/deps/libmaybe_uninit-7358fb81ee8e07ae.rlib" "/opt/rustwide/target/debug/deps/libcrossbeam_utils-0dd59a3f39d73b11.rlib" "/opt/rustwide/target/debug/deps/liblazy_static-a15e1ed0a3c31761.rlib" "/opt/rustwide/target/debug/deps/libcfg_if-a245e09a5738c6b4.rlib" "/opt/rustwide/target/debug/deps/libeither-b5955c37577d6919.rlib" "/opt/rustwide/target/debug/deps/libscoped_threadpool-4f6c1420c01fda30.rlib" "/opt/rustwide/target/debug/deps/libnum_rational-ecf4099cf187e96f.rlib" "/opt/rustwide/target/debug/deps/libnum_integer-b09c3adc6c032740.rlib" "/opt/rustwide/target/debug/deps/libgif-31bbe64e32a9dd9a.rlib" "/opt/rustwide/target/debug/deps/libcolor_quant-cda0b256cef27a9e.rlib" "/opt/rustwide/target/debug/deps/libnum_traits-536c15d373700605.rlib" "/opt/rustwide/target/debug/deps/libtiff-2086d03ae2028761.rlib" "/opt/rustwide/target/debug/deps/libminiz_oxide-883cb810e070b535.rlib" "/opt/rustwide/target/debug/deps/libadler32-83111893a069e541.rlib" "/opt/rustwide/target/debug/deps/liblzw-597e91e767565b5d.rlib" "/opt/rustwide/target/debug/deps/libbyteorder-be962d3fc954bb32.rlib" "/opt/rustwide/rustup-home/toolchains/1.69.0-x86_64-unknown-linux-gnu/lib/rustlib/x86_64-unknown-linux-gnu/lib/libstd-89bc084783fdc439.rlib" "/opt/rustwide/rustup-home/toolchains/1.69.0-x86_64-unknown-linux-gnu/lib/rustlib/x86_64-unknown-linux-gnu/lib/libpanic_unwind-8bee4b287d4367c1.rlib" "/opt/rustwide/rustup-home/toolchains/1.69.0-x86_64-unknown-linux-gnu/lib/rustlib/x86_64-unknown-linux-gnu/lib/libobject-d61707aed80694c0.rlib" "/opt/rustwide/rustup-home/toolchains/1.69.0-x86_64-unknown-linux-gnu/lib/rustlib/x86_64-unknown-linux-gnu/lib/libmemchr-d85366256f22345b.rlib" "/opt/rustwide/rustup-home/toolchains/1.69.0-x86_64-unknown-linux-gnu/lib/rustlib/x86_64-unknown-linux-gnu/lib/libaddr2line-96069b86b8a8cae9.rlib" "/opt/rustwide/rustup-home/toolchains/1.69.0-x86_64-unknown-linux-gnu/lib/rustlib/x86_64-unknown-linux-gnu/lib/libgimli-d19d53abf68dfa6c.rlib" "/opt/rustwide/rustup-home/toolchains/1.69.0-x86_64-unknown-linux-gnu/lib/rustlib/x86_64-unknown-linux-gnu/lib/librustc_demangle-787cbccd19d64ac6.rlib" "/opt/rustwide/rustup-home/toolchains/1.69.0-x86_64-unknown-linux-gnu/lib/rustlib/x86_64-unknown-linux-gnu/lib/libstd_detect-b3837a36b830e0d0.rlib" "/opt/rustwide/rustup-home/toolchains/1.69.0-x86_64-unknown-linux-gnu/lib/rustlib/x86_64-unknown-linux-gnu/lib/libhashbrown-e3deb0e7e3f04966.rlib" "/opt/rustwide/rustup-home/toolchains/1.69.0-x86_64-unknown-linux-gnu/lib/rustlib/x86_64-unknown-linux-gnu/lib/libminiz_oxide-dabbb79c9815def4.rlib" "/opt/rustwide/rustup-home/toolchains/1.69.0-x86_64-unknown-linux-gnu/lib/rustlib/x86_64-unknown-linux-gnu/lib/libadler-305b01f34c9409f2.rlib" "/opt/rustwide/rustup-home/toolchains/1.69.0-x86_64-unknown-linux-gnu/lib/rustlib/x86_64-unknown-linux-gnu/lib/librustc_std_workspace_alloc-f833521df6074e73.rlib" "/opt/rustwide/rustup-home/toolchains/1.69.0-x86_64-unknown-linux-gnu/lib/rustlib/x86_64-unknown-linux-gnu/lib/libunwind-9ac333113350d171.rlib" "/opt/rustwide/rustup-home/toolchains/1.69.0-x86_64-unknown-linux-gnu/lib/rustlib/x86_64-unknown-linux-gnu/lib/libcfg_if-1c126114322d0eee.rlib" "/opt/rustwide/rustup-home/toolchains/1.69.0-x86_64-unknown-linux-gnu/lib/rustlib/x86_64-unknown-linux-gnu/lib/liblibc-bad9164fdeeecf92.rlib" "/opt/rustwide/rustup-home/toolchains/1.69.0-x86_64-unknown-linux-gnu/lib/rustlib/x86_64-unknown-linux-gnu/lib/liballoc-f9374b1e480fa681.rlib" "/opt/rustwide/rustup-home/toolchains/1.69.0-x86_64-unknown-linux-gnu/lib/rustlib/x86_64-unknown-linux-gnu/lib/librustc_std_workspace_core-207f06e41d9603af.rlib" "/opt/rustwide/rustup-home/toolchains/1.69.0-x86_64-unknown-linux-gnu/lib/rustlib/x86_64-unknown-linux-gnu/lib/libcore-7e2768e66e984e85.rlib" "/opt/rustwide/rustup-home/toolchains/1.69.0-x86_64-unknown-linux-gnu/lib/rustlib/x86_64-unknown-linux-gnu/lib/libcompiler_builtins-957b4aff41f8cd46.rlib" "-Wl,-Bdynamic" "-lutil" "-ldl" "-lutil" "-lgcc_s" "-lutil" "-lrt" "-lpthread" "-lm" "-ldl" "-lc" "-Wl,--eh-frame-hdr" "-Wl,-z,noexecstack" "-L" "/opt/rustwide/rustup-home/toolchains/1.69.0-x86_64-unknown-linux-gnu/lib/rustlib/x86_64-unknown-linux-gnu/lib" "-o" "/opt/rustwide/target/debug/examples/context-36a3c48f867bc28c" "-Wl,--gc-sections" "-pie" "-Wl,-z,relro,-z,now" "-nodefaultlibs"
[INFO] [stdout]   = note: collect2: fatal error: ld terminated with signal 9 [Killed]
[INFO] [stdout]           compilation terminated.
[INFO] [stdout]           
[INFO] [stdout] 
[INFO] [stdout] 
[INFO] [stdout] error: aborting due to previous error
[INFO] [stdout] 
[INFO] [stdout] 
[INFO] [stderr] error: could not compile `nanachi` due to 2 previous errors
[INFO] [stdout] error: linking with `cc` failed: exit status: 1
[INFO] [stdout]   |
[INFO] [stdout]   = note: LC_ALL="C" PATH="/opt/rustwide/rustup-home/toolchains/1.69.0-x86_64-unknown-linux-gnu/lib/rustlib/x86_64-unknown-linux-gnu/bin:/opt/rustwide/cargo-home/bin:/usr/local/sbin:/usr/local/bin:/usr/sbin:/usr/bin:/sbin:/bin" VSLANG="1033" "cc" "-m64" "/tmp/rustcAgfrPr/symbols.o" "/opt/rustwide/target/debug/examples/k_curve-fb31f60754930104.k_curve.76c87271-cgu.0.rcgu.o" "/opt/rustwide/target/debug/examples/k_curve-fb31f60754930104.k_curve.76c87271-cgu.1.rcgu.o" "/opt/rustwide/target/debug/examples/k_curve-fb31f60754930104.k_curve.76c87271-cgu.10.rcgu.o" "/opt/rustwide/target/debug/examples/k_curve-fb31f60754930104.k_curve.76c87271-cgu.11.rcgu.o" "/opt/rustwide/target/debug/examples/k_curve-fb31f60754930104.k_curve.76c87271-cgu.12.rcgu.o" "/opt/rustwide/target/debug/examples/k_curve-fb31f60754930104.k_curve.76c87271-cgu.13.rcgu.o" "/opt/rustwide/target/debug/examples/k_curve-fb31f60754930104.k_curve.76c87271-cgu.14.rcgu.o" "/opt/rustwide/target/debug/examples/k_curve-fb31f60754930104.k_curve.76c87271-cgu.15.rcgu.o" "/opt/rustwide/target/debug/examples/k_curve-fb31f60754930104.k_curve.76c87271-cgu.2.rcgu.o" "/opt/rustwide/target/debug/examples/k_curve-fb31f60754930104.k_curve.76c87271-cgu.3.rcgu.o" "/opt/rustwide/target/debug/examples/k_curve-fb31f60754930104.k_curve.76c87271-cgu.4.rcgu.o" "/opt/rustwide/target/debug/examples/k_curve-fb31f60754930104.k_curve.76c87271-cgu.5.rcgu.o" "/opt/rustwide/target/debug/examples/k_curve-fb31f60754930104.k_curve.76c87271-cgu.6.rcgu.o" "/opt/rustwide/target/debug/examples/k_curve-fb31f60754930104.k_curve.76c87271-cgu.7.rcgu.o" "/opt/rustwide/target/debug/examples/k_curve-fb31f60754930104.k_curve.76c87271-cgu.8.rcgu.o" "/opt/rustwide/target/debug/examples/k_curve-fb31f60754930104.k_curve.76c87271-cgu.9.rcgu.o" "/opt/rustwide/target/debug/examples/k_curve-fb31f60754930104.3lzakp0qm6rvl2ki.rcgu.o" "-Wl,--as-needed" "-L" "/opt/rustwide/target/debug/deps" "-L" "/opt/rustwide/rustup-home/toolchains/1.69.0-x86_64-unknown-linux-gnu/lib/rustlib/x86_64-unknown-linux-gnu/lib" "-Wl,-Bstatic" "/opt/rustwide/target/debug/deps/libnanachi-0001b5073d4cc600.rlib" "/opt/rustwide/target/debug/deps/liblyon_geom-339d5e99a31b93db.rlib" "/opt/rustwide/target/debug/deps/libeuclid-a23a6a766a7f2147.rlib" "/opt/rustwide/target/debug/deps/libarrayvec-d3fd11a20fd3dcd3.rlib" "/opt/rustwide/target/debug/deps/libimage-cc60417683c6ca9b.rlib" "/opt/rustwide/target/debug/deps/libbytemuck-438b40a15ee8266d.rlib" "/opt/rustwide/target/debug/deps/libpng-ce0beffd2e3b33c5.rlib" "/opt/rustwide/target/debug/deps/libcrc32fast-30df4a858efe84a9.rlib" "/opt/rustwide/target/debug/deps/libdeflate-4b6288c0786fed47.rlib" "/opt/rustwide/target/debug/deps/libbitflags-ed17cd8d1f1832b6.rlib" "/opt/rustwide/target/debug/deps/libnum_iter-a6adfae6cbb08a03.rlib" "/opt/rustwide/target/debug/deps/libjpeg_decoder-7c8d7e48b7689346.rlib" "/opt/rustwide/target/debug/deps/librayon-f59ca13f8cf81a4f.rlib" "/opt/rustwide/target/debug/deps/librayon_core-30f408c7e165ffa5.rlib" "/opt/rustwide/target/debug/deps/libnum_cpus-417a5b63d82f67b6.rlib" "/opt/rustwide/target/debug/deps/liblibc-155193ac2b2b58e3.rlib" "/opt/rustwide/target/debug/deps/libcrossbeam_deque-2f846907e2687c5c.rlib" "/opt/rustwide/target/debug/deps/libcrossbeam_epoch-89b7fd8940818dcc.rlib" "/opt/rustwide/target/debug/deps/libscopeguard-f471875f675163b5.rlib" "/opt/rustwide/target/debug/deps/libmemoffset-7dc1881a6f2e3e01.rlib" "/opt/rustwide/target/debug/deps/libcrossbeam_channel-bdc19afce3cc0d49.rlib" "/opt/rustwide/target/debug/deps/libmaybe_uninit-7358fb81ee8e07ae.rlib" "/opt/rustwide/target/debug/deps/libcrossbeam_utils-0dd59a3f39d73b11.rlib" "/opt/rustwide/target/debug/deps/liblazy_static-a15e1ed0a3c31761.rlib" "/opt/rustwide/target/debug/deps/libcfg_if-a245e09a5738c6b4.rlib" "/opt/rustwide/target/debug/deps/libeither-b5955c37577d6919.rlib" "/opt/rustwide/target/debug/deps/libscoped_threadpool-4f6c1420c01fda30.rlib" "/opt/rustwide/target/debug/deps/libnum_rational-ecf4099cf187e96f.rlib" "/opt/rustwide/target/debug/deps/libnum_integer-b09c3adc6c032740.rlib" "/opt/rustwide/target/debug/deps/libgif-31bbe64e32a9dd9a.rlib" "/opt/rustwide/target/debug/deps/libcolor_quant-cda0b256cef27a9e.rlib" "/opt/rustwide/target/debug/deps/libnum_traits-536c15d373700605.rlib" "/opt/rustwide/target/debug/deps/libtiff-2086d03ae2028761.rlib" "/opt/rustwide/target/debug/deps/libminiz_oxide-883cb810e070b535.rlib" "/opt/rustwide/target/debug/deps/libadler32-83111893a069e541.rlib" "/opt/rustwide/target/debug/deps/liblzw-597e91e767565b5d.rlib" "/opt/rustwide/target/debug/deps/libbyteorder-be962d3fc954bb32.rlib" "/opt/rustwide/rustup-home/toolchains/1.69.0-x86_64-unknown-linux-gnu/lib/rustlib/x86_64-unknown-linux-gnu/lib/libstd-89bc084783fdc439.rlib" "/opt/rustwide/rustup-home/toolchains/1.69.0-x86_64-unknown-linux-gnu/lib/rustlib/x86_64-unknown-linux-gnu/lib/libpanic_unwind-8bee4b287d4367c1.rlib" "/opt/rustwide/rustup-home/toolchains/1.69.0-x86_64-unknown-linux-gnu/lib/rustlib/x86_64-unknown-linux-gnu/lib/libobject-d61707aed80694c0.rlib" "/opt/rustwide/rustup-home/toolchains/1.69.0-x86_64-unknown-linux-gnu/lib/rustlib/x86_64-unknown-linux-gnu/lib/libmemchr-d85366256f22345b.rlib" "/opt/rustwide/rustup-home/toolchains/1.69.0-x86_64-unknown-linux-gnu/lib/rustlib/x86_64-unknown-linux-gnu/lib/libaddr2line-96069b86b8a8cae9.rlib" "/opt/rustwide/rustup-home/toolchains/1.69.0-x86_64-unknown-linux-gnu/lib/rustlib/x86_64-unknown-linux-gnu/lib/libgimli-d19d53abf68dfa6c.rlib" "/opt/rustwide/rustup-home/toolchains/1.69.0-x86_64-unknown-linux-gnu/lib/rustlib/x86_64-unknown-linux-gnu/lib/librustc_demangle-787cbccd19d64ac6.rlib" "/opt/rustwide/rustup-home/toolchains/1.69.0-x86_64-unknown-linux-gnu/lib/rustlib/x86_64-unknown-linux-gnu/lib/libstd_detect-b3837a36b830e0d0.rlib" "/opt/rustwide/rustup-home/toolchains/1.69.0-x86_64-unknown-linux-gnu/lib/rustlib/x86_64-unknown-linux-gnu/lib/libhashbrown-e3deb0e7e3f04966.rlib" "/opt/rustwide/rustup-home/toolchains/1.69.0-x86_64-unknown-linux-gnu/lib/rustlib/x86_64-unknown-linux-gnu/lib/libminiz_oxide-dabbb79c9815def4.rlib" "/opt/rustwide/rustup-home/toolchains/1.69.0-x86_64-unknown-linux-gnu/lib/rustlib/x86_64-unknown-linux-gnu/lib/libadler-305b01f34c9409f2.rlib" "/opt/rustwide/rustup-home/toolchains/1.69.0-x86_64-unknown-linux-gnu/lib/rustlib/x86_64-unknown-linux-gnu/lib/librustc_std_workspace_alloc-f833521df6074e73.rlib" "/opt/rustwide/rustup-home/toolchains/1.69.0-x86_64-unknown-linux-gnu/lib/rustlib/x86_64-unknown-linux-gnu/lib/libunwind-9ac333113350d171.rlib" "/opt/rustwide/rustup-home/toolchains/1.69.0-x86_64-unknown-linux-gnu/lib/rustlib/x86_64-unknown-linux-gnu/lib/libcfg_if-1c126114322d0eee.rlib" "/opt/rustwide/rustup-home/toolchains/1.69.0-x86_64-unknown-linux-gnu/lib/rustlib/x86_64-unknown-linux-gnu/lib/liblibc-bad9164fdeeecf92.rlib" "/opt/rustwide/rustup-home/toolchains/1.69.0-x86_64-unknown-linux-gnu/lib/rustlib/x86_64-unknown-linux-gnu/lib/liballoc-f9374b1e480fa681.rlib" "/opt/rustwide/rustup-home/toolchains/1.69.0-x86_64-unknown-linux-gnu/lib/rustlib/x86_64-unknown-linux-gnu/lib/librustc_std_workspace_core-207f06e41d9603af.rlib" "/opt/rustwide/rustup-home/toolchains/1.69.0-x86_64-unknown-linux-gnu/lib/rustlib/x86_64-unknown-linux-gnu/lib/libcore-7e2768e66e984e85.rlib" "/opt/rustwide/rustup-home/toolchains/1.69.0-x86_64-unknown-linux-gnu/lib/rustlib/x86_64-unknown-linux-gnu/lib/libcompiler_builtins-957b4aff41f8cd46.rlib" "-Wl,-Bdynamic" "-lutil" "-ldl" "-lutil" "-lgcc_s" "-lutil" "-lrt" "-lpthread" "-lm" "-ldl" "-lc" "-Wl,--eh-frame-hdr" "-Wl,-z,noexecstack" "-L" "/opt/rustwide/rustup-home/toolchains/1.69.0-x86_64-unknown-linux-gnu/lib/rustlib/x86_64-unknown-linux-gnu/lib" "-o" "/opt/rustwide/target/debug/examples/k_curve-fb31f60754930104" "-Wl,--gc-sections" "-pie" "-Wl,-z,relro,-z,now" "-nodefaultlibs"
[INFO] [stdout]   = note: collect2: fatal error: ld terminated with signal 9 [Killed]
[INFO] [stdout]           compilation terminated.
[INFO] [stdout]           
[INFO] [stdout] 
[INFO] [stdout] 
[INFO] [stdout] error: aborting due to previous error
[INFO] [stdout] 
[INFO] [stdout] 
[INFO] [stderr] error: could not compile `nanachi` due to 2 previous errors
[INFO] [stdout] error: linking with `cc` failed: exit status: 1
[INFO] [stdout]   |
[INFO] [stdout]   = note: LC_ALL="C" PATH="/opt/rustwide/rustup-home/toolchains/1.69.0-x86_64-unknown-linux-gnu/lib/rustlib/x86_64-unknown-linux-gnu/bin:/opt/rustwide/cargo-home/bin:/usr/local/sbin:/usr/local/bin:/usr/sbin:/usr/bin:/sbin:/bin" VSLANG="1033" "cc" "-m64" "/tmp/rustcesv4p7/symbols.o" "/opt/rustwide/target/debug/examples/text-ec55f90227aa5333.text.29253545-cgu.0.rcgu.o" "/opt/rustwide/target/debug/examples/text-ec55f90227aa5333.text.29253545-cgu.1.rcgu.o" "/opt/rustwide/target/debug/examples/text-ec55f90227aa5333.text.29253545-cgu.10.rcgu.o" "/opt/rustwide/target/debug/examples/text-ec55f90227aa5333.text.29253545-cgu.11.rcgu.o" "/opt/rustwide/target/debug/examples/text-ec55f90227aa5333.text.29253545-cgu.12.rcgu.o" "/opt/rustwide/target/debug/examples/text-ec55f90227aa5333.text.29253545-cgu.13.rcgu.o" "/opt/rustwide/target/debug/examples/text-ec55f90227aa5333.text.29253545-cgu.14.rcgu.o" "/opt/rustwide/target/debug/examples/text-ec55f90227aa5333.text.29253545-cgu.15.rcgu.o" "/opt/rustwide/target/debug/examples/text-ec55f90227aa5333.text.29253545-cgu.2.rcgu.o" "/opt/rustwide/target/debug/examples/text-ec55f90227aa5333.text.29253545-cgu.3.rcgu.o" "/opt/rustwide/target/debug/examples/text-ec55f90227aa5333.text.29253545-cgu.4.rcgu.o" "/opt/rustwide/target/debug/examples/text-ec55f90227aa5333.text.29253545-cgu.5.rcgu.o" "/opt/rustwide/target/debug/examples/text-ec55f90227aa5333.text.29253545-cgu.6.rcgu.o" "/opt/rustwide/target/debug/examples/text-ec55f90227aa5333.text.29253545-cgu.7.rcgu.o" "/opt/rustwide/target/debug/examples/text-ec55f90227aa5333.text.29253545-cgu.8.rcgu.o" "/opt/rustwide/target/debug/examples/text-ec55f90227aa5333.text.29253545-cgu.9.rcgu.o" "/opt/rustwide/target/debug/examples/text-ec55f90227aa5333.1dkw993pl2o29o3b.rcgu.o" "-Wl,--as-needed" "-L" "/opt/rustwide/target/debug/deps" "-L" "/opt/rustwide/rustup-home/toolchains/1.69.0-x86_64-unknown-linux-gnu/lib/rustlib/x86_64-unknown-linux-gnu/lib" "-Wl,-Bstatic" "/opt/rustwide/target/debug/deps/librusttype-b530e86d7547cb99.rlib" "/opt/rustwide/target/debug/deps/libab_glyph_rasterizer-b75312bc908e41a3.rlib" "/opt/rustwide/target/debug/deps/libowned_ttf_parser-8ce4cf37aa8679b0.rlib" "/opt/rustwide/target/debug/deps/libttf_parser-f7395dc437c66da8.rlib" "/opt/rustwide/target/debug/deps/libnanachi-0001b5073d4cc600.rlib" "/opt/rustwide/target/debug/deps/liblyon_geom-339d5e99a31b93db.rlib" "/opt/rustwide/target/debug/deps/libeuclid-a23a6a766a7f2147.rlib" "/opt/rustwide/target/debug/deps/libarrayvec-d3fd11a20fd3dcd3.rlib" "/opt/rustwide/target/debug/deps/libimage-cc60417683c6ca9b.rlib" "/opt/rustwide/target/debug/deps/libbytemuck-438b40a15ee8266d.rlib" "/opt/rustwide/target/debug/deps/libpng-ce0beffd2e3b33c5.rlib" "/opt/rustwide/target/debug/deps/libcrc32fast-30df4a858efe84a9.rlib" "/opt/rustwide/target/debug/deps/libdeflate-4b6288c0786fed47.rlib" "/opt/rustwide/target/debug/deps/libbitflags-ed17cd8d1f1832b6.rlib" "/opt/rustwide/target/debug/deps/libnum_iter-a6adfae6cbb08a03.rlib" "/opt/rustwide/target/debug/deps/libjpeg_decoder-7c8d7e48b7689346.rlib" "/opt/rustwide/target/debug/deps/librayon-f59ca13f8cf81a4f.rlib" "/opt/rustwide/target/debug/deps/librayon_core-30f408c7e165ffa5.rlib" "/opt/rustwide/target/debug/deps/libnum_cpus-417a5b63d82f67b6.rlib" "/opt/rustwide/target/debug/deps/liblibc-155193ac2b2b58e3.rlib" "/opt/rustwide/target/debug/deps/libcrossbeam_deque-2f846907e2687c5c.rlib" "/opt/rustwide/target/debug/deps/libcrossbeam_epoch-89b7fd8940818dcc.rlib" "/opt/rustwide/target/debug/deps/libscopeguard-f471875f675163b5.rlib" "/opt/rustwide/target/debug/deps/libmemoffset-7dc1881a6f2e3e01.rlib" "/opt/rustwide/target/debug/deps/libcrossbeam_channel-bdc19afce3cc0d49.rlib" "/opt/rustwide/target/debug/deps/libmaybe_uninit-7358fb81ee8e07ae.rlib" "/opt/rustwide/target/debug/deps/libcrossbeam_utils-0dd59a3f39d73b11.rlib" "/opt/rustwide/target/debug/deps/liblazy_static-a15e1ed0a3c31761.rlib" "/opt/rustwide/target/debug/deps/libcfg_if-a245e09a5738c6b4.rlib" "/opt/rustwide/target/debug/deps/libeither-b5955c37577d6919.rlib" "/opt/rustwide/target/debug/deps/libscoped_threadpool-4f6c1420c01fda30.rlib" "/opt/rustwide/target/debug/deps/libnum_rational-ecf4099cf187e96f.rlib" "/opt/rustwide/target/debug/deps/libnum_integer-b09c3adc6c032740.rlib" "/opt/rustwide/target/debug/deps/libgif-31bbe64e32a9dd9a.rlib" "/opt/rustwide/target/debug/deps/libcolor_quant-cda0b256cef27a9e.rlib" "/opt/rustwide/target/debug/deps/libnum_traits-536c15d373700605.rlib" "/opt/rustwide/target/debug/deps/libtiff-2086d03ae2028761.rlib" "/opt/rustwide/target/debug/deps/libminiz_oxide-883cb810e070b535.rlib" "/opt/rustwide/target/debug/deps/libadler32-83111893a069e541.rlib" "/opt/rustwide/target/debug/deps/liblzw-597e91e767565b5d.rlib" "/opt/rustwide/target/debug/deps/libbyteorder-be962d3fc954bb32.rlib" "/opt/rustwide/rustup-home/toolchains/1.69.0-x86_64-unknown-linux-gnu/lib/rustlib/x86_64-unknown-linux-gnu/lib/libstd-89bc084783fdc439.rlib" "/opt/rustwide/rustup-home/toolchains/1.69.0-x86_64-unknown-linux-gnu/lib/rustlib/x86_64-unknown-linux-gnu/lib/libpanic_unwind-8bee4b287d4367c1.rlib" "/opt/rustwide/rustup-home/toolchains/1.69.0-x86_64-unknown-linux-gnu/lib/rustlib/x86_64-unknown-linux-gnu/lib/libobject-d61707aed80694c0.rlib" "/opt/rustwide/rustup-home/toolchains/1.69.0-x86_64-unknown-linux-gnu/lib/rustlib/x86_64-unknown-linux-gnu/lib/libmemchr-d85366256f22345b.rlib" "/opt/rustwide/rustup-home/toolchains/1.69.0-x86_64-unknown-linux-gnu/lib/rustlib/x86_64-unknown-linux-gnu/lib/libaddr2line-96069b86b8a8cae9.rlib" "/opt/rustwide/rustup-home/toolchains/1.69.0-x86_64-unknown-linux-gnu/lib/rustlib/x86_64-unknown-linux-gnu/lib/libgimli-d19d53abf68dfa6c.rlib" "/opt/rustwide/rustup-home/toolchains/1.69.0-x86_64-unknown-linux-gnu/lib/rustlib/x86_64-unknown-linux-gnu/lib/librustc_demangle-787cbccd19d64ac6.rlib" "/opt/rustwide/rustup-home/toolchains/1.69.0-x86_64-unknown-linux-gnu/lib/rustlib/x86_64-unknown-linux-gnu/lib/libstd_detect-b3837a36b830e0d0.rlib" "/opt/rustwide/rustup-home/toolchains/1.69.0-x86_64-unknown-linux-gnu/lib/rustlib/x86_64-unknown-linux-gnu/lib/libhashbrown-e3deb0e7e3f04966.rlib" "/opt/rustwide/rustup-home/toolchains/1.69.0-x86_64-unknown-linux-gnu/lib/rustlib/x86_64-unknown-linux-gnu/lib/libminiz_oxide-dabbb79c9815def4.rlib" "/opt/rustwide/rustup-home/toolchains/1.69.0-x86_64-unknown-linux-gnu/lib/rustlib/x86_64-unknown-linux-gnu/lib/libadler-305b01f34c9409f2.rlib" "/opt/rustwide/rustup-home/toolchains/1.69.0-x86_64-unknown-linux-gnu/lib/rustlib/x86_64-unknown-linux-gnu/lib/librustc_std_workspace_alloc-f833521df6074e73.rlib" "/opt/rustwide/rustup-home/toolchains/1.69.0-x86_64-unknown-linux-gnu/lib/rustlib/x86_64-unknown-linux-gnu/lib/libunwind-9ac333113350d171.rlib" "/opt/rustwide/rustup-home/toolchains/1.69.0-x86_64-unknown-linux-gnu/lib/rustlib/x86_64-unknown-linux-gnu/lib/libcfg_if-1c126114322d0eee.rlib" "/opt/rustwide/rustup-home/toolchains/1.69.0-x86_64-unknown-linux-gnu/lib/rustlib/x86_64-unknown-linux-gnu/lib/liblibc-bad9164fdeeecf92.rlib" "/opt/rustwide/rustup-home/toolchains/1.69.0-x86_64-unknown-linux-gnu/lib/rustlib/x86_64-unknown-linux-gnu/lib/liballoc-f9374b1e480fa681.rlib" "/opt/rustwide/rustup-home/toolchains/1.69.0-x86_64-unknown-linux-gnu/lib/rustlib/x86_64-unknown-linux-gnu/lib/librustc_std_workspace_core-207f06e41d9603af.rlib" "/opt/rustwide/rustup-home/toolchains/1.69.0-x86_64-unknown-linux-gnu/lib/rustlib/x86_64-unknown-linux-gnu/lib/libcore-7e2768e66e984e85.rlib" "/opt/rustwide/rustup-home/toolchains/1.69.0-x86_64-unknown-linux-gnu/lib/rustlib/x86_64-unknown-linux-gnu/lib/libcompiler_builtins-957b4aff41f8cd46.rlib" "-Wl,-Bdynamic" "-lutil" "-ldl" "-lutil" "-lgcc_s" "-lutil" "-lrt" "-lpthread" "-lm" "-ldl" "-lc" "-Wl,--eh-frame-hdr" "-Wl,-z,noexecstack" "-L" "/opt/rustwide/rustup-home/toolchains/1.69.0-x86_64-unknown-linux-gnu/lib/rustlib/x86_64-unknown-linux-gnu/lib" "-o" "/opt/rustwide/target/debug/examples/text-ec55f90227aa5333" "-Wl,--gc-sections" "-pie" "-Wl,-z,relro,-z,now" "-nodefaultlibs"
[INFO] [stdout]   = note: collect2: fatal error: ld terminated with signal 9 [Killed]
[INFO] [stdout]           compilation terminated.
[INFO] [stdout]           
[INFO] [stdout] 
[INFO] [stdout] 
[INFO] [stdout] error: aborting due to previous error
[INFO] [stdout] 
[INFO] [stdout] 
[INFO] [stderr] error: could not compile `nanachi` due to 2 previous errors
[INFO] [stdout] warning: 1 warning emitted
[INFO] [stdout] 
[INFO] [stdout] 
[INFO] [stdout] warning: 1 warning emitted
[INFO] [stdout] 
[INFO] [stdout] 
[INFO] [stdout] warning: 1 warning emitted
[INFO] [stdout] 
[INFO] [stdout] 
[INFO] [stdout] warning: 2 warnings emitted
[INFO] [stdout] 
[INFO] [stdout] 
[INFO] [stdout] warning: 1 warning emitted
[INFO] [stdout] 
[INFO] [stdout] 
[INFO] [stdout] warning: 2 warnings emitted
[INFO] [stdout] 
[INFO] [stdout] 
[INFO] [stdout] warning: 1 warning emitted
[INFO] [stdout] 
[INFO] [stdout] 
[INFO] running `Command { std: "docker" "inspect" "1ebb8142dc0d114a5de7a00efb24307da8582e4afa6aff604583ec407eafc8c9", kill_on_drop: false }`
[INFO] running `Command { std: "docker" "rm" "-f" "1ebb8142dc0d114a5de7a00efb24307da8582e4afa6aff604583ec407eafc8c9", kill_on_drop: false }`
[INFO] [stdout] 1ebb8142dc0d114a5de7a00efb24307da8582e4afa6aff604583ec407eafc8c9
