[INFO] fetching crate named-pipe-rs 0.0.1...
[INFO] testing named-pipe-rs-0.0.1 against 1.69.0 for beta-1.70-1
[INFO] extracting crate named-pipe-rs 0.0.1 into /workspace/builds/worker-0-tc1/source
[INFO] validating manifest of crates.io crate named-pipe-rs 0.0.1 on toolchain 1.69.0
[INFO] running `Command { std: CARGO_HOME="/workspace/cargo-home" RUSTUP_HOME="/workspace/rustup-home" "/workspace/cargo-home/bin/cargo" "+1.69.0" "metadata" "--manifest-path" "Cargo.toml" "--no-deps", kill_on_drop: false }`
[INFO] started tweaking crates.io crate named-pipe-rs 0.0.1
[INFO] finished tweaking crates.io crate named-pipe-rs 0.0.1
[INFO] tweaked toml for crates.io crate named-pipe-rs 0.0.1 written to /workspace/builds/worker-0-tc1/source/Cargo.toml
[INFO] running `Command { std: CARGO_HOME="/workspace/cargo-home" RUSTUP_HOME="/workspace/rustup-home" __CARGO_TEST_CHANNEL_OVERRIDE_DO_NOT_USE_THIS="nightly" "/workspace/cargo-home/bin/cargo" "+1.69.0" "generate-lockfile" "--manifest-path" "Cargo.toml" "-Zno-index-update", kill_on_drop: false }`
[INFO] running `Command { std: CARGO_HOME="/workspace/cargo-home" RUSTUP_HOME="/workspace/rustup-home" "/workspace/cargo-home/bin/cargo" "+1.69.0" "fetch" "--manifest-path" "Cargo.toml", kill_on_drop: false }`
[INFO] [stderr]  Downloading crates ...
[INFO] [stderr]   Downloaded windows_aarch64_msvc v0.28.0
[INFO] [stderr]   Downloaded windows_i686_gnu v0.28.0
[INFO] [stderr]   Downloaded windows_x86_64_gnu v0.28.0
[INFO] [stderr]   Downloaded windows_x86_64_msvc v0.28.0
[INFO] [stderr]   Downloaded windows_i686_msvc v0.28.0
[INFO] [stderr]   Downloaded windows-sys v0.28.0
[INFO] [stderr]   Downloaded windows v0.28.0
[INFO] running `Command { std: "docker" "create" "-v" "/var/lib/crater-agent-workspace/builds/worker-0-tc1/target:/opt/rustwide/target:rw,Z" "-v" "/var/lib/crater-agent-workspace/builds/worker-0-tc1/source:/opt/rustwide/workdir:ro,Z" "-v" "/var/lib/crater-agent-workspace/cargo-home:/opt/rustwide/cargo-home:ro,Z" "-v" "/var/lib/crater-agent-workspace/rustup-home:/opt/rustwide/rustup-home:ro,Z" "-e" "SOURCE_DIR=/opt/rustwide/workdir" "-e" "CARGO_TARGET_DIR=/opt/rustwide/target" "-e" "CARGO_HOME=/opt/rustwide/cargo-home" "-e" "RUSTUP_HOME=/opt/rustwide/rustup-home" "-w" "/opt/rustwide/workdir" "-m" "1610612736" "--user" "0:0" "--network" "none" "ghcr.io/rust-lang/crates-build-env/linux@sha256:5ff2268d62e97bff2cde7d5815dd6ed5b47097566f13b8d0ca110b04b60e07ed" "/opt/rustwide/cargo-home/bin/cargo" "+1.69.0" "metadata" "--no-deps" "--format-version=1", kill_on_drop: false }`
[INFO] [stdout] c90732d998eec36e778b11f0d7a6fa6082d78db9449e670e95dad8aba46bf131
[INFO] running `Command { std: "docker" "start" "-a" "c90732d998eec36e778b11f0d7a6fa6082d78db9449e670e95dad8aba46bf131", kill_on_drop: false }`
[INFO] running `Command { std: "docker" "inspect" "c90732d998eec36e778b11f0d7a6fa6082d78db9449e670e95dad8aba46bf131", kill_on_drop: false }`
[INFO] running `Command { std: "docker" "rm" "-f" "c90732d998eec36e778b11f0d7a6fa6082d78db9449e670e95dad8aba46bf131", kill_on_drop: false }`
[INFO] [stdout] c90732d998eec36e778b11f0d7a6fa6082d78db9449e670e95dad8aba46bf131
[INFO] running `Command { std: "docker" "create" "-v" "/var/lib/crater-agent-workspace/builds/worker-0-tc1/target:/opt/rustwide/target:rw,Z" "-v" "/var/lib/crater-agent-workspace/builds/worker-0-tc1/source:/opt/rustwide/workdir:ro,Z" "-v" "/var/lib/crater-agent-workspace/cargo-home:/opt/rustwide/cargo-home:ro,Z" "-v" "/var/lib/crater-agent-workspace/rustup-home:/opt/rustwide/rustup-home:ro,Z" "-e" "SOURCE_DIR=/opt/rustwide/workdir" "-e" "CARGO_TARGET_DIR=/opt/rustwide/target" "-e" "CARGO_INCREMENTAL=0" "-e" "RUST_BACKTRACE=full" "-e" "RUSTFLAGS=--cap-lints=warn" "-e" "RUSTDOCFLAGS=--cap-lints=warn" "-e" "CARGO_HOME=/opt/rustwide/cargo-home" "-e" "RUSTUP_HOME=/opt/rustwide/rustup-home" "-w" "/opt/rustwide/workdir" "-m" "1610612736" "--user" "0:0" "--network" "none" "ghcr.io/rust-lang/crates-build-env/linux@sha256:5ff2268d62e97bff2cde7d5815dd6ed5b47097566f13b8d0ca110b04b60e07ed" "/opt/rustwide/cargo-home/bin/cargo" "+1.69.0" "build" "--frozen" "--message-format=json", kill_on_drop: false }`
[INFO] [stdout] 876c66474d853fa67306e4b6d0d2af778241704b13b1f05d5b11fa8d430c6715
[INFO] running `Command { std: "docker" "start" "-a" "876c66474d853fa67306e4b6d0d2af778241704b13b1f05d5b11fa8d430c6715", kill_on_drop: false }`
[INFO] [stderr]    Compiling windows-sys v0.28.0
[INFO] [stderr]    Compiling windows v0.28.0
[INFO] [stdout] error[E0433]: failed to resolve: could not find `windows` in `os`
[INFO] [stdout]     --> /opt/rustwide/cargo-home/registry/src/github.com-1ecc6299db9ec823/windows-0.28.0/src/Windows/Win32/Foundation/mod.rs:3306:22
[INFO] [stdout]      |
[INFO] [stdout] 3306 |         use std::os::windows::ffi::OsStrExt;
[INFO] [stdout]      |                      ^^^^^^^ could not find `windows` in `os`
[INFO] [stdout] 
[INFO] [stdout] 
[INFO] [stdout] error[E0433]: failed to resolve: could not find `windows` in `os`
[INFO] [stdout]     --> /opt/rustwide/cargo-home/registry/src/github.com-1ecc6299db9ec823/windows-0.28.0/src/core/bindings.rs:1591:34
[INFO] [stdout]      |
[INFO] [stdout] 1591 |                     use std::os::windows::ffi::OsStrExt;
[INFO] [stdout]      |                                  ^^^^^^^ could not find `windows` in `os`
[INFO] [stdout] 
[INFO] [stdout] 
[INFO] [stdout] error[E0599]: no method named `encode_wide` found for reference `&OsStr` in the current scope
[INFO] [stdout]     --> /opt/rustwide/cargo-home/registry/src/github.com-1ecc6299db9ec823/windows-0.28.0/src/Windows/Win32/Foundation/mod.rs:3307:104
[INFO] [stdout]      |
[INFO] [stdout] 3307 | ...ore::alloc::boxed::Box::<[u16]>::into_raw(self.encode_wide().chain(::core::iter::once(0)).collect::<::windows::core::alloc::vec::Vec<u...
[INFO] [stdout]      |                                                   ^^^^^^^^^^^ method not found in `&OsStr`
[INFO] [stdout] 
[INFO] [stdout] 
[INFO] [stdout] error[E0599]: no method named `encode_wide` found for reference `&OsStr` in the current scope
[INFO] [stdout]     --> /opt/rustwide/cargo-home/registry/src/github.com-1ecc6299db9ec823/windows-0.28.0/src/core/bindings.rs:1592:116
[INFO] [stdout]      |
[INFO] [stdout] 1592 | ...ore::alloc::boxed::Box::<[u16]>::into_raw(self.encode_wide().chain(::core::iter::once(0)).collect::<::windows::core::alloc::vec::Vec<u...
[INFO] [stdout]      |                                                   ^^^^^^^^^^^ method not found in `&OsStr`
[INFO] [stdout] 
[INFO] [stdout] 
[INFO] [stdout] error: aborting due to 4 previous errors
[INFO] [stdout] 
[INFO] [stdout] 
[INFO] [stdout] Some errors have detailed explanations: E0433, E0599.
[INFO] [stdout] 
[INFO] [stdout] For more information about an error, try `rustc --explain E0433`.
[INFO] [stdout] 
[INFO] [stderr] error: could not compile `windows` due to 5 previous errors
[INFO] running `Command { std: "docker" "inspect" "876c66474d853fa67306e4b6d0d2af778241704b13b1f05d5b11fa8d430c6715", kill_on_drop: false }`
[INFO] running `Command { std: "docker" "rm" "-f" "876c66474d853fa67306e4b6d0d2af778241704b13b1f05d5b11fa8d430c6715", kill_on_drop: false }`
[INFO] [stdout] 876c66474d853fa67306e4b6d0d2af778241704b13b1f05d5b11fa8d430c6715
